[INFO] cloning repository https://github.com/Horera-dev/rsvp
[INFO] running `Command { std: "git" "-c" "credential.helper=" "-c" "credential.helper=/workspace/cargo-home/bin/git-credential-null" "clone" "--bare" "https://github.com/Horera-dev/rsvp" "/workspace/cache/git-repos/https%3A%2F%2Fgithub.com%2FHorera-dev%2Frsvp", kill_on_drop: false }`
[INFO] [stderr] Cloning into bare repository '/workspace/cache/git-repos/https%3A%2F%2Fgithub.com%2FHorera-dev%2Frsvp'...
[INFO] running `Command { std: "git" "rev-parse" "HEAD", kill_on_drop: false }`
[INFO] [stdout] 7101dfda574cd0cebc0b1e41318946b372d52b93
[INFO] testing Horera-dev/rsvp against 1.98.0-beta.8+cargoflags=--release for beta-release-1.99-2
[INFO] running `Command { std: "git" "clone" "/workspace/cache/git-repos/https%3A%2F%2Fgithub.com%2FHorera-dev%2Frsvp" "/workspace/builds/worker-1-tc1/source", kill_on_drop: false }`
[INFO] [stderr] Cloning into '/workspace/builds/worker-1-tc1/source'...
[INFO] [stderr] done.
[INFO] started tweaking git repo https://github.com/Horera-dev/rsvp
[INFO] finished tweaking git repo https://github.com/Horera-dev/rsvp
[INFO] tweaked toml for git repo https://github.com/Horera-dev/rsvp written to /workspace/builds/worker-1-tc1/source/Cargo.toml
[INFO] validating manifest of git repo https://github.com/Horera-dev/rsvp on toolchain 1.98.0-beta.8
[INFO] running `Command { std: CARGO_HOME="/workspace/cargo-home" RUSTUP_HOME="/workspace/rustup-home" "/workspace/cargo-home/bin/cargo" "+1.98.0-beta.8" "metadata" "--manifest-path" "Cargo.toml" "--no-deps", kill_on_drop: false }`
[INFO] crate git repo https://github.com/Horera-dev/rsvp already has a lockfile, it will not be regenerated
[INFO] running `Command { std: CARGO_HOME="/workspace/cargo-home" RUSTUP_HOME="/workspace/rustup-home" "/workspace/cargo-home/bin/cargo" "+1.98.0-beta.8" "fetch" "--manifest-path" "Cargo.toml", kill_on_drop: false }`
[INFO] [stderr]     Updating crates.io index
[INFO] [stderr]  Downloading crates ...
[INFO] [stderr]   Downloaded toml_parser v1.0.9+spec-1.1.0
[INFO] [stderr]   Downloaded toml_datetime v1.0.0+spec-1.1.0
[INFO] [stderr]   Downloaded toml_writer v1.0.6+spec-1.1.0
[INFO] [stderr]   Downloaded block-padding v0.1.5
[INFO] [stderr]   Downloaded toml v1.0.3+spec-1.1.0
[INFO] [stderr]   Downloaded imp v0.1.0
[INFO] [stderr]   Downloaded block-buffer v0.7.3
[INFO] [stderr]   Downloaded byte-tools v0.3.1
[INFO] [stderr]   Downloaded serde_spanned v1.0.4
[INFO] [stderr]   Downloaded opaque-debug v0.2.3
[INFO] [stderr]   Downloaded generic-array v0.12.4
[INFO] [stderr]   Downloaded fake-simd v0.1.2
[INFO] [stderr]   Downloaded digest v0.8.1
[INFO] [stderr]   Downloaded sha2 v0.8.2
[INFO] [stderr]   Downloaded moxcms v0.7.11
[INFO] [stderr]   Downloaded web-sys v0.3.91
[INFO] [stderr]   Downloaded pxfm v0.1.27
[INFO] running `Command { std: "docker" "create" "-v" "/var/lib/crater-agent-workspace/builds/worker-1-tc1/source:/opt/rustwide/workdir:ro,Z" "-v" "/var/lib/crater-agent-workspace/builds/worker-1-tc1/target:/opt/rustwide/target:rw,Z" "-v" "/var/lib/crater-agent-workspace/cargo-home:/opt/rustwide/cargo-home:ro,Z" "-v" "/var/lib/crater-agent-workspace/rustup-home:/opt/rustwide/rustup-home:ro,Z" "-m" "1610612736" "--network" "none" "ghcr.io/rust-lang/crates-build-env/linux@sha256:8683fc1fc2eb5c9ac98e0d076ab094b2ffac7f99da555d2b6a2e27f346de2ec7" "sleep" "infinity", kill_on_drop: false }`
[INFO] [stdout] d2a03d5807033cc617738e22cb6af197c163786f2ba239ed7aa87d5fb026e085
[INFO] running `Command { std: "docker" "start" "d2a03d5807033cc617738e22cb6af197c163786f2ba239ed7aa87d5fb026e085", kill_on_drop: false }`
[INFO] running `Command { std: "docker" "inspect" "d2a03d5807033cc617738e22cb6af197c163786f2ba239ed7aa87d5fb026e085", kill_on_drop: false }`
[INFO] running `Command { std: "docker" "exec" "-e" "SOURCE_DIR=/opt/rustwide/workdir" "-e" "CARGO_HOME=/opt/rustwide/cargo-home" "-e" "RUSTUP_HOME=/opt/rustwide/rustup-home" "-e" "CARGO_TARGET_DIR=/opt/rustwide/target" "-w" "/opt/rustwide/workdir" "--user" "0:0" "d2a03d5807033cc617738e22cb6af197c163786f2ba239ed7aa87d5fb026e085" "/opt/rustwide/cargo-home/bin/cargo" "+1.98.0-beta.8" "metadata" "--no-deps" "--format-version=1", kill_on_drop: false }`
[INFO] running `Command { std: "docker" "inspect" "d2a03d5807033cc617738e22cb6af197c163786f2ba239ed7aa87d5fb026e085", kill_on_drop: false }`
[INFO] running `Command { std: "docker" "exec" "-e" "SOURCE_DIR=/opt/rustwide/workdir" "-e" "CARGO_HOME=/opt/rustwide/cargo-home" "-e" "RUSTUP_HOME=/opt/rustwide/rustup-home" "-e" "CARGO_TARGET_DIR=/opt/rustwide/target" "-e" "CARGO_INCREMENTAL=0" "-e" "RUST_BACKTRACE=full" "-e" "RUSTFLAGS=--cap-lints=warn" "-e" "RUSTDOCFLAGS=--cap-lints=warn" "-w" "/opt/rustwide/workdir" "--user" "0:0" "d2a03d5807033cc617738e22cb6af197c163786f2ba239ed7aa87d5fb026e085" "/opt/rustwide/cargo-home/bin/cargo" "+1.98.0-beta.8" "build" "--frozen" "--message-format=json" "--release", kill_on_drop: false }`
[INFO] [stderr]    Compiling unicode-ident v1.0.24
[INFO] [stderr]    Compiling proc-macro2 v1.0.106
[INFO] [stderr]    Compiling wasm-bindgen-shared v0.2.114
[INFO] [stderr]    Compiling quote v1.0.44
[INFO] [stderr]    Compiling cfg-if v1.0.4
[INFO] [stderr]    Compiling rustversion v1.0.22
[INFO] [stderr]    Compiling typenum v1.19.0
[INFO] [stderr]    Compiling bumpalo v3.20.2
[INFO] [stderr]    Compiling autocfg v1.5.0
[INFO] [stderr]    Compiling libc v0.2.182
[INFO] [stderr]    Compiling serde_core v1.0.228
[INFO] [stderr]    Compiling crossbeam-utils v0.8.21
[INFO] [stderr]    Compiling zerocopy v0.8.39
[INFO] [stderr]    Compiling byte-tools v0.3.1
[INFO] [stderr]    Compiling once_cell v1.21.3
[INFO] [stderr]    Compiling block-padding v0.1.5
[INFO] [stderr]    Compiling rayon-core v1.13.0
[INFO] [stderr]    Compiling byteorder v1.5.0
[INFO] [stderr]    Compiling serde v1.0.228
[INFO] [stderr]    Compiling opaque-debug v0.2.3
[INFO] [stderr]    Compiling fake-simd v0.1.2
[INFO] [stderr]    Compiling ttf-parser v0.25.1
[INFO] [stderr]    Compiling winnow v0.7.14
[INFO] [stderr]    Compiling anyhow v1.0.102
[INFO] [stderr]    Compiling byteorder-lite v0.1.0
[INFO] [stderr]    Compiling num-traits v0.2.19
[INFO] [stderr]    Compiling bytemuck v1.25.0
[INFO] [stderr]    Compiling toml_writer v1.0.6+spec-1.1.0
[INFO] [stderr]    Compiling ab_glyph_rasterizer v0.1.10
[INFO] [stderr]    Compiling arrayref v0.3.9
[INFO] [stderr]    Compiling either v1.15.0
[INFO] [stderr]    Compiling wasm-bindgen v0.2.114
[INFO] [stderr]    Compiling syn v2.0.117
[INFO] [stderr]    Compiling crossbeam-epoch v0.9.18
[INFO] [stderr]    Compiling generic-array v0.12.4
[INFO] [stderr]    Compiling crossbeam-deque v0.8.6
[INFO] [stderr]    Compiling getrandom v0.2.17
[INFO] [stderr]    Compiling block-buffer v0.7.3
[INFO] [stderr]    Compiling digest v0.8.1
[INFO] [stderr]    Compiling sha2 v0.8.2
[INFO] [stderr]    Compiling pxfm v0.1.27
[INFO] [stderr]    Compiling rand_core v0.6.4
[INFO] [stderr]    Compiling imp v0.1.0
[INFO] [stderr]    Compiling toml_parser v1.0.9+spec-1.1.0
[INFO] [stderr]    Compiling rayon v1.11.0
[INFO] [stderr]    Compiling owned_ttf_parser v0.25.1
[INFO] [stderr]    Compiling ab_glyph v0.2.32
[INFO] [stderr]    Compiling serde_spanned v1.0.4
[INFO] [stderr]    Compiling toml_datetime v1.0.0+spec-1.1.0
[INFO] [stderr]    Compiling toml v1.0.3+spec-1.1.0
[INFO] [stderr]    Compiling moxcms v0.7.11
[INFO] [stderr]    Compiling wasm-bindgen-macro-support v0.2.114
[INFO] [stderr]    Compiling ppv-lite86 v0.2.21
[INFO] [stderr]    Compiling serde_derive v1.0.228
[INFO] [stderr]    Compiling rand_chacha v0.3.1
[INFO] [stderr]    Compiling rand v0.8.5
[INFO] [stderr]    Compiling wasm-bindgen-macro v0.2.114
[INFO] [stderr]    Compiling js-sys v0.3.91
[INFO] [stderr]    Compiling console_error_panic_hook v0.1.7
[INFO] [stderr]    Compiling image v0.25.9
[INFO] [stderr]    Compiling web-sys v0.3.91
[INFO] [stderr]    Compiling rsvp-generator v1.0.2 (/opt/rustwide/workdir)
[INFO] [stderr]     Finished `release` profile [optimized] target(s) in 1m 23s
[INFO] running `Command { std: "docker" "inspect" "d2a03d5807033cc617738e22cb6af197c163786f2ba239ed7aa87d5fb026e085", kill_on_drop: false }`
[INFO] running `Command { std: "docker" "exec" "-e" "SOURCE_DIR=/opt/rustwide/workdir" "-e" "CARGO_HOME=/opt/rustwide/cargo-home" "-e" "RUSTUP_HOME=/opt/rustwide/rustup-home" "-e" "CARGO_TARGET_DIR=/opt/rustwide/target" "-e" "CARGO_INCREMENTAL=0" "-e" "RUST_BACKTRACE=full" "-e" "RUSTFLAGS=--cap-lints=warn" "-e" "RUSTDOCFLAGS=--cap-lints=warn" "-w" "/opt/rustwide/workdir" "--user" "0:0" "d2a03d5807033cc617738e22cb6af197c163786f2ba239ed7aa87d5fb026e085" "/opt/rustwide/cargo-home/bin/cargo" "+1.98.0-beta.8" "test" "--frozen" "--no-run" "--message-format=json" "--release", kill_on_drop: false }`
[INFO] [stderr]    Compiling rsvp-generator v1.0.2 (/opt/rustwide/workdir)
[INFO] [stderr]     Finished `release` profile [optimized] target(s) in 4.04s
[INFO] running `Command { std: "docker" "inspect" "d2a03d5807033cc617738e22cb6af197c163786f2ba239ed7aa87d5fb026e085", kill_on_drop: false }`
[INFO] running `Command { std: "docker" "exec" "-e" "SOURCE_DIR=/opt/rustwide/workdir" "-e" "CARGO_HOME=/opt/rustwide/cargo-home" "-e" "RUSTUP_HOME=/opt/rustwide/rustup-home" "-e" "CARGO_TARGET_DIR=/opt/rustwide/target" "-e" "CARGO_INCREMENTAL=0" "-e" "RUST_BACKTRACE=full" "-e" "RUSTFLAGS=--cap-lints=warn" "-e" "RUSTDOCFLAGS=--cap-lints=warn" "-w" "/opt/rustwide/workdir" "--user" "0:0" "d2a03d5807033cc617738e22cb6af197c163786f2ba239ed7aa87d5fb026e085" "/opt/rustwide/cargo-home/bin/cargo" "+1.98.0-beta.8" "test" "--frozen" "--release", kill_on_drop: false }`
[INFO] [stderr]     Finished `release` profile [optimized] target(s) in 0.13s
[INFO] [stderr]      Running unittests src/lib.rs (/opt/rustwide/target/release/deps/rsvp_generator-36bcf3a496d9fb54)
[INFO] [stdout] 
[INFO] [stdout] running 0 tests
[INFO] [stdout] 
[INFO] [stdout] test result: ok. 0 passed; 0 failed; 0 ignored; 0 measured; 0 filtered out; finished in 0.00s
[INFO] [stdout] 
[INFO] [stderr]      Running unittests src/main.rs (/opt/rustwide/target/release/deps/rsvp_generator-4cef058252829344)
[INFO] [stdout] 
[INFO] [stdout] running 5 tests
[INFO] [stdout] test audio::tests::frame_has_correct_sample_count ... ok
[INFO] [stdout] test audio::tests::phase_is_continuous_across_frames ... ok
[INFO] [stdout] test audio::tests::samples_are_in_valid_range ... ok
[INFO] [stdout] test tests::draw_basic ... FAILED
[INFO] [stdout] test tests::benchmark_spiral_fast_with_cache ... FAILED
[INFO] [stdout] 
[INFO] [stdout] failures:
[INFO] [stdout] 
[INFO] [stdout] ---- tests::draw_basic stdout ----
[INFO] [stdout] Error: No such file or directory (os error 2)
[INFO] [stdout] 
[INFO] [stdout] Stack backtrace:
[INFO] [stdout]    0: <anyhow::Error as core::convert::From<core::io::error::Error>>::from
[INFO] [stdout]    1: rsvp_generator::io::load_config::<&str>
[INFO] [stdout]    2: rsvp_generator::tests::draw_basic
[INFO] [stdout]    3: <rsvp_generator::tests::draw_basic::{closure#0} as core::ops::function::FnOnce<()>>::call_once
[INFO] [stdout]    4: test::__rust_begin_short_backtrace::<core::result::Result<(), alloc::string::String>, fn() -> core::result::Result<(), alloc::string::String>>
[INFO] [stdout]    5: test::run_test::{closure#0}
[INFO] [stdout]    6: std::sys::backtrace::__rust_begin_short_backtrace::<test::run_test::{closure#1}, ()>
[INFO] [stdout]    7: <std::thread::lifecycle::spawn_unchecked<test::run_test::{closure#1}, ()>::{closure#1} as core::ops::function::FnOnce<()>>::call_once::{shim:vtable#0}
[INFO] [stdout]    8: <std::sys::thread::unix::Thread>::new::thread_start
[INFO] [stdout]    9: <unknown>
[INFO] [stdout]   10: clone
[INFO] [stdout] 
[INFO] [stdout] ---- tests::benchmark_spiral_fast_with_cache stdout ----
[INFO] [stdout] Error: No such file or directory (os error 2)
[INFO] [stdout] 
[INFO] [stdout] Stack backtrace:
[INFO] [stdout]    0: <anyhow::Error as core::convert::From<core::io::error::Error>>::from
[INFO] [stdout]    1: rsvp_generator::io::load_config::<&str>
[INFO] [stdout]    2: rsvp_generator::tests::benchmark_spiral_fast_with_cache
[INFO] [stdout]    3: <rsvp_generator::tests::benchmark_spiral_fast_with_cache::{closure#0} as core::ops::function::FnOnce<()>>::call_once
[INFO] [stdout]    4: test::__rust_begin_short_backtrace::<core::result::Result<(), alloc::string::String>, fn() -> core::result::Result<(), alloc::string::String>>
[INFO] [stdout]    5: test::run_test::{closure#0}
[INFO] [stdout]    6: std::sys::backtrace::__rust_begin_short_backtrace::<test::run_test::{closure#1}, ()>
[INFO] [stdout]    7: <std::thread::lifecycle::spawn_unchecked<test::run_test::{closure#1}, ()>::{closure#1} as core::ops::function::FnOnce<()>>::call_once::{shim:vtable#0}
[INFO] [stdout]    8: <std::sys::thread::unix::Thread>::new::thread_start
[INFO] [stdout]    9: <unknown>
[INFO] [stdout]   10: clone
[INFO] [stdout] 
[INFO] [stdout] 
[INFO] [stdout] failures:
[INFO] [stdout]     tests::benchmark_spiral_fast_with_cache
[INFO] [stdout]     tests::draw_basic
[INFO] [stdout] 
[INFO] [stdout] test result: FAILED. 3 passed; 2 failed; 0 ignored; 0 measured; 0 filtered out; finished in 0.00s
[INFO] [stdout] 
[INFO] [stderr] error: test failed, to rerun pass `--bin rsvp-generator`
[INFO] running `Command { std: "docker" "inspect" "d2a03d5807033cc617738e22cb6af197c163786f2ba239ed7aa87d5fb026e085", kill_on_drop: false }`
[INFO] running `Command { std: "docker" "rm" "-f" "d2a03d5807033cc617738e22cb6af197c163786f2ba239ed7aa87d5fb026e085", kill_on_drop: false }`
[INFO] [stdout] d2a03d5807033cc617738e22cb6af197c163786f2ba239ed7aa87d5fb026e085
