[INFO] cloning repository https://github.com/Aster-amellus/StarLightTracer
[INFO] running `Command { std: "git" "-c" "credential.helper=" "-c" "credential.helper=/workspace/cargo-home/bin/git-credential-null" "clone" "--bare" "https://github.com/Aster-amellus/StarLightTracer" "/workspace/cache/git-repos/https%3A%2F%2Fgithub.com%2FAster-amellus%2FStarLightTracer", kill_on_drop: false }`
[INFO] [stderr] Cloning into bare repository '/workspace/cache/git-repos/https%3A%2F%2Fgithub.com%2FAster-amellus%2FStarLightTracer'...
[INFO] running `Command { std: "git" "rev-parse" "HEAD", kill_on_drop: false }`
[INFO] [stdout] aa8b1adf8ebad1fc080ede1ac6895372401e34fc
[INFO] testing Aster-amellus/StarLightTracer against 1.98.0-beta.8+cargoflags=--release for beta-release-1.99-2
[INFO] running `Command { std: "git" "clone" "/workspace/cache/git-repos/https%3A%2F%2Fgithub.com%2FAster-amellus%2FStarLightTracer" "/workspace/builds/worker-1-tc1/source", kill_on_drop: false }`
[INFO] [stderr] Cloning into '/workspace/builds/worker-1-tc1/source'...
[INFO] [stderr] done.
[INFO] started tweaking git repo https://github.com/Aster-amellus/StarLightTracer
[INFO] finished tweaking git repo https://github.com/Aster-amellus/StarLightTracer
[INFO] tweaked toml for git repo https://github.com/Aster-amellus/StarLightTracer written to /workspace/builds/worker-1-tc1/source/Cargo.toml
[INFO] validating manifest of git repo https://github.com/Aster-amellus/StarLightTracer on toolchain 1.98.0-beta.8
[INFO] running `Command { std: CARGO_HOME="/workspace/cargo-home" RUSTUP_HOME="/workspace/rustup-home" "/workspace/cargo-home/bin/cargo" "+1.98.0-beta.8" "metadata" "--manifest-path" "Cargo.toml" "--no-deps", kill_on_drop: false }`
[INFO] crate git repo https://github.com/Aster-amellus/StarLightTracer already has a lockfile, it will not be regenerated
[INFO] running `Command { std: CARGO_HOME="/workspace/cargo-home" RUSTUP_HOME="/workspace/rustup-home" "/workspace/cargo-home/bin/cargo" "+1.98.0-beta.8" "fetch" "--manifest-path" "Cargo.toml", kill_on_drop: false }`
[INFO] [stderr]     Blocking waiting for file lock on package cache
[INFO] [stderr]     Blocking waiting for file lock on package cache
[INFO] [stderr]  Downloading crates ...
[INFO] [stderr]   Downloaded serde_json v1.0.150
[INFO] [stderr]   Downloaded quote v1.0.46
[INFO] [stderr]   Downloaded memchr v2.8.2
[INFO] [stderr]   Downloaded syn v2.0.118
[INFO] running `Command { std: "docker" "create" "-v" "/var/lib/crater-agent-workspace/builds/worker-1-tc1/source:/opt/rustwide/workdir:ro,Z" "-v" "/var/lib/crater-agent-workspace/builds/worker-1-tc1/target:/opt/rustwide/target:rw,Z" "-v" "/var/lib/crater-agent-workspace/cargo-home:/opt/rustwide/cargo-home:ro,Z" "-v" "/var/lib/crater-agent-workspace/rustup-home:/opt/rustwide/rustup-home:ro,Z" "-m" "1610612736" "--network" "none" "ghcr.io/rust-lang/crates-build-env/linux@sha256:8683fc1fc2eb5c9ac98e0d076ab094b2ffac7f99da555d2b6a2e27f346de2ec7" "sleep" "infinity", kill_on_drop: false }`
[INFO] [stdout] 511271d98a26657787188ae53eddd1df14134ecfe82588499b3757f1139eab88
[INFO] running `Command { std: "docker" "start" "511271d98a26657787188ae53eddd1df14134ecfe82588499b3757f1139eab88", kill_on_drop: false }`
[INFO] running `Command { std: "docker" "inspect" "511271d98a26657787188ae53eddd1df14134ecfe82588499b3757f1139eab88", kill_on_drop: false }`
[INFO] running `Command { std: "docker" "exec" "-e" "SOURCE_DIR=/opt/rustwide/workdir" "-e" "CARGO_HOME=/opt/rustwide/cargo-home" "-e" "RUSTUP_HOME=/opt/rustwide/rustup-home" "-e" "CARGO_TARGET_DIR=/opt/rustwide/target" "-w" "/opt/rustwide/workdir" "--user" "0:0" "511271d98a26657787188ae53eddd1df14134ecfe82588499b3757f1139eab88" "/opt/rustwide/cargo-home/bin/cargo" "+1.98.0-beta.8" "metadata" "--no-deps" "--format-version=1", kill_on_drop: false }`
[INFO] running `Command { std: "docker" "inspect" "511271d98a26657787188ae53eddd1df14134ecfe82588499b3757f1139eab88", kill_on_drop: false }`
[INFO] running `Command { std: "docker" "exec" "-e" "SOURCE_DIR=/opt/rustwide/workdir" "-e" "CARGO_HOME=/opt/rustwide/cargo-home" "-e" "RUSTUP_HOME=/opt/rustwide/rustup-home" "-e" "CARGO_TARGET_DIR=/opt/rustwide/target" "-e" "CARGO_INCREMENTAL=0" "-e" "RUST_BACKTRACE=full" "-e" "RUSTFLAGS=--cap-lints=warn" "-e" "RUSTDOCFLAGS=--cap-lints=warn" "-w" "/opt/rustwide/workdir" "--user" "0:0" "511271d98a26657787188ae53eddd1df14134ecfe82588499b3757f1139eab88" "/opt/rustwide/cargo-home/bin/cargo" "+1.98.0-beta.8" "build" "--frozen" "--message-format=json" "--release", kill_on_drop: false }`
[INFO] [stderr]    Compiling proc-macro2 v1.0.106
[INFO] [stderr]    Compiling unicode-ident v1.0.24
[INFO] [stderr]    Compiling quote v1.0.46
[INFO] [stderr]    Compiling serde_core v1.0.228
[INFO] [stderr]    Compiling zmij v1.0.21
[INFO] [stderr]    Compiling serde v1.0.228
[INFO] [stderr]    Compiling serde_json v1.0.150
[INFO] [stderr]    Compiling itoa v1.0.18
[INFO] [stderr]    Compiling memchr v2.8.2
[INFO] [stderr]    Compiling syn v2.0.118
[INFO] [stderr]    Compiling serde_derive v1.0.228
[INFO] [stderr]    Compiling st-core v0.1.0 (/opt/rustwide/workdir/crates/st-core)
[INFO] [stderr]    Compiling st-profile v0.1.0 (/opt/rustwide/workdir/crates/st-profile)
[INFO] [stderr]    Compiling st-dapd v0.1.0 (/opt/rustwide/workdir/crates/st-dapd)
[INFO] [stderr]     Finished `release` profile [optimized] target(s) in 26.83s
[INFO] running `Command { std: "docker" "inspect" "511271d98a26657787188ae53eddd1df14134ecfe82588499b3757f1139eab88", kill_on_drop: false }`
[INFO] running `Command { std: "docker" "exec" "-e" "SOURCE_DIR=/opt/rustwide/workdir" "-e" "CARGO_HOME=/opt/rustwide/cargo-home" "-e" "RUSTUP_HOME=/opt/rustwide/rustup-home" "-e" "CARGO_TARGET_DIR=/opt/rustwide/target" "-e" "CARGO_INCREMENTAL=0" "-e" "RUST_BACKTRACE=full" "-e" "RUSTFLAGS=--cap-lints=warn" "-e" "RUSTDOCFLAGS=--cap-lints=warn" "-w" "/opt/rustwide/workdir" "--user" "0:0" "511271d98a26657787188ae53eddd1df14134ecfe82588499b3757f1139eab88" "/opt/rustwide/cargo-home/bin/cargo" "+1.98.0-beta.8" "test" "--frozen" "--no-run" "--message-format=json" "--release", kill_on_drop: false }`
[INFO] [stderr]    Compiling st-dapd v0.1.0 (/opt/rustwide/workdir/crates/st-dapd)
[INFO] [stderr]    Compiling st-profile v0.1.0 (/opt/rustwide/workdir/crates/st-profile)
[INFO] [stderr]    Compiling st-core v0.1.0 (/opt/rustwide/workdir/crates/st-core)
[INFO] [stderr]     Finished `release` profile [optimized] target(s) in 14.58s
[INFO] running `Command { std: "docker" "inspect" "511271d98a26657787188ae53eddd1df14134ecfe82588499b3757f1139eab88", kill_on_drop: false }`
[INFO] running `Command { std: "docker" "exec" "-e" "SOURCE_DIR=/opt/rustwide/workdir" "-e" "CARGO_HOME=/opt/rustwide/cargo-home" "-e" "RUSTUP_HOME=/opt/rustwide/rustup-home" "-e" "CARGO_TARGET_DIR=/opt/rustwide/target" "-e" "CARGO_INCREMENTAL=0" "-e" "RUST_BACKTRACE=full" "-e" "RUSTFLAGS=--cap-lints=warn" "-e" "RUSTDOCFLAGS=--cap-lints=warn" "-w" "/opt/rustwide/workdir" "--user" "0:0" "511271d98a26657787188ae53eddd1df14134ecfe82588499b3757f1139eab88" "/opt/rustwide/cargo-home/bin/cargo" "+1.98.0-beta.8" "test" "--frozen" "--release", kill_on_drop: false }`
[INFO] [stderr]     Finished `release` profile [optimized] target(s) in 0.04s
[INFO] [stderr]      Running unittests src/lib.rs (/opt/rustwide/target/release/deps/st_core-057db9d525287e3d)
[INFO] [stdout] 
[INFO] [stdout] running 6 tests
[INFO] [stdout] test breakpoint_group::tests::tracks_active_kernel_group_by_default ... ok
[INFO] [stderr]      Running tests/hybrid_probe_contracts.rs (/opt/rustwide/target/release/deps/hybrid_probe_contracts-925e86f46a8fcdf4)
[INFO] [stdout] test breakpoint_group::tests::keeps_kernel_and_user_source_breakpoints_separate ... ok
[INFO] [stdout] test breakpoint_group::tests::removes_cached_breakpoint_from_all_groups_by_id ... ok
[INFO] [stdout] test breakpoint_group::tests::upsert_does_not_clear_existing_symbol_file_with_none ... ok
[INFO] [stdout] test trace::tests::capture_specs_distinguish_registers_and_expressions ... ok
[INFO] [stdout] test trace::tests::source_trace_probe_represents_entry_and_return ... ok
[INFO] [stdout] 
[INFO] [stdout] test result: ok. 6 passed; 0 failed; 0 ignored; 0 measured; 0 filtered out; finished in 0.00s
[INFO] [stdout] 
[INFO] [stdout] 
[INFO] [stdout] running 3 tests
[INFO] [stdout] test event_store_retains_bounded_causal_events_and_exports_jsonl ... ok
[INFO] [stdout] test linux_ebpf_mvp_stream_capabilities_expose_ordered_api_capabilities ... ok
[INFO] [stdout] test probe_plan_labels_attach_points_and_handle_identity ... ok
[INFO] [stdout] 
[INFO] [stdout] test result: ok. 3 passed; 0 failed; 0 ignored; 0 measured; 0 filtered out; finished in 0.00s
[INFO] [stdout] 
[INFO] [stderr]      Running tests/m25_event_contracts.rs (/opt/rustwide/target/release/deps/m25_event_contracts-fb4321b8dcb83b85)
[INFO] [stdout] 
[INFO] [stdout] running 5 tests
[INFO] [stdout] test event_store_filters_by_run_backend_probe_and_kind ... ok
[INFO] [stdout] test probe_plan_preserves_run_and_filter_metadata ... ok
[INFO] [stdout] test rcore_snapshot_builder_emits_causal_trap_syscall_and_pagewalk_events ... ok
[INFO] [stdout] test jsonl_export_contains_full_m25_fields_and_escaped_payload ... ok
[INFO] [stderr]      Running tests/ns1_causal_eventstore.rs (/opt/rustwide/target/release/deps/ns1_causal_eventstore-eca4ac9481da7080)
[INFO] [stdout] test caelestis_builder_maps_semantic_lines_to_event_kinds ... ok
[INFO] [stdout] 
[INFO] [stdout] test result: ok. 5 passed; 0 failed; 0 ignored; 0 measured; 0 filtered out; finished in 0.00s
[INFO] [stdout] 
[INFO] [stdout] 
[INFO] [stdout] running 2 tests
[INFO] [stdout] test causal_query_returns_parent_child_correlation_and_around_chains ... ok
[INFO] [stdout] test unresolved_parent_reason_remains_visible_without_fabricating_parent ... ok
[INFO] [stdout] 
[INFO] [stdout] test result: ok. 2 passed; 0 failed; 0 ignored; 0 measured; 0 filtered out; finished in 0.00s
[INFO] [stdout] 
[INFO] [stderr]      Running tests/ns1_event_contracts.rs (/opt/rustwide/target/release/deps/ns1_event_contracts-0dc375b4ca79c81e)
[INFO] [stdout] 
[INFO] [stdout] running 3 tests
[INFO] [stdout] test event_query_filters_ns1_metadata_dimensions ... ok
[INFO] [stdout] test ns1_function_exit_status_kinds_have_canonical_names ... ok
[INFO] [stdout] test ns1_events_serialize_with_canonical_kind_and_payload_fields ... ok
[INFO] [stdout] 
[INFO] [stderr]      Running tests/ns1_object_contracts.rs (/opt/rustwide/target/release/deps/ns1_object_contracts-aa2cb371d708d866)
[INFO] [stdout] test result: ok. 3 passed; 0 failed; 0 ignored; 0 measured; 0 filtered out; finished in 0.01s
[INFO] [stdout] 
[INFO] [stdout] 
[INFO] [stdout] running 2 tests
[INFO] [stdout] test decode_status_formats_stable_labels_and_reasons ... ok
[INFO] [stdout] test decoded_object_fields_include_decode_status_without_fake_ids ... ok
[INFO] [stdout] 
[INFO] [stdout] test result: ok. 2 passed; 0 failed; 0 ignored; 0 measured; 0 filtered out; finished in 0.01s
[INFO] [stdout] 
[INFO] [stderr]      Running tests/p1_p6_event_contracts.rs (/opt/rustwide/target/release/deps/p1_p6_event_contracts-fca21e1d9a5aff91)
[INFO] [stdout] 
[INFO] [stdout] running 7 tests
[INFO] [stdout] test lens_contracts_are_plain_clone_debug_eq_shapes ... ok
[INFO] [stdout] test jsonl_export_keeps_p4_scheduler_event_kinds_and_payloads ... ok
[INFO] [stdout] test rcore_ipc_semantics_emit_pipe_receive_and_send_events ... ok
[INFO] [stdout] test rcore_interrupt_semantics_emit_timer_and_handler_events ... ok
[INFO] [stdout] test rcore_scheduler_semantics_emit_partial_reason_events ... ok
[INFO] [stdout] test raw_event_kind_strings_are_stable_for_p1_p6_contracts ... ok
[INFO] [stdout] test jsonl_export_keeps_p1_p6_ipc_wakeup_routing_fields ... ok
[INFO] [stderr]      Running tests/schema_contracts.rs (/opt/rustwide/target/release/deps/schema_contracts-3a8dc4576d6706c0)
[INFO] [stdout] 
[INFO] [stdout] test result: ok. 7 passed; 0 failed; 0 ignored; 0 measured; 0 filtered out; finished in 0.01s
[INFO] [stdout] 
[INFO] [stdout] 
[INFO] [stdout] running 2 tests
[INFO] [stdout] test probe_schema_matches_probe_plan_contract ... ok
[INFO] [stderr]      Running tests/session_contract.rs (/opt/rustwide/target/release/deps/session_contract-7c27beeadc683a7d)
[INFO] [stdout] test event_schema_matches_eventstore_jsonl_contract ... ok
[INFO] [stdout] 
[INFO] [stdout] test result: ok. 2 passed; 0 failed; 0 ignored; 0 measured; 0 filtered out; finished in 0.00s
[INFO] [stdout] 
[INFO] [stderr]      Running unittests src/lib.rs (/opt/rustwide/target/release/deps/st_dapd-7e4fd2593c5878d8)
[INFO] [stdout] 
[INFO] [stderr]      Running unittests src/main.rs (/opt/rustwide/target/release/deps/st_dapd-0d7ea0c3f09057cd)
[INFO] [stdout] running 1 test
[INFO] [stdout] test debug_session_current_context_uses_backend_registers_and_profile_contract ... ok
[INFO] [stdout] 
[INFO] [stdout] test result: ok. 1 passed; 0 failed; 0 ignored; 0 measured; 0 filtered out; finished in 0.00s
[INFO] [stdout] 
[INFO] [stdout] 
[INFO] [stdout] running 0 tests
[INFO] [stdout] 
[INFO] [stdout] test result: ok. 0 passed; 0 failed; 0 ignored; 0 measured; 0 filtered out; finished in 0.00s
[INFO] [stdout] 
[INFO] [stdout] 
[INFO] [stdout] running 19 tests
[INFO] [stdout] test dap::domain_manager::tests::explicit_domain_takes_precedence_over_heuristics ... ok
[INFO] [stdout] test dap::domain_manager::tests::interrupt_kind_takes_precedence_over_heuristics ... ok
[INFO] [stdout] test dap::domain_manager::tests::explicit_domain_is_certain ... ok
[INFO] [stdout] test dap::domain_manager::tests::irq_unhandled_classifies_as_interrupt ... ok
[INFO] [stdout] test dap::domain_manager::tests::sbi_symbol_is_heuristic_firmware ... ok
[INFO] [stdout] test dap::domain_manager::tests::trampoline_source_is_heuristic ... ok
[INFO] [stdout] test gdb::mi_parser::tests::parses_memory_bytes ... ok
[INFO] [stdout] test dap::domain_manager::tests::missing_evidence_stays_unknown ... ok
[INFO] [stdout] test gdb::mi_parser::tests::parses_stack_frames ... ok
[INFO] [stdout] test gdb::mi_parser::tests::parses_register_values ... ok
[INFO] [stdout] test gdb::mi_parser::tests::register_query_indices_include_riscv_semantic_csrs ... ok
[INFO] [stdout] test gdb::mi_parser::tests::parses_thread_info ... ok
[INFO] [stdout] test dap::domain_manager::tests::interrupt_kind_classifies_as_interrupt ... ok
[INFO] [stdout] test dap::domain_manager::tests::mixed_case_sbi_symbol_is_heuristic_firmware ... ok
[INFO] [stdout] test dap::domain_manager::tests::mixed_case_trampoline_source_is_heuristic ... ok
[INFO] [stdout] test dap::domain_manager::tests::timer_tick_classifies_as_interrupt ... ok
[INFO] [stdout] test gdb::mi_parser::tests::breakpoint_insert_command_keeps_conditions_in_mi_mode ... ok
[INFO] [stdout] test gdb::mi_parser::tests::parses_stack_variables ... ok
[INFO] [stdout] test gdb::backend::tests::backend_reads_fake_mi_process ... ok
[INFO] [stdout] 
[INFO] [stdout] test result: ok. 19 passed; 0 failed; 0 ignored; 0 measured; 0 filtered out; finished in 0.12s
[INFO] [stdout] 
[INFO] [stderr]      Running tests/causal_eventstore_api.rs (/opt/rustwide/target/release/deps/causal_eventstore_api-641f2aea758f6187)
[INFO] [stdout] 
[INFO] [stdout] running 1 test
[INFO] [stdout] test dap_exposes_filtered_events_and_causal_chain_commands ... ok
[INFO] [stdout] 
[INFO] [stdout] test result: ok. 1 passed; 0 failed; 0 ignored; 0 measured; 0 filtered out; finished in 0.08s
[INFO] [stdout] 
[INFO] [stderr]      Running tests/dap_smoke.rs (/opt/rustwide/target/release/deps/dap_smoke-07d8b24710dbcea7)
[INFO] [stdout] 
[INFO] [stdout] running 9 tests
[INFO] [stdout] test dap_stdio_mock_launch_exposes_os_context ... ok
[INFO] [stdout] test dap_stdio_fake_gdb_exposes_ipc_lens_from_pipe_stop_probe_events ... ok
[INFO] [stdout] test dap_stdio_fake_gdb_exposes_scheduler_lens_from_stop_probe_events ... ok
[INFO] [stdout] test dap_stdio_fake_gdb_exposes_arceos_percpu_context ... ok
[INFO] [stdout] test dap_stdio_fake_gdb_exposes_interrupt_lens_from_timer_stop_probe_events ... ok
[INFO] [stdout] test dap_stdio_fake_gdb_exposes_rcore_semantic_syscall_command ... ok
[INFO] [stdout] test dap_stdio_fake_gdb_exposes_rcore_page_fault_pagewalk ... ok
[INFO] [stdout] test dap_stdio_fake_gdb_exposes_stack_registers_and_locals ... ok
[INFO] [stdout] test dap_stdio_fake_gdb_supports_function_breakpoints_and_semantic_snapshot ... ok
[INFO] [stdout] 
[INFO] [stdout] test result: ok. 9 passed; 0 failed; 0 ignored; 0 measured; 0 filtered out; finished in 0.32s
[INFO] [stdout] 
[INFO] [stderr]      Running tests/event_ingestor.rs (/opt/rustwide/target/release/deps/event_ingestor-1cf551ca5ad0fdee)
[INFO] [stdout] 
[INFO] [stdout] running 4 tests
[INFO] [stdout] test existing_event_metadata_is_not_overwritten ... ok
[INFO] [stdout] test existing_host_receive_payload_is_not_overwritten ... ok
[INFO] [stdout] test zero_capacity_store_returns_event_id_but_retains_no_events ... ok
[INFO] [stdout] test ingest_adds_context_metadata_and_appends_to_store ... ok
[INFO] [stdout] 
[INFO] [stdout] test result: ok. 4 passed; 0 failed; 0 ignored; 0 measured; 0 filtered out; finished in 0.00s
[INFO] [stdout] 
[INFO] [stderr]      Running tests/function_call_tracker.rs (/opt/rustwide/target/release/deps/function_call_tracker-06ebe6d6ca7b5775)
[INFO] [stdout] 
[INFO] [stdout] running 11 tests
[INFO] [stdout] test clear_all_returns_pending_calls_for_abort_events_and_empties_all_keys ... ok
[INFO] [stdout] test detach_clears_only_matching_probe_calls ... ok
[INFO] [stdout] test different_threads_do_not_consume_each_other ... ok
[INFO] [stdout] test detach_clears_only_matching_trace_probe_calls ... ok
[INFO] [stdout] test latest_key_for_event_prefers_specific_thread_cpu_match ... ok
[INFO] [stdout] test latest_key_for_event_rejects_ambiguous_equal_specificity_matches ... ok
[INFO] [stdout] test latest_key_for_event_matches_thread_when_event_lacks_run_domain ... ok
[INFO] [stdout] test latest_key_for_event_rejects_backend_only_events ... ok
[INFO] [stdout] test matching_threads_still_isolate_by_cpu_and_domain ... ok
[INFO] [stdout] test step_out_marks_only_the_current_key ... ok
[INFO] [stdout] test recursive_calls_pop_lifo_inside_same_key ... ok
[INFO] [stdout] 
[INFO] [stdout] test result: ok. 11 passed; 0 failed; 0 ignored; 0 measured; 0 filtered out; finished in 0.01s
[INFO] [stdout] 
[INFO] [stderr]      Running tests/guest_sidecar_backend.rs (/opt/rustwide/target/release/deps/guest_sidecar_backend-6ae0b9d0231ac9ff)
[INFO] [stdout] 
[INFO] [stdout] running 3 tests
[INFO] [stdout] test dap_guest_sidecar_does_not_assign_unmatched_records_to_narrow_probe ... ok
[INFO] [stdout] test dap_guest_sidecar_low_limit_gap_poll_does_not_drop_current_record ... ok
[INFO] [stderr]      Running tests/guest_sidecar_frame_parser.rs (/opt/rustwide/target/release/deps/guest_sidecar_frame_parser-55027072bfff1337)
[INFO] [stdout] test dap_installs_polls_exports_and_detaches_guest_sidecar_stream ... ok
[INFO] [stdout] 
[INFO] [stdout] test result: ok. 3 passed; 0 failed; 0 ignored; 0 measured; 0 filtered out; finished in 0.01s
[INFO] [stdout] 
[INFO] [stdout] 
[INFO] [stdout] running 8 tests
[INFO] [stderr]      Running tests/hybrid_probe_api.rs (/opt/rustwide/target/release/deps/hybrid_probe_api-613b8b152478d535)
[INFO] [stdout] test parses_valid_stev1_json_frame ... ok
[INFO] [stdout] test preserves_unknown_kind_for_profile_normalization ... ok
[INFO] [stdout] test rejects_bad_prefix ... ok
[INFO] [stdout] test rejects_truncated_payload ... ok
[INFO] [stdout] test rejects_bad_hex_length ... ok
[INFO] [stdout] test rejects_invalid_json_payload ... ok
[INFO] [stdout] test rejects_unsupported_schema_version ... ok
[INFO] [stdout] test rejects_wrong_guest_trace_magic ... ok
[INFO] [stdout] 
[INFO] [stdout] test result: ok. 8 passed; 0 failed; 0 ignored; 0 measured; 0 filtered out; finished in 0.00s
[INFO] [stdout] 
[INFO] [stdout] 
[INFO] [stdout] running 7 tests
[INFO] [stdout] test dap_stdio_exposes_hybrid_probe_api_and_event_store ... ok
[INFO] [stdout] test dap_stdio_reports_env_linux_ebpf_sidecar_directory_unavailable ... ok
[INFO] [stdout] test dap_stdio_drains_fake_gdb_events_into_event_store ... ok
[INFO] [stdout] test dap_stdio_polls_framed_linux_ebpf_events_without_hiding_fresh_events ... ok
[INFO] [stdout] test dap_stdio_installs_polls_and_detaches_fake_linux_ebpf_sidecar ... ok
[INFO] [stdout] test fake_gdb_probe_install_failure_does_not_claim_api_install ... ok
[INFO] [stdout] test fake_gdb_breakpoint_stop_auto_records_function_trace_event ... ok
[INFO] [stdout] 
[INFO] [stdout] test result: ok. 7 passed; 0 failed; 0 ignored; 0 measured; 0 filtered out; finished in 0.10s
[INFO] [stdout] 
[INFO] [stderr]      Running tests/lens_api.rs (/opt/rustwide/target/release/deps/lens_api-eeb7a183c3035aca)
[INFO] [stdout] 
[INFO] [stdout] running 1 test
[INFO] [stdout] test dap_lens_commands_accept_run_filters_for_task_process_scheduler_ipc_and_interrupt ... ok
[INFO] [stdout] 
[INFO] [stdout] test result: ok. 1 passed; 0 failed; 0 ignored; 0 measured; 0 filtered out; finished in 0.00s
[INFO] [stdout] 
[INFO] [stderr]      Running tests/m25_probe_api.rs (/opt/rustwide/target/release/deps/m25_probe_api-8ee3e3b29fab3884)
[INFO] [stdout] 
[INFO] [stdout] running 4 tests
[INFO] [stdout] test dap_rejects_unknown_m25_options ... ok
[INFO] [stdout] test dap_accepts_run_scoped_probe_install_poll_and_export ... ok
[INFO] [stdout] test linux_ebpf_events_preserve_run_pid_tid_comm_symbol_and_payload ... ok
[INFO] [stderr]      Running tests/p1_function_span_api.rs (/opt/rustwide/target/release/deps/p1_function_span_api-3312bd466f16a788)
[INFO] [stdout] test fake_gdb_stop_probe_exports_rcore_semantic_events ... ok
[INFO] [stdout] 
[INFO] [stdout] test result: ok. 4 passed; 0 failed; 0 ignored; 0 measured; 0 filtered out; finished in 0.06s
[INFO] [stdout] 
[INFO] [stdout] 
[INFO] [stdout] running 4 tests
[INFO] [stdout] test fake_gdb_step_out_breakpoint_hit_does_not_emit_return_or_span ... ok
[INFO] [stdout] test fake_gdb_api_function_probe_emits_return_and_span_after_step_out ... FAILED
[INFO] [stdout] test fake_gdb_async_termination_records_pending_function_aborted ... ok
[INFO] [stdout] test fake_gdb_disconnect_clears_pending_function_calls ... ok
[INFO] [stdout] 
[INFO] [stdout] failures:
[INFO] [stdout] 
[INFO] [stdout] ---- fake_gdb_api_function_probe_emits_return_and_span_after_step_out stdout ----
[INFO] [stdout] 
[INFO] [stdout] thread 'fake_gdb_api_function_probe_emits_return_and_span_after_step_out' (1701) panicked at crates/st-dapd/tests/p1_function_span_api.rs:94:5:
[INFO] [stdout] assertion failed: exported.contains(r#"\\\"kind\\\":\\\"function.return\\\""#)
[INFO] [stdout] stack backtrace:
[INFO] [stdout]    0:     0x56fa16cf9e61 - <<std[97b98282bc616a66]::sys::backtrace::BacktraceLock>::print::DisplayBacktrace as core[832e9a552fc17241]::fmt::Display>::fmt
[INFO] [stdout]    1:     0x56fa16d0e4da - core[832e9a552fc17241]::fmt::write
[INFO] [stdout]    2:     0x56fa16cfe5ec - <alloc[3ecab9f82c41dc7d]::vec::Vec<u8> as std[97b98282bc616a66]::io::Write>::write_fmt
[INFO] [stdout]    3:     0x56fa16cd6a16 - std[97b98282bc616a66]::panicking::default_hook::{closure#0}
[INFO] [stdout]    4:     0x56fa16cf1669 - std[97b98282bc616a66]::panicking::default_hook
[INFO] [stdout]    5:     0x56fa16c8b300 - test[39766f3d73431624]::test_main_inner::<test[39766f3d73431624]::test_main_static::{closure#0}>::{closure#0}
[INFO] [stdout]    6:     0x56fa16cf1822 - std[97b98282bc616a66]::panicking::panic_with_hook
[INFO] [stdout]    7:     0x56fa16cd6af4 - std[97b98282bc616a66]::panicking::panic_handler::{closure#0}
[INFO] [stdout]    8:     0x56fa16cce2f9 - std[97b98282bc616a66]::sys::backtrace::__rust_end_short_backtrace::<std[97b98282bc616a66]::panicking::panic_handler::{closure#0}, !>
[INFO] [stdout]    9:     0x56fa16cd777d - __rustc[e3d8617bb01b7f69]::rust_begin_unwind
[INFO] [stdout]   10:     0x56fa16d0ec0c - core[832e9a552fc17241]::panicking::panic_fmt
[INFO] [stdout]   11:     0x56fa16d0ebd2 - core[832e9a552fc17241]::panicking::panic
[INFO] [stdout]   12:     0x56fa16c7c746 - <p1_function_span_api[7b1327e26853dd10]::fake_gdb_api_function_probe_emits_return_and_span_after_step_out::{closure#0} as core[832e9a552fc17241]::ops::function::FnOnce<()>>::call_once
[INFO] [stdout]   13:     0x56fa16c7e63b - test[39766f3d73431624]::__rust_begin_short_backtrace::<core[832e9a552fc17241]::result::Result<(), alloc[3ecab9f82c41dc7d]::string::String>, fn() -> core[832e9a552fc17241]::result::Result<(), alloc[3ecab9f82c41dc7d]::string::String>>
[INFO] [stdout]   14:     0x56fa16c8bc85 - test[39766f3d73431624]::run_test::{closure#0}
[INFO] [stdout]   15:     0x56fa16c86734 - std[97b98282bc616a66]::sys::backtrace::__rust_begin_short_backtrace::<test[39766f3d73431624]::run_test::{closure#1}, ()>
[INFO] [stdout]   16:     0x56fa16c8edd2 - <std[97b98282bc616a66]::thread::lifecycle::spawn_unchecked<test[39766f3d73431624]::run_test::{closure#1}, ()>::{closure#1} as core[832e9a552fc17241]::ops::function::FnOnce<()>>::call_once::{shim:vtable#0}
[INFO] [stdout]   17:     0x56fa16cf94ef - <std[97b98282bc616a66]::sys::thread::unix::Thread>::new::thread_start
[INFO] [stdout]   18:     0x7a3161d3d07a - <unknown>
[INFO] [stdout]   19:     0x7a3161dd0534 - clone
[INFO] [stdout]   20:                0x0 - <unknown>
[INFO] [stdout] 
[INFO] [stdout] 
[INFO] [stdout] failures:
[INFO] [stdout]     fake_gdb_api_function_probe_emits_return_and_span_after_step_out
[INFO] [stdout] 
[INFO] [stdout] test result: FAILED. 3 passed; 1 failed; 0 ignored; 0 measured; 0 filtered out; finished in 0.11s
[INFO] [stdout] 
[INFO] [stderr] error: test failed, to rerun pass `-p st-dapd --test p1_function_span_api`
[INFO] running `Command { std: "docker" "inspect" "511271d98a26657787188ae53eddd1df14134ecfe82588499b3757f1139eab88", kill_on_drop: false }`
[INFO] running `Command { std: "docker" "rm" "-f" "511271d98a26657787188ae53eddd1df14134ecfe82588499b3757f1139eab88", kill_on_drop: false }`
[INFO] [stdout] 511271d98a26657787188ae53eddd1df14134ecfe82588499b3757f1139eab88
