[INFO] fetching crate sitemap-gen 0.0.5...
[INFO] testing sitemap-gen-0.0.5 against 1.98.0-beta.8+cargoflags=--release for beta-release-1.99-2
[INFO] extracting crate sitemap-gen 0.0.5 into /workspace/builds/worker-5-tc1/source
[INFO] started tweaking crates.io crate sitemap-gen 0.0.5
[INFO] removed 0 missing examples
[INFO] removed 0 missing tests
[INFO] finished tweaking crates.io crate sitemap-gen 0.0.5
[INFO] tweaked toml for crates.io crate sitemap-gen 0.0.5 written to /workspace/builds/worker-5-tc1/source/Cargo.toml
[INFO] validating manifest of crates.io crate sitemap-gen 0.0.5 on toolchain 1.98.0-beta.8
[INFO] running `Command { std: CARGO_HOME="/workspace/cargo-home" RUSTUP_HOME="/workspace/rustup-home" "/workspace/cargo-home/bin/cargo" "+1.98.0-beta.8" "metadata" "--manifest-path" "Cargo.toml" "--no-deps", kill_on_drop: false }`
[INFO] crate crates.io crate sitemap-gen 0.0.5 already has a lockfile, it will not be regenerated
[INFO] running `Command { std: CARGO_HOME="/workspace/cargo-home" RUSTUP_HOME="/workspace/rustup-home" "/workspace/cargo-home/bin/cargo" "+1.98.0-beta.8" "fetch" "--manifest-path" "Cargo.toml", kill_on_drop: false }`
[INFO] [stderr]     Updating crates.io index
[INFO] [stderr]  Downloading crates ...
[INFO] [stderr]   Downloaded xml-rs v1.0.0
[INFO] [stderr]   Downloaded predicates v3.1.4
[INFO] [stderr]   Downloaded float-cmp v0.10.0
[INFO] [stderr]   Downloaded xml v1.3.0
[INFO] [stderr]   Downloaded indicatif v0.18.6
[INFO] [stderr]   Downloaded wasm-bindgen-macro v0.2.125
[INFO] [stderr]   Downloaded wasm-bindgen-shared v0.2.125
[INFO] [stderr]   Downloaded alloca v0.4.0
[INFO] [stderr]   Downloaded globwalk v0.9.1
[INFO] [stderr]   Downloaded euxis-commons v0.0.2
[INFO] [stderr]   Downloaded defmt-macros v1.1.0
[INFO] [stderr]   Downloaded unit-prefix v0.5.2
[INFO] [stderr]   Downloaded defmt v1.1.0
[INFO] [stderr]   Downloaded pastey v0.2.3
[INFO] [stderr]   Downloaded criterion-plot v0.8.2
[INFO] [stderr]   Downloaded assert_fs v1.1.4
[INFO] [stderr]   Downloaded console v0.16.4
[INFO] [stderr]   Downloaded ignore v0.4.26
[INFO] [stderr]   Downloaded dtt v0.0.11
[INFO] [stderr]   Downloaded wasm-bindgen v0.2.125
[INFO] [stderr]   Downloaded jiff-static v0.2.29
[INFO] [stderr]   Downloaded wasm-bindgen-macro-support v0.2.125
[INFO] [stderr]   Downloaded js-sys v0.3.102
[INFO] [stderr]   Downloaded criterion v0.8.2
[INFO] [stderr]   Downloaded web-sys v0.3.102
[INFO] [stderr]   Downloaded jiff v0.2.29
[INFO] running `Command { std: "docker" "create" "-v" "/var/lib/crater-agent-workspace/builds/worker-5-tc1/source:/opt/rustwide/workdir:ro,Z" "-v" "/var/lib/crater-agent-workspace/builds/worker-5-tc1/target:/opt/rustwide/target:rw,Z" "-v" "/var/lib/crater-agent-workspace/cargo-home:/opt/rustwide/cargo-home:ro,Z" "-v" "/var/lib/crater-agent-workspace/rustup-home:/opt/rustwide/rustup-home:ro,Z" "-m" "1610612736" "--network" "none" "ghcr.io/rust-lang/crates-build-env/linux@sha256:8683fc1fc2eb5c9ac98e0d076ab094b2ffac7f99da555d2b6a2e27f346de2ec7" "sleep" "infinity", kill_on_drop: false }`
[INFO] [stdout] 6c7964e5ac114b404d457dadc1c0bcf36ebf7f6e684aa05d56e54e13e1f88b6f
[INFO] running `Command { std: "docker" "start" "6c7964e5ac114b404d457dadc1c0bcf36ebf7f6e684aa05d56e54e13e1f88b6f", kill_on_drop: false }`
[INFO] running `Command { std: "docker" "inspect" "6c7964e5ac114b404d457dadc1c0bcf36ebf7f6e684aa05d56e54e13e1f88b6f", kill_on_drop: false }`
[INFO] running `Command { std: "docker" "exec" "-e" "SOURCE_DIR=/opt/rustwide/workdir" "-e" "CARGO_HOME=/opt/rustwide/cargo-home" "-e" "RUSTUP_HOME=/opt/rustwide/rustup-home" "-e" "CARGO_TARGET_DIR=/opt/rustwide/target" "-w" "/opt/rustwide/workdir" "--user" "0:0" "6c7964e5ac114b404d457dadc1c0bcf36ebf7f6e684aa05d56e54e13e1f88b6f" "/opt/rustwide/cargo-home/bin/cargo" "+1.98.0-beta.8" "metadata" "--no-deps" "--format-version=1", kill_on_drop: false }`
[INFO] running `Command { std: "docker" "inspect" "6c7964e5ac114b404d457dadc1c0bcf36ebf7f6e684aa05d56e54e13e1f88b6f", kill_on_drop: false }`
[INFO] running `Command { std: "docker" "exec" "-e" "SOURCE_DIR=/opt/rustwide/workdir" "-e" "CARGO_HOME=/opt/rustwide/cargo-home" "-e" "RUSTUP_HOME=/opt/rustwide/rustup-home" "-e" "CARGO_TARGET_DIR=/opt/rustwide/target" "-e" "CARGO_INCREMENTAL=0" "-e" "RUST_BACKTRACE=full" "-e" "RUSTFLAGS=--cap-lints=warn" "-e" "RUSTDOCFLAGS=--cap-lints=warn" "-w" "/opt/rustwide/workdir" "--user" "0:0" "6c7964e5ac114b404d457dadc1c0bcf36ebf7f6e684aa05d56e54e13e1f88b6f" "/opt/rustwide/cargo-home/bin/cargo" "+1.98.0-beta.8" "build" "--frozen" "--message-format=json" "--release", kill_on_drop: false }`
[INFO] [stderr]    Compiling stable_deref_trait v1.2.1
[INFO] [stderr]    Compiling writeable v0.6.3
[INFO] [stderr]    Compiling serde_core v1.0.228
[INFO] [stderr]    Compiling memchr v2.8.2
[INFO] [stderr]    Compiling litemap v0.8.2
[INFO] [stderr]    Compiling utf8_iter v1.0.4
[INFO] [stderr]    Compiling icu_normalizer_data v2.2.0
[INFO] [stderr]    Compiling syn v2.0.118
[INFO] [stderr]    Compiling libc v0.2.186
[INFO] [stderr]    Compiling icu_properties_data v2.2.0
[INFO] [stderr]    Compiling utf8parse v0.2.2
[INFO] [stderr]    Compiling version_check v0.9.5
[INFO] [stderr]    Compiling anstyle-parse v1.0.0
[INFO] [stderr]    Compiling syn v3.0.3
[INFO] [stderr]    Compiling anstyle v1.0.14
[INFO] [stderr]    Compiling anstyle-query v1.1.5
[INFO] [stderr]    Compiling regex-syntax v0.8.11
[INFO] [stderr]    Compiling smallvec v1.15.2
[INFO] [stderr]    Compiling thiserror v2.0.19
[INFO] [stderr]    Compiling is_terminal_polyfill v1.70.2
[INFO] [stderr]    Compiling aho-corasick v1.1.4
[INFO] [stderr]    Compiling colorchoice v1.0.5
[INFO] [stderr]    Compiling anstream v1.0.0
[INFO] [stderr]    Compiling zmij v1.0.21
[INFO] [stderr]    Compiling serde_json v1.0.150
[INFO] [stderr]    Compiling serde v1.0.228
[INFO] [stderr]    Compiling rustix v1.1.4
[INFO] [stderr]    Compiling getrandom v0.4.3
[INFO] [stderr]    Compiling portable-atomic v1.13.1
[INFO] [stderr]    Compiling dtt v0.0.11
[INFO] [stderr]    Compiling powerfmt v0.2.0
[INFO] [stderr]    Compiling clap_lex v1.1.0
[INFO] [stderr]    Compiling linux-raw-sys v0.12.1
[INFO] [stderr]    Compiling bitflags v2.13.0
[INFO] [stderr]    Compiling percent-encoding v2.3.2
[INFO] [stderr]    Compiling strsim v0.11.1
[INFO] [stderr]    Compiling unicode-width v0.2.2
[INFO] [stderr]    Compiling time-core v0.1.9
[INFO] [stderr]    Compiling num-conv v0.2.2
[INFO] [stderr]    Compiling synstructure v0.13.2
[INFO] [stderr]    Compiling log v0.4.33
[INFO] [stderr]    Compiling regex-automata v0.4.16
[INFO] [stderr]    Compiling cfg-if v1.0.4
[INFO] [stderr]    Compiling itoa v1.0.18
[INFO] [stderr]    Compiling console v0.16.4
[INFO] [stderr]    Compiling thiserror-impl v2.0.19
[INFO] [stderr]    Compiling zerofrom-derive v0.1.7
[INFO] [stderr]    Compiling yoke-derive v0.8.2
[INFO] [stderr]    Compiling zerovec-derive v0.11.3
[INFO] [stderr]    Compiling zerofrom v0.1.8
[INFO] [stderr]    Compiling displaydoc v0.2.6
[INFO] [stderr]    Compiling yoke v0.8.3
[INFO] [stderr]    Compiling serde_derive v1.0.228
[INFO] [stderr]    Compiling deranged v0.5.8
[INFO] [stderr]    Compiling zerotrie v0.2.4
[INFO] [stderr]    Compiling zerovec v0.11.6
[INFO] [stderr]    Compiling clap_builder v4.6.6
[INFO] [stderr]    Compiling form_urlencoded v1.2.2
[INFO] [stderr]    Compiling tinystr v0.8.3
[INFO] [stderr]    Compiling potential_utf v0.1.5
[INFO] [stderr]    Compiling icu_collections v2.2.0
[INFO] [stderr]    Compiling regex v1.13.1
[INFO] [stderr]    Compiling icu_locale_core v2.2.0
[INFO] [stderr]    Compiling time v0.3.55
[INFO] [stderr]    Compiling env_filter v2.0.0
[INFO] [stderr]    Compiling sitemap-gen v0.0.5 (/opt/rustwide/workdir)
[INFO] [stderr]    Compiling xml v1.3.0
[INFO] [stderr]    Compiling once_cell v1.21.4
[INFO] [stderr]    Compiling pastey v0.2.3
[INFO] [stderr]    Compiling jiff v0.2.29
[INFO] [stderr]    Compiling icu_provider v2.2.0
[INFO] [stderr]    Compiling icu_normalizer v2.2.0
[INFO] [stderr]    Compiling icu_properties v2.2.0
[INFO] [stderr]    Compiling fastrand v2.4.1
[INFO] [stderr]    Compiling unit-prefix v0.5.2
[INFO] [stderr]    Compiling indicatif v0.18.6
[INFO] [stderr]    Compiling tempfile v3.27.0
[INFO] [stderr]    Compiling clap v4.6.6
[INFO] [stderr]    Compiling xml-rs v1.0.0
[INFO] [stderr]    Compiling euxis-commons v0.0.2
[INFO] [stderr]    Compiling idna_adapter v1.2.2
[INFO] [stderr]    Compiling lazy_static v1.5.0
[INFO] [stderr]    Compiling idna v1.1.0
[INFO] [stderr]    Compiling url v2.5.8
[INFO] [stderr]    Compiling env_logger v0.11.11
[INFO] [stderr]     Finished `release` profile [optimized] target(s) in 2m 18s
[INFO] running `Command { std: "docker" "inspect" "6c7964e5ac114b404d457dadc1c0bcf36ebf7f6e684aa05d56e54e13e1f88b6f", kill_on_drop: false }`
[INFO] running `Command { std: "docker" "exec" "-e" "SOURCE_DIR=/opt/rustwide/workdir" "-e" "CARGO_HOME=/opt/rustwide/cargo-home" "-e" "RUSTUP_HOME=/opt/rustwide/rustup-home" "-e" "CARGO_TARGET_DIR=/opt/rustwide/target" "-e" "CARGO_INCREMENTAL=0" "-e" "RUST_BACKTRACE=full" "-e" "RUSTFLAGS=--cap-lints=warn" "-e" "RUSTDOCFLAGS=--cap-lints=warn" "-w" "/opt/rustwide/workdir" "--user" "0:0" "6c7964e5ac114b404d457dadc1c0bcf36ebf7f6e684aa05d56e54e13e1f88b6f" "/opt/rustwide/cargo-home/bin/cargo" "+1.98.0-beta.8" "test" "--frozen" "--no-run" "--message-format=json" "--release", kill_on_drop: false }`
[INFO] [stderr]    Compiling memchr v2.8.2
[INFO] [stderr]    Compiling stable_deref_trait v1.2.1
[INFO] [stderr]    Compiling regex-syntax v0.8.11
[INFO] [stderr]    Compiling serde v1.0.228
[INFO] [stderr]    Compiling crossbeam-utils v0.8.21
[INFO] [stderr]    Compiling syn v2.0.118
[INFO] [stderr]    Compiling serde_core v1.0.228
[INFO] [stderr]    Compiling crossbeam-epoch v0.9.20
[INFO] [stderr]    Compiling libc v0.2.186
[INFO] [stderr]    Compiling anstyle v1.0.14
[INFO] [stderr]    Compiling writeable v0.6.3
[INFO] [stderr]    Compiling cfg-if v1.0.4
[INFO] [stderr]    Compiling autocfg v1.5.1
[INFO] [stderr]    Compiling litemap v0.8.2
[INFO] [stderr]    Compiling utf8parse v0.2.2
[INFO] [stderr]    Compiling log v0.4.33
[INFO] [stderr]    Compiling aho-corasick v1.1.4
[INFO] [stderr]    Compiling num-traits v0.2.19
[INFO] [stderr]    Compiling utf8_iter v1.0.4
[INFO] [stderr]    Compiling crossbeam-deque v0.8.6
[INFO] [stderr]    Compiling anstyle-parse v1.0.0
[INFO] [stderr]    Compiling colorchoice v1.0.5
[INFO] [stderr]    Compiling anstyle-query v1.1.5
[INFO] [stderr]    Compiling zerocopy v0.8.52
[INFO] [stderr]    Compiling is_terminal_polyfill v1.70.2
[INFO] [stderr]    Compiling zmij v1.0.21
[INFO] [stderr]    Compiling anstream v1.0.0
[INFO] [stderr]    Compiling icu_normalizer_data v2.2.0
[INFO] [stderr]    Compiling icu_properties_data v2.2.0
[INFO] [stderr]    Compiling shlex v2.0.1
[INFO] [stderr]    Compiling bitflags v2.13.0
[INFO] [stderr]    Compiling itoa v1.0.18
[INFO] [stderr]    Compiling same-file v1.0.6
[INFO] [stderr]    Compiling smallvec v1.15.2
[INFO] [stderr]    Compiling walkdir v2.5.0
[INFO] [stderr]    Compiling cc v1.2.65
[INFO] [stderr]    Compiling bstr v1.12.1
[INFO] [stderr]    Compiling either v1.16.0
[INFO] [stderr]    Compiling clap_lex v1.1.0
[INFO] [stderr]    Compiling regex-automata v0.4.16
[INFO] [stderr]    Compiling rayon-core v1.13.0
[INFO] [stderr]    Compiling linux-raw-sys v0.12.1
[INFO] [stderr]    Compiling strsim v0.11.1
[INFO] [stderr]    Compiling rustix v1.1.4
[INFO] [stderr]    Compiling serde_json v1.0.150
[INFO] [stderr]    Compiling deranged v0.5.8
[INFO] [stderr]    Compiling alloca v0.4.0
[INFO] [stderr]    Compiling clap_builder v4.6.6
[INFO] [stderr]    Compiling getrandom v0.4.3
[INFO] [stderr]    Compiling thiserror v2.0.19
[INFO] [stderr]    Compiling ciborium-io v0.2.2
[INFO] [stderr]    Compiling powerfmt v0.2.0
[INFO] [stderr]    Compiling synstructure v0.13.2
[INFO] [stderr]    Compiling percent-encoding v2.3.2
[INFO] [stderr]    Compiling plotters-backend v0.3.7
[INFO] [stderr]    Compiling predicates-core v1.0.10
[INFO] [stderr]    Compiling unicode-width v0.2.2
[INFO] [stderr]    Compiling fastrand v2.4.1
[INFO] [stderr]    Compiling time-core v0.1.9
[INFO] [stderr]    Compiling num-conv v0.2.2
[INFO] [stderr]    Compiling regex v1.13.1
[INFO] [stderr]    Compiling globset v0.4.18
[INFO] [stderr]    Compiling once_cell v1.21.4
[INFO] [stderr]    Compiling time v0.3.55
[INFO] [stderr]    Compiling console v0.16.4
[INFO] [stderr]    Compiling tempfile v3.27.0
[INFO] [stderr]    Compiling clap v4.6.6
[INFO] [stderr]    Compiling ignore v0.4.26
[INFO] [stderr]    Compiling env_filter v2.0.0
[INFO] [stderr]    Compiling zerofrom-derive v0.1.7
[INFO] [stderr]    Compiling yoke-derive v0.8.2
[INFO] [stderr]    Compiling zerovec-derive v0.11.3
[INFO] [stderr]    Compiling displaydoc v0.2.6
[INFO] [stderr]    Compiling zerofrom v0.1.8
[INFO] [stderr]    Compiling serde_derive v1.0.228
[INFO] [stderr]    Compiling yoke v0.8.3
[INFO] [stderr]    Compiling zerovec v0.11.6
[INFO] [stderr]    Compiling zerotrie v0.2.4
[INFO] [stderr]    Compiling zerocopy-derive v0.8.52
[INFO] [stderr]    Compiling tinystr v0.8.3
[INFO] [stderr]    Compiling icu_locale_core v2.2.0
[INFO] [stderr]    Compiling potential_utf v0.1.5
[INFO] [stderr]    Compiling icu_collections v2.2.0
[INFO] [stderr]    Compiling plotters-svg v0.3.7
[INFO] [stderr]    Compiling form_urlencoded v1.2.2
[INFO] [stderr]    Compiling itertools v0.13.0
[INFO] [stderr]    Compiling icu_provider v2.2.0
[INFO] [stderr]    Compiling icu_normalizer v2.2.0
[INFO] [stderr]    Compiling icu_properties v2.2.0
[INFO] [stderr]    Compiling float-cmp v0.10.0
[INFO] [stderr]    Compiling portable-atomic v1.13.1
[INFO] [stderr]    Compiling difflib v0.4.0
[INFO] [stderr]    Compiling jiff v0.2.29
[INFO] [stderr]    Compiling normalize-line-endings v0.3.0
[INFO] [stderr]    Compiling unit-prefix v0.5.2
[INFO] [stderr]    Compiling termtree v0.5.1
[INFO] [stderr]    Compiling cast v0.3.0
[INFO] [stderr]    Compiling xml v1.3.0
[INFO] [stderr]    Compiling predicates-tree v1.0.13
[INFO] [stderr]    Compiling criterion-plot v0.8.2
[INFO] [stderr]    Compiling indicatif v0.18.6
[INFO] [stderr]    Compiling idna_adapter v1.2.2
[INFO] [stderr]    Compiling idna v1.1.0
[INFO] [stderr]    Compiling dtt v0.0.11
[INFO] [stderr]    Compiling url v2.5.8
[INFO] [stderr]    Compiling xml-rs v1.0.0
[INFO] [stderr]    Compiling tinytemplate v1.2.1
[INFO] [stderr]    Compiling predicates v3.1.4
[INFO] [stderr]    Compiling rayon v1.12.0
[INFO] [stderr]    Compiling plotters v0.3.7
[INFO] [stderr]    Compiling globwalk v0.9.1
[INFO] [stderr]    Compiling euxis-commons v0.0.2
[INFO] [stderr]    Compiling page_size v0.6.0
[INFO] [stderr]    Compiling lazy_static v1.5.0
[INFO] [stderr]    Compiling half v2.7.1
[INFO] [stderr]    Compiling anes v0.1.6
[INFO] [stderr]    Compiling diff v0.1.13
[INFO] [stderr]    Compiling yansi v1.0.1
[INFO] [stderr]    Compiling ciborium-ll v0.2.2
[INFO] [stderr]    Compiling oorandom v11.1.5
[INFO] [stderr]    Compiling ciborium v0.2.2
[INFO] [stderr]    Compiling pretty_assertions v1.4.1
[INFO] [stderr]    Compiling assert_fs v1.1.4
[INFO] [stderr]    Compiling env_logger v0.11.11
[INFO] [stderr]    Compiling sitemap-gen v0.0.5 (/opt/rustwide/workdir)
[INFO] [stderr]    Compiling criterion v0.8.2
[INFO] [stderr]     Finished `release` profile [optimized] target(s) in 6m 07s
[INFO] running `Command { std: "docker" "inspect" "6c7964e5ac114b404d457dadc1c0bcf36ebf7f6e684aa05d56e54e13e1f88b6f", kill_on_drop: false }`
[INFO] running `Command { std: "docker" "exec" "-e" "SOURCE_DIR=/opt/rustwide/workdir" "-e" "CARGO_HOME=/opt/rustwide/cargo-home" "-e" "RUSTUP_HOME=/opt/rustwide/rustup-home" "-e" "CARGO_TARGET_DIR=/opt/rustwide/target" "-e" "CARGO_INCREMENTAL=0" "-e" "RUST_BACKTRACE=full" "-e" "RUSTFLAGS=--cap-lints=warn" "-e" "RUSTDOCFLAGS=--cap-lints=warn" "-w" "/opt/rustwide/workdir" "--user" "0:0" "6c7964e5ac114b404d457dadc1c0bcf36ebf7f6e684aa05d56e54e13e1f88b6f" "/opt/rustwide/cargo-home/bin/cargo" "+1.98.0-beta.8" "test" "--frozen" "--release", kill_on_drop: false }`
[INFO] [stderr]     Finished `release` profile [optimized] target(s) in 0.38s
[INFO] [stdout] 
[INFO] [stderr]      Running unittests src/lib.rs (/opt/rustwide/target/release/deps/sitemap_gen-4750c25565fbe58e)
[INFO] [stdout] running 41 tests
[INFO] [stdout] test error::tests::test_encoding_error ... ok
[INFO] [stdout] test error::tests::test_error_creation_and_formatting ... ok
[INFO] [stdout] test error::tests::test_error_display ... ok
[INFO] [stdout] test error::tests::test_date_error ... ok
[INFO] [stdout] test error::tests::test_error_context ... ok
[INFO] [stdout] test error::tests::test_invalid_change_freq_edge_cases ... ok
[INFO] [stdout] test error::tests::test_max_url_limit_exceeded_edge_cases ... ok
[INFO] [stdout] test error::tests::test_sitemap_size_errors ... ok
[INFO] [stdout] test error::tests::test_url_parsing_errors ... ok
[INFO] [stdout] test error::tests::test_xml_parse_error ... ok
[INFO] [stdout] test error::tests::test_error_propagation ... ok
[INFO] [stdout] test sitemap::tests::test_dtt_now_macro ... ok
[INFO] [stdout] test sitemap::tests::test_sitemap_to_xml ... ok
[INFO] [stdout] test tests::test_create_sitemap ... ok
[INFO] [stdout] test tests::test_invalid_url_error ... ok
[INFO] [stdout] test tests::test_serialize_sitemap ... ok
[INFO] [stdout] test tests::test_sitemap_data_creation ... ok
[INFO] [stdout] test error::tests::test_result_type_alias ... ok
[INFO] [stdout] test tests::test_change_freq_enum ... ok
[INFO] [stdout] test tests::test_sitemap_error_handling ... ok
[INFO] [stdout] test tests::test_sitemap_result ... ok
[INFO] [stdout] test tests::test_convert_date_format ... ok
[INFO] [stdout] test sitemap::tests::test_convert_date_format_edge_cases ... ok
[INFO] [stdout] test tests::test_valid_url_addition ... ok
[INFO] [stdout] test sitemap::tests::test_create_site_map_data ... ok
[INFO] [stdout] test utils::tests::test_empty_file ... ok
[INFO] [stdout] test utils::tests::test_invalid_change_frequency ... ok
[INFO] [stdout] test utils::tests::test_invalid_url_schemes ... ok
[INFO] [stdout] test utils::tests::test_is_valid_url ... ok
[INFO] [stdout] test utils::tests::test_invalid_url_in_file ... ok
[INFO] [stdout] test utils::tests::test_progress_bar_initialization ... ok
[INFO] [stdout] test sitemap::tests::test_convert_date_format ... ok
[INFO] [stdout] test utils::tests::test_url_normalization_trailing_slashes ... ok
[INFO] [stdout] test utils::tests::test_url_special_characters ... ok
[INFO] [stdout] test utils::tests::test_normalize_urls ... ok
[INFO] [stdout] test utils::tests::test_read_urls_from_file ... ok
[INFO] [stdout] test utils::tests::test_io_failure_during_write ... FAILED
[INFO] [stdout] test utils::tests::test_concurrent_sitemap_generation ... ok
[INFO] [stdout] test utils::tests::test_write_output_file ... ok
[INFO] [stdout] test sitemap::tests::test_sitemap_size_limit ... ok
[INFO] [stdout] test utils::tests::test_large_number_of_urls ... ok
[INFO] [stdout] 
[INFO] [stdout] failures:
[INFO] [stdout] 
[INFO] [stdout] ---- utils::tests::test_io_failure_during_write stdout ----
[INFO] [stdout] 
[INFO] [stdout] thread 'utils::tests::test_io_failure_during_write' (2992) panicked at src/utils.rs:556:9:
[INFO] [stdout] Expected an error when writing to an unwritable location
[INFO] [stdout] stack backtrace:
[INFO] [stdout]    0:     0x556b41e39955 - <unknown>
[INFO] [stdout]    1:     0x556b41d6dafa - <unknown>
[INFO] [stdout]    2:     0x556b41e38fcb - <unknown>
[INFO] [stdout]    3:     0x556b41e38acf - <unknown>
[INFO] [stdout]    4:     0x556b41e386fa - <unknown>
[INFO] [stdout]    5:     0x556b41e38261 - <unknown>
[INFO] [stdout]    6:     0x556b41e61552 - <unknown>
[INFO] [stdout]    7:     0x556b41e614d9 - <unknown>
[INFO] [stdout]    8:     0x556b41e619dc - <unknown>
[INFO] [stdout]    9:     0x556b41d6d98b - <unknown>
[INFO] [stdout]   10:     0x556b41cfc984 - <unknown>
[INFO] [stdout]   11:     0x556b41e7bdeb - <unknown>
[INFO] [stdout]   12:     0x556b41e77392 - <unknown>
[INFO] [stdout]   13:     0x556b41e76e0c - <unknown>
[INFO] [stdout]   14:     0x556b41e9303c - <unknown>
[INFO] [stdout]   15:     0x556b41e62d59 - <unknown>
[INFO] [stdout]   16:     0x7672a7f6107a - <unknown>
[INFO] [stdout]   17:     0x7672a7ff4534 - clone
[INFO] [stdout]   18:                0x0 - <unknown>
[INFO] [stdout] 
[INFO] [stdout] 
[INFO] [stdout] failures:
[INFO] [stdout]     utils::tests::test_io_failure_during_write
[INFO] [stdout] 
[INFO] [stdout] test result: FAILED. 40 passed; 1 failed; 0 ignored; 0 measured; 0 filtered out; finished in 0.14s
[INFO] [stdout] 
[INFO] [stderr] error: test failed, to rerun pass `--lib`
[INFO] running `Command { std: "docker" "inspect" "6c7964e5ac114b404d457dadc1c0bcf36ebf7f6e684aa05d56e54e13e1f88b6f", kill_on_drop: false }`
[INFO] running `Command { std: "docker" "rm" "-f" "6c7964e5ac114b404d457dadc1c0bcf36ebf7f6e684aa05d56e54e13e1f88b6f", kill_on_drop: false }`
[INFO] [stdout] 6c7964e5ac114b404d457dadc1c0bcf36ebf7f6e684aa05d56e54e13e1f88b6f
