[INFO] cloning repository https://github.com/systemslibrarian/snow2
[INFO] running `Command { std: "git" "-c" "credential.helper=" "-c" "credential.helper=/workspace/cargo-home/bin/git-credential-null" "clone" "--bare" "https://github.com/systemslibrarian/snow2" "/workspace/cache/git-repos/https%3A%2F%2Fgithub.com%2Fsystemslibrarian%2Fsnow2", kill_on_drop: false }`
[INFO] [stderr] Cloning into bare repository '/workspace/cache/git-repos/https%3A%2F%2Fgithub.com%2Fsystemslibrarian%2Fsnow2'...
[INFO] running `Command { std: "git" "rev-parse" "HEAD", kill_on_drop: false }`
[INFO] [stdout] a67a5d547ba2b2d90698eaad26e6cbfe5da5f73c
[INFO] testing systemslibrarian/snow2 against 1.98.0-beta.8+cargoflags=--release for beta-release-1.99-2
[INFO] running `Command { std: "git" "clone" "/workspace/cache/git-repos/https%3A%2F%2Fgithub.com%2Fsystemslibrarian%2Fsnow2" "/workspace/builds/worker-7-tc1/source", kill_on_drop: false }`
[INFO] [stderr] Cloning into '/workspace/builds/worker-7-tc1/source'...
[INFO] [stderr] done.
[INFO] started tweaking git repo https://github.com/systemslibrarian/snow2
[INFO] finished tweaking git repo https://github.com/systemslibrarian/snow2
[INFO] tweaked toml for git repo https://github.com/systemslibrarian/snow2 written to /workspace/builds/worker-7-tc1/source/Cargo.toml
[INFO] validating manifest of git repo https://github.com/systemslibrarian/snow2 on toolchain 1.98.0-beta.8
[INFO] running `Command { std: CARGO_HOME="/workspace/cargo-home" RUSTUP_HOME="/workspace/rustup-home" "/workspace/cargo-home/bin/cargo" "+1.98.0-beta.8" "metadata" "--manifest-path" "Cargo.toml" "--no-deps", kill_on_drop: false }`
[INFO] crate git repo https://github.com/systemslibrarian/snow2 already has a lockfile, it will not be regenerated
[INFO] running `Command { std: CARGO_HOME="/workspace/cargo-home" RUSTUP_HOME="/workspace/rustup-home" "/workspace/cargo-home/bin/cargo" "+1.98.0-beta.8" "fetch" "--manifest-path" "Cargo.toml", kill_on_drop: false }`
[INFO] [stderr]     Updating crates.io index
[INFO] [stderr]  Downloading crates ...
[INFO] [stderr]   Downloaded pqcrypto-traits v0.3.5
[INFO] [stderr]   Downloaded rpassword v7.4.0
[INFO] [stderr]   Downloaded rtoolbox v0.0.3
[INFO] [stderr]   Downloaded pqcrypto-internals v0.2.11
[INFO] [stderr]   Downloaded pqcrypto-dilithium v0.5.0
[INFO] [stderr]   Downloaded pqcrypto-kyber v0.8.1
[INFO] running `Command { std: "docker" "create" "-v" "/var/lib/crater-agent-workspace/builds/worker-7-tc1/source:/opt/rustwide/workdir:ro,Z" "-v" "/var/lib/crater-agent-workspace/builds/worker-7-tc1/target:/opt/rustwide/target:rw,Z" "-v" "/var/lib/crater-agent-workspace/cargo-home:/opt/rustwide/cargo-home:ro,Z" "-v" "/var/lib/crater-agent-workspace/rustup-home:/opt/rustwide/rustup-home:ro,Z" "-m" "1610612736" "--network" "none" "ghcr.io/rust-lang/crates-build-env/linux@sha256:8683fc1fc2eb5c9ac98e0d076ab094b2ffac7f99da555d2b6a2e27f346de2ec7" "sleep" "infinity", kill_on_drop: false }`
[INFO] [stdout] 9eef1216e557241063f9918903e278928f68393644cb47f3d187aa8fd3ebf598
[INFO] running `Command { std: "docker" "start" "9eef1216e557241063f9918903e278928f68393644cb47f3d187aa8fd3ebf598", kill_on_drop: false }`
[INFO] running `Command { std: "docker" "inspect" "9eef1216e557241063f9918903e278928f68393644cb47f3d187aa8fd3ebf598", kill_on_drop: false }`
[INFO] running `Command { std: "docker" "exec" "-e" "SOURCE_DIR=/opt/rustwide/workdir" "-e" "CARGO_HOME=/opt/rustwide/cargo-home" "-e" "RUSTUP_HOME=/opt/rustwide/rustup-home" "-e" "CARGO_TARGET_DIR=/opt/rustwide/target" "-w" "/opt/rustwide/workdir" "--user" "0:0" "9eef1216e557241063f9918903e278928f68393644cb47f3d187aa8fd3ebf598" "/opt/rustwide/cargo-home/bin/cargo" "+1.98.0-beta.8" "metadata" "--no-deps" "--format-version=1", kill_on_drop: false }`
[INFO] running `Command { std: "docker" "inspect" "9eef1216e557241063f9918903e278928f68393644cb47f3d187aa8fd3ebf598", kill_on_drop: false }`
[INFO] running `Command { std: "docker" "exec" "-e" "SOURCE_DIR=/opt/rustwide/workdir" "-e" "CARGO_HOME=/opt/rustwide/cargo-home" "-e" "RUSTUP_HOME=/opt/rustwide/rustup-home" "-e" "CARGO_TARGET_DIR=/opt/rustwide/target" "-e" "CARGO_INCREMENTAL=0" "-e" "RUST_BACKTRACE=full" "-e" "RUSTFLAGS=--cap-lints=warn" "-e" "RUSTDOCFLAGS=--cap-lints=warn" "-w" "/opt/rustwide/workdir" "--user" "0:0" "9eef1216e557241063f9918903e278928f68393644cb47f3d187aa8fd3ebf598" "/opt/rustwide/cargo-home/bin/cargo" "+1.98.0-beta.8" "build" "--frozen" "--message-format=json" "--release", kill_on_drop: false }`
[INFO] [stderr]    Compiling libc v0.2.182
[INFO] [stderr]    Compiling cfg-if v1.0.4
[INFO] [stderr]    Compiling subtle v2.6.1
[INFO] [stderr]    Compiling utf8parse v0.2.2
[INFO] [stderr]    Compiling colorchoice v1.0.4
[INFO] [stderr]    Compiling zeroize v1.8.2
[INFO] [stderr]    Compiling typenum v1.19.0
[INFO] [stderr]    Compiling anstyle v1.0.13
[INFO] [stderr]    Compiling anstyle-query v1.1.5
[INFO] [stderr]    Compiling is_terminal_polyfill v1.70.2
[INFO] [stderr]    Compiling zmij v1.0.21
[INFO] [stderr]    Compiling serde_core v1.0.228
[INFO] [stderr]    Compiling blake3 v1.8.3
[INFO] [stderr]    Compiling heck v0.5.0
[INFO] [stderr]    Compiling syn v2.0.117
[INFO] [stderr]    Compiling anyhow v1.0.102
[INFO] [stderr]    Compiling base64ct v1.8.3
[INFO] [stderr]    Compiling serde_json v1.0.149
[INFO] [stderr]    Compiling anstyle-parse v0.2.7
[INFO] [stderr]    Compiling simd-adler32 v0.3.8
[INFO] [stderr]    Compiling opaque-debug v0.3.1
[INFO] [stderr]    Compiling clap_lex v1.0.0
[INFO] [stderr]    Compiling strsim v0.11.1
[INFO] [stderr]    Compiling crc32fast v1.5.0
[INFO] [stderr]    Compiling arrayvec v0.7.6
[INFO] [stderr]    Compiling anstream v0.6.21
[INFO] [stderr]    Compiling miniz_oxide v0.8.9
[INFO] [stderr]    Compiling memchr v2.8.0
[INFO] [stderr]    Compiling arrayref v0.3.9
[INFO] [stderr]    Compiling constant_time_eq v0.4.2
[INFO] [stderr]    Compiling itoa v1.0.17
[INFO] [stderr]    Compiling clap_builder v4.5.60
[INFO] [stderr]    Compiling generic-array v0.14.7
[INFO] [stderr]    Compiling flate2 v1.1.9
[INFO] [stderr]    Compiling getrandom v0.2.17
[INFO] [stderr]    Compiling rtoolbox v0.0.3
[INFO] [stderr]    Compiling atty v0.2.14
[INFO] [stderr]    Compiling block-buffer v0.10.4
[INFO] [stderr]    Compiling inout v0.1.4
[INFO] [stderr]    Compiling rand_core v0.6.4
[INFO] [stderr]    Compiling rpassword v7.4.0
[INFO] [stderr]    Compiling crypto-common v0.1.7
[INFO] [stderr]    Compiling password-hash v0.5.0
[INFO] [stderr]    Compiling digest v0.10.7
[INFO] [stderr]    Compiling cipher v0.4.4
[INFO] [stderr]    Compiling universal-hash v0.5.1
[INFO] [stderr]    Compiling aead v0.5.2
[INFO] [stderr]    Compiling poly1305 v0.8.0
[INFO] [stderr]    Compiling blake2 v0.10.6
[INFO] [stderr]    Compiling hmac v0.12.1
[INFO] [stderr]    Compiling sha2 v0.10.9
[INFO] [stderr]    Compiling chacha20 v0.9.1
[INFO] [stderr]    Compiling hkdf v0.12.4
[INFO] [stderr]    Compiling chacha20poly1305 v0.10.1
[INFO] [stderr]    Compiling argon2 v0.5.3
[INFO] [stderr]    Compiling clap_derive v4.5.55
[INFO] [stderr]    Compiling serde_derive v1.0.228
[INFO] [stderr]    Compiling clap v4.5.60
[INFO] [stderr]    Compiling serde v1.0.228
[INFO] [stderr]    Compiling snow2 v0.1.0 (/opt/rustwide/workdir)
[INFO] [stderr]     Finished `release` profile [optimized] target(s) in 11.92s
[INFO] running `Command { std: "docker" "inspect" "9eef1216e557241063f9918903e278928f68393644cb47f3d187aa8fd3ebf598", kill_on_drop: false }`
[INFO] running `Command { std: "docker" "exec" "-e" "SOURCE_DIR=/opt/rustwide/workdir" "-e" "CARGO_HOME=/opt/rustwide/cargo-home" "-e" "RUSTUP_HOME=/opt/rustwide/rustup-home" "-e" "CARGO_TARGET_DIR=/opt/rustwide/target" "-e" "CARGO_INCREMENTAL=0" "-e" "RUST_BACKTRACE=full" "-e" "RUSTFLAGS=--cap-lints=warn" "-e" "RUSTDOCFLAGS=--cap-lints=warn" "-w" "/opt/rustwide/workdir" "--user" "0:0" "9eef1216e557241063f9918903e278928f68393644cb47f3d187aa8fd3ebf598" "/opt/rustwide/cargo-home/bin/cargo" "+1.98.0-beta.8" "test" "--frozen" "--no-run" "--message-format=json" "--release", kill_on_drop: false }`
[INFO] [stderr]    Compiling snow2 v0.1.0 (/opt/rustwide/workdir)
[INFO] [stderr]     Finished `release` profile [optimized] target(s) in 9.88s
[INFO] running `Command { std: "docker" "inspect" "9eef1216e557241063f9918903e278928f68393644cb47f3d187aa8fd3ebf598", kill_on_drop: false }`
[INFO] running `Command { std: "docker" "exec" "-e" "SOURCE_DIR=/opt/rustwide/workdir" "-e" "CARGO_HOME=/opt/rustwide/cargo-home" "-e" "RUSTUP_HOME=/opt/rustwide/rustup-home" "-e" "CARGO_TARGET_DIR=/opt/rustwide/target" "-e" "CARGO_INCREMENTAL=0" "-e" "RUST_BACKTRACE=full" "-e" "RUSTFLAGS=--cap-lints=warn" "-e" "RUSTDOCFLAGS=--cap-lints=warn" "-w" "/opt/rustwide/workdir" "--user" "0:0" "9eef1216e557241063f9918903e278928f68393644cb47f3d187aa8fd3ebf598" "/opt/rustwide/cargo-home/bin/cargo" "+1.98.0-beta.8" "test" "--frozen" "--release", kill_on_drop: false }`
[INFO] [stderr]     Finished `release` profile [optimized] target(s) in 0.09s
[INFO] [stderr]      Running unittests src/lib.rs (/opt/rustwide/target/release/deps/snow2-cea5a49904dfda3b)
[INFO] [stdout] 
[INFO] [stdout] running 3 tests
[INFO] [stdout] test secure_fs::tests::test_secure_delete ... FAILED
[INFO] [stdout] test secure_fs::tests::test_write_secure_normal ... FAILED
[INFO] [stdout] test secure_fs::tests::test_write_secure_sensitive ... FAILED
[INFO] [stdout] 
[INFO] [stdout] failures:
[INFO] [stdout] 
[INFO] [stdout] ---- secure_fs::tests::test_secure_delete stdout ----
[INFO] [stdout] 
[INFO] [stdout] thread 'secure_fs::tests::test_secure_delete' (1134) panicked at src/secure_fs.rs:209:33:
[INFO] [stdout] called `Result::unwrap()` on an `Err` value: Os { code: 30, kind: ReadOnlyFilesystem, message: "Read-only file system" }
[INFO] [stdout] stack backtrace:
[INFO] [stdout]    0:     0x5e0576453ca5 - <unknown>
[INFO] [stdout]    1:     0x5e057643e534 - <unknown>
[INFO] [stdout]    2:     0x5e057645339b - <unknown>
[INFO] [stdout]    3:     0x5e0576452f39 - <unknown>
[INFO] [stdout]    4:     0x5e0576452bba - <unknown>
[INFO] [stdout]    5:     0x5e0576452742 - <unknown>
[INFO] [stdout]    6:     0x5e05764790b1 - <unknown>
[INFO] [stdout]    7:     0x5e0576479069 - <unknown>
[INFO] [stdout]    8:     0x5e057647955c - <unknown>
[INFO] [stdout]    9:     0x5e057643e3cb - <unknown>
[INFO] [stdout]   10:     0x5e0576441171 - <unknown>
[INFO] [stdout]   11:     0x5e057643a949 - <unknown>
[INFO] [stdout]   12:     0x5e057649054b - <unknown>
[INFO] [stdout]   13:     0x5e057648c943 - <unknown>
[INFO] [stdout]   14:     0x5e057648c40c - <unknown>
[INFO] [stdout]   15:     0x5e05764a5bcc - <unknown>
[INFO] [stdout]   16:     0x5e057647a672 - <unknown>
[INFO] [stdout]   17:     0x7318b502507a - <unknown>
[INFO] [stdout]   18:     0x7318b50b8534 - clone
[INFO] [stdout]   19:                0x0 - <unknown>
[INFO] [stdout] 
[INFO] [stdout] ---- secure_fs::tests::test_write_secure_normal stdout ----
[INFO] [stdout] 
[INFO] [stdout] thread 'secure_fs::tests::test_write_secure_normal' (1135) panicked at src/secure_fs.rs:178:33:
[INFO] [stdout] called `Result::unwrap()` on an `Err` value: Os { code: 30, kind: ReadOnlyFilesystem, message: "Read-only file system" }
[INFO] [stdout] stack backtrace:
[INFO] [stdout]    0:     0x5e0576453ca5 - <unknown>
[INFO] [stdout]    1:     0x5e057643e534 - <unknown>
[INFO] [stdout]    2:     0x5e057645339b - <unknown>
[INFO] [stdout]    3:     0x5e0576452f39 - <unknown>
[INFO] [stdout]    4:     0x5e0576452bba - <unknown>
[INFO] [stdout]    5:     0x5e0576452742 - <unknown>
[INFO] [stdout]    6:     0x5e05764790b1 - <unknown>
[INFO] [stdout]    7:     0x5e0576479069 - <unknown>
[INFO] [stdout]    8:     0x5e057647955c - <unknown>
[INFO] [stdout]    9:     0x5e057643e3cb - <unknown>
[INFO] [stdout]   10:     0x5e0576441171 - <unknown>
[INFO] [stdout]   11:     0x5e057643b0fd - <unknown>
[INFO] [stdout]   12:     0x5e057649054b - <unknown>
[INFO] [stdout]   13:     0x5e057648c943 - <unknown>
[INFO] [stdout]   14:     0x5e057648c40c - <unknown>
[INFO] [stdout]   15:     0x5e05764a5bcc - <unknown>
[INFO] [stdout]   16:     0x5e057647a672 - <unknown>
[INFO] [stdout]   17:     0x7318b502507a - <unknown>
[INFO] [stdout]   18:     0x7318b50b8534 - clone
[INFO] [stdout]   19:                0x0 - <unknown>
[INFO] [stdout] 
[INFO] [stdout] ---- secure_fs::tests::test_write_secure_sensitive stdout ----
[INFO] [stdout] 
[INFO] [stdout] thread 'secure_fs::tests::test_write_secure_sensitive' (1136) panicked at src/secure_fs.rs:190:33:
[INFO] [stdout] called `Result::unwrap()` on an `Err` value: Os { code: 30, kind: ReadOnlyFilesystem, message: "Read-only file system" }
[INFO] [stdout] stack backtrace:
[INFO] [stdout]    0:     0x5e0576453ca5 - <unknown>
[INFO] [stdout]    1:     0x5e057643e534 - <unknown>
[INFO] [stdout]    2:     0x5e057645339b - <unknown>
[INFO] [stdout]    3:     0x5e0576452f39 - <unknown>
[INFO] [stdout]    4:     0x5e0576452bba - <unknown>
[INFO] [stdout]    5:     0x5e0576452742 - <unknown>
[INFO] [stdout]    6:     0x5e05764790b1 - <unknown>
[INFO] [stdout]    7:     0x5e0576479069 - <unknown>
[INFO] [stdout]    8:     0x5e057647955c - <unknown>
[INFO] [stdout]    9:     0x5e057643e3cb - <unknown>
[INFO] [stdout]   10:     0x5e0576441171 - <unknown>
[INFO] [stdout]   11:     0x5e057643b34c - <unknown>
[INFO] [stdout]   12:     0x5e057649054b - <unknown>
[INFO] [stdout]   13:     0x5e057648c943 - <unknown>
[INFO] [stdout]   14:     0x5e057648c40c - <unknown>
[INFO] [stdout]   15:     0x5e05764a5bcc - <unknown>
[INFO] [stdout]   16:     0x5e057647a672 - <unknown>
[INFO] [stdout]   17:     0x7318b502507a - <unknown>
[INFO] [stdout]   18:     0x7318b50b8534 - clone
[INFO] [stdout]   19:                0x0 - <unknown>
[INFO] [stdout] 
[INFO] [stdout] 
[INFO] [stdout] failures:
[INFO] [stdout]     secure_fs::tests::test_secure_delete
[INFO] [stdout]     secure_fs::tests::test_write_secure_normal
[INFO] [stdout]     secure_fs::tests::test_write_secure_sensitive
[INFO] [stdout] 
[INFO] [stdout] test result: FAILED. 0 passed; 3 failed; 0 ignored; 0 measured; 0 filtered out; finished in 0.00s
[INFO] [stdout] 
[INFO] [stderr] error: test failed, to rerun pass `--lib`
[INFO] running `Command { std: "docker" "inspect" "9eef1216e557241063f9918903e278928f68393644cb47f3d187aa8fd3ebf598", kill_on_drop: false }`
[INFO] running `Command { std: "docker" "rm" "-f" "9eef1216e557241063f9918903e278928f68393644cb47f3d187aa8fd3ebf598", kill_on_drop: false }`
[INFO] [stdout] 9eef1216e557241063f9918903e278928f68393644cb47f3d187aa8fd3ebf598
