[INFO] cloning repository https://github.com/fxdv/demiurge
[INFO] running `Command { std: "git" "-c" "credential.helper=" "-c" "credential.helper=/workspace/cargo-home/bin/git-credential-null" "clone" "--bare" "https://github.com/fxdv/demiurge" "/workspace/cache/git-repos/https%3A%2F%2Fgithub.com%2Ffxdv%2Fdemiurge", kill_on_drop: false }`
[INFO] [stderr] Cloning into bare repository '/workspace/cache/git-repos/https%3A%2F%2Fgithub.com%2Ffxdv%2Fdemiurge'...
[INFO] running `Command { std: "git" "rev-parse" "HEAD", kill_on_drop: false }`
[INFO] [stdout] 2c68fe2acaffad7c3db2ed37cb8e2c9d90715bdd
[INFO] testing fxdv/demiurge against 1.98.0-beta.8+cargoflags=--release for beta-release-1.99-2
[INFO] running `Command { std: "git" "clone" "/workspace/cache/git-repos/https%3A%2F%2Fgithub.com%2Ffxdv%2Fdemiurge" "/workspace/builds/worker-7-tc1/source", kill_on_drop: false }`
[INFO] [stderr] Cloning into '/workspace/builds/worker-7-tc1/source'...
[INFO] [stderr] done.
[INFO] removed /workspace/builds/worker-7-tc1/source/.cargo/config.toml
[INFO] removed /workspace/builds/worker-7-tc1/source/rust-toolchain.toml
[INFO] started tweaking git repo https://github.com/fxdv/demiurge
[INFO] finished tweaking git repo https://github.com/fxdv/demiurge
[INFO] tweaked toml for git repo https://github.com/fxdv/demiurge written to /workspace/builds/worker-7-tc1/source/Cargo.toml
[INFO] validating manifest of git repo https://github.com/fxdv/demiurge on toolchain 1.98.0-beta.8
[INFO] running `Command { std: CARGO_HOME="/workspace/cargo-home" RUSTUP_HOME="/workspace/rustup-home" "/workspace/cargo-home/bin/cargo" "+1.98.0-beta.8" "metadata" "--manifest-path" "Cargo.toml" "--no-deps", kill_on_drop: false }`
[INFO] crate git repo https://github.com/fxdv/demiurge already has a lockfile, it will not be regenerated
[INFO] running `Command { std: CARGO_HOME="/workspace/cargo-home" RUSTUP_HOME="/workspace/rustup-home" "/workspace/cargo-home/bin/cargo" "+1.98.0-beta.8" "fetch" "--manifest-path" "Cargo.toml", kill_on_drop: false }`
[INFO] [stderr]     Updating crates.io index
[INFO] [stderr]  Downloading crates ...
[INFO] [stderr]   Downloaded toml_write v0.1.2
[INFO] [stderr]   Downloaded toml v0.8.23
[INFO] [stderr]   Downloaded serde_spanned v0.6.9
[INFO] [stderr]   Downloaded serde_json v1.0.150
[INFO] [stderr]   Downloaded id-arena v2.3.0
[INFO] [stderr]   Downloaded leb128fmt v0.1.0
[INFO] [stderr]   Downloaded wait-timeout v0.2.1
[INFO] [stderr]   Downloaded core-error v0.0.0
[INFO] [stderr]   Downloaded bit-set v0.8.0
[INFO] [stderr]   Downloaded wit-bindgen-rust-macro v0.51.0
[INFO] [stderr]   Downloaded bit-vec v0.8.0
[INFO] [stderr]   Downloaded rusty-fork v0.3.1
[INFO] [stderr]   Downloaded memchr v2.8.2
[INFO] [stderr]   Downloaded quick-error v1.2.3
[INFO] [stderr]   Downloaded wasm-metadata v0.244.0
[INFO] [stderr]   Downloaded wit-bindgen-core v0.51.0
[INFO] [stderr]   Downloaded getrandom v0.4.2
[INFO] [stderr]   Downloaded wit-bindgen-rust v0.51.0
[INFO] [stderr]   Downloaded log v0.4.32
[INFO] [stderr]   Downloaded cc v1.2.67
[INFO] [stderr]   Downloaded wasm-encoder v0.244.0
[INFO] [stderr]   Downloaded arc-swap v1.9.1
[INFO] [stderr]   Downloaded zerocopy-derive v0.8.52
[INFO] [stderr]   Downloaded aya-obj v0.2.1
[INFO] [stderr]   Downloaded regex v1.12.4
[INFO] [stderr]   Downloaded wasip3 v0.4.0+wasi-0.3.0-rc-2026-01-06
[INFO] [stderr]   Downloaded wit-parser v0.244.0
[INFO] [stderr]   Downloaded aya v0.13.1
[INFO] [stderr]   Downloaded blake3 v1.8.5
[INFO] [stderr]   Downloaded wit-component v0.244.0
[INFO] [stderr]   Downloaded wasmparser v0.244.0
[INFO] [stderr]   Downloaded zerocopy v0.8.52
[INFO] running `Command { std: "docker" "create" "-v" "/var/lib/crater-agent-workspace/builds/worker-7-tc1/source:/opt/rustwide/workdir:ro,Z" "-v" "/var/lib/crater-agent-workspace/builds/worker-7-tc1/target:/opt/rustwide/target:rw,Z" "-v" "/var/lib/crater-agent-workspace/cargo-home:/opt/rustwide/cargo-home:ro,Z" "-v" "/var/lib/crater-agent-workspace/rustup-home:/opt/rustwide/rustup-home:ro,Z" "-m" "1610612736" "--network" "none" "ghcr.io/rust-lang/crates-build-env/linux@sha256:8683fc1fc2eb5c9ac98e0d076ab094b2ffac7f99da555d2b6a2e27f346de2ec7" "sleep" "infinity", kill_on_drop: false }`
[INFO] [stdout] 7f98ce30c71d03f4355d28c0b374a7bdaab728896779a783a0b662821d719695
[INFO] running `Command { std: "docker" "start" "7f98ce30c71d03f4355d28c0b374a7bdaab728896779a783a0b662821d719695", kill_on_drop: false }`
[INFO] running `Command { std: "docker" "inspect" "7f98ce30c71d03f4355d28c0b374a7bdaab728896779a783a0b662821d719695", kill_on_drop: false }`
[INFO] running `Command { std: "docker" "exec" "-e" "SOURCE_DIR=/opt/rustwide/workdir" "-e" "CARGO_HOME=/opt/rustwide/cargo-home" "-e" "RUSTUP_HOME=/opt/rustwide/rustup-home" "-e" "CARGO_TARGET_DIR=/opt/rustwide/target" "-w" "/opt/rustwide/workdir" "--user" "0:0" "7f98ce30c71d03f4355d28c0b374a7bdaab728896779a783a0b662821d719695" "/opt/rustwide/cargo-home/bin/cargo" "+1.98.0-beta.8" "metadata" "--no-deps" "--format-version=1", kill_on_drop: false }`
[INFO] running `Command { std: "docker" "inspect" "7f98ce30c71d03f4355d28c0b374a7bdaab728896779a783a0b662821d719695", kill_on_drop: false }`
[INFO] running `Command { std: "docker" "exec" "-e" "SOURCE_DIR=/opt/rustwide/workdir" "-e" "CARGO_HOME=/opt/rustwide/cargo-home" "-e" "RUSTUP_HOME=/opt/rustwide/rustup-home" "-e" "CARGO_TARGET_DIR=/opt/rustwide/target" "-e" "CARGO_INCREMENTAL=0" "-e" "RUST_BACKTRACE=full" "-e" "RUSTFLAGS=--cap-lints=warn" "-e" "RUSTDOCFLAGS=--cap-lints=warn" "-w" "/opt/rustwide/workdir" "--user" "0:0" "7f98ce30c71d03f4355d28c0b374a7bdaab728896779a783a0b662821d719695" "/opt/rustwide/cargo-home/bin/cargo" "+1.98.0-beta.8" "build" "--frozen" "--message-format=json" "--release", kill_on_drop: false }`
[INFO] [stderr]    Compiling proc-macro2 v1.0.106
[INFO] [stderr]    Compiling quote v1.0.45
[INFO] [stderr]    Compiling unicode-ident v1.0.24
[INFO] [stderr]    Compiling cfg-if v1.0.4
[INFO] [stderr]    Compiling serde_core v1.0.228
[INFO] [stderr]    Compiling memchr v2.8.2
[INFO] [stderr]    Compiling equivalent v1.0.2
[INFO] [stderr]    Compiling shlex v2.0.1
[INFO] [stderr]    Compiling serde v1.0.228
[INFO] [stderr]    Compiling hashbrown v0.17.1
[INFO] [stderr]    Compiling find-msvc-tools v0.1.9
[INFO] [stderr]    Compiling crc32fast v1.5.0
[INFO] [stderr]    Compiling rustversion v1.0.22
[INFO] [stderr]    Compiling version_check v0.9.5
[INFO] [stderr]    Compiling object v0.36.7
[INFO] [stderr]    Compiling libc v0.2.186
[INFO] [stderr]    Compiling allocator-api2 v0.2.21
[INFO] [stderr]    Compiling foldhash v0.1.5
[INFO] [stderr]    Compiling thiserror v1.0.69
[INFO] [stderr]    Compiling cpufeatures v0.3.0
[INFO] [stderr]    Compiling cc v1.2.67
[INFO] [stderr]    Compiling demiurge-cost v0.1.0 (/opt/rustwide/workdir/crates/demiurge-cost)
[INFO] [stderr]    Compiling arrayvec v0.7.8
[INFO] [stderr]    Compiling core-error v0.0.0
[INFO] [stderr]    Compiling arrayref v0.3.9
[INFO] [stderr]    Compiling zmij v1.0.21
[INFO] [stderr]    Compiling constant_time_eq v0.4.2
[INFO] [stderr]    Compiling serde_json v1.0.150
[INFO] [stderr]    Compiling log v0.4.32
[INFO] [stderr]    Compiling bitflags v2.13.0
[INFO] [stderr]    Compiling bytes v1.11.1
[INFO] [stderr]    Compiling io-uring v0.7.12
[INFO] [stderr]    Compiling hashbrown v0.15.5
[INFO] [stderr]    Compiling assert_matches v1.5.0
[INFO] [stderr]    Compiling once_cell v1.21.4
[INFO] [stderr]    Compiling itoa v1.0.18
[INFO] [stderr]    Compiling aho-corasick v1.1.4
[INFO] [stderr]    Compiling demiurge-handoff v0.1.0 (/opt/rustwide/workdir/crates/demiurge-handoff)
[INFO] [stderr]    Compiling winnow v0.7.15
[INFO] [stderr]    Compiling toml_write v0.1.2
[INFO] [stderr]    Compiling regex-syntax v0.8.11
[INFO] [stderr]    Compiling indexmap v2.14.0
[INFO] [stderr]    Compiling arc-swap v1.9.1
[INFO] [stderr]    Compiling blake3 v1.8.5
[INFO] [stderr]    Compiling syn v2.0.117
[INFO] [stderr]    Compiling demiurge-auth v0.1.0 (/opt/rustwide/workdir/crates/demiurge-auth)
[INFO] [stderr]    Compiling demiurge-state v0.1.0 (/opt/rustwide/workdir/crates/demiurge-state)
[INFO] [stderr]    Compiling regex-automata v0.4.14
[INFO] [stderr]    Compiling serde_derive v1.0.228
[INFO] [stderr]    Compiling thiserror-impl v1.0.69
[INFO] [stderr]    Compiling regex v1.12.4
[INFO] [stderr]    Compiling serde_spanned v0.6.9
[INFO] [stderr]    Compiling toml_datetime v0.6.11
[INFO] [stderr]    Compiling demiurge-control v0.1.0 (/opt/rustwide/workdir/crates/demiurge-control)
[INFO] [stderr]    Compiling aya-obj v0.2.1
[INFO] [stderr]    Compiling toml_edit v0.22.27
[INFO] [stderr]    Compiling aya v0.13.1
[INFO] [stderr]    Compiling toml v0.8.23
[INFO] [stderr]    Compiling demiurge-dataplane v0.1.0 (/opt/rustwide/workdir/crates/demiurge-dataplane)
[INFO] [stderr]    Compiling demiurge-router v0.1.0 (/opt/rustwide/workdir/crates/demiurge-router)
[INFO] [stderr]    Compiling xtask v0.1.0 (/opt/rustwide/workdir/xtask)
[INFO] [stderr]     Finished `release` profile [optimized] target(s) in 48.09s
[INFO] running `Command { std: "docker" "inspect" "7f98ce30c71d03f4355d28c0b374a7bdaab728896779a783a0b662821d719695", kill_on_drop: false }`
[INFO] running `Command { std: "docker" "exec" "-e" "SOURCE_DIR=/opt/rustwide/workdir" "-e" "CARGO_HOME=/opt/rustwide/cargo-home" "-e" "RUSTUP_HOME=/opt/rustwide/rustup-home" "-e" "CARGO_TARGET_DIR=/opt/rustwide/target" "-e" "CARGO_INCREMENTAL=0" "-e" "RUST_BACKTRACE=full" "-e" "RUSTFLAGS=--cap-lints=warn" "-e" "RUSTDOCFLAGS=--cap-lints=warn" "-w" "/opt/rustwide/workdir" "--user" "0:0" "7f98ce30c71d03f4355d28c0b374a7bdaab728896779a783a0b662821d719695" "/opt/rustwide/cargo-home/bin/cargo" "+1.98.0-beta.8" "test" "--frozen" "--no-run" "--message-format=json" "--release", kill_on_drop: false }`
[INFO] [stderr]    Compiling bitflags v2.13.0
[INFO] [stderr]    Compiling once_cell v1.21.4
[INFO] [stderr]    Compiling getrandom v0.4.2
[INFO] [stderr]    Compiling rustix v1.1.4
[INFO] [stderr]    Compiling linux-raw-sys v0.12.1
[INFO] [stderr]    Compiling fastrand v2.4.1
[INFO] [stderr]    Compiling getrandom v0.3.4
[INFO] [stderr]    Compiling zerocopy v0.8.52
[INFO] [stderr]    Compiling autocfg v1.5.1
[INFO] [stderr]    Compiling wait-timeout v0.2.1
[INFO] [stderr]    Compiling quick-error v1.2.3
[INFO] [stderr]    Compiling bit-vec v0.8.0
[INFO] [stderr]    Compiling fnv v1.0.7
[INFO] [stderr]    Compiling unarray v0.1.4
[INFO] [stderr]    Compiling demiurge-state v0.1.0 (/opt/rustwide/workdir/crates/demiurge-state)
[INFO] [stderr]    Compiling demiurge-auth v0.1.0 (/opt/rustwide/workdir/crates/demiurge-auth)
[INFO] [stderr]    Compiling demiurge-handoff v0.1.0 (/opt/rustwide/workdir/crates/demiurge-handoff)
[INFO] [stderr]    Compiling bit-set v0.8.0
[INFO] [stderr]    Compiling io-uring v0.7.12
[INFO] [stderr]    Compiling aya v0.13.1
[INFO] [stderr]    Compiling num-traits v0.2.19
[INFO] [stderr]    Compiling rand_core v0.9.5
[INFO] [stderr]    Compiling rand_xorshift v0.4.0
[INFO] [stderr]    Compiling rand v0.9.4
[INFO] [stderr]    Compiling tempfile v3.27.0
[INFO] [stderr]    Compiling rusty-fork v0.3.1
[INFO] [stderr]    Compiling demiurge-dataplane v0.1.0 (/opt/rustwide/workdir/crates/demiurge-dataplane)
[INFO] [stderr]    Compiling demiurge-router v0.1.0 (/opt/rustwide/workdir/crates/demiurge-router)
[INFO] [stderr]    Compiling xtask v0.1.0 (/opt/rustwide/workdir/xtask)
[INFO] [stderr]    Compiling ppv-lite86 v0.2.21
[INFO] [stderr]    Compiling rand_chacha v0.9.0
[INFO] [stderr]    Compiling proptest v1.11.0
[INFO] [stderr]    Compiling demiurge-cost v0.1.0 (/opt/rustwide/workdir/crates/demiurge-cost)
[INFO] [stderr]    Compiling demiurge-control v0.1.0 (/opt/rustwide/workdir/crates/demiurge-control)
[INFO] [stderr]     Finished `release` profile [optimized] target(s) in 2m 15s
[INFO] running `Command { std: "docker" "inspect" "7f98ce30c71d03f4355d28c0b374a7bdaab728896779a783a0b662821d719695", kill_on_drop: false }`
[INFO] running `Command { std: "docker" "exec" "-e" "SOURCE_DIR=/opt/rustwide/workdir" "-e" "CARGO_HOME=/opt/rustwide/cargo-home" "-e" "RUSTUP_HOME=/opt/rustwide/rustup-home" "-e" "CARGO_TARGET_DIR=/opt/rustwide/target" "-e" "CARGO_INCREMENTAL=0" "-e" "RUST_BACKTRACE=full" "-e" "RUSTFLAGS=--cap-lints=warn" "-e" "RUSTDOCFLAGS=--cap-lints=warn" "-w" "/opt/rustwide/workdir" "--user" "0:0" "7f98ce30c71d03f4355d28c0b374a7bdaab728896779a783a0b662821d719695" "/opt/rustwide/cargo-home/bin/cargo" "+1.98.0-beta.8" "test" "--frozen" "--release", kill_on_drop: false }`
[INFO] [stderr]     Finished `release` profile [optimized] target(s) in 0.20s
[INFO] [stderr]      Running unittests src/lib.rs (/opt/rustwide/target/release/deps/demiurge_auth-e376afa93446a14c)
[INFO] [stdout] 
[INFO] [stdout] running 7 tests
[INFO] [stdout] test secret::tests::keyed_hash_differs_from_plain_blake3 ... ok
[INFO] [stdout] test secret::tests::keyed_hash_stable_and_domain_separated ... ok
[INFO] [stdout] test tests::template_mismatch_no_shared_key ... ok
[INFO] [stdout] test tests::member_with_matching_template_resolves_shared_key ... ok
[INFO] [stdout] test tests::non_member_never_resolves_shared_key ... ok
[INFO] [stdout] test tests::non_member_isolated_under_fuzz ... ok
[INFO] [stdout] test tests::keyed_salt_differs_from_unmixed_layout ... ok
[INFO] [stdout] 
[INFO] [stdout] test result: ok. 7 passed; 0 failed; 0 ignored; 0 measured; 0 filtered out; finished in 0.02s
[INFO] [stdout] 
[INFO] [stderr]      Running unittests src/lib.rs (/opt/rustwide/target/release/deps/demiurge_control-1fa03025660d9f0a)
[INFO] [stdout] 
[INFO] [stdout] running 31 tests
[INFO] [stdout] test corrector_grad::tests::hold_at_shadow_is_not_reported_as_rollback ... ok
[INFO] [stdout] test corrector_grad::tests::corrector_graduation_requires_zero_violations_and_goodput ... ok
[INFO] [stdout] test corrector_grad::tests::is_clamp_saturated_covers_boundary_and_invalid_values ... ok
[INFO] [stdout] test corrector_grad::tests::violation_during_canary_rolls_back_to_shadow ... ok
[INFO] [stdout] test corrector_grad::tests::two_healthy_windows_reach_production ... ok
[INFO] [stdout] test corrector_shadow::tests::eval_goodput_identity_is_zero_or_small ... ok
[INFO] [stdout] test corrector_grad::tests::production_holds_under_continued_health ... ok
[INFO] [stdout] test corrector_shadow::tests::train_delta_clamped ... ok
[INFO] [stdout] test fleet_sim::tests::heavy_window_shed_gate ... ok
[INFO] [stdout] test fleet_sim::tests::tier_delay_increases_with_index ... ok
[INFO] [stdout] test fleet_pilot::tests::fleet_pilot_heldout_correlates ... ok
[INFO] [stdout] test corrector_grad::tests::saturated_delta_blocks_promotion_even_with_zero_violations ... ok
[INFO] [stdout] test corrector_grad::tests::saturation_in_canary_rolls_back_even_though_goodput_looks_fine ... ok
[INFO] [stdout] test corrector_grad::tests::healthy_window_promotes_shadow_to_canary ... ok
[INFO] [stdout] test corrector_grad::tests::violation_during_production_rolls_back_to_shadow ... ok
[INFO] [stdout] test fleet_sim::tests::window_knobs_prefill_heavy_raises_fraction ... ok
[INFO] [stdout] test migration::tests::budget_uses_canonical_epsilon ... ok
[INFO] [stdout] test migration::tests::migration_aborts_when_over_budget ... ok
[INFO] [stdout] test migration::tests::quiesce_one_step_accumulates_estimated_stall ... ok
[INFO] [stdout] test pairing::tests::greedy_pairing_prefill_first ... ok
[INFO] [stdout] test rebalancer::tests::rebalance_respects_hysteresis_and_cooldown ... ok
[INFO] [stdout] test migration::tests::record_migration_stall_tracks_estimated_vs_measured ... ok
[INFO] [stdout] test pairing::tests::pairing_regret_within_budget ... ok
[INFO] [stdout] test predictor::tests::predictor_percentiles_ordered ... ok
[INFO] [stdout] test rebalancer::tests::shadow_mode_never_actuates ... ok
[INFO] [stdout] test tests::handoff_burst_no_oom ... ok
[INFO] [stdout] test tests::per_source_outstanding_quota_sheds ... ok
[INFO] [stdout] test tests::reservation_released_on_session_end ... ok
[INFO] [stdout] test tests::ledger_consistent_after_commit_and_abort ... ok
[INFO] [stdout] test tests::migration_abort_restores_source_reservation ... ok
[INFO] [stdout] test tests::migration_commit_transfers_reservation ... ok
[INFO] [stdout] 
[INFO] [stdout] test result: ok. 31 passed; 0 failed; 0 ignored; 0 measured; 0 filtered out; finished in 0.01s
[INFO] [stdout] 
[INFO] [stderr]      Running tests/fleet_sim_integration.rs (/opt/rustwide/target/release/deps/fleet_sim_integration-755a824e7226f272)
[INFO] [stdout] 
[INFO] [stdout] running 1 test
[INFO] [stderr]      Running tests/ledger_proptest.rs (/opt/rustwide/target/release/deps/ledger_proptest-ed2afd57cae31bbb)
[INFO] [stdout] test fleet_sim_gate_on_synthetic_trace ... ok
[INFO] [stdout] 
[INFO] [stdout] test result: ok. 1 passed; 0 failed; 0 ignored; 0 measured; 0 filtered out; finished in 0.00s
[INFO] [stdout] 
[INFO] [stdout] 
[INFO] [stdout] running 2 tests
[INFO] [stdout] test reservation_ledger_invariants_report ... ok
[INFO] [stdout] test reservation_ledger_invariants ... ok
[INFO] [stdout] 
[INFO] [stdout] test result: ok. 2 passed; 0 failed; 0 ignored; 0 measured; 0 filtered out; finished in 0.00s
[INFO] [stdout] 
[INFO] [stderr]      Running unittests src/lib.rs (/opt/rustwide/target/release/deps/demiurge_cost-fc63778426e0e0ed)
[INFO] [stdout] 
[INFO] [stdout] running 10 tests
[INFO] [stdout] test kv::tests::kv_reserved_includes_overhead ... ok
[INFO] [stdout] test kv::tests::phi_barrier_monotonic_with_load ... ok
[INFO] [stdout] test rdma::tests::rdma_distance_ladder_ordered ... ok
[INFO] [stdout] test kv::tests::phi_uses_fleet_aggregate_not_p90_sum ... ok
[INFO] [stdout] test rdma::tests::rdma_distance_same_node_is_zero ... ok
[INFO] [stdout] test rdma::tests::rdma_transfer_monotonic_in_bytes ... ok
[INFO] [stdout] test unit::barrier_overflow_fail_expensive_not_silent_drop ... ok
[INFO] [stdout] test unit::identity_corrector_is_one ... ok
[INFO] [stdout] test unit::rejects_nonpositive_core ... ok
[INFO] [stdout] test warmth::tests::warmth_discount_bounded ... ok
[INFO] [stdout] 
[INFO] [stdout] test result: ok. 10 passed; 0 failed; 0 ignored; 0 measured; 0 filtered out; finished in 0.00s
[INFO] [stdout] 
[INFO] [stderr]      Running tests/dynamo_contrast.rs (/opt/rustwide/target/release/deps/dynamo_contrast-0e6b1cd4b7cef872)
[INFO] [stdout] 
[INFO] [stdout] running 6 tests
[INFO] [stdout] test demiurge_rho_max_caps_warmth_unlike_unbounded_overlap ... ok
[INFO] [stdout] test dynamo_nan_overlap_poisons_rank_demiurge_stays_finite ... ok
[INFO] [stdout] test dynamo_unbounded_overlap_can_undercut_healthy_worker ... ok
[INFO] [stdout] test dynamo_overlap_can_zero_prefill_demiurge_cannot ... ok
[INFO] [stdout] test warmth_respects_rho_max_envelope ... ok
[INFO] [stdout] test service_cost_broken_signals_never_undercut_healthy ... ok
[INFO] [stderr]      Running tests/positivity.rs (/opt/rustwide/target/release/deps/positivity-03ad1cca0a146e15)
[INFO] [stdout] 
[INFO] [stdout] test result: ok. 6 passed; 0 failed; 0 ignored; 0 measured; 0 filtered out; finished in 0.00s
[INFO] [stdout] 
[INFO] [stdout] 
[INFO] [stdout] running 6 tests
[INFO] [stdout] test from_ln_saturates_non_finite_fail_expensive ... ok
[INFO] [stdout] test corrector_multiplier_bounded ... ok
[INFO] [stdout] test invalid_signal_never_cheapens ... ok
[INFO] [stdout] test cost_strictly_positive ... ok
[INFO] [stdout] test invalid_discount_never_cheapens_valid_baseline ... ok
[INFO] [stdout] test cost_log_is_finite_at_extremes ... ok
[INFO] [stdout] 
[INFO] [stdout] test result: ok. 6 passed; 0 failed; 0 ignored; 0 measured; 0 filtered out; finished in 0.00s
[INFO] [stdout] 
[INFO] [stderr]      Running unittests src/lib.rs (/opt/rustwide/target/release/deps/demiurge_dataplane-86797d39928bd375)
[INFO] [stdout] 
[INFO] [stdout] running 6 tests
[INFO] [stdout] test forwarder::tests::forwarder_reads_rcu_without_blocking ... ok
[INFO] [stdout] test xdp::tests::xdp_admit_config_defaults_from_params ... ok
[INFO] [stdout] test xdp::xdp_linux::tests::parse_xdp_nested_none_when_detached ... ok
[INFO] [stdout] test xdp::tests::xdp_object_not_built_when_missing ... ok
[INFO] [stdout] test xdp::xdp_linux::tests::parse_xdp_nested_reads_skb_prog_id ... ok
[INFO] [stdout] test xdp::tests::xdp_attach_unsupported_off_linux ... ok
[INFO] [stdout] 
[INFO] [stdout] test result: ok. 6 passed; 0 failed; 0 ignored; 0 measured; 0 filtered out; finished in 0.00s
[INFO] [stdout] 
[INFO] [stderr]      Running tests/admission.rs (/opt/rustwide/target/release/deps/admission-a280d8ae00fa68b0)
[INFO] [stdout] 
[INFO] [stdout] running 1 test
[INFO] [stdout] test admit_bucket_sheds_when_exhausted ... ok
[INFO] [stdout] 
[INFO] [stdout] test result: ok. 1 passed; 0 failed; 0 ignored; 0 measured; 0 filtered out; finished in 0.00s
[INFO] [stdout] 
[INFO] [stderr]      Running tests/admit_proptest.rs (/opt/rustwide/target/release/deps/admit_proptest-865560ef4d589fac)
[INFO] [stdout] 
[INFO] [stdout] running 2 tests
[INFO] [stdout] test admit_bucket_invariants_report ... ok
[INFO] [stdout] test admit_bucket_invariants ... ok
[INFO] [stdout] 
[INFO] [stdout] test result: ok. 2 passed; 0 failed; 0 ignored; 0 measured; 0 filtered out; finished in 0.00s
[INFO] [stdout] 
[INFO] [stderr]      Running tests/bpf_admit_model.rs (/opt/rustwide/target/release/deps/bpf_admit_model-13e205e4b32e3cf2)
[INFO] [stdout] 
[INFO] [stdout] running 3 tests
[INFO] [stdout] test bpf_admit_model_report ... ok
[INFO] [stdout] test bpf_model_matches_userspace_bucket ... ok
[INFO] [stdout] test bpf_model_never_over_admits_concurrently ... ok
[INFO] [stdout] 
[INFO] [stdout] test result: ok. 3 passed; 0 failed; 0 ignored; 0 measured; 0 filtered out; finished in 0.02s
[INFO] [stdout] 
[INFO] [stderr]      Running tests/rcu.rs (/opt/rustwide/target/release/deps/rcu-3ccaaac317aa419d)
[INFO] [stdout] 
[INFO] [stdout] running 2 tests
[INFO] [stdout] test rcu_hot_read_under_cp_stall ... ok
[INFO] [stdout] test rcu_read_never_blocks_under_publish ... ok
[INFO] [stdout] 
[INFO] [stdout] test result: ok. 2 passed; 0 failed; 0 ignored; 0 measured; 0 filtered out; finished in 0.00s
[INFO] [stdout] 
[INFO] [stderr]      Running tests/stall.rs (/opt/rustwide/target/release/deps/stall-036baee2d65d9422)
[INFO] [stdout] 
[INFO] [stdout] running 1 test
[INFO] [stdout] test rcu_read_p99_unchanged_under_slow_publish ... ok
[INFO] [stdout] 
[INFO] [stdout] test result: ok. 1 passed; 0 failed; 0 ignored; 0 measured; 0 filtered out; finished in 0.32s
[INFO] [stdout] 
[INFO] [stderr]      Running tests/xdp_veth.rs (/opt/rustwide/target/release/deps/xdp_veth-af58ae73732977f5)
[INFO] [stdout] 
[INFO] [stdout] running 8 tests
[INFO] [stdout] test xdp_admit_shed_attaches_and_seeds_map ... ignored, needs root + veth; run ./scripts/xdp-veth-smoke.sh
[INFO] [stdout] test xdp_admit_shed_detects_admin_xdp_off ... ignored, needs root + veth; run ./scripts/xdp-veth-smoke.sh
[INFO] [stdout] test xdp_admit_shed_gates_only_listen_port ... ignored, needs root + veth; run ./scripts/xdp-veth-smoke.sh
[INFO] [stdout] test xdp_admit_shed_passes_non_syn_traffic ... ignored, needs root + veth; run ./scripts/xdp-veth-smoke.sh
[INFO] [stdout] test xdp_admit_shed_refills_tokens_in_kernel ... ignored, needs root + veth; run ./scripts/xdp-veth-smoke.sh
[INFO] [stdout] test xdp_admit_shed_reseed_updates_tokens ... ignored, needs root + veth; run ./scripts/xdp-veth-smoke.sh
[INFO] [stdout] test xdp_admit_shed_sheds_new_syns_when_exhausted ... ignored, needs root + veth; run ./scripts/xdp-veth-smoke.sh
[INFO] [stdout] test xdp_attach_errors_without_object_on_linux ... ok
[INFO] [stdout] 
[INFO] [stdout] test result: ok. 1 passed; 0 failed; 7 ignored; 0 measured; 0 filtered out; finished in 0.00s
[INFO] [stdout] 
[INFO] [stderr]      Running unittests src/lib.rs (/opt/rustwide/target/release/deps/demiurge_handoff-245422ce09eb1c7a)
[INFO] [stdout] 
[INFO] [stdout] running 7 tests
[INFO] [stdout] test transport::tests::header_passthrough_uses_prefill_wall ... ok
[INFO] [stdout] test transport::tests::mock_rdma_fixed_latency ... ok
[INFO] [stdout] test tests::handoff_transfer_telemetry_p50_p99 ... ok
[INFO] [stdout] test tests::decode_waits_for_handoff ... ok
[INFO] [stdout] test tests::parse_handoff_ignores_body_injected_headers ... ok
[INFO] [stdout] test tests::parse_handoff_headers ... ok
[INFO] [stdout] test transport::tests::modeled_rdma_transport_matches_analytic ... ok
[INFO] [stdout] 
[INFO] [stdout] test result: ok. 7 passed; 0 failed; 0 ignored; 0 measured; 0 filtered out; finished in 0.00s
[INFO] [stdout] 
[INFO] [stderr]      Running unittests src/lib.rs (/opt/rustwide/target/release/deps/demiurge_router-9be0541edf33bc56)
[INFO] [stdout] 
[INFO] [stdout] running 2 tests
[INFO] [stdout] test banner::tests::banner_renders_kv_pool_when_configured ... ok
[INFO] [stdout] test banner::tests::banner_contains_listen_and_version ... ok
[INFO] [stdout] 
[INFO] [stdout] test result: ok. 2 passed; 0 failed; 0 ignored; 0 measured; 0 filtered out; finished in 0.00s
[INFO] [stdout] 
[INFO] [stderr]      Running unittests src/main.rs (/opt/rustwide/target/release/deps/demiurge_router-fabaf1d7338de624)
[INFO] [stdout] 
[INFO] [stdout] running 5 tests
[INFO] [stdout] test tests::configure_rejects_empty_pools ... ok
[INFO] [stderr] demiurge-router v0.1.0 listening on 127.0.0.1:0 (prefill=0, decode=1, admit=Userspace, xdp=false, io_uring=false)
[INFO] [stderr] demiurge-router v0.1.0 listening on 127.0.0.1:0 (prefill=1, decode=0, admit=Userspace, xdp=false, io_uring=false)
[INFO] [stdout] test tests::configure_accepts_decode_only_pool ... ok
[INFO] [stdout] test tests::configure_binds_ephemeral_listener ... ok
[INFO] [stderr] demiurge-router v0.1.0 listening on 127.0.0.1:0 (prefill=2, decode=2, admit=Userspace, xdp=false, io_uring=false)
[INFO] [stdout] test tests::configure_enables_kv_ledger_and_state_plane ... ok
[INFO] [stdout] test tests::configure_rejects_invalid_pool_spec ... ok
[INFO] [stdout] 
[INFO] [stdout] test result: ok. 5 passed; 0 failed; 0 ignored; 0 measured; 0 filtered out; finished in 0.00s
[INFO] [stdout] 
[INFO] [stderr]      Running tests/forward.rs (/opt/rustwide/target/release/deps/forward-9393a5808021f5f1)
[INFO] [stdout] 
[INFO] [stdout] running 2 tests
[INFO] [stdout] test selects_min_cost_backend ... ok
[INFO] [stdout] test forwards_to_cheapest_backend ... ok
[INFO] [stdout] 
[INFO] [stdout] test result: ok. 2 passed; 0 failed; 0 ignored; 0 measured; 0 filtered out; finished in 0.12s
[INFO] [stdout] 
[INFO] [stderr]      Running tests/forward_io_uring.rs (/opt/rustwide/target/release/deps/forward_io_uring-dc5121c6a5c6e6fc)
[INFO] [stdout] 
[INFO] [stdout] running 5 tests
[INFO] [stdout] test harden_io_uring_accept_forwards ... FAILED
[INFO] [stdout] test harden_io_uring_copy_respects_max_bytes ... FAILED
[INFO] [stdout] test harden_io_uring_bad_http_head_no_panic ... ok
[INFO] [stdout] test forwards_with_io_uring_proxy_session ... FAILED
[INFO] [stdout] test harden_io_uring_large_response_through_proxy ... FAILED
[INFO] [stdout] 
[INFO] [stdout] failures:
[INFO] [stdout] 
[INFO] [stdout] ---- harden_io_uring_accept_forwards stdout ----
[INFO] [stdout] 
[INFO] [stdout] thread 'harden_io_uring_accept_forwards' (7986) panicked at crates/demiurge-router/tests/forward_io_uring.rs:53:69:
[INFO] [stdout] accept loop: Os { code: 1, kind: PermissionDenied, message: "Operation not permitted" }
[INFO] [stdout] stack backtrace:
[INFO] [stdout]    0:     0x5bbbf776bf76 - <<std[97b98282bc616a66]::sys::backtrace::BacktraceLock>::print::DisplayBacktrace as core[832e9a552fc17241]::fmt::Display>::fmt
[INFO] [stdout]    1:     0x5bbbf76d723a - core[832e9a552fc17241]::fmt::write
[INFO] [stdout]    2:     0x5bbbf7771c5c - <alloc[3ecab9f82c41dc7d]::vec::Vec<u8> as std[97b98282bc616a66]::io::Write>::write_fmt
[INFO] [stdout]    3:     0x5bbbf7749bf2 - std[97b98282bc616a66]::panicking::default_hook::{closure#0}
[INFO] [stdout]    4:     0x5bbbf7763411 - std[97b98282bc616a66]::panicking::default_hook
[INFO] [stdout]    5:     0x5bbbf77635f2 - std[97b98282bc616a66]::panicking::panic_with_hook
[INFO] [stdout]    6:     0x5bbbf7749ca2 - std[97b98282bc616a66]::panicking::panic_handler::{closure#0}
[INFO] [stdout]    7:     0x5bbbf7741549 - std[97b98282bc616a66]::sys::backtrace::__rust_end_short_backtrace::<std[97b98282bc616a66]::panicking::panic_handler::{closure#0}, !>
[INFO] [stdout]    8:     0x5bbbf774ab0d - __rustc[e3d8617bb01b7f69]::rust_begin_unwind
[INFO] [stdout]    9:     0x5bbbf76d791c - core[832e9a552fc17241]::panicking::panic_fmt
[INFO] [stdout]   10:     0x5bbbf76d76f2 - core[832e9a552fc17241]::result::unwrap_failed
[INFO] [stdout]   11:     0x5bbbf771db21 - <forward_io_uring[5271efa63d3ca1d9]::harden_io_uring_accept_forwards::{closure#0} as core[832e9a552fc17241]::ops::function::FnOnce<()>>::call_once
[INFO] [stdout]   12:     0x5bbbf77743db - test[39766f3d73431624]::__rust_begin_short_backtrace::<core[832e9a552fc17241]::result::Result<(), alloc[3ecab9f82c41dc7d]::string::String>, fn() -> core[832e9a552fc17241]::result::Result<(), alloc[3ecab9f82c41dc7d]::string::String>>
[INFO] [stdout]   13:     0x5bbbf7782751 - test[39766f3d73431624]::run_test::{closure#0}
[INFO] [stdout]   14:     0x5bbbf777d024 - std[97b98282bc616a66]::sys::backtrace::__rust_begin_short_backtrace::<test[39766f3d73431624]::run_test::{closure#1}, ()>
[INFO] [stdout]   15:     0x5bbbf77865c2 - <std[97b98282bc616a66]::thread::lifecycle::spawn_unchecked<test[39766f3d73431624]::run_test::{closure#1}, ()>::{closure#1} as core[832e9a552fc17241]::ops::function::FnOnce<()>>::call_once::{shim:vtable#0}
[INFO] [stdout]   16:     0x5bbbf776a954 - <std[97b98282bc616a66]::sys::thread::unix::Thread>::new::thread_start
[INFO] [stdout]   17:     0x7c288614907a - <unknown>
[INFO] [stdout]   18:     0x7c28861dc534 - clone
[INFO] [stdout]   19:                0x0 - <unknown>
[INFO] [stdout] 
[INFO] [stdout] ---- harden_io_uring_copy_respects_max_bytes stdout ----
[INFO] [stdout] 
[INFO] [stdout] thread 'harden_io_uring_copy_respects_max_bytes' (7988) panicked at crates/demiurge-router/tests/forward_io_uring.rs:92:50:
[INFO] [stdout] session: Os { code: 1, kind: PermissionDenied, message: "Operation not permitted" }
[INFO] [stdout] stack backtrace:
[INFO] [stdout]    0:     0x5bbbf776bf76 - <<std[97b98282bc616a66]::sys::backtrace::BacktraceLock>::print::DisplayBacktrace as core[832e9a552fc17241]::fmt::Display>::fmt
[INFO] [stdout]    1:     0x5bbbf76d723a - core[832e9a552fc17241]::fmt::write
[INFO] [stdout]    2:     0x5bbbf7771c5c - <alloc[3ecab9f82c41dc7d]::vec::Vec<u8> as std[97b98282bc616a66]::io::Write>::write_fmt
[INFO] [stdout]    3:     0x5bbbf7749bf2 - std[97b98282bc616a66]::panicking::default_hook::{closure#0}
[INFO] [stdout]    4:     0x5bbbf7763411 - std[97b98282bc616a66]::panicking::default_hook
[INFO] [stdout]    5:     0x5bbbf77635f2 - std[97b98282bc616a66]::panicking::panic_with_hook
[INFO] [stdout]    6:     0x5bbbf7749ca2 - std[97b98282bc616a66]::panicking::panic_handler::{closure#0}
[INFO] [stdout]    7:     0x5bbbf7741549 - std[97b98282bc616a66]::sys::backtrace::__rust_end_short_backtrace::<std[97b98282bc616a66]::panicking::panic_handler::{closure#0}, !>
[INFO] [stdout]    8:     0x5bbbf774ab0d - __rustc[e3d8617bb01b7f69]::rust_begin_unwind
[INFO] [stdout]    9:     0x5bbbf76d791c - core[832e9a552fc17241]::panicking::panic_fmt
[INFO] [stdout]   10:     0x5bbbf76d76f2 - core[832e9a552fc17241]::result::unwrap_failed
[INFO] [stdout]   11:     0x5bbbf771f3e7 - <forward_io_uring[5271efa63d3ca1d9]::harden_io_uring_copy_respects_max_bytes::{closure#0} as core[832e9a552fc17241]::ops::function::FnOnce<()>>::call_once
[INFO] [stdout]   12:     0x5bbbf77743db - test[39766f3d73431624]::__rust_begin_short_backtrace::<core[832e9a552fc17241]::result::Result<(), alloc[3ecab9f82c41dc7d]::string::String>, fn() -> core[832e9a552fc17241]::result::Result<(), alloc[3ecab9f82c41dc7d]::string::String>>
[INFO] [stdout]   13:     0x5bbbf7782751 - test[39766f3d73431624]::run_test::{closure#0}
[INFO] [stdout]   14:     0x5bbbf777d024 - std[97b98282bc616a66]::sys::backtrace::__rust_begin_short_backtrace::<test[39766f3d73431624]::run_test::{closure#1}, ()>
[INFO] [stdout]   15:     0x5bbbf77865c2 - <std[97b98282bc616a66]::thread::lifecycle::spawn_unchecked<test[39766f3d73431624]::run_test::{closure#1}, ()>::{closure#1} as core[832e9a552fc17241]::ops::function::FnOnce<()>>::call_once::{shim:vtable#0}
[INFO] [stdout]   16:     0x5bbbf776a954 - <std[97b98282bc616a66]::sys::thread::unix::Thread>::new::thread_start
[INFO] [stdout]   17:     0x7c288614907a - <unknown>
[INFO] [stdout]   18:     0x7c28861dc534 - clone
[INFO] [stdout]   19:                0x0 - <unknown>
[INFO] [stdout] 
[INFO] [stdout] ---- forwards_with_io_uring_proxy_session stdout ----
[INFO] [stdout] 
[INFO] [stdout] thread 'forwards_with_io_uring_proxy_session' (7985) panicked at crates/demiurge-router/tests/forward_io_uring.rs:36:33:
[INFO] [stdout] called `Result::unwrap()` on an `Err` value: Os { code: 104, kind: ConnectionReset, message: "Connection reset by peer" }
[INFO] [stdout] stack backtrace:
[INFO] [stdout]    0:     0x5bbbf776bf76 - <<std[97b98282bc616a66]::sys::backtrace::BacktraceLock>::print::DisplayBacktrace as core[832e9a552fc17241]::fmt::Display>::fmt
[INFO] [stdout]    1:     0x5bbbf76d723a - core[832e9a552fc17241]::fmt::write
[INFO] [stdout]    2:     0x5bbbf7771c5c - <alloc[3ecab9f82c41dc7d]::vec::Vec<u8> as std[97b98282bc616a66]::io::Write>::write_fmt
[INFO] [stdout]    3:     0x5bbbf7749bf2 - std[97b98282bc616a66]::panicking::default_hook::{closure#0}
[INFO] [stdout]    4:     0x5bbbf7763411 - std[97b98282bc616a66]::panicking::default_hook
[INFO] [stdout]    5:     0x5bbbf77635f2 - std[97b98282bc616a66]::panicking::panic_with_hook
[INFO] [stdout]    6:     0x5bbbf7749ca2 - std[97b98282bc616a66]::panicking::panic_handler::{closure#0}
[INFO] [stdout]    7:     0x5bbbf7741549 - std[97b98282bc616a66]::sys::backtrace::__rust_end_short_backtrace::<std[97b98282bc616a66]::panicking::panic_handler::{closure#0}, !>
[INFO] [stdout]    8:     0x5bbbf774ab0d - __rustc[e3d8617bb01b7f69]::rust_begin_unwind
[INFO] [stdout]    9:     0x5bbbf76d791c - core[832e9a552fc17241]::panicking::panic_fmt
[INFO] [stdout]   10:     0x5bbbf76d76f2 - core[832e9a552fc17241]::result::unwrap_failed
[INFO] [stdout]   11:     0x5bbbf771e2bc - <forward_io_uring[5271efa63d3ca1d9]::forwards_with_io_uring_proxy_session::{closure#0} as core[832e9a552fc17241]::ops::function::FnOnce<()>>::call_once
[INFO] [stdout]   12:     0x5bbbf77743db - test[39766f3d73431624]::__rust_begin_short_backtrace::<core[832e9a552fc17241]::result::Result<(), alloc[3ecab9f82c41dc7d]::string::String>, fn() -> core[832e9a552fc17241]::result::Result<(), alloc[3ecab9f82c41dc7d]::string::String>>
[INFO] [stdout]   13:     0x5bbbf7782751 - test[39766f3d73431624]::run_test::{closure#0}
[INFO] [stdout]   14:     0x5bbbf777d024 - std[97b98282bc616a66]::sys::backtrace::__rust_begin_short_backtrace::<test[39766f3d73431624]::run_test::{closure#1}, ()>
[INFO] [stdout]   15:     0x5bbbf77865c2 - <std[97b98282bc616a66]::thread::lifecycle::spawn_unchecked<test[39766f3d73431624]::run_test::{closure#1}, ()>::{closure#1} as core[832e9a552fc17241]::ops::function::FnOnce<()>>::call_once::{shim:vtable#0}
[INFO] [stdout]   16:     0x5bbbf776a954 - <std[97b98282bc616a66]::sys::thread::unix::Thread>::new::thread_start
[INFO] [stdout]   17:     0x7c288614907a - <unknown>
[INFO] [stdout]   18:     0x7c28861dc534 - clone
[INFO] [stdout]   19:                0x0 - <unknown>
[INFO] [stdout] 
[INFO] [stdout] ---- harden_io_uring_large_response_through_proxy stdout ----
[INFO] [stdout] 
[INFO] [stdout] thread 'harden_io_uring_large_response_through_proxy' (7989) panicked at crates/demiurge-router/tests/forward_io_uring.rs:161:5:
[INFO] [stdout] expected ≥256 KiB through io_uring proxy, got 0 bytes
[INFO] [stdout] stack backtrace:
[INFO] [stdout]    0:     0x5bbbf776bf76 - <<std[97b98282bc616a66]::sys::backtrace::BacktraceLock>::print::DisplayBacktrace as core[832e9a552fc17241]::fmt::Display>::fmt
[INFO] [stdout]    1:     0x5bbbf76d723a - core[832e9a552fc17241]::fmt::write
[INFO] [stdout]    2:     0x5bbbf7771c5c - <alloc[3ecab9f82c41dc7d]::vec::Vec<u8> as std[97b98282bc616a66]::io::Write>::write_fmt
[INFO] [stdout]    3:     0x5bbbf7749bf2 - std[97b98282bc616a66]::panicking::default_hook::{closure#0}
[INFO] [stdout]    4:     0x5bbbf7763411 - std[97b98282bc616a66]::panicking::default_hook
[INFO] [stdout]    5:     0x5bbbf77635f2 - std[97b98282bc616a66]::panicking::panic_with_hook
[INFO] [stdout]    6:     0x5bbbf7749ca2 - std[97b98282bc616a66]::panicking::panic_handler::{closure#0}
[INFO] [stdout]    7:     0x5bbbf7741549 - std[97b98282bc616a66]::sys::backtrace::__rust_end_short_backtrace::<std[97b98282bc616a66]::panicking::panic_handler::{closure#0}, !>
[INFO] [stdout]    8:     0x5bbbf774ab0d - __rustc[e3d8617bb01b7f69]::rust_begin_unwind
[INFO] [stdout]    9:     0x5bbbf76d791c - core[832e9a552fc17241]::panicking::panic_fmt
[INFO] [stdout]   10:     0x5bbbf771fd1b - <forward_io_uring[5271efa63d3ca1d9]::harden_io_uring_large_response_through_proxy::{closure#0} as core[832e9a552fc17241]::ops::function::FnOnce<()>>::call_once
[INFO] [stdout]   11:     0x5bbbf77743db - test[39766f3d73431624]::__rust_begin_short_backtrace::<core[832e9a552fc17241]::result::Result<(), alloc[3ecab9f82c41dc7d]::string::String>, fn() -> core[832e9a552fc17241]::result::Result<(), alloc[3ecab9f82c41dc7d]::string::String>>
[INFO] [stdout]   12:     0x5bbbf7782751 - test[39766f3d73431624]::run_test::{closure#0}
[INFO] [stdout]   13:     0x5bbbf777d024 - std[97b98282bc616a66]::sys::backtrace::__rust_begin_short_backtrace::<test[39766f3d73431624]::run_test::{closure#1}, ()>
[INFO] [stdout]   14:     0x5bbbf77865c2 - <std[97b98282bc616a66]::thread::lifecycle::spawn_unchecked<test[39766f3d73431624]::run_test::{closure#1}, ()>::{closure#1} as core[832e9a552fc17241]::ops::function::FnOnce<()>>::call_once::{shim:vtable#0}
[INFO] [stdout]   15:     0x5bbbf776a954 - <std[97b98282bc616a66]::sys::thread::unix::Thread>::new::thread_start
[INFO] [stdout]   16:     0x7c288614907a - <unknown>
[INFO] [stdout]   17:     0x7c28861dc534 - clone
[INFO] [stdout]   18:                0x0 - <unknown>
[INFO] [stdout] 
[INFO] [stdout] 
[INFO] [stdout] failures:
[INFO] [stdout]     forwards_with_io_uring_proxy_session
[INFO] [stdout]     harden_io_uring_accept_forwards
[INFO] [stdout]     harden_io_uring_copy_respects_max_bytes
[INFO] [stdout]     harden_io_uring_large_response_through_proxy
[INFO] [stdout] 
[INFO] [stdout] test result: FAILED. 1 passed; 4 failed; 0 ignored; 0 measured; 0 filtered out; finished in 0.35s
[INFO] [stdout] 
[INFO] [stderr] error: test failed, to rerun pass `-p demiurge-router --test forward_io_uring`
[INFO] running `Command { std: "docker" "inspect" "7f98ce30c71d03f4355d28c0b374a7bdaab728896779a783a0b662821d719695", kill_on_drop: false }`
[INFO] running `Command { std: "docker" "rm" "-f" "7f98ce30c71d03f4355d28c0b374a7bdaab728896779a783a0b662821d719695", kill_on_drop: false }`
[INFO] [stdout] 7f98ce30c71d03f4355d28c0b374a7bdaab728896779a783a0b662821d719695
