[INFO] fetching crate arch_sdk 0.8.8...
[INFO] testing arch_sdk-0.8.8 against 1.99.0-beta.1+cargoflags=--release for beta-release-1.99-2
[INFO] extracting crate arch_sdk 0.8.8 into /workspace/builds/worker-2-tc2/source
[INFO] started tweaking crates.io crate arch_sdk 0.8.8
[INFO] removed 0 missing tests
[INFO] finished tweaking crates.io crate arch_sdk 0.8.8
[INFO] tweaked toml for crates.io crate arch_sdk 0.8.8 written to /workspace/builds/worker-2-tc2/source/Cargo.toml
[INFO] validating manifest of crates.io crate arch_sdk 0.8.8 on toolchain 1.99.0-beta.1
[INFO] running `Command { std: CARGO_HOME="/workspace/cargo-home" RUSTUP_HOME="/workspace/rustup-home" "/workspace/cargo-home/bin/cargo" "+1.99.0-beta.1" "metadata" "--manifest-path" "Cargo.toml" "--no-deps", kill_on_drop: false }`
[INFO] crate crates.io crate arch_sdk 0.8.8 already has a lockfile, it will not be regenerated
[INFO] running `Command { std: CARGO_HOME="/workspace/cargo-home" RUSTUP_HOME="/workspace/rustup-home" "/workspace/cargo-home/bin/cargo" "+1.99.0-beta.1" "fetch" "--manifest-path" "Cargo.toml", kill_on_drop: false }`
[INFO] running `Command { std: "docker" "create" "-v" "/var/lib/crater-agent-workspace/builds/worker-2-tc2/source:/opt/rustwide/workdir:ro,Z" "-v" "/var/lib/crater-agent-workspace/builds/worker-2-tc2/target:/opt/rustwide/target:rw,Z" "-v" "/var/lib/crater-agent-workspace/cargo-home:/opt/rustwide/cargo-home:ro,Z" "-v" "/var/lib/crater-agent-workspace/rustup-home:/opt/rustwide/rustup-home:ro,Z" "-m" "1610612736" "--network" "none" "ghcr.io/rust-lang/crates-build-env/linux@sha256:8683fc1fc2eb5c9ac98e0d076ab094b2ffac7f99da555d2b6a2e27f346de2ec7" "sleep" "infinity", kill_on_drop: false }`
[INFO] [stdout] 7bb23e49d66b257b595474b428b8827e62b8c1cb648652a56529429a4f550985
[INFO] running `Command { std: "docker" "start" "7bb23e49d66b257b595474b428b8827e62b8c1cb648652a56529429a4f550985", kill_on_drop: false }`
[INFO] running `Command { std: "docker" "inspect" "7bb23e49d66b257b595474b428b8827e62b8c1cb648652a56529429a4f550985", kill_on_drop: false }`
[INFO] running `Command { std: "docker" "exec" "-e" "SOURCE_DIR=/opt/rustwide/workdir" "-e" "CARGO_HOME=/opt/rustwide/cargo-home" "-e" "RUSTUP_HOME=/opt/rustwide/rustup-home" "-e" "CARGO_TARGET_DIR=/opt/rustwide/target" "-w" "/opt/rustwide/workdir" "--user" "0:0" "7bb23e49d66b257b595474b428b8827e62b8c1cb648652a56529429a4f550985" "/opt/rustwide/cargo-home/bin/cargo" "+1.99.0-beta.1" "metadata" "--no-deps" "--format-version=1", kill_on_drop: false }`
[INFO] running `Command { std: "docker" "inspect" "7bb23e49d66b257b595474b428b8827e62b8c1cb648652a56529429a4f550985", kill_on_drop: false }`
[INFO] running `Command { std: "docker" "exec" "-e" "SOURCE_DIR=/opt/rustwide/workdir" "-e" "CARGO_HOME=/opt/rustwide/cargo-home" "-e" "RUSTUP_HOME=/opt/rustwide/rustup-home" "-e" "CARGO_TARGET_DIR=/opt/rustwide/target" "-e" "CARGO_INCREMENTAL=0" "-e" "RUST_BACKTRACE=full" "-e" "RUSTFLAGS=--cap-lints=warn" "-e" "RUSTDOCFLAGS=--cap-lints=warn" "-w" "/opt/rustwide/workdir" "--user" "0:0" "7bb23e49d66b257b595474b428b8827e62b8c1cb648652a56529429a4f550985" "/opt/rustwide/cargo-home/bin/cargo" "+1.99.0-beta.1" "build" "--frozen" "--message-format=json" "--release", kill_on_drop: false }`
[INFO] [stderr]    Compiling quote v1.0.45
[INFO] [stderr]    Compiling zerocopy v0.8.48
[INFO] [stderr]    Compiling cc v1.2.61
[INFO] [stderr]    Compiling http v1.4.0
[INFO] [stderr]    Compiling bitcoin-internals v0.3.0
[INFO] [stderr]    Compiling arrayvec v0.7.6
[INFO] [stderr]    Compiling typenum v1.20.0
[INFO] [stderr]    Compiling bitcoin-io v0.1.2
[INFO] [stderr]    Compiling getrandom v0.2.17
[INFO] [stderr]    Compiling socket2 v0.6.3
[INFO] [stderr]    Compiling mio v1.2.0
[INFO] [stderr]    Compiling hex_lit v0.1.1
[INFO] [stderr]    Compiling hashbrown v0.17.0
[INFO] [stderr]    Compiling winnow v1.0.2
[INFO] [stderr]    Compiling futures-util v0.3.32
[INFO] [stderr]    Compiling toml_datetime v1.1.1+spec-1.1.0
[INFO] [stderr]    Compiling rand_core v0.6.4
[INFO] [stderr]    Compiling bitcoin v0.32.7
[INFO] [stderr]    Compiling hex-conservative v0.2.2
[INFO] [stderr]    Compiling serde_json v1.0.149
[INFO] [stderr]    Compiling bech32 v0.11.1
[INFO] [stderr]    Compiling syn v2.0.117
[INFO] [stderr]    Compiling cpufeatures v0.2.17
[INFO] [stderr]    Compiling borsh v1.6.1
[INFO] [stderr]    Compiling rustls-pki-types v1.14.1
[INFO] [stderr]    Compiling openssl v0.10.78
[INFO] [stderr]    Compiling bitflags v2.11.1
[INFO] [stderr]    Compiling getrandom v0.3.4
[INFO] [stderr]    Compiling indexmap v2.14.0
[INFO] [stderr]    Compiling rustls v0.23.39
[INFO] [stderr]    Compiling rand_core v0.9.5
[INFO] [stderr]    Compiling getrandom v0.4.2
[INFO] [stderr]    Compiling ipnet v2.12.0
[INFO] [stderr]    Compiling semver v1.0.28
[INFO] [stderr]    Compiling generic-array v0.14.7
[INFO] [stderr]    Compiling webpki-roots v1.0.7
[INFO] [stderr]    Compiling memoffset v0.9.1
[INFO] [stderr]    Compiling http-body v1.0.1
[INFO] [stderr]    Compiling num-traits v0.2.19
[INFO] [stderr]    Compiling rustc_version v0.4.1
[INFO] [stderr]    Compiling http-body-util v0.1.3
[INFO] [stderr]    Compiling rustversion v1.0.22
[INFO] [stderr]    Compiling iri-string v0.7.12
[INFO] [stderr]    Compiling curve25519-dalek v4.1.3
[INFO] [stderr]    Compiling matchers v0.2.0
[INFO] [stderr]    Compiling tracing-log v0.2.0
[INFO] [stderr]    Compiling base64 v0.13.1
[INFO] [stderr]    Compiling toml_parser v1.1.2+spec-1.1.0
[INFO] [stderr]    Compiling nu-ansi-term v0.50.3
[INFO] [stderr]    Compiling data-encoding v2.11.0
[INFO] [stderr]    Compiling secp256k1-sys v0.10.1
[INFO] [stderr]    Compiling openssl-sys v0.9.114
[INFO] [stderr]    Compiling block-buffer v0.10.4
[INFO] [stderr]    Compiling crypto-common v0.1.7
[INFO] [stderr]    Compiling ring v0.17.14
[INFO] [stderr]    Compiling keccak v0.1.6
[INFO] [stderr]    Compiling digest v0.10.7
[INFO] [stderr]    Compiling toml_edit v0.25.11+spec-1.1.0
[INFO] [stderr]    Compiling sha2 v0.10.9
[INFO] [stderr]    Compiling native-tls v0.2.18
[INFO] [stderr]    Compiling sha1 v0.10.6
[INFO] [stderr]    Compiling utf-8 v0.7.6
[INFO] [stderr]    Compiling five8_core v1.0.0
[INFO] [stderr]    Compiling five8_const v1.0.0
[INFO] [stderr]    Compiling sha3 v0.10.9
[INFO] [stderr]    Compiling console v0.15.11
[INFO] [stderr]    Compiling proc-macro-crate v3.5.0
[INFO] [stderr]    Compiling serde_bytes v0.11.19
[INFO] [stderr]    Compiling number_prefix v0.4.0
[INFO] [stderr]    Compiling bs58 v0.5.1
[INFO] [stderr]    Compiling solana-sanitize v2.2.1
[INFO] [stderr]    Compiling bitcoin_slices v0.10.0
[INFO] [stderr]    Compiling base64 v0.23.1
[INFO] [stderr]    Compiling indicatif v0.17.11
[INFO] [stderr]    Compiling futures v0.3.32
[INFO] [stderr]    Compiling synstructure v0.13.2
[INFO] [stderr]    Compiling serde_derive v1.0.228
[INFO] [stderr]    Compiling tokio-macros v2.7.0
[INFO] [stderr]    Compiling zerovec-derive v0.11.3
[INFO] [stderr]    Compiling displaydoc v0.2.5
[INFO] [stderr]    Compiling tracing-attributes v0.1.31
[INFO] [stderr]    Compiling thiserror-impl v2.0.18
[INFO] [stderr]    Compiling openssl-macros v0.1.1
[INFO] [stderr]    Compiling borsh-derive v1.6.1
[INFO] [stderr]    Compiling bytemuck_derive v1.10.2
[INFO] [stderr]    Compiling async-trait v0.1.89
[INFO] [stderr]    Compiling thiserror-impl v1.0.69
[INFO] [stderr]    Compiling curve25519-dalek-derive v0.1.1
[INFO] [stderr]    Compiling zerofrom-derive v0.1.7
[INFO] [stderr]    Compiling yoke-derive v0.8.2
[INFO] [stderr]    Compiling tokio v1.52.1
[INFO] [stderr]    Compiling ppv-lite86 v0.2.21
[INFO] [stderr]    Compiling bitcode_derive v0.6.9
[INFO] [stderr]    Compiling snafu-derive v0.9.2
[INFO] [stderr]    Compiling rand_chacha v0.3.1
[INFO] [stderr]    Compiling rand_chacha v0.9.0
[INFO] [stderr]    Compiling thiserror v1.0.69
[INFO] [stderr]    Compiling bytemuck v1.25.0
[INFO] [stderr]    Compiling tracing v0.1.44
[INFO] [stderr]    Compiling num-derive v0.4.2
[INFO] [stderr]    Compiling thiserror v2.0.18
[INFO] [stderr]    Compiling rand v0.8.6
[INFO] [stderr]    Compiling rand v0.9.4
[INFO] [stderr]    Compiling tracing-subscriber v0.3.23
[INFO] [stderr]    Compiling zerofrom v0.1.7
[INFO] [stderr]    Compiling yoke v0.8.2
[INFO] [stderr]    Compiling zerovec v0.11.6
[INFO] [stderr]    Compiling zerotrie v0.2.4
[INFO] [stderr]    Compiling bitcode v0.6.9
[INFO] [stderr]    Compiling uuid v1.23.1
[INFO] [stderr]    Compiling tungstenite v0.26.2
[INFO] [stderr]    Compiling serde v1.0.228
[INFO] [stderr]    Compiling tinystr v0.8.3
[INFO] [stderr]    Compiling potential_utf v0.1.5
[INFO] [stderr]    Compiling icu_collections v2.2.0
[INFO] [stderr]    Compiling snafu v0.9.2
[INFO] [stderr]    Compiling icu_locale_core v2.2.0
[INFO] [stderr]    Compiling bitcoin_hashes v0.14.1
[INFO] [stderr]    Compiling bitcoin-units v0.1.3
[INFO] [stderr]    Compiling minreq v2.14.1
[INFO] [stderr]    Compiling serde_urlencoded v0.7.1
[INFO] [stderr]    Compiling bincode v1.3.3
[INFO] [stderr]    Compiling jsonrpc v0.18.0
[INFO] [stderr]    Compiling icu_provider v2.2.0
[INFO] [stderr]    Compiling icu_properties v2.2.0
[INFO] [stderr]    Compiling icu_normalizer v2.2.0
[INFO] [stderr]    Compiling base58ck v0.1.0
[INFO] [stderr]    Compiling secp256k1 v0.29.1
[INFO] [stderr]    Compiling idna_adapter v1.2.1
[INFO] [stderr]    Compiling idna v1.1.0
[INFO] [stderr]    Compiling url v2.5.8
[INFO] [stderr]    Compiling tokio-util v0.7.18
[INFO] [stderr]    Compiling tower v0.5.3
[INFO] [stderr]    Compiling tokio-native-tls v0.3.1
[INFO] [stderr]    Compiling sha256 v1.6.0
[INFO] [stderr]    Compiling tokio-tungstenite v0.26.2
[INFO] [stderr]    Compiling h2 v0.4.13
[INFO] [stderr]    Compiling tower-http v0.6.8
[INFO] [stderr]    Compiling rustls-webpki v0.103.13
[INFO] [stderr]    Compiling hyper v1.9.0
[INFO] [stderr]    Compiling arch-titan-types-core v1.3.5
[INFO] [stderr]    Compiling bitcoincore-rpc-json v0.19.0
[INFO] [stderr]    Compiling bip322 v0.0.11
[INFO] [stderr]    Compiling hyper-util v0.1.20
[INFO] [stderr]    Compiling arch-titan-types-api v1.3.5
[INFO] [stderr]    Compiling arch_program v0.8.8
[INFO] [stderr]    Compiling hyper-tls v0.6.0
[INFO] [stderr]    Compiling tokio-rustls v0.26.4
[INFO] [stderr]    Compiling hyper-rustls v0.27.9
[INFO] [stderr]    Compiling reqwest v0.12.28
[INFO] [stderr]    Compiling bitcoincore-rpc v0.19.0
[INFO] [stderr]    Compiling arch-titan-client v1.3.5
[INFO] [stderr]    Compiling arch_sdk v0.8.8 (/opt/rustwide/workdir)
[INFO] [stderr]     Finished `release` profile [optimized] target(s) in 3m 15s
[INFO] [stderr] warning: the following packages contain code that will be rejected by a future version of Rust: borsh v1.6.1
[INFO] [stderr] note: to see what the problems were, use the option `--future-incompat-report`, or run `cargo report future-incompatibilities --id 2`
[INFO] running `Command { std: "docker" "inspect" "7bb23e49d66b257b595474b428b8827e62b8c1cb648652a56529429a4f550985", kill_on_drop: false }`
[INFO] running `Command { std: "docker" "exec" "-e" "SOURCE_DIR=/opt/rustwide/workdir" "-e" "CARGO_HOME=/opt/rustwide/cargo-home" "-e" "RUSTUP_HOME=/opt/rustwide/rustup-home" "-e" "CARGO_TARGET_DIR=/opt/rustwide/target" "-e" "CARGO_INCREMENTAL=0" "-e" "RUST_BACKTRACE=full" "-e" "RUSTFLAGS=--cap-lints=warn" "-e" "RUSTDOCFLAGS=--cap-lints=warn" "-w" "/opt/rustwide/workdir" "--user" "0:0" "7bb23e49d66b257b595474b428b8827e62b8c1cb648652a56529429a4f550985" "/opt/rustwide/cargo-home/bin/cargo" "+1.99.0-beta.1" "test" "--frozen" "--no-run" "--message-format=json" "--release", kill_on_drop: false }`
[INFO] [stderr]    Compiling parking_lot_core v0.9.12
[INFO] [stderr]    Compiling bitflags v2.11.1
[INFO] [stderr]    Compiling regex-syntax v0.8.10
[INFO] [stderr]    Compiling httpdate v1.0.3
[INFO] [stderr]    Compiling aho-corasick v1.1.4
[INFO] [stderr]    Compiling rustix v1.1.4
[INFO] [stderr]    Compiling wait-timeout v0.2.1
[INFO] [stderr]    Compiling quick-error v1.2.3
[INFO] [stderr]    Compiling rand_xorshift v0.4.0
[INFO] [stderr]    Compiling assert-json-diff v2.0.2
[INFO] [stderr]    Compiling similar v2.7.0
[INFO] [stderr]    Compiling unarray v0.1.4
[INFO] [stderr]    Compiling openssl v0.10.78
[INFO] [stderr]    Compiling parking_lot v0.12.5
[INFO] [stderr]    Compiling tokio v1.52.1
[INFO] [stderr]    Compiling tempfile v3.27.0
[INFO] [stderr]    Compiling rusty-fork v0.3.1
[INFO] [stderr]    Compiling regex-automata v0.4.14
[INFO] [stderr]    Compiling proptest v1.11.0
[INFO] [stderr]    Compiling native-tls v0.2.18
[INFO] [stderr]    Compiling tokio-util v0.7.18
[INFO] [stderr]    Compiling tower v0.5.3
[INFO] [stderr]    Compiling tokio-rustls v0.26.4
[INFO] [stderr]    Compiling tokio-native-tls v0.3.1
[INFO] [stderr]    Compiling sha256 v1.6.0
[INFO] [stderr]    Compiling arch_program v0.8.8
[INFO] [stderr]    Compiling tokio-tungstenite v0.26.2
[INFO] [stderr]    Compiling tower-http v0.6.8
[INFO] [stderr]    Compiling h2 v0.4.13
[INFO] [stderr]    Compiling matchers v0.2.0
[INFO] [stderr]    Compiling regex v1.12.3
[INFO] [stderr]    Compiling tracing-subscriber v0.3.23
[INFO] [stderr]    Compiling hyper v1.9.0
[INFO] [stderr]    Compiling hyper-util v0.1.20
[INFO] [stderr]    Compiling hyper-tls v0.6.0
[INFO] [stderr]    Compiling hyper-rustls v0.27.9
[INFO] [stderr]    Compiling mockito v1.7.2
[INFO] [stderr]    Compiling reqwest v0.12.28
[INFO] [stderr]    Compiling arch-titan-client v1.3.5
[INFO] [stderr]    Compiling arch_sdk v0.8.8 (/opt/rustwide/workdir)
[INFO] [stderr]     Finished `release` profile [optimized] target(s) in 2m 27s
[INFO] [stderr] warning: the following packages contain code that will be rejected by a future version of Rust: borsh v1.6.1
[INFO] [stderr] note: to see what the problems were, use the option `--future-incompat-report`, or run `cargo report future-incompatibilities --id 2`
[INFO] running `Command { std: "docker" "inspect" "7bb23e49d66b257b595474b428b8827e62b8c1cb648652a56529429a4f550985", kill_on_drop: false }`
[INFO] running `Command { std: "docker" "exec" "-e" "SOURCE_DIR=/opt/rustwide/workdir" "-e" "CARGO_HOME=/opt/rustwide/cargo-home" "-e" "RUSTUP_HOME=/opt/rustwide/rustup-home" "-e" "CARGO_TARGET_DIR=/opt/rustwide/target" "-e" "CARGO_INCREMENTAL=0" "-e" "RUST_BACKTRACE=full" "-e" "RUSTFLAGS=--cap-lints=warn" "-e" "RUSTDOCFLAGS=--cap-lints=warn" "-w" "/opt/rustwide/workdir" "--user" "0:0" "7bb23e49d66b257b595474b428b8827e62b8c1cb648652a56529429a4f550985" "/opt/rustwide/cargo-home/bin/cargo" "+1.99.0-beta.1" "test" "--frozen" "--release", kill_on_drop: false }`
[INFO] [stderr]     Finished `release` profile [optimized] target(s) in 0.31s
[INFO] [stderr] warning: the following packages contain code that will be rejected by a future version of Rust: borsh v1.6.1
[INFO] [stderr] note: to see what the problems were, use the option `--future-incompat-report`, or run `cargo report future-incompatibilities --id 2`
[INFO] [stderr]      Running unittests src/lib.rs (/opt/rustwide/target/release/deps/arch_sdk-e84f291d4f52a90e)
[INFO] [stdout] 
[INFO] [stdout] running 89 tests
[INFO] [stdout] test client::rpc::tests::test_is_transaction_execution_complete_function ... ok
[INFO] [stdout] test client::rpc::tests::test_call_method_basic ... ok
[INFO] [stdout] test client::rpc::tests::test_get_block ... ok
[INFO] [stdout] test client::rpc::tests::test_get_block_hash ... ok
[INFO] [stdout] test client::rpc::tests::test_get_program_accounts ... ok
[INFO] [stdout] test client::rpc::tests::test_get_multiple_accounts ... ok
[INFO] [stdout] test client::rpc::tests::test_get_best_block_hash ... ok
[INFO] [stdout] test client::rpc::tests::test_get_transaction_status ... ok
[INFO] [stdout] test helper::async_program_deployment::tests::extend_bytes_max_len_fills_runtime_transaction ... ok
[INFO] [stdout] test client::rpc::tests::test_call_method_basic_inside_current_thread_runtime ... ok
[INFO] [stdout] test client::rpc::tests::test_get_full_block ... ok
[INFO] [stdout] test helper::bip322::bip322_tests::test_sign_with_random_nonce ... FAILED
[INFO] [stdout] test client::rpc::tests::test_get_block_by_height ... ok
[INFO] [stdout] test types::block::tests::test_block_serialization_deserialization ... ok
[INFO] [stdout] test types::block::tests::test_max_serialized_size ... ok
[INFO] [stdout] test types::block::tests::test_min_serialized_size ... ok
[INFO] [stdout] test client::rpc::tests::test_not_found_error ... ok
[INFO] [stdout] test types::event::tests::block_event_timestamp_handles_u128_max ... ok
[INFO] [stdout] test types::event::tests::block_event_timestamp_serializes_as_string ... ok
[INFO] [stdout] test types::processed_transaction::tests::finalized_status_is_terminal ... ok
[INFO] [stdout] test types::processed_transaction::tests::finalized_status_round_trips ... ok
[INFO] [stdout] test types::processed_transaction::tests::rollback_default_message_size ... ok
[INFO] [stdout] test types::processed_transaction::tests::test_biggest_processed_transaction_within_max_size ... ok
[INFO] [stdout] test types::processed_transaction::tests::test_compute_units_consumed_edge_cases ... ok
[INFO] [stdout] test types::processed_transaction::tests::test_corrupt_accounts_length_in_instruction_returns_error ... ok
[INFO] [stdout] test types::block::tests::test_size_tracker ... ok
[INFO] [stdout] test types::processed_transaction::tests::test_deserialization_failed_message_too_long ... ok
[INFO] [stdout] test types::processed_transaction::tests::test_deserialization_log_message_too_long ... ok
[INFO] [stdout] test types::processed_transaction::tests::test_deserialization_too_many_log_messages ... ok
[INFO] [stdout] test types::processed_transaction::tests::test_empty_log_messages ... ok
[INFO] [stdout] test types::processed_transaction::tests::test_failed_status_with_inner_instructions_alignment ... ok
[INFO] [stdout] test types::processed_transaction::tests::test_from_fixed_array_invalid_utf8 ... ok
[INFO] [stdout] test client::rpc::tests::test_call_method_complex_type ... ok
[INFO] [stdout] test types::processed_transaction::tests::test_from_fixed_array_msg_len_exceeds_buffer ... ok
[INFO] [stdout] test types::processed_transaction::tests::test_from_vec_inner_instruction_consumed_len_exceeds_error ... ok
[INFO] [stdout] test types::processed_transaction::tests::test_inner_instructions_empty_list_roundtrip ... ok
[INFO] [stdout] test types::processed_transaction::tests::test_inner_instruction_max_accounts_and_max_data_roundtrip ... ok
[INFO] [stdout] test types::processed_transaction::tests::test_inner_instruction_zero_accounts_zero_data_roundtrip ... ok
[INFO] [stdout] test types::processed_transaction::tests::test_inner_instructions_non_empty_roundtrip ... ok
[INFO] [stdout] test types::processed_transaction::tests::test_inner_instructions_single_outer_empty_roundtrip ... ok
[INFO] [stdout] test types::processed_transaction::tests::test_log_message_exactly_at_limit ... ok
[INFO] [stdout] test types::processed_transaction::tests::test_malformed_status_flag_returns_error ... ok
[INFO] [stdout] test types::processed_transaction::tests::test_multiple_log_messages_within_limits ... ok
[INFO] [stdout] test types::processed_transaction::tests::test_multiple_outers_mixed_empty_and_nonempty_roundtrip ... ok
[INFO] [stdout] test types::processed_transaction::tests::test_no_log_messages ... ok
[INFO] [stdout] test types::processed_transaction::tests::test_outer_len_at_max_roundtrip_ok ... ok
[INFO] [stdout] test types::processed_transaction::tests::test_outer_len_mismatch_returns_error ... ok
[INFO] [stdout] test types::processed_transaction::tests::test_rollback_with_message ... ok
[INFO] [stdout] test types::processed_transaction::tests::test_rollback_with_message_too_long ... ok
[INFO] [stdout] test types::block::tests::test_block_hash ... ok
[INFO] [stdout] test types::processed_transaction::tests::test_inner_instructions_length_mismatch_returns_error ... ok
[INFO] [stdout] test types::processed_transaction::tests::test_serialization_failed_message_too_long ... ok
[INFO] [stdout] test types::processed_transaction::tests::test_serialization_log_message_gets_truncated ... ok
[INFO] [stdout] test types::processed_transaction::tests::test_serialization_not_rolledback ... ok
[INFO] [stdout] test types::processed_transaction::tests::test_serialization_too_many_log_messages ... ok
[INFO] [stdout] test types::processed_transaction::tests::test_to_vec_inner_instruction_serialized_size_exceeds_direct_error ... ok
[INFO] [stdout] test types::processed_transaction::tests::test_to_vec_too_many_inners_single_outer_direct_error ... ok
[INFO] [stdout] test types::processed_transaction::tests::test_to_vec_too_many_outer_instructions_direct_error ... ok
[INFO] [stdout] test types::processed_transaction::tests::test_to_vec_total_inners_exceeds_direct_error ... ok
[INFO] [stdout] test client::rpc::tests::test_get_full_block_by_height ... ok
[INFO] [stdout] test types::processed_transaction::tests::test_too_many_inner_instructions_cumulative_returns_error ... ok
[INFO] [stdout] test types::processed_transaction::tests::test_too_many_inner_instructions_single_outer_returns_error ... ok
[INFO] [stdout] test types::processed_transaction::tests::test_too_many_outer_instructions_returns_error ... ok
[INFO] [stdout] test types::processed_transaction::tests::test_total_inners_cumulative_exceeds_returns_error ... ok
[INFO] [stdout] test types::processed_transaction::tests::test_total_inners_at_max_roundtrip_ok ... ok
[INFO] [stdout] test types::processed_transaction::tests::unknown_rollback_status_tag_is_rejected ... ok
[INFO] [stdout] test types::processed_transaction::tests::test_serialization_exactly_max_log_messages ... ok
[INFO] [stdout] test types::runtime_transaction::tests::test_all_allowed_versions_are_valid ... ok
[INFO] [stdout] test types::runtime_transaction::tests::test_from_slice_insufficient_data ... ok
[INFO] [stdout] test types::runtime_transaction::tests::test_serde_roundtrip ... ok
[INFO] [stdout] test types::runtime_transaction::tests::test_transaction_size_limit_boundary ... ok
[INFO] [stdout] test types::signature::tests::fuzz_serialize_deserialize_signature ... ok
[INFO] [stdout] test types::signature::tests::test_serde_serialize_deserialize ... ok
[INFO] [stdout] test types::transaction_to_sign::tests::test_serialize_and_back ... ok
[INFO] [stdout] test types::processed_transaction::tests::test_truncated_inner_instruction_returns_error ... ok
[INFO] [stdout] test types::transaction_to_sign::tests::test_more_than_allowed_inputs_should_fail ... ok
[INFO] [stdout] test types::runtime_transaction::tests::test_version_not_in_allowed_versions ... ok
[INFO] [stdout] test types::transaction_to_sign::tests::test_sdk_and_program_serialization_consistency ... ok
[INFO] [stdout] test client::runtime::tests::block_on_from_current_thread_runtime_does_not_panic ... ok
[INFO] [stdout] test helper::utxo::tests::block_on_bridge_works_inside_current_thread_runtime ... ok
[INFO] [stdout] test client::rpc::tests::test_get_block_count ... ok
[INFO] [stdout] test client::rpc::tests::test_get_network_pubkey ... ok
[INFO] [stdout] test client::rpc::tests::test_get_processed_transaction ... ok
[INFO] [stdout] test client::rpc::tests::test_send_transaction ... ok
[INFO] [stdout] test client::rpc::tests::test_send_transactions ... ok
[INFO] [stdout] test client::rpc::tests::test_read_account_info ... ok
[INFO] [stdout] test helper::program_deployment::tests::try_deploy_program_returns_elf_error_inside_current_thread_runtime ... ok
[INFO] [stdout] test client::rpc::tests::test_rpc_error_handling ... ok
[INFO] [stdout] test helper::async_program_deployment::tests::refreshes_blockhash_for_each_elf_batch ... ok
[INFO] [stdout] 
[INFO] [stdout] failures:
[INFO] [stdout] 
[INFO] [stdout] ---- helper::bip322::bip322_tests::test_sign_with_random_nonce stdout ----
[INFO] [stdout] 
[INFO] [stdout] thread 'helper::bip322::bip322_tests::test_sign_with_random_nonce' (4334) panicked at src/helper/bip322.rs:192:18:
[INFO] [stdout] getting first account info should not fail: Os { code: 30, kind: ReadOnlyFilesystem, message: "Read-only file system" }
[INFO] [stdout] stack backtrace:
[INFO] [stdout]    0:     0x645035a377a1 - <<std[104cf6e2632825ea]::sys::backtrace::BacktraceLock>::print::DisplayBacktrace as core[7c831bd917ebf35f]::fmt::Display>::fmt
[INFO] [stdout]    1:     0x645035a4fc9a - core[7c831bd917ebf35f]::fmt::write
[INFO] [stdout]    2:     0x645035a3c9fc - <alloc[2fdc3f7464fcf288]::vec::Vec<u8> as core[7c831bd917ebf35f]::io::write::Write>::write_fmt
[INFO] [stdout]    3:     0x645035a10d96 - std[104cf6e2632825ea]::panicking::default_hook::{closure#0}
[INFO] [stdout]    4:     0x645035a2ec49 - std[104cf6e2632825ea]::panicking::default_hook
[INFO] [stdout]    5:     0x645035575590 - test[73009c9f9aebf890]::test_main_inner::<test[73009c9f9aebf890]::test_main_static::{closure#0}>::{closure#0}
[INFO] [stdout]    6:     0x645035a2ef72 - std[104cf6e2632825ea]::panicking::panic_with_hook
[INFO] [stdout]    7:     0x645035a10e42 - std[104cf6e2632825ea]::panicking::panic_handler::{closure#0}
[INFO] [stdout]    8:     0x645035a09099 - std[104cf6e2632825ea]::sys::backtrace::__rust_end_short_backtrace::<std[104cf6e2632825ea]::panicking::panic_handler::{closure#0}, !>
[INFO] [stdout]    9:     0x645035a11c2d - __rustc[b0d56fa5b193ad05]::rust_begin_unwind
[INFO] [stdout]   10:     0x645035a5047c - core[7c831bd917ebf35f]::panicking::panic_fmt
[INFO] [stdout]   11:     0x645035a50252 - core[7c831bd917ebf35f]::result::unwrap_failed
[INFO] [stdout]   12:     0x645035553cad - arch_sdk[df03c4deb11822b2]::helper::bip322::bip322_tests::test_sign_with_random_nonce
[INFO] [stdout]   13:     0x645035536e39 - <arch_sdk[df03c4deb11822b2]::helper::bip322::bip322_tests::test_sign_with_random_nonce::{closure#0} as core[7c831bd917ebf35f]::ops::function::FnOnce<()>>::call_once
[INFO] [stdout]   14:     0x64503556887b - test[73009c9f9aebf890]::__rust_begin_short_backtrace::<core[7c831bd917ebf35f]::result::Result<(), alloc[2fdc3f7464fcf288]::string::String>, fn() -> core[7c831bd917ebf35f]::result::Result<(), alloc[2fdc3f7464fcf288]::string::String>>
[INFO] [stdout]   15:     0x645035575ee5 - test[73009c9f9aebf890]::run_test::{closure#0}
[INFO] [stdout]   16:     0x64503556f2a4 - std[104cf6e2632825ea]::sys::backtrace::__rust_begin_short_backtrace::<test[73009c9f9aebf890]::run_test::{closure#1}, ()>
[INFO] [stdout]   17:     0x645035579042 - <std[104cf6e2632825ea]::thread::lifecycle::spawn_unchecked<test[73009c9f9aebf890]::run_test::{closure#1}, ()>::{closure#1} as core[7c831bd917ebf35f]::ops::function::FnOnce<()>>::call_once::{shim:vtable#0}
[INFO] [stdout]   18:     0x645035a36449 - <std[104cf6e2632825ea]::sys::thread::unix::Thread>::new::thread_start
[INFO] [stdout]   19:     0x75f40e91c07a - <unknown>
[INFO] [stdout]   20:     0x75f40e9af534 - clone
[INFO] [stdout]   21:                0x0 - <unknown>
[INFO] [stdout] 
[INFO] [stdout] 
[INFO] [stdout] failures:
[INFO] [stdout]     helper::bip322::bip322_tests::test_sign_with_random_nonce
[INFO] [stdout] 
[INFO] [stdout] test result: FAILED. 88 passed; 1 failed; 0 ignored; 0 measured; 0 filtered out; finished in 0.32s
[INFO] [stdout] 
[INFO] [stderr] error: test failed, to rerun pass `--lib`
[INFO] running `Command { std: "docker" "inspect" "7bb23e49d66b257b595474b428b8827e62b8c1cb648652a56529429a4f550985", kill_on_drop: false }`
[INFO] running `Command { std: "docker" "rm" "-f" "7bb23e49d66b257b595474b428b8827e62b8c1cb648652a56529429a4f550985", kill_on_drop: false }`
[INFO] [stdout] 7bb23e49d66b257b595474b428b8827e62b8c1cb648652a56529429a4f550985
