[INFO] cloning repository https://github.com/matsu-may/Loyalty-Punch-Card
[INFO] running `Command { std: "git" "-c" "credential.helper=" "-c" "credential.helper=/workspace/cargo-home/bin/git-credential-null" "clone" "--bare" "https://github.com/matsu-may/Loyalty-Punch-Card" "/workspace/cache/git-repos/https%3A%2F%2Fgithub.com%2Fmatsu-may%2FLoyalty-Punch-Card", kill_on_drop: false }`
[INFO] [stderr] Cloning into bare repository '/workspace/cache/git-repos/https%3A%2F%2Fgithub.com%2Fmatsu-may%2FLoyalty-Punch-Card'...
[INFO] running `Command { std: "git" "rev-parse" "HEAD", kill_on_drop: false }`
[INFO] [stdout] c1906b1143761b909608e152f13b1b8129af00c0
[INFO] testing matsu-may/Loyalty-Punch-Card against 1.99.0-beta.1+cargoflags=--release for beta-release-1.99-2
[INFO] running `Command { std: "git" "clone" "/workspace/cache/git-repos/https%3A%2F%2Fgithub.com%2Fmatsu-may%2FLoyalty-Punch-Card" "/workspace/builds/worker-0-tc2/source", kill_on_drop: false }`
[INFO] [stderr] Cloning into '/workspace/builds/worker-0-tc2/source'...
[INFO] [stderr] done.
[INFO] started tweaking git repo https://github.com/matsu-may/Loyalty-Punch-Card
[INFO] finished tweaking git repo https://github.com/matsu-may/Loyalty-Punch-Card
[INFO] tweaked toml for git repo https://github.com/matsu-may/Loyalty-Punch-Card written to /workspace/builds/worker-0-tc2/source/Cargo.toml
[INFO] validating manifest of git repo https://github.com/matsu-may/Loyalty-Punch-Card on toolchain 1.99.0-beta.1
[INFO] running `Command { std: CARGO_HOME="/workspace/cargo-home" RUSTUP_HOME="/workspace/rustup-home" "/workspace/cargo-home/bin/cargo" "+1.99.0-beta.1" "metadata" "--manifest-path" "Cargo.toml" "--no-deps", kill_on_drop: false }`
[INFO] crate git repo https://github.com/matsu-may/Loyalty-Punch-Card already has a lockfile, it will not be regenerated
[INFO] running `Command { std: CARGO_HOME="/workspace/cargo-home" RUSTUP_HOME="/workspace/rustup-home" "/workspace/cargo-home/bin/cargo" "+1.99.0-beta.1" "fetch" "--manifest-path" "Cargo.toml", kill_on_drop: false }`
[INFO] running `Command { std: "docker" "create" "-v" "/var/lib/crater-agent-workspace/builds/worker-0-tc2/source:/opt/rustwide/workdir:ro,Z" "-v" "/var/lib/crater-agent-workspace/builds/worker-0-tc2/target:/opt/rustwide/target:rw,Z" "-v" "/var/lib/crater-agent-workspace/cargo-home:/opt/rustwide/cargo-home:ro,Z" "-v" "/var/lib/crater-agent-workspace/rustup-home:/opt/rustwide/rustup-home:ro,Z" "-m" "1610612736" "--network" "none" "ghcr.io/rust-lang/crates-build-env/linux@sha256:8683fc1fc2eb5c9ac98e0d076ab094b2ffac7f99da555d2b6a2e27f346de2ec7" "sleep" "infinity", kill_on_drop: false }`
[INFO] [stdout] 4811b56ce259b610258c21136b57b4986d4cf3c997f57979ee1f93d4f9a9ec8d
[INFO] running `Command { std: "docker" "start" "4811b56ce259b610258c21136b57b4986d4cf3c997f57979ee1f93d4f9a9ec8d", kill_on_drop: false }`
[INFO] running `Command { std: "docker" "inspect" "4811b56ce259b610258c21136b57b4986d4cf3c997f57979ee1f93d4f9a9ec8d", kill_on_drop: false }`
[INFO] running `Command { std: "docker" "exec" "-e" "SOURCE_DIR=/opt/rustwide/workdir" "-e" "CARGO_HOME=/opt/rustwide/cargo-home" "-e" "RUSTUP_HOME=/opt/rustwide/rustup-home" "-e" "CARGO_TARGET_DIR=/opt/rustwide/target" "-w" "/opt/rustwide/workdir" "--user" "0:0" "4811b56ce259b610258c21136b57b4986d4cf3c997f57979ee1f93d4f9a9ec8d" "/opt/rustwide/cargo-home/bin/cargo" "+1.99.0-beta.1" "metadata" "--no-deps" "--format-version=1", kill_on_drop: false }`
[INFO] running `Command { std: "docker" "inspect" "4811b56ce259b610258c21136b57b4986d4cf3c997f57979ee1f93d4f9a9ec8d", kill_on_drop: false }`
[INFO] running `Command { std: "docker" "exec" "-e" "SOURCE_DIR=/opt/rustwide/workdir" "-e" "CARGO_HOME=/opt/rustwide/cargo-home" "-e" "RUSTUP_HOME=/opt/rustwide/rustup-home" "-e" "CARGO_TARGET_DIR=/opt/rustwide/target" "-e" "CARGO_INCREMENTAL=0" "-e" "RUST_BACKTRACE=full" "-e" "RUSTFLAGS=--cap-lints=warn" "-e" "RUSTDOCFLAGS=--cap-lints=warn" "-w" "/opt/rustwide/workdir" "--user" "0:0" "4811b56ce259b610258c21136b57b4986d4cf3c997f57979ee1f93d4f9a9ec8d" "/opt/rustwide/cargo-home/bin/cargo" "+1.99.0-beta.1" "build" "--frozen" "--message-format=json" "--release", kill_on_drop: false }`
[INFO] [stderr]    Compiling proc-macro2 v1.0.106
[INFO] [stderr]    Compiling quote v1.0.45
[INFO] [stderr]    Compiling unicode-ident v1.0.24
[INFO] [stderr]    Compiling version_check v0.9.5
[INFO] [stderr]    Compiling zmij v1.0.21
[INFO] [stderr]    Compiling serde_core v1.0.228
[INFO] [stderr]    Compiling serde v1.0.228
[INFO] [stderr]    Compiling serde_json v1.0.149
[INFO] [stderr]    Compiling memchr v2.8.0
[INFO] [stderr]    Compiling itoa v1.0.18
[INFO] [stderr]    Compiling cfg-if v1.0.4
[INFO] [stderr]    Compiling typenum v1.20.0
[INFO] [stderr]    Compiling subtle v2.6.1
[INFO] [stderr]    Compiling libc v0.2.186
[INFO] [stderr]    Compiling autocfg v1.5.0
[INFO] [stderr]    Compiling generic-array v0.14.9
[INFO] [stderr]    Compiling const-oid v0.9.6
[INFO] [stderr]    Compiling strsim v0.11.1
[INFO] [stderr]    Compiling ident_case v1.0.1
[INFO] [stderr]    Compiling zerocopy v0.8.48
[INFO] [stderr]    Compiling syn v1.0.109
[INFO] [stderr]    Compiling num-traits v0.2.19
[INFO] [stderr]    Compiling syn v2.0.117
[INFO] [stderr]    Compiling semver v1.0.28
[INFO] [stderr]    Compiling getrandom v0.2.17
[INFO] [stderr]    Compiling schemars v0.8.22
[INFO] [stderr]    Compiling paste v1.0.15
[INFO] [stderr]    Compiling dyn-clone v1.0.20
[INFO] [stderr]    Compiling rand_core v0.6.4
[INFO] [stderr]    Compiling num-integer v0.1.46
[INFO] [stderr]    Compiling data-encoding v2.11.0
[INFO] [stderr]    Compiling crypto-common v0.1.6
[INFO] [stderr]    Compiling block-buffer v0.10.4
[INFO] [stderr]    Compiling cpufeatures v0.2.17
[INFO] [stderr]    Compiling num-bigint v0.4.6
[INFO] [stderr]    Compiling digest v0.10.7
[INFO] [stderr]    Compiling sha2 v0.10.9
[INFO] [stderr]    Compiling ahash v0.8.12
[INFO] [stderr]    Compiling ethnum v1.5.3
[INFO] [stderr]    Compiling escape-bytes v0.1.1
[INFO] [stderr]    Compiling ff v0.13.1
[INFO] [stderr]    Compiling rustc_version v0.4.1
[INFO] [stderr]    Compiling once_cell v1.21.4
[INFO] [stderr]    Compiling either v1.15.0
[INFO] [stderr]    Compiling base16ct v0.2.0
[INFO] [stderr]    Compiling itertools v0.10.5
[INFO] [stderr]    Compiling group v0.13.0
[INFO] [stderr]    Compiling libm v0.2.16
[INFO] [stderr]    Compiling thiserror v1.0.69
[INFO] [stderr]    Compiling equivalent v1.0.2
[INFO] [stderr]    Compiling hashbrown v0.17.0
[INFO] [stderr]    Compiling indexmap v2.14.0
[INFO] [stderr]    Compiling curve25519-dalek v4.1.3
[INFO] [stderr]    Compiling indexmap-nostd v0.4.0
[INFO] [stderr]    Compiling downcast-rs v1.2.1
[INFO] [stderr]    Compiling ppv-lite86 v0.2.21
[INFO] [stderr]    Compiling darling_core v0.23.0
[INFO] [stderr]    Compiling hashbrown v0.13.2
[INFO] [stderr]    Compiling prettyplease v0.2.37
[INFO] [stderr]    Compiling rand_chacha v0.3.1
[INFO] [stderr]    Compiling fnv v1.0.7
[INFO] [stderr]    Compiling rand v0.8.6
[INFO] [stderr]    Compiling wasmi_core v0.13.0
[INFO] [stderr]    Compiling darling_core v0.20.11
[INFO] [stderr]    Compiling ark-std v0.4.0
[INFO] [stderr]    Compiling wasmparser v0.116.1
[INFO] [stderr]    Compiling wasmparser-nostd v0.100.2
[INFO] [stderr]    Compiling serde_derive v1.0.228
[INFO] [stderr]    Compiling zeroize_derive v1.4.3
[INFO] [stderr]    Compiling cfg_eval v0.1.2
[INFO] [stderr]    Compiling zeroize v1.8.2
[INFO] [stderr]    Compiling ark-serialize-derive v0.4.2
[INFO] [stderr]    Compiling ark-ff-asm v0.4.2
[INFO] [stderr]    Compiling der v0.7.10
[INFO] [stderr]    Compiling derivative v2.2.0
[INFO] [stderr]    Compiling darling_macro v0.23.0
[INFO] [stderr]    Compiling darling v0.23.0
[INFO] [stderr]    Compiling serde_with_macros v3.18.0
[INFO] [stderr]    Compiling signature v2.2.0
[INFO] [stderr]    Compiling ark-serialize v0.4.2
[INFO] [stderr]    Compiling sec1 v0.7.3
[INFO] [stderr]    Compiling crypto-bigint v0.5.5
[INFO] [stderr]    Compiling ark-ff-macros v0.4.2
[INFO] [stderr]    Compiling hmac v0.12.1
[INFO] [stderr]    Compiling thiserror-impl v1.0.69
[INFO] [stderr]    Compiling rfc6979 v0.4.0
[INFO] [stderr]    Compiling num-derive v0.4.2
[INFO] [stderr]    Compiling curve25519-dalek-derive v0.1.1
[INFO] [stderr]    Compiling ark-ff v0.4.2
[INFO] [stderr]    Compiling base64 v0.22.1
[INFO] [stderr]    Compiling wasmi_arena v0.4.1
[INFO] [stderr]    Compiling elliptic-curve v0.13.8
[INFO] [stderr]    Compiling ecdsa v0.16.9
[INFO] [stderr]    Compiling crate-git-revision v0.0.6
[INFO] [stderr]    Compiling hex v0.4.3
[INFO] [stderr]    Compiling stellar-strkey v0.0.13
[INFO] [stderr]    Compiling stellar-xdr v25.0.0
[INFO] [stderr]    Compiling soroban-env-common v25.0.1
[INFO] [stderr]    Compiling spin v0.9.8
[INFO] [stderr]    Compiling heapless v0.8.0
[INFO] [stderr]    Compiling byteorder v1.5.0
[INFO] [stderr]    Compiling smallvec v1.15.1
[INFO] [stderr]    Compiling hash32 v0.3.1
[INFO] [stderr]    Compiling soroban-wasmi v0.31.1-soroban.20.0.1
[INFO] [stderr]    Compiling stellar-strkey v0.0.16
[INFO] [stderr]    Compiling primeorder v0.13.6
[INFO] [stderr]    Compiling serde_with v3.18.0
[INFO] [stderr]    Compiling darling_macro v0.20.11
[INFO] [stderr]    Compiling ed25519 v2.2.3
[INFO] [stderr]    Compiling static_assertions v1.1.0
[INFO] [stderr]    Compiling keccak v0.1.6
[INFO] [stderr]    Compiling soroban-env-host v25.0.1
[INFO] [stderr]    Compiling stable_deref_trait v1.2.1
[INFO] [stderr]    Compiling sha3 v0.10.9
[INFO] [stderr]    Compiling ed25519-dalek v2.2.0
[INFO] [stderr]    Compiling darling v0.20.11
[INFO] [stderr]    Compiling p256 v0.13.2
[INFO] [stderr]    Compiling k256 v0.13.4
[INFO] [stderr]    Compiling ark-poly v0.4.2
[INFO] [stderr]    Compiling soroban-sdk v25.3.1
[INFO] [stderr]    Compiling soroban-builtin-sdk-macros v25.0.1
[INFO] [stderr]    Compiling macro-string v0.1.4
[INFO] [stderr]    Compiling ark-ec v0.4.2
[INFO] [stderr]    Compiling heck v0.5.0
[INFO] [stderr]    Compiling hex-literal v0.4.1
[INFO] [stderr]    Compiling bytes-lit v0.0.5
[INFO] [stderr]    Compiling visibility v0.1.1
[INFO] [stderr]    Compiling ark-bn254 v0.4.0
[INFO] [stderr]    Compiling ark-bls12-381 v0.4.0
[INFO] [stderr]    Compiling soroban-spec v25.3.1
[INFO] [stderr]    Compiling soroban-spec-rust v25.3.1
[INFO] [stderr]    Compiling soroban-env-macros v25.0.1
[INFO] [stderr]    Compiling soroban-sdk-macros v25.3.1
[INFO] [stderr]    Compiling points-token v0.1.0 (/opt/rustwide/workdir/contracts/points-token)
[INFO] [stderr]    Compiling loyalty v0.1.0 (/opt/rustwide/workdir/contracts/loyalty)
[INFO] [stdout] warning: use of deprecated method `soroban_sdk::events::Events::publish`: use the #[contractevent] macro on a contract event type
[INFO] [stdout]    --> contracts/loyalty/src/lib.rs:103:22
[INFO] [stdout]     |
[INFO] [stdout] 103 |         env.events().publish(
[INFO] [stdout]     |                      ^^^^^^^
[INFO] [stdout]     |
[INFO] [stdout]     = note: `#[warn(deprecated)]` on by default
[INFO] [stdout] 
[INFO] [stdout] 
[INFO] [stdout] warning: use of deprecated method `soroban_sdk::events::Events::publish`: use the #[contractevent] macro on a contract event type
[INFO] [stdout]    --> contracts/loyalty/src/lib.rs:135:22
[INFO] [stdout]     |
[INFO] [stdout] 135 |         env.events().publish(
[INFO] [stdout]     |                      ^^^^^^^
[INFO] [stdout] 
[INFO] [stdout] 
[INFO] [stdout] warning: use of deprecated method `soroban_sdk::events::Events::publish`: use the #[contractevent] macro on a contract event type
[INFO] [stdout]   --> contracts/points-token/src/lib.rs:70:14
[INFO] [stdout]    |
[INFO] [stdout] 70 |             .publish((Symbol::new(&env, "mint"), admin, to.clone()), amount);
[INFO] [stdout]    |              ^^^^^^^
[INFO] [stdout]    |
[INFO] [stdout]    = note: `#[warn(deprecated)]` on by default
[INFO] [stdout] 
[INFO] [stdout] 
[INFO] [stdout] warning: use of deprecated method `soroban_sdk::events::Events::publish`: use the #[contractevent] macro on a contract event type
[INFO] [stdout]    --> contracts/loyalty/src/lib.rs:186:22
[INFO] [stdout]     |
[INFO] [stdout] 186 |         env.events().publish(
[INFO] [stdout]     |                      ^^^^^^^
[INFO] [stdout] 
[INFO] [stdout] 
[INFO] [stdout] warning: use of deprecated method `soroban_sdk::events::Events::publish`: use the #[contractevent] macro on a contract event type
[INFO] [stdout]   --> contracts/points-token/src/lib.rs:80:14
[INFO] [stdout]    |
[INFO] [stdout] 80 |             .publish((Symbol::new(&env, "set_admin"), admin), new_admin);
[INFO] [stdout]    |              ^^^^^^^
[INFO] [stdout] 
[INFO] [stdout] 
[INFO] [stdout] warning: use of deprecated method `soroban_sdk::events::Events::publish`: use the #[contractevent] macro on a contract event type
[INFO] [stdout]    --> contracts/loyalty/src/lib.rs:208:14
[INFO] [stdout]     |
[INFO] [stdout] 208 |             .publish((Symbol::new(&env, "token_set"), admin), new_token);
[INFO] [stdout]     |              ^^^^^^^
[INFO] [stdout] 
[INFO] [stdout] 
[INFO] [stdout] warning: use of deprecated method `soroban_sdk::events::Events::publish`: use the #[contractevent] macro on a contract event type
[INFO] [stdout]    --> contracts/points-token/src/lib.rs:122:22
[INFO] [stdout]     |
[INFO] [stdout] 122 |         env.events().publish(
[INFO] [stdout]     |                      ^^^^^^^
[INFO] [stdout] 
[INFO] [stdout] 
[INFO] [stdout] warning: use of deprecated method `soroban_sdk::events::Events::publish`: use the #[contractevent] macro on a contract event type
[INFO] [stdout]    --> contracts/points-token/src/lib.rs:139:14
[INFO] [stdout]     |
[INFO] [stdout] 139 |             .publish((Symbol::new(&env, "transfer"), from, to_addr), amount);
[INFO] [stdout]     |              ^^^^^^^
[INFO] [stdout] 
[INFO] [stdout] 
[INFO] [stdout] warning: use of deprecated method `soroban_sdk::events::Events::publish`: use the #[contractevent] macro on a contract event type
[INFO] [stdout]    --> contracts/points-token/src/lib.rs:149:14
[INFO] [stdout]     |
[INFO] [stdout] 149 |             .publish((Symbol::new(&env, "transfer"), from, to), amount);
[INFO] [stdout]     |              ^^^^^^^
[INFO] [stdout] 
[INFO] [stdout] 
[INFO] [stdout] warning: use of deprecated method `soroban_sdk::events::Events::publish`: use the #[contractevent] macro on a contract event type
[INFO] [stdout]    --> contracts/points-token/src/lib.rs:158:14
[INFO] [stdout]     |
[INFO] [stdout] 158 |             .publish((Symbol::new(&env, "burn"), from), amount);
[INFO] [stdout]     |              ^^^^^^^
[INFO] [stdout] 
[INFO] [stdout] 
[INFO] [stdout] warning: use of deprecated method `soroban_sdk::events::Events::publish`: use the #[contractevent] macro on a contract event type
[INFO] [stdout]    --> contracts/points-token/src/lib.rs:168:14
[INFO] [stdout]     |
[INFO] [stdout] 168 |             .publish((Symbol::new(&env, "burn"), from), amount);
[INFO] [stdout]     |              ^^^^^^^
[INFO] [stdout] 
[INFO] [stdout] 
[INFO] [stderr]     Finished `release` profile [optimized] target(s) in 3m 47s
[INFO] running `Command { std: "docker" "inspect" "4811b56ce259b610258c21136b57b4986d4cf3c997f57979ee1f93d4f9a9ec8d", kill_on_drop: false }`
[INFO] running `Command { std: "docker" "exec" "-e" "SOURCE_DIR=/opt/rustwide/workdir" "-e" "CARGO_HOME=/opt/rustwide/cargo-home" "-e" "RUSTUP_HOME=/opt/rustwide/rustup-home" "-e" "CARGO_TARGET_DIR=/opt/rustwide/target" "-e" "CARGO_INCREMENTAL=0" "-e" "RUST_BACKTRACE=full" "-e" "RUSTFLAGS=--cap-lints=warn" "-e" "RUSTDOCFLAGS=--cap-lints=warn" "-w" "/opt/rustwide/workdir" "--user" "0:0" "4811b56ce259b610258c21136b57b4986d4cf3c997f57979ee1f93d4f9a9ec8d" "/opt/rustwide/cargo-home/bin/cargo" "+1.99.0-beta.1" "test" "--frozen" "--no-run" "--message-format=json" "--release", kill_on_drop: false }`
[INFO] [stderr]    Compiling cfg-if v1.0.4
[INFO] [stderr]    Compiling typenum v1.20.0
[INFO] [stderr]    Compiling subtle v2.6.1
[INFO] [stderr]    Compiling const-oid v0.9.6
[INFO] [stderr]    Compiling zeroize v1.8.2
[INFO] [stderr]    Compiling libc v0.2.186
[INFO] [stderr]    Compiling num-traits v0.2.19
[INFO] [stderr]    Compiling zerocopy v0.8.48
[INFO] [stderr]    Compiling serde_core v1.0.228
[INFO] [stderr]    Compiling cpufeatures v0.2.17
[INFO] [stderr]    Compiling der v0.7.10
[INFO] [stderr]    Compiling once_cell v1.21.4
[INFO] [stderr]    Compiling either v1.15.0
[INFO] [stderr]    Compiling base16ct v0.2.0
[INFO] [stderr]    Compiling itertools v0.10.5
[INFO] [stderr]    Compiling zmij v1.0.21
[INFO] [stderr]    Compiling itoa v1.0.18
[INFO] [stderr]    Compiling generic-array v0.14.9
[INFO] [stderr]    Compiling memchr v2.8.0
[INFO] [stderr]    Compiling num-integer v0.1.46
[INFO] [stderr]    Compiling getrandom v0.2.17
[INFO] [stderr]    Compiling num-bigint v0.4.6
[INFO] [stderr]    Compiling rand_core v0.6.4
[INFO] [stderr]    Compiling schemars v0.8.22
[INFO] [stderr]    Compiling dyn-clone v1.0.20
[INFO] [stderr]    Compiling data-encoding v2.11.0
[INFO] [stderr]    Compiling ff v0.13.1
[INFO] [stderr]    Compiling crypto-common v0.1.6
[INFO] [stderr]    Compiling block-buffer v0.10.4
[INFO] [stderr]    Compiling group v0.13.0
[INFO] [stderr]    Compiling sec1 v0.7.3
[INFO] [stderr]    Compiling crypto-bigint v0.5.5
[INFO] [stderr]    Compiling digest v0.10.7
[INFO] [stderr]    Compiling signature v2.2.0
[INFO] [stderr]    Compiling sha2 v0.10.9
[INFO] [stderr]    Compiling hmac v0.12.1
[INFO] [stderr]    Compiling libm v0.2.16
[INFO] [stderr]    Compiling rfc6979 v0.4.0
[INFO] [stderr]    Compiling stellar-xdr v25.0.0
[INFO] [stderr]    Compiling derive_arbitrary v1.3.2
[INFO] [stderr]    Compiling hashbrown v0.17.0
[INFO] [stderr]    Compiling indexmap-nostd v0.4.0
[INFO] [stderr]    Compiling downcast-rs v1.2.1
[INFO] [stderr]    Compiling equivalent v1.0.2
[INFO] [stderr]    Compiling elliptic-curve v0.13.8
[INFO] [stderr]    Compiling serde v1.0.228
[INFO] [stderr]    Compiling serde_json v1.0.149
[INFO] [stderr]    Compiling ecdsa v0.16.9
[INFO] [stderr]    Compiling indexmap v2.14.0
[INFO] [stderr]    Compiling wasmi_core v0.13.0
[INFO] [stderr]    Compiling wasmparser-nostd v0.100.2
[INFO] [stderr]    Compiling arbitrary v1.3.2
[INFO] [stderr]    Compiling stellar-strkey v0.0.13
[INFO] [stderr]    Compiling hex v0.4.3
[INFO] [stderr]    Compiling soroban-env-common v25.0.1
[INFO] [stderr]    Compiling wasmi_arena v0.4.1
[INFO] [stderr]    Compiling spin v0.9.8
[INFO] [stderr]    Compiling semver v1.0.28
[INFO] [stderr]    Compiling escape-bytes v0.1.1
[INFO] [stderr]    Compiling smallvec v1.15.1
[INFO] [stderr]    Compiling ethnum v1.5.3
[INFO] [stderr]    Compiling base64 v0.22.1
[INFO] [stderr]    Compiling ppv-lite86 v0.2.21
[INFO] [stderr]    Compiling ahash v0.8.12
[INFO] [stderr]    Compiling hashbrown v0.13.2
[INFO] [stderr]    Compiling wasmparser v0.116.1
[INFO] [stderr]    Compiling curve25519-dalek v4.1.3
[INFO] [stderr]    Compiling rand_chacha v0.3.1
[INFO] [stderr]    Compiling primeorder v0.13.6
[INFO] [stderr]    Compiling rand v0.8.6
[INFO] [stderr]    Compiling ed25519 v2.2.3
[INFO] [stderr]    Compiling byteorder v1.5.0
[INFO] [stderr]    Compiling static_assertions v1.1.0
[INFO] [stderr]    Compiling soroban-env-host v25.0.1
[INFO] [stderr]    Compiling keccak v0.1.6
[INFO] [stderr]    Compiling hash32 v0.3.1
[INFO] [stderr]    Compiling p256 v0.13.2
[INFO] [stderr]    Compiling k256 v0.13.4
[INFO] [stderr]    Compiling sha3 v0.10.9
[INFO] [stderr]    Compiling serde_with v3.18.0
[INFO] [stderr]    Compiling ed25519-dalek v2.2.0
[INFO] [stderr]    Compiling ark-std v0.4.0
[INFO] [stderr]    Compiling ark-serialize v0.4.2
[INFO] [stderr]    Compiling thiserror v1.0.69
[INFO] [stderr]    Compiling stable_deref_trait v1.2.1
[INFO] [stderr]    Compiling hex-literal v0.4.1
[INFO] [stderr]    Compiling dtor-proc-macro v0.0.6
[INFO] [stderr]    Compiling ark-ff v0.4.2
[INFO] [stderr]    Compiling dtor v0.1.1
[INFO] [stderr]    Compiling heapless v0.8.0
[INFO] [stderr]    Compiling soroban-sdk v25.3.1
[INFO] [stderr]    Compiling ctor-proc-macro v0.0.6
[INFO] [stderr]    Compiling soroban-sdk-macros v25.3.1
[INFO] [stderr]    Compiling ctor v0.5.0
[INFO] [stderr]    Compiling stellar-strkey v0.0.16
[INFO] [stderr]    Compiling soroban-wasmi v0.31.1-soroban.20.0.1
[INFO] [stderr]    Compiling ark-poly v0.4.2
[INFO] [stderr]    Compiling ark-ec v0.4.2
[INFO] [stderr]    Compiling ark-bn254 v0.4.0
[INFO] [stderr]    Compiling ark-bls12-381 v0.4.0
[INFO] [stderr]    Compiling soroban-ledger-snapshot v25.3.1
[INFO] [stderr]    Compiling loyalty v0.1.0 (/opt/rustwide/workdir/contracts/loyalty)
[INFO] [stderr]    Compiling points-token v0.1.0 (/opt/rustwide/workdir/contracts/points-token)
[INFO] [stdout] warning: unused import: `token::StellarAssetClient as _`
[INFO] [stdout]  --> contracts/loyalty/src/test.rs:5:30
[INFO] [stdout]   |
[INFO] [stdout] 5 |     testutils::Address as _, token::StellarAssetClient as _, token::TokenClient, Address, Env,
[INFO] [stdout]   |                              ^^^^^^^^^^^^^^^^^^^^^^^^^^^^^^
[INFO] [stdout]   |
[INFO] [stdout]   = note: `#[warn(unused_imports)]` (part of `#[warn(unused)]`) on by default
[INFO] [stdout] 
[INFO] [stdout] 
[INFO] [stdout] warning: use of deprecated method `soroban_sdk::events::Events::publish`: use the #[contractevent] macro on a contract event type
[INFO] [stdout]   --> contracts/points-token/src/lib.rs:70:14
[INFO] [stdout]    |
[INFO] [stdout] 70 |             .publish((Symbol::new(&env, "mint"), admin, to.clone()), amount);
[INFO] [stdout]    |              ^^^^^^^
[INFO] [stdout]    |
[INFO] [stdout]    = note: `#[warn(deprecated)]` on by default
[INFO] [stdout] 
[INFO] [stdout] 
[INFO] [stdout] warning: use of deprecated method `soroban_sdk::events::Events::publish`: use the #[contractevent] macro on a contract event type
[INFO] [stdout]   --> contracts/points-token/src/lib.rs:80:14
[INFO] [stdout]    |
[INFO] [stdout] 80 |             .publish((Symbol::new(&env, "set_admin"), admin), new_admin);
[INFO] [stdout]    |              ^^^^^^^
[INFO] [stdout] 
[INFO] [stdout] 
[INFO] [stdout] warning: use of deprecated method `soroban_sdk::events::Events::publish`: use the #[contractevent] macro on a contract event type
[INFO] [stdout]    --> contracts/points-token/src/lib.rs:122:22
[INFO] [stdout]     |
[INFO] [stdout] 122 |         env.events().publish(
[INFO] [stdout]     |                      ^^^^^^^
[INFO] [stdout] 
[INFO] [stdout] 
[INFO] [stdout] warning: use of deprecated method `soroban_sdk::events::Events::publish`: use the #[contractevent] macro on a contract event type
[INFO] [stdout]    --> contracts/points-token/src/lib.rs:139:14
[INFO] [stdout]     |
[INFO] [stdout] 139 |             .publish((Symbol::new(&env, "transfer"), from, to_addr), amount);
[INFO] [stdout]     |              ^^^^^^^
[INFO] [stdout] 
[INFO] [stdout] 
[INFO] [stdout] warning: use of deprecated method `soroban_sdk::events::Events::publish`: use the #[contractevent] macro on a contract event type
[INFO] [stdout]    --> contracts/points-token/src/lib.rs:149:14
[INFO] [stdout]     |
[INFO] [stdout] 149 |             .publish((Symbol::new(&env, "transfer"), from, to), amount);
[INFO] [stdout]     |              ^^^^^^^
[INFO] [stdout] 
[INFO] [stdout] 
[INFO] [stdout] warning: use of deprecated method `soroban_sdk::events::Events::publish`: use the #[contractevent] macro on a contract event type
[INFO] [stdout]    --> contracts/points-token/src/lib.rs:158:14
[INFO] [stdout]     |
[INFO] [stdout] 158 |             .publish((Symbol::new(&env, "burn"), from), amount);
[INFO] [stdout]     |              ^^^^^^^
[INFO] [stdout] 
[INFO] [stdout] 
[INFO] [stdout] warning: use of deprecated method `soroban_sdk::events::Events::publish`: use the #[contractevent] macro on a contract event type
[INFO] [stdout]    --> contracts/points-token/src/lib.rs:168:14
[INFO] [stdout]     |
[INFO] [stdout] 168 |             .publish((Symbol::new(&env, "burn"), from), amount);
[INFO] [stdout]     |              ^^^^^^^
[INFO] [stdout] 
[INFO] [stdout] 
[INFO] [stdout] warning: use of deprecated method `soroban_sdk::events::Events::publish`: use the #[contractevent] macro on a contract event type
[INFO] [stdout]    --> contracts/loyalty/src/lib.rs:103:22
[INFO] [stdout]     |
[INFO] [stdout] 103 |         env.events().publish(
[INFO] [stdout]     |                      ^^^^^^^
[INFO] [stdout]     |
[INFO] [stdout]     = note: `#[warn(deprecated)]` on by default
[INFO] [stdout] 
[INFO] [stdout] 
[INFO] [stdout] warning: use of deprecated method `soroban_sdk::events::Events::publish`: use the #[contractevent] macro on a contract event type
[INFO] [stdout]    --> contracts/loyalty/src/lib.rs:135:22
[INFO] [stdout]     |
[INFO] [stdout] 135 |         env.events().publish(
[INFO] [stdout]     |                      ^^^^^^^
[INFO] [stdout] 
[INFO] [stdout] 
[INFO] [stdout] warning: use of deprecated method `soroban_sdk::events::Events::publish`: use the #[contractevent] macro on a contract event type
[INFO] [stdout]    --> contracts/loyalty/src/lib.rs:186:22
[INFO] [stdout]     |
[INFO] [stdout] 186 |         env.events().publish(
[INFO] [stdout]     |                      ^^^^^^^
[INFO] [stdout] 
[INFO] [stdout] 
[INFO] [stdout] warning: use of deprecated method `soroban_sdk::events::Events::publish`: use the #[contractevent] macro on a contract event type
[INFO] [stdout]    --> contracts/loyalty/src/lib.rs:208:14
[INFO] [stdout]     |
[INFO] [stdout] 208 |             .publish((Symbol::new(&env, "token_set"), admin), new_token);
[INFO] [stdout]     |              ^^^^^^^
[INFO] [stdout] 
[INFO] [stdout] 
[INFO] [stderr]     Finished `release` profile [optimized] target(s) in 3m 41s
[INFO] running `Command { std: "docker" "inspect" "4811b56ce259b610258c21136b57b4986d4cf3c997f57979ee1f93d4f9a9ec8d", kill_on_drop: false }`
[INFO] running `Command { std: "docker" "exec" "-e" "SOURCE_DIR=/opt/rustwide/workdir" "-e" "CARGO_HOME=/opt/rustwide/cargo-home" "-e" "RUSTUP_HOME=/opt/rustwide/rustup-home" "-e" "CARGO_TARGET_DIR=/opt/rustwide/target" "-e" "CARGO_INCREMENTAL=0" "-e" "RUST_BACKTRACE=full" "-e" "RUSTFLAGS=--cap-lints=warn" "-e" "RUSTDOCFLAGS=--cap-lints=warn" "-w" "/opt/rustwide/workdir" "--user" "0:0" "4811b56ce259b610258c21136b57b4986d4cf3c997f57979ee1f93d4f9a9ec8d" "/opt/rustwide/cargo-home/bin/cargo" "+1.99.0-beta.1" "test" "--frozen" "--release", kill_on_drop: false }`
[INFO] [stderr] warning: unused import: `token::StellarAssetClient as _`
[INFO] [stderr]  --> contracts/loyalty/src/test.rs:5:30
[INFO] [stderr]   |
[INFO] [stderr] 5 |     testutils::Address as _, token::StellarAssetClient as _, token::TokenClient, Address, Env,
[INFO] [stderr]   |                              ^^^^^^^^^^^^^^^^^^^^^^^^^^^^^^
[INFO] [stderr]   |
[INFO] [stderr]   = note: `#[warn(unused_imports)]` (part of `#[warn(unused)]`) on by default
[INFO] [stderr] 
[INFO] [stderr] warning: use of deprecated method `soroban_sdk::events::Events::publish`: use the #[contractevent] macro on a contract event type
[INFO] [stderr]    --> contracts/loyalty/src/lib.rs:103:22
[INFO] [stderr]     |
[INFO] [stderr] 103 |         env.events().publish(
[INFO] [stderr]     |                      ^^^^^^^
[INFO] [stderr]     |
[INFO] [stderr]     = note: `#[warn(deprecated)]` on by default
[INFO] [stderr] 
[INFO] [stderr] warning: use of deprecated method `soroban_sdk::events::Events::publish`: use the #[contractevent] macro on a contract event type
[INFO] [stderr]    --> contracts/loyalty/src/lib.rs:135:22
[INFO] [stderr]     |
[INFO] [stderr] 135 |         env.events().publish(
[INFO] [stderr]     |                      ^^^^^^^
[INFO] [stderr] 
[INFO] [stderr] warning: use of deprecated method `soroban_sdk::events::Events::publish`: use the #[contractevent] macro on a contract event type
[INFO] [stderr]    --> contracts/loyalty/src/lib.rs:186:22
[INFO] [stderr]     |
[INFO] [stderr] 186 |         env.events().publish(
[INFO] [stderr]     |                      ^^^^^^^
[INFO] [stderr] 
[INFO] [stderr] warning: use of deprecated method `soroban_sdk::events::Events::publish`: use the #[contractevent] macro on a contract event type
[INFO] [stderr]    --> contracts/loyalty/src/lib.rs:208:14
[INFO] [stderr]     |
[INFO] [stderr] 208 |             .publish((Symbol::new(&env, "token_set"), admin), new_token);
[INFO] [stderr]     |              ^^^^^^^
[INFO] [stderr] 
[INFO] [stderr] warning: use of deprecated method `soroban_sdk::events::Events::publish`: use the #[contractevent] macro on a contract event type
[INFO] [stderr]   --> contracts/points-token/src/lib.rs:70:14
[INFO] [stderr]    |
[INFO] [stderr] 70 |             .publish((Symbol::new(&env, "mint"), admin, to.clone()), amount);
[INFO] [stderr]    |              ^^^^^^^
[INFO] [stderr]    |
[INFO] [stderr]    = note: `#[warn(deprecated)]` on by default
[INFO] [stderr] 
[INFO] [stderr] warning: use of deprecated method `soroban_sdk::events::Events::publish`: use the #[contractevent] macro on a contract event type
[INFO] [stderr]   --> contracts/points-token/src/lib.rs:80:14
[INFO] [stderr]    |
[INFO] [stderr] 80 |             .publish((Symbol::new(&env, "set_admin"), admin), new_admin);
[INFO] [stderr]    |              ^^^^^^^
[INFO] [stderr] 
[INFO] [stderr] warning: use of deprecated method `soroban_sdk::events::Events::publish`: use the #[contractevent] macro on a contract event type
[INFO] [stderr]    --> contracts/points-token/src/lib.rs:122:22
[INFO] [stderr]     |
[INFO] [stderr] 122 |         env.events().publish(
[INFO] [stderr]     |                      ^^^^^^^
[INFO] [stderr] 
[INFO] [stderr] warning: use of deprecated method `soroban_sdk::events::Events::publish`: use the #[contractevent] macro on a contract event type
[INFO] [stderr]    --> contracts/points-token/src/lib.rs:139:14
[INFO] [stderr]     |
[INFO] [stderr] 139 |             .publish((Symbol::new(&env, "transfer"), from, to_addr), amount);
[INFO] [stderr]     |              ^^^^^^^
[INFO] [stderr] 
[INFO] [stderr] warning: use of deprecated method `soroban_sdk::events::Events::publish`: use the #[contractevent] macro on a contract event type
[INFO] [stderr]    --> contracts/points-token/src/lib.rs:149:14
[INFO] [stderr]     |
[INFO] [stderr] 149 |             .publish((Symbol::new(&env, "transfer"), from, to), amount);
[INFO] [stderr]     |              ^^^^^^^
[INFO] [stderr] 
[INFO] [stderr] warning: use of deprecated method `soroban_sdk::events::Events::publish`: use the #[contractevent] macro on a contract event type
[INFO] [stderr]    --> contracts/points-token/src/lib.rs:158:14
[INFO] [stderr]     |
[INFO] [stderr] 158 |             .publish((Symbol::new(&env, "burn"), from), amount);
[INFO] [stderr]     |              ^^^^^^^
[INFO] [stderr] 
[INFO] [stderr] warning: use of deprecated method `soroban_sdk::events::Events::publish`: use the #[contractevent] macro on a contract event type
[INFO] [stderr]    --> contracts/points-token/src/lib.rs:168:14
[INFO] [stderr]     |
[INFO] [stderr] 168 |             .publish((Symbol::new(&env, "burn"), from), amount);
[INFO] [stderr]     |              ^^^^^^^
[INFO] [stderr] 
[INFO] [stderr] warning: `loyalty` (lib test) generated 5 warnings (run `cargo fix --lib -p loyalty --tests` to apply 1 suggestion)
[INFO] [stderr] warning: `points-token` (lib test) generated 7 warnings
[INFO] [stderr]     Finished `release` profile [optimized] target(s) in 0.29s
[INFO] [stderr]      Running unittests src/lib.rs (/opt/rustwide/target/release/deps/loyalty-e2b5c7bba949266b)
[INFO] [stdout] 
[INFO] [stdout] running 17 tests
[INFO] [stdout] 
[INFO] [stdout] thread 'test::earn_stamp_rejects_self_stamping' (3333) panicked at /opt/rustwide/cargo-home/registry/src/index.crates.io-1949cf8c6b5b557f/soroban-env-host-25.0.1/src/host.rs:907:9:
[INFO] [stdout] HostError: Error(WasmVm, InvalidAction)
[INFO] [stdout] 
[INFO] [stdout] Event log (newest first):
[INFO] [stdout]    0: [Diagnostic Event] topics:[error, Error(WasmVm, InvalidAction)], data:"escalating error to panic"
[INFO] [stdout]    1: [Diagnostic Event] topics:[error, Error(WasmVm, InvalidAction)], data:["contract call failed", earn_stamp, [CAAAAAAAAAAAAAAAAAAAAAAAAAAAAAAAAAAAAAAAAAAAAAAAAAAAK3IM, CAAAAAAAAAAAAAAAAAAAAAAAAAAAAAAAAAAAAAAAAAAAAAAAAAAAK3IM]]
[INFO] [stdout]    2: [Failed Diagnostic Event (not emitted)] contract:CAAAAAAAAAAAAAAAAAAAAAAAAAAAAAAAAAAAAAAAAAAAAAAAAAAAITA4, topics:[error, Error(WasmVm, InvalidAction)], data:"caught error from function"
[INFO] [stdout]    3: [Failed Diagnostic Event (not emitted)] contract:CAAAAAAAAAAAAAAAAAAAAAAAAAAAAAAAAAAAAAAAAAAAAAAAAAAAITA4, topics:[log], data:["caught panic 'merchant cannot stamp themselves' from contract function 'Symbol(obj#159)'", CAAAAAAAAAAAAAAAAAAAAAAAAAAAAAAAAAAAAAAAAAAAAAAAAAAAK3IM, CAAAAAAAAAAAAAAAAAAAAAAAAAAAAAAAAAAAAAAAAAAAAAAAAAAAK3IM]
[INFO] [stdout]    4: [Diagnostic Event] topics:[fn_call, CAAAAAAAAAAAAAAAAAAAAAAAAAAAAAAAAAAAAAAAAAAAAAAAAAAAITA4, earn_stamp], data:[CAAAAAAAAAAAAAAAAAAAAAAAAAAAAAAAAAAAAAAAAAAAAAAAAAAAK3IM, CAAAAAAAAAAAAAAAAAAAAAAAAAAAAAAAAAAAAAAAAAAAAAAAAAAAK3IM]
[INFO] [stdout] 
[INFO] [stdout] stack backtrace:
[INFO] [stdout]    0:     0x60e1d02f34a7 - <unknown>
[INFO] [stdout]    1:     0x60e1d018c9c4 - <unknown>
[INFO] [stdout]    2:     0x60e1d02f2a6b - <unknown>
[INFO] [stdout]    3:     0x60e1d02f2669 - <unknown>
[INFO] [stdout]    4:     0x60e1d02f22ea - <unknown>
[INFO] [stdout]    5:     0x60e1d02f1e23 - <unknown>
[INFO] [stdout]    6:     0x60e1d0318131 - <unknown>
[INFO] [stdout]    7:     0x60e1d03180e9 - <unknown>
[INFO] [stdout]    8:     0x60e1d03185ec - <unknown>
[INFO] [stdout]    9:     0x60e1d018c85b - <unknown>
[INFO] [stdout]   10:     0x60e1d02b58d3 - <unknown>
[INFO] [stdout]   11:     0x60e1d02c80a9 - <unknown>
[INFO] [stdout]   12:     0x60e1d02c50fa - <unknown>
[INFO] [stdout]   13:     0x60e1d02c4596 - <unknown>
[INFO] [stdout]   14:     0x60e1d02c4828 - <unknown>
[INFO] [stdout]   15:     0x60e1d018151e - <unknown>
[INFO] [stdout]   16:     0x60e1d01856ac - <unknown>
[INFO] [stdout]   17:     0x60e1d0331b5b - <unknown>
[INFO] [stdout]   18:     0x60e1d032d4b2 - <unknown>
[INFO] [stdout]   19:     0x60e1d032cf5c - <unknown>
[INFO] [stdout]   20:     0x60e1d034848c - <unknown>
[INFO] [stdout]   21:     0x60e1d0319a2a - <unknown>
[INFO] [stdout]   22:     0x7d3dc8d9c07a - <unknown>
[INFO] [stdout]   23:     0x7d3dc8e2f534 - clone
[INFO] [stdout]   24:                0x0 - <unknown>
[INFO] [stdout] Writing test snapshot file for test "test::earn_stamp_rejects_self_stamping" to "test_snapshots/test/earn_stamp_rejects_self_stamping.1.json".
[INFO] [stdout] 
[INFO] [stdout] thread 'test::earn_stamp_rejects_self_stamping' (3333) panicked at /opt/rustwide/cargo-home/registry/src/index.crates.io-1949cf8c6b5b557f/soroban-sdk-25.3.1/src/env.rs:1970:32:
[INFO] [stdout] called `Result::unwrap()` on an `Err` value: Os { code: 30, kind: ReadOnlyFilesystem, message: "Read-only file system" }
[INFO] [stdout] stack backtrace:
[INFO] [stdout]    0:     0x60e1d02f34a7 - <unknown>
[INFO] [stdout]    1:     0x60e1d018c9c4 - <unknown>
[INFO] [stdout]    2:     0x60e1d02f2a6b - <unknown>
[INFO] [stdout]    3:     0x60e1d02f2669 - <unknown>
[INFO] [stdout]    4:     0x60e1d02f22ea - <unknown>
[INFO] [stdout]    5:     0x60e1d02f1e23 - <unknown>
[INFO] [stdout]    6:     0x60e1d0318131 - <unknown>
[INFO] [stdout]    7:     0x60e1d03180e9 - <unknown>
[INFO] [stdout]    8:     0x60e1d03185ec - <unknown>
[INFO] [stdout]    9:     0x60e1d018c85b - <unknown>
[INFO] [stdout]   10:     0x60e1d0190061 - <unknown>
[INFO] [stdout]   11:     0x60e1d02bac08 - <unknown>
[INFO] [stdout]   12:     0x60e1d017c4bf - <unknown>
[INFO] [stdout]   13:     0x60e1d01856fe - <unknown>
[INFO] [stdout]   14:     0x60e1d0331b5b - <unknown>
[INFO] [stdout]   15:     0x60e1d032d4b2 - <unknown>
[INFO] [stdout]   16:     0x60e1d032cf5c - <unknown>
[INFO] [stdout]   17:     0x60e1d034848c - <unknown>
[INFO] [stdout]   18:     0x60e1d0319a2a - <unknown>
[INFO] [stdout]   19:     0x7d3dc8d9c07a - <unknown>
[INFO] [stdout]   20:     0x7d3dc8e2f534 - clone
[INFO] [stdout]   21:                0x0 - <unknown>
[INFO] [stderr] 
[INFO] [stderr] thread 'test::earn_stamp_rejects_self_stamping' (3333) panicked at /rustc/f47d5bb13648d5c859f5b438eb7dc834b9729961/library/core/src/panicking.rs:233:5:
[INFO] [stderr] panic in a destructor during cleanup
[INFO] [stderr] thread caused non-unwinding panic. aborting.
[INFO] [stderr] error: test failed, to rerun pass `-p loyalty --lib`
[INFO] [stderr] 
[INFO] [stderr] Caused by:
[INFO] [stderr]   process didn't exit successfully: `/opt/rustwide/target/release/deps/loyalty-e2b5c7bba949266b` (signal: 6, SIGABRT: process abort signal)
[INFO] running `Command { std: "docker" "inspect" "4811b56ce259b610258c21136b57b4986d4cf3c997f57979ee1f93d4f9a9ec8d", kill_on_drop: false }`
[INFO] running `Command { std: "docker" "rm" "-f" "4811b56ce259b610258c21136b57b4986d4cf3c997f57979ee1f93d4f9a9ec8d", kill_on_drop: false }`
[INFO] [stdout] 4811b56ce259b610258c21136b57b4986d4cf3c997f57979ee1f93d4f9a9ec8d
