[INFO] cloning repository https://github.com/konnektoren/bevy-osm-tiles
[INFO] running `Command { std: "git" "-c" "credential.helper=" "-c" "credential.helper=/workspace/cargo-home/bin/git-credential-null" "clone" "--bare" "https://github.com/konnektoren/bevy-osm-tiles" "/workspace/cache/git-repos/https%3A%2F%2Fgithub.com%2Fkonnektoren%2Fbevy-osm-tiles", kill_on_drop: false }`
[INFO] [stderr] Cloning into bare repository '/workspace/cache/git-repos/https%3A%2F%2Fgithub.com%2Fkonnektoren%2Fbevy-osm-tiles'...
[INFO] running `Command { std: "git" "rev-parse" "HEAD", kill_on_drop: false }`
[INFO] [stdout] 3fa1724c771f924d68f9ffa7d75403d99549f8be
[INFO] testing konnektoren/bevy-osm-tiles against 1.99.0-beta.1+cargoflags=--release for beta-release-1.99-2
[INFO] running `Command { std: "git" "clone" "/workspace/cache/git-repos/https%3A%2F%2Fgithub.com%2Fkonnektoren%2Fbevy-osm-tiles" "/workspace/builds/worker-6-tc2/source", kill_on_drop: false }`
[INFO] [stderr] Cloning into '/workspace/builds/worker-6-tc2/source'...
[INFO] [stderr] done.
[INFO] removed /workspace/builds/worker-6-tc2/source/.cargo/config.toml
[INFO] started tweaking git repo https://github.com/konnektoren/bevy-osm-tiles
[INFO] removed 0 missing examples
[INFO] finished tweaking git repo https://github.com/konnektoren/bevy-osm-tiles
[INFO] tweaked toml for git repo https://github.com/konnektoren/bevy-osm-tiles written to /workspace/builds/worker-6-tc2/source/Cargo.toml
[INFO] validating manifest of git repo https://github.com/konnektoren/bevy-osm-tiles on toolchain 1.99.0-beta.1
[INFO] running `Command { std: CARGO_HOME="/workspace/cargo-home" RUSTUP_HOME="/workspace/rustup-home" "/workspace/cargo-home/bin/cargo" "+1.99.0-beta.1" "metadata" "--manifest-path" "Cargo.toml" "--no-deps", kill_on_drop: false }`
[INFO] running `Command { std: CARGO_HOME="/workspace/cargo-home" RUSTUP_HOME="/workspace/rustup-home" "/workspace/cargo-home/bin/cargo" "+1.99.0-beta.1" "generate-lockfile" "--manifest-path" "Cargo.toml", kill_on_drop: false }`
[INFO] [stderr]     Updating crates.io index
[INFO] [stderr]      Locking 704 packages to highest Rust 1.99.0-beta.1 compatible versions
[INFO] [stderr]       Adding bevy v0.17.3 (available: v0.19.1)
[INFO] [stderr]       Adding ehttp v0.5.0 (available: v0.7.1)
[INFO] [stderr]       Adding geo v0.31.0 (available: v0.33.1)
[INFO] [stderr]       Adding getrandom v0.3.4 (available: v0.4.3)
[INFO] [stderr]       Adding i_float v1.15.0 (available: v1.16.0)
[INFO] [stderr]       Adding i_overlay v4.0.7 (available: v4.5.2)
[INFO] [stderr]       Adding i_shape v1.14.0 (available: v1.18.0)
[INFO] [stderr]       Adding ordered-float v5.0.0 (available: v5.5.0)
[INFO] [stderr]       Adding reqwest v0.12.28 (available: v0.13.4)
[INFO] [stderr]       Adding thiserror v1.0.69 (available: v2.0.20)
[INFO] running `Command { std: CARGO_HOME="/workspace/cargo-home" RUSTUP_HOME="/workspace/rustup-home" "/workspace/cargo-home/bin/cargo" "+1.99.0-beta.1" "fetch" "--manifest-path" "Cargo.toml", kill_on_drop: false }`
[INFO] running `Command { std: "docker" "create" "-v" "/var/lib/crater-agent-workspace/builds/worker-6-tc2/source:/opt/rustwide/workdir:ro,Z" "-v" "/var/lib/crater-agent-workspace/builds/worker-6-tc2/target:/opt/rustwide/target:rw,Z" "-v" "/var/lib/crater-agent-workspace/cargo-home:/opt/rustwide/cargo-home:ro,Z" "-v" "/var/lib/crater-agent-workspace/rustup-home:/opt/rustwide/rustup-home:ro,Z" "-m" "1610612736" "--network" "none" "ghcr.io/rust-lang/crates-build-env/linux@sha256:8683fc1fc2eb5c9ac98e0d076ab094b2ffac7f99da555d2b6a2e27f346de2ec7" "sleep" "infinity", kill_on_drop: false }`
[INFO] [stdout] 993ff3d205483bdc7072646a5cc7ef996e4b7c4ad472c3c47aaf9ea14c7f8f1f
[INFO] running `Command { std: "docker" "start" "993ff3d205483bdc7072646a5cc7ef996e4b7c4ad472c3c47aaf9ea14c7f8f1f", kill_on_drop: false }`
[INFO] running `Command { std: "docker" "inspect" "993ff3d205483bdc7072646a5cc7ef996e4b7c4ad472c3c47aaf9ea14c7f8f1f", kill_on_drop: false }`
[INFO] running `Command { std: "docker" "exec" "-e" "SOURCE_DIR=/opt/rustwide/workdir" "-e" "CARGO_HOME=/opt/rustwide/cargo-home" "-e" "RUSTUP_HOME=/opt/rustwide/rustup-home" "-e" "CARGO_TARGET_DIR=/opt/rustwide/target" "-w" "/opt/rustwide/workdir" "--user" "0:0" "993ff3d205483bdc7072646a5cc7ef996e4b7c4ad472c3c47aaf9ea14c7f8f1f" "/opt/rustwide/cargo-home/bin/cargo" "+1.99.0-beta.1" "metadata" "--no-deps" "--format-version=1", kill_on_drop: false }`
[INFO] running `Command { std: "docker" "inspect" "993ff3d205483bdc7072646a5cc7ef996e4b7c4ad472c3c47aaf9ea14c7f8f1f", kill_on_drop: false }`
[INFO] running `Command { std: "docker" "exec" "-e" "SOURCE_DIR=/opt/rustwide/workdir" "-e" "CARGO_HOME=/opt/rustwide/cargo-home" "-e" "RUSTUP_HOME=/opt/rustwide/rustup-home" "-e" "CARGO_TARGET_DIR=/opt/rustwide/target" "-e" "CARGO_INCREMENTAL=0" "-e" "RUST_BACKTRACE=full" "-e" "RUSTFLAGS=--cap-lints=warn" "-e" "RUSTDOCFLAGS=--cap-lints=warn" "-w" "/opt/rustwide/workdir" "--user" "0:0" "993ff3d205483bdc7072646a5cc7ef996e4b7c4ad472c3c47aaf9ea14c7f8f1f" "/opt/rustwide/cargo-home/bin/cargo" "+1.99.0-beta.1" "build" "--frozen" "--message-format=json" "--release", kill_on_drop: false }`
[INFO] [stderr]    Compiling proc-macro2 v1.0.107
[INFO] [stderr]    Compiling quote v1.0.47
[INFO] [stderr]    Compiling unicode-ident v1.0.24
[INFO] [stderr]    Compiling libm v0.2.16
[INFO] [stderr]    Compiling autocfg v1.5.1
[INFO] [stderr]    Compiling crossbeam-utils v0.8.22
[INFO] [stderr]    Compiling crossbeam-epoch v0.9.20
[INFO] [stderr]    Compiling crossbeam-deque v0.8.7
[INFO] [stderr]    Compiling either v1.18.0
[INFO] [stderr]    Compiling rayon-core v1.13.0
[INFO] [stderr]    Compiling serde_core v1.0.229
[INFO] [stderr]    Compiling heapless v0.8.0
[INFO] [stderr]    Compiling byteorder v1.5.0
[INFO] [stderr]    Compiling smallvec v1.16.0
[INFO] [stderr]    Compiling thiserror v2.0.20
[INFO] [stderr]    Compiling stable_deref_trait v1.2.1
[INFO] [stderr]    Compiling libc v0.2.189
[INFO] [stderr]    Compiling zmij v1.0.23
[INFO] [stderr]    Compiling foldhash v0.2.0
[INFO] [stderr]    Compiling serde v1.0.229
[INFO] [stderr]    Compiling equivalent v1.0.2
[INFO] [stderr]    Compiling allocator-api2 v0.2.21
[INFO] [stderr]    Compiling thiserror v1.0.69
[INFO] [stderr]    Compiling itertools v0.11.0
[INFO] [stderr]    Compiling once_cell v1.21.4
[INFO] [stderr]    Compiling i_tree v0.16.0
[INFO] [stderr]    Compiling getrandom v0.3.4
[INFO] [stderr]    Compiling i_key_sort v0.6.0
[INFO] [stderr]    Compiling robust v1.2.0
[INFO] [stderr]    Compiling serde_json v1.0.151
[INFO] [stderr]    Compiling hash32 v0.3.1
[INFO] [stderr]    Compiling hashbrown v0.16.1
[INFO] [stderr]    Compiling tracing-core v0.1.36
[INFO] [stderr]    Compiling num-traits v0.2.19
[INFO] [stderr]    Compiling pin-project-lite v0.2.17
[INFO] [stderr]    Compiling itoa v1.0.18
[INFO] [stderr]    Compiling iana-time-zone v0.1.65
[INFO] [stderr]    Compiling memchr v2.8.3
[INFO] [stderr]    Compiling float_next_after v1.0.0
[INFO] [stderr]    Compiling cfg-if v1.0.4
[INFO] [stderr]    Compiling log v0.4.34
[INFO] [stderr]    Compiling grid v1.0.1
[INFO] [stderr]    Compiling urlencoding v2.1.3
[INFO] [stderr]    Compiling syn v3.0.4
[INFO] [stderr]    Compiling syn v2.0.119
[INFO] [stderr]    Compiling i_float v1.15.0
[INFO] [stderr]    Compiling geographiclib-rs v0.2.7
[INFO] [stderr]    Compiling i_shape v1.14.0
[INFO] [stderr]    Compiling rayon v1.12.0
[INFO] [stderr]    Compiling approx v0.5.1
[INFO] [stderr]    Compiling rstar v0.12.2
[INFO] [stderr]    Compiling spade v2.15.1
[INFO] [stderr]    Compiling earcutr v0.4.3
[INFO] [stderr]    Compiling i_overlay v4.0.7
[INFO] [stderr]    Compiling thiserror-impl v2.0.20
[INFO] [stderr]    Compiling serde_derive v1.0.229
[INFO] [stderr]    Compiling async-trait v0.1.92
[INFO] [stderr]    Compiling geo-types v0.7.20
[INFO] [stderr]    Compiling thiserror-impl v1.0.69
[INFO] [stderr]    Compiling tracing-attributes v0.1.31
[INFO] [stderr]    Compiling geo v0.31.0
[INFO] [stderr]    Compiling tracing v0.1.44
[INFO] [stderr]    Compiling chrono v0.4.45
[INFO] [stderr]    Compiling bevy-osm-tiles v0.1.0 (/opt/rustwide/workdir)
[INFO] [stdout] warning: unused variable: `config`
[INFO] [stdout]   --> src/http/mod.rs:43:34
[INFO] [stdout]    |
[INFO] [stdout] 43 | pub fn create_client_with_config(config: HttpConfig) -> Result<Arc<dyn HttpClient>, String> {
[INFO] [stdout]    |                                  ^^^^^^ help: if this is intentional, prefix it with an underscore: `_config`
[INFO] [stdout]    |
[INFO] [stdout]    = note: `#[warn(unused_variables)]` (part of `#[warn(unused)]`) on by default
[INFO] [stdout] 
[INFO] [stdout] 
[INFO] [stderr]     Finished `release` profile [optimized] target(s) in 27.16s
[INFO] running `Command { std: "docker" "inspect" "993ff3d205483bdc7072646a5cc7ef996e4b7c4ad472c3c47aaf9ea14c7f8f1f", kill_on_drop: false }`
[INFO] running `Command { std: "docker" "exec" "-e" "SOURCE_DIR=/opt/rustwide/workdir" "-e" "CARGO_HOME=/opt/rustwide/cargo-home" "-e" "RUSTUP_HOME=/opt/rustwide/rustup-home" "-e" "CARGO_TARGET_DIR=/opt/rustwide/target" "-e" "CARGO_INCREMENTAL=0" "-e" "RUST_BACKTRACE=full" "-e" "RUSTFLAGS=--cap-lints=warn" "-e" "RUSTDOCFLAGS=--cap-lints=warn" "-w" "/opt/rustwide/workdir" "--user" "0:0" "993ff3d205483bdc7072646a5cc7ef996e4b7c4ad472c3c47aaf9ea14c7f8f1f" "/opt/rustwide/cargo-home/bin/cargo" "+1.99.0-beta.1" "test" "--frozen" "--no-run" "--message-format=json" "--release", kill_on_drop: false }`
[INFO] [stderr]    Compiling cfg-if v1.0.4
[INFO] [stderr]    Compiling either v1.18.0
[INFO] [stderr]    Compiling stable_deref_trait v1.2.1
[INFO] [stderr]    Compiling memchr v2.8.3
[INFO] [stderr]    Compiling log v0.4.34
[INFO] [stderr]    Compiling thiserror v2.0.20
[INFO] [stderr]    Compiling simd-adler32 v0.3.10
[INFO] [stderr]    Compiling num-traits v0.2.19
[INFO] [stderr]    Compiling smallvec v1.16.0
[INFO] [stderr]    Compiling libm v0.2.16
[INFO] [stderr]    Compiling crossbeam-utils v0.8.22
[INFO] [stderr]    Compiling paste v1.0.15
[INFO] [stderr]    Compiling anyhow v1.0.104
[INFO] [stderr]    Compiling libc v0.2.189
[INFO] [stderr]    Compiling adler2 v2.0.1
[INFO] [stderr]    Compiling equator-macro v0.4.2
[INFO] [stderr]    Compiling byteorder v1.5.0
[INFO] [stderr]    Compiling crc32fast v1.5.1
[INFO] [stderr]    Compiling zerocopy v0.8.56
[INFO] [stderr]    Compiling arrayvec v0.7.8
[INFO] [stderr]    Compiling as-slice v0.2.1
[INFO] [stderr]    Compiling zerocopy-derive v0.8.56
[INFO] [stderr]    Compiling once_cell v1.21.4
[INFO] [stderr]    Compiling hash32 v0.3.1
[INFO] [stderr]    Compiling bitflags v2.13.1
[INFO] [stderr]    Compiling built v0.8.1
[INFO] [stderr]    Compiling bytemuck v1.25.2
[INFO] [stderr]    Compiling version_check v0.9.5
[INFO] [stderr]    Compiling av-scenechange v0.14.1
[INFO] [stderr]    Compiling tracing-core v0.1.36
[INFO] [stderr]    Compiling heapless v0.8.0
[INFO] [stderr]    Compiling aligned v0.4.3
[INFO] [stderr]    Compiling miniz_oxide v0.9.1
[INFO] [stderr]    Compiling serde_core v1.0.229
[INFO] [stderr]    Compiling arg_enum_proc_macro v0.3.4
[INFO] [stderr]    Compiling crossbeam-epoch v0.9.20
[INFO] [stderr]    Compiling profiling-procmacros v1.0.18
[INFO] [stderr]    Compiling pulp v0.22.3
[INFO] [stderr]    Compiling foldhash v0.2.0
[INFO] [stderr]    Compiling nom v8.0.0
[INFO] [stderr]    Compiling equator v0.4.2
[INFO] [stderr]    Compiling no_std_io2 v0.9.4
[INFO] [stderr]    Compiling allocator-api2 v0.2.21
[INFO] [stderr]    Compiling quick-error v2.0.1
[INFO] [stderr]    Compiling pin-project-lite v0.2.17
[INFO] [stderr]    Compiling pastey v0.1.1
[INFO] [stderr]    Compiling rav1e v0.8.1
[INFO] [stderr]    Compiling y4m v0.8.0
[INFO] [stderr]    Compiling equivalent v1.0.2
[INFO] [stderr]    Compiling crossbeam-deque v0.8.7
[INFO] [stderr]    Compiling flate2 v1.1.10
[INFO] [stderr]    Compiling aligned-vec v0.6.4
[INFO] [stderr]    Compiling bitstream-io v4.10.0
[INFO] [stderr]    Compiling profiling v1.0.18
[INFO] [stderr]    Compiling raw-cpuid v11.6.0
[INFO] [stderr]    Compiling itertools v0.11.0
[INFO] [stderr]    Compiling rayon-core v1.13.0
[INFO] [stderr]    Compiling itertools v0.14.0
[INFO] [stderr]    Compiling miniz_oxide v0.8.9
[INFO] [stderr]    Compiling num-derive v0.4.2
[INFO] [stderr]    Compiling i_float v1.15.0
[INFO] [stderr]    Compiling hashbrown v0.16.1
[INFO] [stderr]    Compiling simd_helpers v0.1.0
[INFO] [stderr]    Compiling i_shape v1.14.0
[INFO] [stderr]    Compiling reborrow v0.5.5
[INFO] [stderr]    Compiling robust v1.2.0
[INFO] [stderr]    Compiling noop_proc_macro v0.3.0
[INFO] [stderr]    Compiling i_tree v0.16.0
[INFO] [stderr]    Compiling regex-syntax v0.8.11
[INFO] [stderr]    Compiling rayon v1.12.0
[INFO] [stderr]    Compiling new_debug_unreachable v1.0.6
[INFO] [stderr]    Compiling pulp-wasm-simd-flag v0.1.1
[INFO] [stderr]    Compiling i_key_sort v0.6.0
[INFO] [stderr]    Compiling weezl v0.1.12
[INFO] [stderr]    Compiling zune-core v0.5.3
[INFO] [stderr]    Compiling imgref v1.12.3
[INFO] [stderr]    Compiling tracing v0.1.44
[INFO] [stderr]    Compiling geographiclib-rs v0.2.7
[INFO] [stderr]    Compiling loop9 v0.1.5
[INFO] [stderr]    Compiling num-integer v0.1.47
[INFO] [stderr]    Compiling v_frame v0.3.9
[INFO] [stderr]    Compiling approx v0.5.1
[INFO] [stderr]    Compiling num-complex v0.4.6
[INFO] [stderr]    Compiling num-bigint v0.4.8
[INFO] [stderr]    Compiling rstar v0.12.2
[INFO] [stderr]    Compiling zune-jpeg v0.5.15
[INFO] [stderr]    Compiling spade v2.15.1
[INFO] [stderr]    Compiling zmij v1.0.23
[INFO] [stderr]    Compiling avif-serialize v0.8.9
[INFO] [stderr]    Compiling fdeflate v0.3.7
[INFO] [stderr]    Compiling earcutr v0.4.3
[INFO] [stderr]    Compiling zune-inflate v0.2.54
[INFO] [stderr]    Compiling fax v0.2.7
[INFO] [stderr]    Compiling itoa v1.0.18
[INFO] [stderr]    Compiling float_next_after v1.0.0
[INFO] [stderr]    Compiling lebe v0.5.3
[INFO] [stderr]    Compiling color_quant v1.1.0
[INFO] [stderr]    Compiling lazy_static v1.5.0
[INFO] [stderr]    Compiling byteorder-lite v0.1.0
[INFO] [stderr]    Compiling pxfm v0.1.30
[INFO] [stderr]    Compiling iana-time-zone v0.1.65
[INFO] [stderr]    Compiling num-rational v0.4.2
[INFO] [stderr]    Compiling regex-automata v0.4.18
[INFO] [stderr]    Compiling bit_field v0.10.3
[INFO] [stderr]    Compiling rgb v0.8.53
[INFO] [stderr]    Compiling serde v1.0.229
[INFO] [stderr]    Compiling serde_json v1.0.151
[INFO] [stderr]    Compiling gif v0.14.2
[INFO] [stderr]    Compiling image-webp v0.2.4
[INFO] [stderr]    Compiling sharded-slab v0.1.7
[INFO] [stderr]    Compiling png v0.18.1
[INFO] [stderr]    Compiling chrono v0.4.45
[INFO] [stderr]    Compiling thiserror v1.0.69
[INFO] [stderr]    Compiling getrandom v0.3.4
[INFO] [stderr]    Compiling tracing-log v0.2.0
[INFO] [stderr]    Compiling qoi v0.4.1
[INFO] [stderr]    Compiling tokio-macros v2.7.2
[INFO] [stderr]    Compiling thread_local v1.1.10
[INFO] [stderr]    Compiling grid v1.0.1
[INFO] [stderr]    Compiling nu-ansi-term v0.50.3
[INFO] [stderr]    Compiling urlencoding v2.1.3
[INFO] [stderr]    Compiling av1-grain v0.2.5
[INFO] [stderr]    Compiling maybe-rayon v0.1.1
[INFO] [stderr]    Compiling i_overlay v4.0.7
[INFO] [stderr]    Compiling geo-types v0.7.20
[INFO] [stderr]    Compiling tokio v1.53.1
[INFO] [stderr]    Compiling matchers v0.2.0
[INFO] [stderr]    Compiling tracing-subscriber v0.3.23
[INFO] [stderr]    Compiling geo v0.31.0
[INFO] [stderr]    Compiling moxcms v0.8.1
[INFO] [stderr]    Compiling half v2.7.1
[INFO] [stderr]    Compiling tiff v0.11.3
[INFO] [stderr]    Compiling exr v1.74.2
[INFO] [stderr]    Compiling bevy-osm-tiles v0.1.0 (/opt/rustwide/workdir)
[INFO] [stdout] warning: unused variable: `config`
[INFO] [stdout]   --> src/http/mod.rs:43:34
[INFO] [stdout]    |
[INFO] [stdout] 43 | pub fn create_client_with_config(config: HttpConfig) -> Result<Arc<dyn HttpClient>, String> {
[INFO] [stdout]    |                                  ^^^^^^ help: if this is intentional, prefix it with an underscore: `_config`
[INFO] [stdout]    |
[INFO] [stdout]    = note: `#[warn(unused_variables)]` (part of `#[warn(unused)]`) on by default
[INFO] [stdout] 
[INFO] [stdout] 
[INFO] [stderr]    Compiling ravif v0.13.0
[INFO] [stderr]    Compiling image v0.25.10
[INFO] [stdout] warning: unused variable: `config`
[INFO] [stdout]   --> src/http/mod.rs:43:34
[INFO] [stdout]    |
[INFO] [stdout] 43 | pub fn create_client_with_config(config: HttpConfig) -> Result<Arc<dyn HttpClient>, String> {
[INFO] [stdout]    |                                  ^^^^^^ help: if this is intentional, prefix it with an underscore: `_config`
[INFO] [stdout]    |
[INFO] [stdout]    = note: `#[warn(unused_variables)]` (part of `#[warn(unused)]`) on by default
[INFO] [stdout] 
[INFO] [stdout] 
[INFO] [stderr]     Finished `release` profile [optimized] target(s) in 1m 44s
[INFO] running `Command { std: "docker" "inspect" "993ff3d205483bdc7072646a5cc7ef996e4b7c4ad472c3c47aaf9ea14c7f8f1f", kill_on_drop: false }`
[INFO] running `Command { std: "docker" "exec" "-e" "SOURCE_DIR=/opt/rustwide/workdir" "-e" "CARGO_HOME=/opt/rustwide/cargo-home" "-e" "RUSTUP_HOME=/opt/rustwide/rustup-home" "-e" "CARGO_TARGET_DIR=/opt/rustwide/target" "-e" "CARGO_INCREMENTAL=0" "-e" "RUST_BACKTRACE=full" "-e" "RUSTFLAGS=--cap-lints=warn" "-e" "RUSTDOCFLAGS=--cap-lints=warn" "-w" "/opt/rustwide/workdir" "--user" "0:0" "993ff3d205483bdc7072646a5cc7ef996e4b7c4ad472c3c47aaf9ea14c7f8f1f" "/opt/rustwide/cargo-home/bin/cargo" "+1.99.0-beta.1" "test" "--frozen" "--release", kill_on_drop: false }`
[INFO] [stderr] warning: unused variable: `config`
[INFO] [stderr]   --> src/http/mod.rs:43:34
[INFO] [stderr]    |
[INFO] [stderr] 43 | pub fn create_client_with_config(config: HttpConfig) -> Result<Arc<dyn HttpClient>, String> {
[INFO] [stderr]    |                                  ^^^^^^ help: if this is intentional, prefix it with an underscore: `_config`
[INFO] [stderr]    |
[INFO] [stderr]    = note: `#[warn(unused_variables)]` (part of `#[warn(unused)]`) on by default
[INFO] [stderr] 
[INFO] [stderr] warning: `bevy-osm-tiles` (lib) generated 1 warning (run `cargo fix --lib -p bevy-osm-tiles` to apply 1 suggestion)
[INFO] [stderr] warning: `bevy-osm-tiles` (lib test) generated 1 warning (1 duplicate)
[INFO] [stderr]     Finished `release` profile [optimized] target(s) in 0.38s
[INFO] [stderr]      Running unittests src/lib.rs (/opt/rustwide/target/release/deps/bevy_osm_tiles-d51e6f3b1735b8c8)
[INFO] [stdout] 
[INFO] [stdout] running 109 tests
[INFO] [stdout] test config::builder::tests::test_builder_configuration_methods ... ok
[INFO] [stdout] test config::builder::tests::test_builder_convenience_constructors ... ok
[INFO] [stdout] test config::builder::tests::test_builder_default ... ok
[INFO] [stdout] test config::builder::tests::test_builder_chaining ... ok
[INFO] [stdout] test config::builder::tests::test_builder_feature_methods ... ok
[INFO] [stdout] test config::builder::tests::test_builder_feature_presets ... ok
[INFO] [stdout] test config::builder::tests::test_builder_feature_removal ... ok
[INFO] [stdout] test config::builder::tests::test_builder_custom_queries ... ok
[INFO] [stdout] test config::builder::tests::test_builder_new ... ok
[INFO] [stdout] test config::builder::tests::test_builder_region_methods ... ok
[INFO] [stdout] test config::features::tests::test_feature_set_creation ... ok
[INFO] [stdout] test config::features::tests::test_feature_set_custom_queries ... ok
[INFO] [stdout] test config::features::tests::test_feature_set_deduplication ... ok
[INFO] [stdout] test config::features::tests::test_feature_set_default ... ok
[INFO] [stdout] test config::features::tests::test_feature_set_from_conversions ... ok
[INFO] [stdout] test config::features::tests::test_feature_set_modification ... ok
[INFO] [stdout] test config::features::tests::test_feature_set_presets ... ok
[INFO] [stdout] test config::features::tests::test_feature_set_serialization ... ok
[INFO] [stdout] test config::features::tests::test_feature_set_single_custom_query ... ok
[INFO] [stdout] test config::features::tests::test_feature_set_to_osm_queries ... ok
[INFO] [stdout] test config::features::tests::test_feature_set_with_multiple_features ... ok
[INFO] [stdout] test config::features::tests::test_osm_feature_descriptions ... ok
[INFO] [stdout] test config::features::tests::test_osm_feature_to_queries ... ok
[INFO] [stdout] test config::region::tests::test_region_bbox_creation ... ok
[INFO] [stdout] test config::features::tests::test_osm_tag_query_creation ... ok
[INFO] [stdout] test config::region::tests::test_region_city_creation ... ok
[INFO] [stdout] test config::features::tests::test_osm_tag_query_overpass_filter ... ok
[INFO] [stdout] test config::tests::test_osm_config_builder_methods ... ok
[INFO] [stdout] test config::region::tests::test_region_serialization ... ok
[INFO] [stdout] test config::tests::test_osm_config_builder_creation ... ok
[INFO] [stdout] test config::region::tests::test_bounding_box_center ... ok
[INFO] [stdout] test config::tests::test_osm_config_default ... ok
[INFO] [stdout] test config::region::tests::test_bounding_box_contains ... ok
[INFO] [stdout] test config::tests::test_osm_config_method_chaining ... ok
[INFO] [stdout] test config::region::tests::test_bounding_box_creation ... ok
[INFO] [stdout] test config::region::tests::test_bounding_box_dimensions ... ok
[INFO] [stdout] test config::region::tests::test_bounding_box_edge_cases ... ok
[INFO] [stdout] test config::region::tests::test_bounding_box_serialization ... ok
[INFO] [stdout] test config::region::tests::test_bounding_box_area ... ok
[INFO] [stdout] test config::region::tests::test_bounding_box_invalid_coordinates ... ok
[INFO] [stdout] test config::tests::test_osm_config_complex_scenario ... ok
[INFO] [stdout] test config::features::tests::test_osm_tag_query_equality ... ok
[INFO] [stdout] test config::tests::test_osm_config_for_city ... ok
[INFO] [stdout] test config::tests::test_osm_config_serialization ... ok
[INFO] [stdout] test config::builder::tests::test_builder_complex_scenario ... ok
[INFO] [stdout] test generator::osm_parser::tests::test_element_bounding_box ... ok
[INFO] [stdout] test config::tests::test_osm_config_validation ... ok
[INFO] [stdout] test generator::osm_parser::tests::test_element_center_point ... ok
[INFO] [stdout] test generator::grid_builder::tests::test_tile_types_generated ... ok
[INFO] [stdout] test generator::osm_parser::tests::test_tile_type_mapping ... ok
[INFO] [stdout] test generator::osm_parser::tests::test_parse_json ... ok
[INFO] [stdout] test generator::tile_grid::tests::test_grid_statistics ... ok
[INFO] [stdout] test generator::tile_grid::tests::test_set_tile_with_priority ... ok
[INFO] [stdout] test generator::tile_grid::tests::test_tile_counting ... ok
[INFO] [stdout] test generator::grid_builder::tests::test_element_rasterization ... ok
[INFO] [stdout] test generator::grid_builder::tests::test_generator_capabilities ... ok
[INFO] [stdout] test generator::tile_grid::tests::test_coordinate_conversion ... ok
[INFO] [stdout] test config::region::tests::test_bounding_box_expand_zero ... ok
[INFO] [stdout] test config::region::tests::test_bounding_box_expand ... ok
[INFO] [stdout] test generator::grid_builder::tests::test_grid_dimensions_calculation ... ok
[INFO] [stdout] test generator::grid_builder::tests::test_grid_generation ... ok
[INFO] [stdout] test generator::grid_builder::tests::test_point_in_polygon ... ok
[INFO] [stdout] test generator::grid_builder::tests::test_specific_tile_placement ... ok
[INFO] [stdout] test generator::grid_builder::tests::test_tile_type_mapping ... ok
[INFO] [stdout] test generator::grid_builder::tests::test_grid_coordinates_conversion ... ok
[INFO] [stdout] test generator::tile_grid::tests::test_tile_access ... ok
[INFO] [stdout] test generator::tile_grid::tests::test_tile_grid_creation ... ok
[INFO] [stdout] test provider::integration_tests::integration_tests::test_provider_metadata_consistency ... ok
[INFO] [stdout] test provider::mock::tests::test_mock_provider_basic ... ok
[INFO] [stdout] test provider::integration_tests::integration_tests::test_region_type_handling ... ok
[INFO] [stdout] test provider::mock::tests::test_mock_provider_default_test_data ... ok
[INFO] [stdout] test provider::mock::tests::test_mock_provider_region_resolution ... ok
[INFO] [stdout] test config::region::tests::test_region_center_radius_creation ... ok
[INFO] [stdout] test provider::integration_tests::integration_tests::test_provider_comparison ... FAILED
[INFO] [stdout] test provider::mock::tests::test_mock_provider_test_availability ... ok
[INFO] [stdout] test provider::mock::tests::test_mock_provider_with_custom_data ... ok
[INFO] [stdout] test provider::mock::tests::test_mock_provider_with_failure ... ok
[INFO] [stdout] test provider::overpass::tests::test_area_validation ... ok
[INFO] [stdout] test provider::overpass::tests::test_build_overpass_query_with_custom_features ... FAILED
[INFO] [stdout] test provider::overpass::tests::test_build_overpass_query ... FAILED
[INFO] [stdout] test provider::overpass::tests::test_overpass_provider_basic ... FAILED
[INFO] [stdout] test provider::overpass::tests::test_overpass_provider_custom_url ... FAILED
[INFO] [stdout] test provider::overpass::tests::test_timeout_calculation ... FAILED
[INFO] [stdout] test provider::tests::test_osm_data_format_serialization ... ok
[INFO] [stdout] test provider::tests::test_osm_data_serialization ... ok
[INFO] [stdout] test generator::tile_grid::tests::test_serialization ... ok
[INFO] [stdout] test provider::overpass::tests::test_parse_element_count ... ok
[INFO] [stdout] test generator::tile_grid::tests::test_tile_priorities ... ok
[INFO] [stdout] test provider::overpass::tests::test_resolve_region_center_radius ... FAILED
[INFO] [stdout] test provider::tests::test_provider_capabilities_default ... ok
[INFO] [stdout] test provider::tests::test_osm_metadata_builder ... ok
[INFO] [stdout] test provider::overpass::tests::test_should_include_nodes ... FAILED
[INFO] [stdout] test provider::tests::test_provider_factory_available_providers ... ok
[INFO] [stdout] test provider::tests::test_provider_factory_create_overpass ... FAILED
[INFO] [stdout] test provider::overpass::tests::test_resolve_region_bounding_box ... FAILED
[INFO] [stdout] test provider::integration_tests::integration_tests::test_different_feature_sets ... ok
[INFO] [stdout] test provider::tests::test_provider_factory_create_mock ... ok
[INFO] [stdout] test provider::tests::test_provider_factory_create_mock_with_data ... ok
[INFO] [stdout] test provider::overpass::tests::test_should_include_relations ... FAILED
[INFO] [stdout] test provider::tests::test_osm_metadata_creation ... ok
[INFO] [stdout] test provider::tests::test_provider_factory_create_overpass_with_url ... FAILED
[INFO] [stdout] test provider::tests::test_provider_trait_methods ... ok
[INFO] [stdout] test provider::tests::test_provider_factory_create_provider_by_name ... FAILED
[INFO] [stdout] test provider::tests::test_provider_trait_with_config ... ok
[INFO] [stdout] test provider::integration_tests::integration_tests::test_provider_capabilities_differences ... FAILED
[INFO] [stdout] test provider::integration_tests::integration_tests::test_provider_error_handling ... ok
[INFO] [stdout] test provider::integration_tests::integration_tests::test_provider_factory_consistency ... FAILED
[INFO] [stdout] test provider::mock::tests::test_mock_provider_metadata ... ok
[INFO] [stdout] test provider::overpass::tests::test_radius_to_bbox ... ok
[INFO] [stdout] 
[INFO] [stdout] failures:
[INFO] [stdout] 
[INFO] [stdout] ---- provider::integration_tests::integration_tests::test_provider_comparison stdout ----
[INFO] [stdout] 
[INFO] [stdout] thread 'provider::integration_tests::integration_tests::test_provider_comparison' (2860) panicked at src/provider/overpass.rs:29:14:
[INFO] [stdout] Failed to create HTTP client - check that either 'reqwest-client' or 'ehttp-client' feature is enabled: "No HTTP client feature enabled. Enable either 'reqwest-client' or 'ehttp-client'"
[INFO] [stdout] stack backtrace:
[INFO] [stdout]    0:     0x5bdebfb2f247 - <unknown>
[INFO] [stdout]    1:     0x5bdebfb10624 - <unknown>
[INFO] [stdout]    2:     0x5bdebfb2e80b - <unknown>
[INFO] [stdout]    3:     0x5bdebfb2e409 - <unknown>
[INFO] [stdout]    4:     0x5bdebfb2e08a - <unknown>
[INFO] [stdout]    5:     0x5bdebfb2dbc3 - <unknown>
[INFO] [stdout]    6:     0x5bdebfb53d11 - <unknown>
[INFO] [stdout]    7:     0x5bdebfb53cc9 - <unknown>
[INFO] [stdout]    8:     0x5bdebfb541cc - <unknown>
[INFO] [stdout]    9:     0x5bdebfb104bb - <unknown>
[INFO] [stdout]   10:     0x5bdebfb13de1 - <unknown>
[INFO] [stdout]   11:     0x5bdebfadf1b5 - <unknown>
[INFO] [stdout]   12:     0x5bdebfaeca43 - <unknown>
[INFO] [stdout]   13:     0x5bdebfade792 - <unknown>
[INFO] [stdout]   14:     0x5bdebfb08d8f - <unknown>
[INFO] [stdout]   15:     0x5bdebfb6a45b - <unknown>
[INFO] [stdout]   16:     0x5bdebfb65db2 - <unknown>
[INFO] [stdout]   17:     0x5bdebfb6585c - <unknown>
[INFO] [stdout]   18:     0x5bdebfb80abc - <unknown>
[INFO] [stdout]   19:     0x5bdebfb5557a - <unknown>
[INFO] [stdout]   20:     0x747d9b37807a - <unknown>
[INFO] [stdout]   21:     0x747d9b40b534 - clone
[INFO] [stdout]   22:                0x0 - <unknown>
[INFO] [stdout] 
[INFO] [stdout] ---- provider::overpass::tests::test_build_overpass_query_with_custom_features stdout ----
[INFO] [stdout] 
[INFO] [stdout] thread 'provider::overpass::tests::test_build_overpass_query_with_custom_features' (2874) panicked at src/provider/overpass.rs:29:14:
[INFO] [stdout] Failed to create HTTP client - check that either 'reqwest-client' or 'ehttp-client' feature is enabled: "No HTTP client feature enabled. Enable either 'reqwest-client' or 'ehttp-client'"
[INFO] [stdout] stack backtrace:
[INFO] [stdout]    0:     0x5bdebfb2f247 - <unknown>
[INFO] [stdout]    1:     0x5bdebfb10624 - <unknown>
[INFO] [stdout]    2:     0x5bdebfb2e80b - <unknown>
[INFO] [stdout]    3:     0x5bdebfb2e409 - <unknown>
[INFO] [stdout]    4:     0x5bdebfb2e08a - <unknown>
[INFO] [stdout]    5:     0x5bdebfb2dbc3 - <unknown>
[INFO] [stdout]    6:     0x5bdebfb53d11 - <unknown>
[INFO] [stdout]    7:     0x5bdebfb53cc9 - <unknown>
[INFO] [stdout]    8:     0x5bdebfb541cc - <unknown>
[INFO] [stdout]    9:     0x5bdebfb104bb - <unknown>
[INFO] [stdout]   10:     0x5bdebfb13de1 - <unknown>
[INFO] [stdout]   11:     0x5bdebfadf1b5 - <unknown>
[INFO] [stdout]   12:     0x5bdebfb0a78c - <unknown>
[INFO] [stdout]   13:     0x5bdebfb6a45b - <unknown>
[INFO] [stdout]   14:     0x5bdebfb65db2 - <unknown>
[INFO] [stdout]   15:     0x5bdebfb6585c - <unknown>
[INFO] [stdout]   16:     0x5bdebfb80abc - <unknown>
[INFO] [stdout]   17:     0x5bdebfb5557a - <unknown>
[INFO] [stdout]   18:     0x747d9b37807a - <unknown>
[INFO] [stdout]   19:     0x747d9b40b534 - clone
[INFO] [stdout]   20:                0x0 - <unknown>
[INFO] [stdout] 
[INFO] [stdout] ---- provider::overpass::tests::test_build_overpass_query stdout ----
[INFO] [stdout] 
[INFO] [stdout] thread 'provider::overpass::tests::test_build_overpass_query' (2873) panicked at src/provider/overpass.rs:29:14:
[INFO] [stdout] Failed to create HTTP client - check that either 'reqwest-client' or 'ehttp-client' feature is enabled: "No HTTP client feature enabled. Enable either 'reqwest-client' or 'ehttp-client'"
[INFO] [stdout] stack backtrace:
[INFO] [stdout]    0:     0x5bdebfb2f247 - <unknown>
[INFO] [stdout]    1:     0x5bdebfb10624 - <unknown>
[INFO] [stdout]    2:     0x5bdebfb2e80b - <unknown>
[INFO] [stdout]    3:     0x5bdebfb2e409 - <unknown>
[INFO] [stdout]    4:     0x5bdebfb2e08a - <unknown>
[INFO] [stdout]    5:     0x5bdebfb2dbc3 - <unknown>
[INFO] [stdout]    6:     0x5bdebfb53d11 - <unknown>
[INFO] [stdout]    7:     0x5bdebfb53cc9 - <unknown>
[INFO] [stdout]    8:     0x5bdebfb541cc - <unknown>
[INFO] [stdout]    9:     0x5bdebfb104bb - <unknown>
[INFO] [stdout]   10:     0x5bdebfb13de1 - <unknown>
[INFO] [stdout]   11:     0x5bdebfadf1b5 - <unknown>
[INFO] [stdout]   12:     0x5bdebfb09dfd - <unknown>
[INFO] [stdout]   13:     0x5bdebfb6a45b - <unknown>
[INFO] [stdout]   14:     0x5bdebfb65db2 - <unknown>
[INFO] [stdout]   15:     0x5bdebfb6585c - <unknown>
[INFO] [stdout]   16:     0x5bdebfb80abc - <unknown>
[INFO] [stdout]   17:     0x5bdebfb5557a - <unknown>
[INFO] [stdout]   18:     0x747d9b37807a - <unknown>
[INFO] [stdout]   19:     0x747d9b40b534 - clone
[INFO] [stdout]   20:                0x0 - <unknown>
[INFO] [stdout] 
[INFO] [stdout] ---- provider::overpass::tests::test_overpass_provider_basic stdout ----
[INFO] [stdout] 
[INFO] [stdout] thread 'provider::overpass::tests::test_overpass_provider_basic' (2875) panicked at src/provider/overpass.rs:29:14:
[INFO] [stdout] Failed to create HTTP client - check that either 'reqwest-client' or 'ehttp-client' feature is enabled: "No HTTP client feature enabled. Enable either 'reqwest-client' or 'ehttp-client'"
[INFO] [stdout] stack backtrace:
[INFO] [stdout]    0:     0x5bdebfb2f247 - <unknown>
[INFO] [stdout]    1:     0x5bdebfb10624 - <unknown>
[INFO] [stdout]    2:     0x5bdebfb2e80b - <unknown>
[INFO] [stdout]    3:     0x5bdebfb2e409 - <unknown>
[INFO] [stdout]    4:     0x5bdebfb2e08a - <unknown>
[INFO] [stdout]    5:     0x5bdebfb2dbc3 - <unknown>
[INFO] [stdout]    6:     0x5bdebfb53d11 - <unknown>
[INFO] [stdout]    7:     0x5bdebfb53cc9 - <unknown>
[INFO] [stdout]    8:     0x5bdebfb541cc - <unknown>
[INFO] [stdout]    9:     0x5bdebfb104bb - <unknown>
[INFO] [stdout]   10:     0x5bdebfb13de1 - <unknown>
[INFO] [stdout]   11:     0x5bdebfadf1b5 - <unknown>
[INFO] [stdout]   12:     0x5bdebfb0a203 - <unknown>
[INFO] [stdout]   13:     0x5bdebfb6a45b - <unknown>
[INFO] [stdout]   14:     0x5bdebfb65db2 - <unknown>
[INFO] [stdout]   15:     0x5bdebfb6585c - <unknown>
[INFO] [stdout]   16:     0x5bdebfb80abc - <unknown>
[INFO] [stdout]   17:     0x5bdebfb5557a - <unknown>
[INFO] [stdout]   18:     0x747d9b37807a - <unknown>
[INFO] [stdout]   19:     0x747d9b40b534 - clone
[INFO] [stdout]   20:                0x0 - <unknown>
[INFO] [stdout] 
[INFO] [stdout] ---- provider::overpass::tests::test_overpass_provider_custom_url stdout ----
[INFO] [stdout] 
[INFO] [stdout] thread 'provider::overpass::tests::test_overpass_provider_custom_url' (2876) panicked at src/provider/overpass.rs:29:14:
[INFO] [stdout] Failed to create HTTP client - check that either 'reqwest-client' or 'ehttp-client' feature is enabled: "No HTTP client feature enabled. Enable either 'reqwest-client' or 'ehttp-client'"
[INFO] [stdout] stack backtrace:
[INFO] [stdout]    0:     0x5bdebfb2f247 - <unknown>
[INFO] [stdout]    1:     0x5bdebfb10624 - <unknown>
[INFO] [stdout]    2:     0x5bdebfb2e80b - <unknown>
[INFO] [stdout]    3:     0x5bdebfb2e409 - <unknown>
[INFO] [stdout]    4:     0x5bdebfb2e08a - <unknown>
[INFO] [stdout]    5:     0x5bdebfb2dbc3 - <unknown>
[INFO] [stdout]    6:     0x5bdebfb53d11 - <unknown>
[INFO] [stdout]    7:     0x5bdebfb53cc9 - <unknown>
[INFO] [stdout]    8:     0x5bdebfb541cc - <unknown>
[INFO] [stdout]    9:     0x5bdebfb104bb - <unknown>
[INFO] [stdout]   10:     0x5bdebfb13de1 - <unknown>
[INFO] [stdout]   11:     0x5bdebfadf1b5 - <unknown>
[INFO] [stdout]   12:     0x5bdebfb0a636 - <unknown>
[INFO] [stdout]   13:     0x5bdebfb6a45b - <unknown>
[INFO] [stdout]   14:     0x5bdebfb65db2 - <unknown>
[INFO] [stdout]   15:     0x5bdebfb6585c - <unknown>
[INFO] [stdout]   16:     0x5bdebfb80abc - <unknown>
[INFO] [stdout]   17:     0x5bdebfb5557a - <unknown>
[INFO] [stdout]   18:     0x747d9b37807a - <unknown>
[INFO] [stdout]   19:     0x747d9b40b534 - clone
[INFO] [stdout]   20:                0x0 - <unknown>
[INFO] [stdout] 
[INFO] [stdout] ---- provider::overpass::tests::test_timeout_calculation stdout ----
[INFO] [stdout] 
[INFO] [stdout] thread 'provider::overpass::tests::test_timeout_calculation' (2883) panicked at src/provider/overpass.rs:29:14:
[INFO] [stdout] Failed to create HTTP client - check that either 'reqwest-client' or 'ehttp-client' feature is enabled: "No HTTP client feature enabled. Enable either 'reqwest-client' or 'ehttp-client'"
[INFO] [stdout] stack backtrace:
[INFO] [stdout]    0:     0x5bdebfb2f247 - <unknown>
[INFO] [stdout]    1:     0x5bdebfb10624 - <unknown>
[INFO] [stdout]    2:     0x5bdebfb2e80b - <unknown>
[INFO] [stdout]    3:     0x5bdebfb2e409 - <unknown>
[INFO] [stdout]    4:     0x5bdebfb2e08a - <unknown>
[INFO] [stdout]    5:     0x5bdebfb2dbc3 - <unknown>
[INFO] [stdout]    6:     0x5bdebfb53d11 - <unknown>
[INFO] [stdout]    7:     0x5bdebfb53cc9 - <unknown>
[INFO] [stdout]    8:     0x5bdebfb541cc - <unknown>
[INFO] [stdout]    9:     0x5bdebfb104bb - <unknown>
[INFO] [stdout]   10:     0x5bdebfb13de1 - <unknown>
[INFO] [stdout]   11:     0x5bdebfadf1b5 - <unknown>
[INFO] [stdout]   12:     0x5bdebfb09ba4 - <unknown>
[INFO] [stdout]   13:     0x5bdebfb6a45b - <unknown>
[INFO] [stdout]   14:     0x5bdebfb65db2 - <unknown>
[INFO] [stdout]   15:     0x5bdebfb6585c - <unknown>
[INFO] [stdout]   16:     0x5bdebfb80abc - <unknown>
[INFO] [stdout]   17:     0x5bdebfb5557a - <unknown>
[INFO] [stdout]   18:     0x747d9b37807a - <unknown>
[INFO] [stdout]   19:     0x747d9b40b534 - clone
[INFO] [stdout]   20:                0x0 - <unknown>
[INFO] [stdout] 
[INFO] [stdout] ---- provider::overpass::tests::test_resolve_region_center_radius stdout ----
[INFO] [stdout] 
[INFO] [stdout] thread 'provider::overpass::tests::test_resolve_region_center_radius' (2880) panicked at src/provider/overpass.rs:29:14:
[INFO] [stdout] Failed to create HTTP client - check that either 'reqwest-client' or 'ehttp-client' feature is enabled: "No HTTP client feature enabled. Enable either 'reqwest-client' or 'ehttp-client'"
[INFO] [stdout] stack backtrace:
[INFO] [stdout]    0:     0x5bdebfb2f247 - <unknown>
[INFO] [stdout]    1:     0x5bdebfb10624 - <unknown>
[INFO] [stdout]    2:     0x5bdebfb2e80b - <unknown>
[INFO] [stdout]    3:     0x5bdebfb2e409 - <unknown>
[INFO] [stdout]    4:     0x5bdebfb2e08a - <unknown>
[INFO] [stdout]    5:     0x5bdebfb2dbc3 - <unknown>
[INFO] [stdout]    6:     0x5bdebfb53d11 - <unknown>
[INFO] [stdout]    7:     0x5bdebfb53cc9 - <unknown>
[INFO] [stdout]    8:     0x5bdebfb541cc - <unknown>
[INFO] [stdout]    9:     0x5bdebfb104bb - <unknown>
[INFO] [stdout]   10:     0x5bdebfb13de1 - <unknown>
[INFO] [stdout]   11:     0x5bdebfadf1b5 - <unknown>
[INFO] [stdout]   12:     0x5bdebfaf0c99 - <unknown>
[INFO] [stdout]   13:     0x5bdebfade792 - <unknown>
[INFO] [stdout]   14:     0x5bdebfb0a705 - <unknown>
[INFO] [stdout]   15:     0x5bdebfb6a45b - <unknown>
[INFO] [stdout]   16:     0x5bdebfb65db2 - <unknown>
[INFO] [stdout]   17:     0x5bdebfb6585c - <unknown>
[INFO] [stdout]   18:     0x5bdebfb80abc - <unknown>
[INFO] [stdout]   19:     0x5bdebfb5557a - <unknown>
[INFO] [stdout]   20:     0x747d9b37807a - <unknown>
[INFO] [stdout]   21:     0x747d9b40b534 - clone
[INFO] [stdout]   22:                0x0 - <unknown>
[INFO] [stdout] 
[INFO] [stdout] ---- provider::overpass::tests::test_should_include_nodes stdout ----
[INFO] [stdout] 
[INFO] [stdout] thread 'provider::overpass::tests::test_should_include_nodes' (2881) panicked at src/provider/overpass.rs:29:14:
[INFO] [stdout] Failed to create HTTP client - check that either 'reqwest-client' or 'ehttp-client' feature is enabled: "No HTTP client feature enabled. Enable either 'reqwest-client' or 'ehttp-client'"
[INFO] [stdout] stack backtrace:
[INFO] [stdout]    0:     0x5bdebfb2f247 - <unknown>
[INFO] [stdout]    1:     0x5bdebfb10624 - <unknown>
[INFO] [stdout]    2:     0x5bdebfb2e80b - <unknown>
[INFO] [stdout]    3:     0x5bdebfb2e409 - <unknown>
[INFO] [stdout]    4:     0x5bdebfb2e08a - <unknown>
[INFO] [stdout]    5:     0x5bdebfb2dbc3 - <unknown>
[INFO] [stdout]    6:     0x5bdebfb53d11 - <unknown>
[INFO] [stdout]    7:     0x5bdebfb53cc9 - <unknown>
[INFO] [stdout]    8:     0x5bdebfb541cc - <unknown>
[INFO] [stdout]    9:     0x5bdebfb104bb - <unknown>
[INFO] [stdout]   10:     0x5bdebfb13de1 - <unknown>
[INFO] [stdout]   11:     0x5bdebfadf1b5 - <unknown>
[INFO] [stdout]   12:     0x5bdebfb0a0d0 - <unknown>
[INFO] [stdout]   13:     0x5bdebfb6a45b - <unknown>
[INFO] [stdout]   14:     0x5bdebfb65db2 - <unknown>
[INFO] [stdout]   15:     0x5bdebfb6585c - <unknown>
[INFO] [stdout]   16:     0x5bdebfb80abc - <unknown>
[INFO] [stdout]   17:     0x5bdebfb5557a - <unknown>
[INFO] [stdout]   18:     0x747d9b37807a - <unknown>
[INFO] [stdout]   19:     0x747d9b40b534 - clone
[INFO] [stdout]   20:                0x0 - <unknown>
[INFO] [stdout] 
[INFO] [stdout] ---- provider::tests::test_provider_factory_create_overpass stdout ----
[INFO] [stdout] 
[INFO] [stdout] thread 'provider::tests::test_provider_factory_create_overpass' (2892) panicked at src/provider/overpass.rs:29:14:
[INFO] [stdout] Failed to create HTTP client - check that either 'reqwest-client' or 'ehttp-client' feature is enabled: "No HTTP client feature enabled. Enable either 'reqwest-client' or 'ehttp-client'"
[INFO] [stdout] stack backtrace:
[INFO] [stdout]    0:     0x5bdebfb2f247 - <unknown>
[INFO] [stdout]    1:     0x5bdebfb10624 - <unknown>
[INFO] [stdout]    2:     0x5bdebfb2e80b - <unknown>
[INFO] [stdout]    3:     0x5bdebfb2e409 - <unknown>
[INFO] [stdout]    4:     0x5bdebfb2e08a - <unknown>
[INFO] [stdout]    5:     0x5bdebfb2dbc3 - <unknown>
[INFO] [stdout]    6:     0x5bdebfb53d11 - <unknown>
[INFO] [stdout]    7:     0x5bdebfb53cc9 - <unknown>
[INFO] [stdout]    8:     0x5bdebfb541cc - <unknown>
[INFO] [stdout]    9:     0x5bdebfb104bb - <unknown>
[INFO] [stdout]   10:     0x5bdebfb13de1 - <unknown>
[INFO] [stdout]   11:     0x5bdebfadf1b5 - <unknown>
[INFO] [stdout]   12:     0x5bdebfb037bc - <unknown>
[INFO] [stdout]   13:     0x5bdebfb6a45b - <unknown>
[INFO] [stdout]   14:     0x5bdebfb65db2 - <unknown>
[INFO] [stdout]   15:     0x5bdebfb6585c - <unknown>
[INFO] [stdout]   16:     0x5bdebfb80abc - <unknown>
[INFO] [stdout]   17:     0x5bdebfb5557a - <unknown>
[INFO] [stdout]   18:     0x747d9b37807a - <unknown>
[INFO] [stdout]   19:     0x747d9b40b534 - clone
[INFO] [stdout]   20:                0x0 - <unknown>
[INFO] [stdout] 
[INFO] [stdout] ---- provider::overpass::tests::test_resolve_region_bounding_box stdout ----
[INFO] [stdout] 
[INFO] [stdout] thread 'provider::overpass::tests::test_resolve_region_bounding_box' (2879) panicked at src/provider/overpass.rs:29:14:
[INFO] [stdout] Failed to create HTTP client - check that either 'reqwest-client' or 'ehttp-client' feature is enabled: "No HTTP client feature enabled. Enable either 'reqwest-client' or 'ehttp-client'"
[INFO] [stdout] stack backtrace:
[INFO] [stdout]    0:     0x5bdebfb2f247 - <unknown>
[INFO] [stdout]    1:     0x5bdebfb10624 - <unknown>
[INFO] [stdout]    2:     0x5bdebfb2e80b - <unknown>
[INFO] [stdout]    3:     0x5bdebfb2e409 - <unknown>
[INFO] [stdout]    4:     0x5bdebfb2e08a - <unknown>
[INFO] [stdout]    5:     0x5bdebfb2dbc3 - <unknown>
[INFO] [stdout]    6:     0x5bdebfb53d11 - <unknown>
[INFO] [stdout]    7:     0x5bdebfb53cc9 - <unknown>
[INFO] [stdout]    8:     0x5bdebfb541cc - <unknown>
[INFO] [stdout]    9:     0x5bdebfb104bb - <unknown>
[INFO] [stdout]   10:     0x5bdebfb13de1 - <unknown>
[INFO] [stdout]   11:     0x5bdebfadf1b5 - <unknown>
[INFO] [stdout]   12:     0x5bdebfaf0a10 - <unknown>
[INFO] [stdout]   13:     0x5bdebfade792 - <unknown>
[INFO] [stdout]   14:     0x5bdebfb0a591 - <unknown>
[INFO] [stdout]   15:     0x5bdebfb6a45b - <unknown>
[INFO] [stdout]   16:     0x5bdebfb65db2 - <unknown>
[INFO] [stdout]   17:     0x5bdebfb6585c - <unknown>
[INFO] [stdout]   18:     0x5bdebfb80abc - <unknown>
[INFO] [stdout]   19:     0x5bdebfb5557a - <unknown>
[INFO] [stdout]   20:     0x747d9b37807a - <unknown>
[INFO] [stdout]   21:     0x747d9b40b534 - clone
[INFO] [stdout]   22:                0x0 - <unknown>
[INFO] [stdout] 
[INFO] [stdout] ---- provider::overpass::tests::test_should_include_relations stdout ----
[INFO] [stdout] 
[INFO] [stdout] thread 'provider::overpass::tests::test_should_include_relations' (2882) panicked at src/provider/overpass.rs:29:14:
[INFO] [stdout] Failed to create HTTP client - check that either 'reqwest-client' or 'ehttp-client' feature is enabled: "No HTTP client feature enabled. Enable either 'reqwest-client' or 'ehttp-client'"
[INFO] [stdout] stack backtrace:
[INFO] [stdout]    0:     0x5bdebfb2f247 - <unknown>
[INFO] [stdout]    1:     0x5bdebfb10624 - <unknown>
[INFO] [stdout]    2:     0x5bdebfb2e80b - <unknown>
[INFO] [stdout]    3:     0x5bdebfb2e409 - <unknown>
[INFO] [stdout]    4:     0x5bdebfb2e08a - <unknown>
[INFO] [stdout]    5:     0x5bdebfb2dbc3 - <unknown>
[INFO] [stdout]    6:     0x5bdebfb53d11 - <unknown>
[INFO] [stdout]    7:     0x5bdebfb53cc9 - <unknown>
[INFO] [stdout]    8:     0x5bdebfb541cc - <unknown>
[INFO] [stdout]    9:     0x5bdebfb104bb - <unknown>
[INFO] [stdout]   10:     0x5bdebfb13de1 - <unknown>
[INFO] [stdout]   11:     0x5bdebfadf1b5 - <unknown>
[INFO] [stdout]   12:     0x5bdebfb0a37d - <unknown>
[INFO] [stdout]   13:     0x5bdebfb6a45b - <unknown>
[INFO] [stdout]   14:     0x5bdebfb65db2 - <unknown>
[INFO] [stdout]   15:     0x5bdebfb6585c - <unknown>
[INFO] [stdout]   16:     0x5bdebfb80abc - <unknown>
[INFO] [stdout]   17:     0x5bdebfb5557a - <unknown>
[INFO] [stdout]   18:     0x747d9b37807a - <unknown>
[INFO] [stdout]   19:     0x747d9b40b534 - clone
[INFO] [stdout]   20:                0x0 - <unknown>
[INFO] [stdout] 
[INFO] [stdout] ---- provider::tests::test_provider_factory_create_overpass_with_url stdout ----
[INFO] [stdout] 
[INFO] [stdout] thread 'provider::tests::test_provider_factory_create_overpass_with_url' (2893) panicked at src/provider/overpass.rs:29:14:
[INFO] [stdout] Failed to create HTTP client - check that either 'reqwest-client' or 'ehttp-client' feature is enabled: "No HTTP client feature enabled. Enable either 'reqwest-client' or 'ehttp-client'"
[INFO] [stdout] stack backtrace:
[INFO] [stdout]    0:     0x5bdebfb2f247 - <unknown>
[INFO] [stdout]    1:     0x5bdebfb10624 - <unknown>
[INFO] [stdout]    2:     0x5bdebfb2e80b - <unknown>
[INFO] [stdout]    3:     0x5bdebfb2e409 - <unknown>
[INFO] [stdout]    4:     0x5bdebfb2e08a - <unknown>
[INFO] [stdout]    5:     0x5bdebfb2dbc3 - <unknown>
[INFO] [stdout]    6:     0x5bdebfb53d11 - <unknown>
[INFO] [stdout]    7:     0x5bdebfb53cc9 - <unknown>
[INFO] [stdout]    8:     0x5bdebfb541cc - <unknown>
[INFO] [stdout]    9:     0x5bdebfb104bb - <unknown>
[INFO] [stdout]   10:     0x5bdebfb13de1 - <unknown>
[INFO] [stdout]   11:     0x5bdebfadf1b5 - <unknown>
[INFO] [stdout]   12:     0x5bdebfb03c3f - <unknown>
[INFO] [stdout]   13:     0x5bdebfb6a45b - <unknown>
[INFO] [stdout]   14:     0x5bdebfb65db2 - <unknown>
[INFO] [stdout]   15:     0x5bdebfb6585c - <unknown>
[INFO] [stdout]   16:     0x5bdebfb80abc - <unknown>
[INFO] [stdout]   17:     0x5bdebfb5557a - <unknown>
[INFO] [stdout]   18:     0x747d9b37807a - <unknown>
[INFO] [stdout]   19:     0x747d9b40b534 - clone
[INFO] [stdout]   20:                0x0 - <unknown>
[INFO] [stdout] 
[INFO] [stdout] ---- provider::tests::test_provider_factory_create_provider_by_name stdout ----
[INFO] [stdout] 
[INFO] [stdout] thread 'provider::tests::test_provider_factory_create_provider_by_name' (2894) panicked at src/provider/overpass.rs:29:14:
[INFO] [stdout] Failed to create HTTP client - check that either 'reqwest-client' or 'ehttp-client' feature is enabled: "No HTTP client feature enabled. Enable either 'reqwest-client' or 'ehttp-client'"
[INFO] [stdout] stack backtrace:
[INFO] [stdout]    0:     0x5bdebfb2f247 - <unknown>
[INFO] [stdout]    1:     0x5bdebfb10624 - <unknown>
[INFO] [stdout]    2:     0x5bdebfb2e80b - <unknown>
[INFO] [stdout]    3:     0x5bdebfb2e409 - <unknown>
[INFO] [stdout]    4:     0x5bdebfb2e08a - <unknown>
[INFO] [stdout]    5:     0x5bdebfb2dbc3 - <unknown>
[INFO] [stdout]    6:     0x5bdebfb53d11 - <unknown>
[INFO] [stdout]    7:     0x5bdebfb53cc9 - <unknown>
[INFO] [stdout]    8:     0x5bdebfb541cc - <unknown>
[INFO] [stdout]    9:     0x5bdebfb104bb - <unknown>
[INFO] [stdout]   10:     0x5bdebfb13de1 - <unknown>
[INFO] [stdout]   11:     0x5bdebfadf1b5 - <unknown>
[INFO] [stdout]   12:     0x5bdebfafa010 - <unknown>
[INFO] [stdout]   13:     0x5bdebfb03930 - <unknown>
[INFO] [stdout]   14:     0x5bdebfb6a45b - <unknown>
[INFO] [stdout]   15:     0x5bdebfb65db2 - <unknown>
[INFO] [stdout]   16:     0x5bdebfb6585c - <unknown>
[INFO] [stdout]   17:     0x5bdebfb80abc - <unknown>
[INFO] [stdout]   18:     0x5bdebfb5557a - <unknown>
[INFO] [stdout]   19:     0x747d9b37807a - <unknown>
[INFO] [stdout]   20:     0x747d9b40b534 - clone
[INFO] [stdout]   21:                0x0 - <unknown>
[INFO] [stdout] 
[INFO] [stdout] ---- provider::integration_tests::integration_tests::test_provider_capabilities_differences stdout ----
[INFO] [stdout] 
[INFO] [stdout] thread 'provider::integration_tests::integration_tests::test_provider_capabilities_differences' (2859) panicked at src/provider/overpass.rs:29:14:
[INFO] [stdout] Failed to create HTTP client - check that either 'reqwest-client' or 'ehttp-client' feature is enabled: "No HTTP client feature enabled. Enable either 'reqwest-client' or 'ehttp-client'"
[INFO] [stdout] stack backtrace:
[INFO] [stdout]    0:     0x5bdebfb2f247 - <unknown>
[INFO] [stdout]    1:     0x5bdebfb10624 - <unknown>
[INFO] [stdout]    2:     0x5bdebfb2e80b - <unknown>
[INFO] [stdout]    3:     0x5bdebfb2e409 - <unknown>
[INFO] [stdout]    4:     0x5bdebfb2e08a - <unknown>
[INFO] [stdout]    5:     0x5bdebfb2dbc3 - <unknown>
[INFO] [stdout]    6:     0x5bdebfb53d11 - <unknown>
[INFO] [stdout]    7:     0x5bdebfb53cc9 - <unknown>
[INFO] [stdout]    8:     0x5bdebfb541cc - <unknown>
[INFO] [stdout]    9:     0x5bdebfb104bb - <unknown>
[INFO] [stdout]   10:     0x5bdebfb13de1 - <unknown>
[INFO] [stdout]   11:     0x5bdebfadf1b5 - <unknown>
[INFO] [stdout]   12:     0x5bdebfaeeaf0 - <unknown>
[INFO] [stdout]   13:     0x5bdebfade792 - <unknown>
[INFO] [stdout]   14:     0x5bdebfb0927a - <unknown>
[INFO] [stdout]   15:     0x5bdebfb6a45b - <unknown>
[INFO] [stdout]   16:     0x5bdebfb65db2 - <unknown>
[INFO] [stdout]   17:     0x5bdebfb6585c - <unknown>
[INFO] [stdout]   18:     0x5bdebfb80abc - <unknown>
[INFO] [stdout]   19:     0x5bdebfb5557a - <unknown>
[INFO] [stdout]   20:     0x747d9b37807a - <unknown>
[INFO] [stdout]   21:     0x747d9b40b534 - clone
[INFO] [stdout]   22:                0x0 - <unknown>
[INFO] [stdout] 
[INFO] [stdout] ---- provider::integration_tests::integration_tests::test_provider_factory_consistency stdout ----
[INFO] [stdout] 
[INFO] [stdout] thread 'provider::integration_tests::integration_tests::test_provider_factory_consistency' (2862) panicked at src/provider/overpass.rs:29:14:
[INFO] [stdout] Failed to create HTTP client - check that either 'reqwest-client' or 'ehttp-client' feature is enabled: "No HTTP client feature enabled. Enable either 'reqwest-client' or 'ehttp-client'"
[INFO] [stdout] stack backtrace:
[INFO] [stdout]    0:     0x5bdebfb2f247 - <unknown>
[INFO] [stdout]    1:     0x5bdebfb10624 - <unknown>
[INFO] [stdout]    2:     0x5bdebfb2e80b - <unknown>
[INFO] [stdout]    3:     0x5bdebfb2e409 - <unknown>
[INFO] [stdout]    4:     0x5bdebfb2e08a - <unknown>
[INFO] [stdout]    5:     0x5bdebfb2dbc3 - <unknown>
[INFO] [stdout]    6:     0x5bdebfb53d11 - <unknown>
[INFO] [stdout]    7:     0x5bdebfb53cc9 - <unknown>
[INFO] [stdout]    8:     0x5bdebfb541cc - <unknown>
[INFO] [stdout]    9:     0x5bdebfb104bb - <unknown>
[INFO] [stdout]   10:     0x5bdebfb13de1 - <unknown>
[INFO] [stdout]   11:     0x5bdebfadf1b5 - <unknown>
[INFO] [stdout]   12:     0x5bdebfaedc2a - <unknown>
[INFO] [stdout]   13:     0x5bdebfade792 - <unknown>
[INFO] [stdout]   14:     0x5bdebfb090e9 - <unknown>
[INFO] [stdout]   15:     0x5bdebfb6a45b - <unknown>
[INFO] [stdout]   16:     0x5bdebfb65db2 - <unknown>
[INFO] [stdout]   17:     0x5bdebfb6585c - <unknown>
[INFO] [stdout]   18:     0x5bdebfb80abc - <unknown>
[INFO] [stdout]   19:     0x5bdebfb5557a - <unknown>
[INFO] [stdout]   20:     0x747d9b37807a - <unknown>
[INFO] [stdout]   21:     0x747d9b40b534 - clone
[INFO] [stdout]   22:                0x0 - <unknown>
[INFO] [stdout] 
[INFO] [stdout] 
[INFO] [stdout] failures:
[INFO] [stdout]     provider::integration_tests::integration_tests::test_provider_capabilities_differences
[INFO] [stdout]     provider::integration_tests::integration_tests::test_provider_comparison
[INFO] [stdout]     provider::integration_tests::integration_tests::test_provider_factory_consistency
[INFO] [stdout]     provider::overpass::tests::test_build_overpass_query
[INFO] [stdout]     provider::overpass::tests::test_build_overpass_query_with_custom_features
[INFO] [stdout]     provider::overpass::tests::test_overpass_provider_basic
[INFO] [stdout]     provider::overpass::tests::test_overpass_provider_custom_url
[INFO] [stdout]     provider::overpass::tests::test_resolve_region_bounding_box
[INFO] [stdout]     provider::overpass::tests::test_resolve_region_center_radius
[INFO] [stdout]     provider::overpass::tests::test_should_include_nodes
[INFO] [stdout]     provider::overpass::tests::test_should_include_relations
[INFO] [stdout]     provider::overpass::tests::test_timeout_calculation
[INFO] [stdout]     provider::tests::test_provider_factory_create_overpass
[INFO] [stdout]     provider::tests::test_provider_factory_create_overpass_with_url
[INFO] [stdout]     provider::tests::test_provider_factory_create_provider_by_name
[INFO] [stdout] 
[INFO] [stdout] test result: FAILED. 94 passed; 15 failed; 0 ignored; 0 measured; 0 filtered out; finished in 0.03s
[INFO] [stdout] 
[INFO] [stderr] error: test failed, to rerun pass `--lib`
[INFO] running `Command { std: "docker" "inspect" "993ff3d205483bdc7072646a5cc7ef996e4b7c4ad472c3c47aaf9ea14c7f8f1f", kill_on_drop: false }`
[INFO] running `Command { std: "docker" "rm" "-f" "993ff3d205483bdc7072646a5cc7ef996e4b7c4ad472c3c47aaf9ea14c7f8f1f", kill_on_drop: false }`
[INFO] [stdout] 993ff3d205483bdc7072646a5cc7ef996e4b7c4ad472c3c47aaf9ea14c7f8f1f
