[INFO] cloning repository https://github.com/jplabadessa/nodejs
[INFO] running `Command { std: "git" "-c" "credential.helper=" "-c" "credential.helper=/workspace/cargo-home/bin/git-credential-null" "clone" "--bare" "https://github.com/jplabadessa/nodejs" "/workspace/cache/git-repos/https%3A%2F%2Fgithub.com%2Fjplabadessa%2Fnodejs", kill_on_drop: false }`
[INFO] [stderr] Cloning into bare repository '/workspace/cache/git-repos/https%3A%2F%2Fgithub.com%2Fjplabadessa%2Fnodejs'...
[INFO] running `Command { std: "git" "rev-parse" "HEAD", kill_on_drop: false }`
[INFO] [stdout] 79c88fa3db80998245390204da15892b71ee6d49
[INFO] testing jplabadessa/nodejs against 1.99.0-beta.1+cargoflags=--release for beta-release-1.99-2
[INFO] running `Command { std: "git" "clone" "/workspace/cache/git-repos/https%3A%2F%2Fgithub.com%2Fjplabadessa%2Fnodejs" "/workspace/builds/worker-4-tc2/source", kill_on_drop: false }`
[INFO] [stderr] Cloning into '/workspace/builds/worker-4-tc2/source'...
[INFO] [stderr] done.
[INFO] started tweaking git repo https://github.com/jplabadessa/nodejs
[INFO] finished tweaking git repo https://github.com/jplabadessa/nodejs
[INFO] tweaked toml for git repo https://github.com/jplabadessa/nodejs written to /workspace/builds/worker-4-tc2/source/Cargo.toml
[INFO] validating manifest of git repo https://github.com/jplabadessa/nodejs on toolchain 1.99.0-beta.1
[INFO] running `Command { std: CARGO_HOME="/workspace/cargo-home" RUSTUP_HOME="/workspace/rustup-home" "/workspace/cargo-home/bin/cargo" "+1.99.0-beta.1" "metadata" "--manifest-path" "Cargo.toml" "--no-deps", kill_on_drop: false }`
[INFO] crate git repo https://github.com/jplabadessa/nodejs already has a lockfile, it will not be regenerated
[INFO] running `Command { std: CARGO_HOME="/workspace/cargo-home" RUSTUP_HOME="/workspace/rustup-home" "/workspace/cargo-home/bin/cargo" "+1.99.0-beta.1" "fetch" "--manifest-path" "Cargo.toml", kill_on_drop: false }`
[INFO] running `Command { std: "docker" "create" "-v" "/var/lib/crater-agent-workspace/builds/worker-4-tc2/source:/opt/rustwide/workdir:ro,Z" "-v" "/var/lib/crater-agent-workspace/builds/worker-4-tc2/target:/opt/rustwide/target:rw,Z" "-v" "/var/lib/crater-agent-workspace/cargo-home:/opt/rustwide/cargo-home:ro,Z" "-v" "/var/lib/crater-agent-workspace/rustup-home:/opt/rustwide/rustup-home:ro,Z" "-m" "1610612736" "--network" "none" "ghcr.io/rust-lang/crates-build-env/linux@sha256:8683fc1fc2eb5c9ac98e0d076ab094b2ffac7f99da555d2b6a2e27f346de2ec7" "sleep" "infinity", kill_on_drop: false }`
[INFO] [stdout] 03a0bd13131f4b1c2370c7f61763460c09f03c91f19d49e0da324af9cbd28291
[INFO] running `Command { std: "docker" "start" "03a0bd13131f4b1c2370c7f61763460c09f03c91f19d49e0da324af9cbd28291", kill_on_drop: false }`
[INFO] running `Command { std: "docker" "inspect" "03a0bd13131f4b1c2370c7f61763460c09f03c91f19d49e0da324af9cbd28291", kill_on_drop: false }`
[INFO] running `Command { std: "docker" "exec" "-e" "SOURCE_DIR=/opt/rustwide/workdir" "-e" "CARGO_HOME=/opt/rustwide/cargo-home" "-e" "RUSTUP_HOME=/opt/rustwide/rustup-home" "-e" "CARGO_TARGET_DIR=/opt/rustwide/target" "-w" "/opt/rustwide/workdir" "--user" "0:0" "03a0bd13131f4b1c2370c7f61763460c09f03c91f19d49e0da324af9cbd28291" "/opt/rustwide/cargo-home/bin/cargo" "+1.99.0-beta.1" "metadata" "--no-deps" "--format-version=1", kill_on_drop: false }`
[INFO] running `Command { std: "docker" "inspect" "03a0bd13131f4b1c2370c7f61763460c09f03c91f19d49e0da324af9cbd28291", kill_on_drop: false }`
[INFO] running `Command { std: "docker" "exec" "-e" "SOURCE_DIR=/opt/rustwide/workdir" "-e" "CARGO_HOME=/opt/rustwide/cargo-home" "-e" "RUSTUP_HOME=/opt/rustwide/rustup-home" "-e" "CARGO_TARGET_DIR=/opt/rustwide/target" "-e" "CARGO_INCREMENTAL=0" "-e" "RUST_BACKTRACE=full" "-e" "RUSTFLAGS=--cap-lints=warn" "-e" "RUSTDOCFLAGS=--cap-lints=warn" "-w" "/opt/rustwide/workdir" "--user" "0:0" "03a0bd13131f4b1c2370c7f61763460c09f03c91f19d49e0da324af9cbd28291" "/opt/rustwide/cargo-home/bin/cargo" "+1.99.0-beta.1" "build" "--frozen" "--message-format=json" "--release", kill_on_drop: false }`
[INFO] [stderr]    Compiling proc-macro2 v1.0.92
[INFO] [stderr]    Compiling unicode-ident v1.0.12
[INFO] [stderr]    Compiling serde v1.0.217
[INFO] [stderr]    Compiling memchr v2.7.4
[INFO] [stderr]    Compiling cfg-if v1.0.0
[INFO] [stderr]    Compiling thiserror v1.0.69
[INFO] [stderr]    Compiling libc v0.2.161
[INFO] [stderr]    Compiling autocfg v1.3.0
[INFO] [stderr]    Compiling hashbrown v0.14.5
[INFO] [stderr]    Compiling equivalent v1.0.1
[INFO] [stderr]    Compiling serde_json v1.0.138
[INFO] [stderr]    Compiling stable_deref_trait v1.2.0
[INFO] [stderr]    Compiling shlex v1.3.0
[INFO] [stderr]    Compiling regex-syntax v0.8.5
[INFO] [stderr]    Compiling semver v1.0.23
[INFO] [stderr]    Compiling once_cell v1.19.0
[INFO] [stderr]    Compiling camino v1.1.9
[INFO] [stderr]    Compiling writeable v0.5.5
[INFO] [stderr]    Compiling litemap v0.7.3
[INFO] [stderr]    Compiling itoa v1.0.11
[INFO] [stderr]    Compiling ryu v1.0.18
[INFO] [stderr]    Compiling cc v1.1.15
[INFO] [stderr]    Compiling thiserror v2.0.11
[INFO] [stderr]    Compiling winnow v0.6.18
[INFO] [stderr]    Compiling percent-encoding v2.3.1
[INFO] [stderr]    Compiling num-traits v0.2.19
[INFO] [stderr]    Compiling log v0.4.22
[INFO] [stderr]    Compiling bit-vec v0.8.0
[INFO] [stderr]    Compiling icu_locid_transform_data v1.5.0
[INFO] [stderr]    Compiling lazy_static v1.5.0
[INFO] [stderr]    Compiling version_check v0.9.5
[INFO] [stderr]    Compiling icu_properties_data v1.5.0
[INFO] [stderr]    Compiling fnv v1.0.7
[INFO] [stderr]    Compiling typenum v1.17.0
[INFO] [stderr]    Compiling bit-set v0.8.0
[INFO] [stderr]    Compiling aho-corasick v1.1.3
[INFO] [stderr]    Compiling uriparse v0.6.4
[INFO] [stderr]    Compiling smallvec v1.13.2
[INFO] [stderr]    Compiling write16 v1.0.0
[INFO] [stderr]    Compiling utf8_iter v1.0.4
[INFO] [stderr]    Compiling quote v1.0.37
[INFO] [stderr]    Compiling getrandom v0.2.15
[INFO] [stderr]    Compiling icu_normalizer_data v1.5.0
[INFO] [stderr]    Compiling generic-array v0.14.7
[INFO] [stderr]    Compiling pkg-config v0.3.30
[INFO] [stderr]    Compiling vcpkg v0.2.15
[INFO] [stderr]    Compiling crossbeam-utils v0.8.20
[INFO] [stderr]    Compiling utf16_iter v1.0.5
[INFO] [stderr]    Compiling syn v2.0.87
[INFO] [stderr]    Compiling rustls-pki-types v1.10.0
[INFO] [stderr]    Compiling untrusted v0.9.0
[INFO] [stderr]    Compiling strsim v0.11.1
[INFO] [stderr]    Compiling spin v0.9.8
[INFO] [stderr]    Compiling indexmap v2.4.0
[INFO] [stderr]    Compiling ident_case v1.0.1
[INFO] [stderr]    Compiling iana-time-zone v0.1.60
[INFO] [stderr]    Compiling prettyplease v0.2.25
[INFO] [stderr]    Compiling rustls v0.23.19
[INFO] [stderr]    Compiling rustversion v1.0.18
[INFO] [stderr]    Compiling adler2 v2.0.0
[INFO] [stderr]    Compiling ring v0.17.8
[INFO] [stderr]    Compiling regex-automata v0.4.8
[INFO] [stderr]    Compiling miniz_oxide v0.8.0
[INFO] [stderr]    Compiling libz-sys v1.1.20
[INFO] [stderr]    Compiling form_urlencoded v1.2.1
[INFO] [stderr]    Compiling crc32fast v1.4.2
[INFO] [stderr]    Compiling subtle v2.6.1
[INFO] [stderr]    Compiling pin-project-lite v0.2.14
[INFO] [stderr]    Compiling indoc v2.0.5
[INFO] [stderr]    Compiling futures-core v0.3.30
[INFO] [stderr]    Compiling zeroize v1.8.1
[INFO] [stderr]    Compiling webpki-roots v0.26.3
[INFO] [stderr]    Compiling slab v0.4.9
[INFO] [stderr]    Compiling byteorder v1.5.0
[INFO] [stderr]    Compiling base64 v0.22.1
[INFO] [stderr]    Compiling futures-sink v0.3.30
[INFO] [stderr]    Compiling filetime v0.2.25
[INFO] [stderr]    Compiling cpufeatures v0.2.13
[INFO] [stderr]    Compiling unicode-width v0.1.13
[INFO] [stderr]    Compiling unicode-id v0.3.4
[INFO] [stderr]    Compiling anyhow v1.0.95
[INFO] [stderr]    Compiling flate2 v1.0.35
[INFO] [stderr]    Compiling minimal-lexical v0.2.1
[INFO] [stderr]    Compiling markdown v1.0.0-alpha.17
[INFO] [stderr]    Compiling crypto-common v0.1.6
[INFO] [stderr]    Compiling block-buffer v0.10.4
[INFO] [stderr]    Compiling tar v0.4.43
[INFO] [stderr]    Compiling nom v7.1.3
[INFO] [stderr]    Compiling digest v0.10.7
[INFO] [stderr]    Compiling rand_core v0.6.4
[INFO] [stderr]    Compiling xml-rs v0.8.21
[INFO] [stderr]    Compiling bytecount v0.6.8
[INFO] [stderr]    Compiling sha2 v0.10.8
[INFO] [stderr]    Compiling hex v0.4.3
[INFO] [stderr]    Compiling futures-task v0.3.30
[INFO] [stderr]    Compiling pathdiff v0.2.2
[INFO] [stderr]    Compiling pin-utils v0.1.0
[INFO] [stderr]    Compiling urlencoding v2.1.3
[INFO] [stderr]    Compiling crossbeam-channel v0.5.13
[INFO] [stderr]    Compiling futures-channel v0.3.30
[INFO] [stderr]    Compiling ordered-float v4.2.2
[INFO] [stderr]    Compiling rustix v0.38.39
[INFO] [stderr]    Compiling linux-raw-sys v0.4.14
[INFO] [stderr]    Compiling bitflags v2.6.0
[INFO] [stderr]    Compiling getrandom v0.3.1
[INFO] [stderr]    Compiling fastrand v2.2.0
[INFO] [stderr]    Compiling crossbeam-epoch v0.9.18
[INFO] [stderr]    Compiling bstr v1.10.0
[INFO] [stderr]    Compiling same-file v1.0.6
[INFO] [stderr]    Compiling walkdir v2.5.0
[INFO] [stderr]    Compiling either v1.13.0
[INFO] [stderr]    Compiling crossbeam-deque v0.8.5
[INFO] [stderr]    Compiling home v0.5.9
[INFO] [stderr]    Compiling fixedbitset v0.4.2
[INFO] [stderr]    Compiling tracing-core v0.1.33
[INFO] [stderr]    Compiling petgraph v0.6.5
[INFO] [stderr]    Compiling fs_extra v1.3.0
[INFO] [stderr]    Compiling tracing v0.1.41
[INFO] [stderr]    Compiling synstructure v0.13.1
[INFO] [stderr]    Compiling darling_core v0.20.10
[INFO] [stderr]    Compiling fancy-regex v0.14.0
[INFO] [stderr]    Compiling tempfile v3.16.0
[INFO] [stderr]    Compiling which v7.0.0
[INFO] [stderr]    Compiling serde_derive v1.0.217
[INFO] [stderr]    Compiling thiserror-impl v1.0.69
[INFO] [stderr]    Compiling zerofrom-derive v0.1.4
[INFO] [stderr]    Compiling yoke-derive v0.7.4
[INFO] [stderr]    Compiling zerovec-derive v0.10.3
[INFO] [stderr]    Compiling displaydoc v0.2.5
[INFO] [stderr]    Compiling icu_provider_macros v1.5.0
[INFO] [stderr]    Compiling thiserror-impl v2.0.11
[INFO] [stderr]    Compiling zerocopy-derive v0.7.35
[INFO] [stderr]    Compiling miette-derive v5.10.0
[INFO] [stderr]    Compiling futures-macro v0.3.30
[INFO] [stderr]    Compiling async-trait v0.1.81
[INFO] [stderr]    Compiling regex v1.11.1
[INFO] [stderr]    Compiling globset v0.4.15
[INFO] [stderr]    Compiling zerocopy v0.7.35
[INFO] [stderr]    Compiling fun_run v0.5.0
[INFO] [stderr]    Compiling futures-util v0.3.30
[INFO] [stderr]    Compiling opentelemetry v0.21.0
[INFO] [stderr]    Compiling bullet_stream v0.7.0
[INFO] [stderr]    Compiling zerofrom v0.1.4
[INFO] [stderr]    Compiling miette v5.10.0
[INFO] [stderr]    Compiling yoke v0.7.4
[INFO] [stderr]    Compiling ignore v0.4.23
[INFO] [stderr]    Compiling zerovec v0.10.4
[INFO] [stderr]    Compiling ppv-lite86 v0.2.20
[INFO] [stderr]    Compiling opentelemetry v0.27.1
[INFO] [stderr]    Compiling darling_macro v0.20.10
[INFO] [stderr]    Compiling darling v0.20.10
[INFO] [stderr]    Compiling bon-macros v3.3.2
[INFO] [stderr]    Compiling rand_chacha v0.3.1
[INFO] [stderr]    Compiling rand v0.8.5
[INFO] [stderr]    Compiling tinystr v0.7.6
[INFO] [stderr]    Compiling icu_collections v1.5.0
[INFO] [stderr]    Compiling icu_locid v1.5.0
[INFO] [stderr]    Compiling icu_provider v1.5.0
[INFO] [stderr]    Compiling icu_locid_transform v1.5.0
[INFO] [stderr]    Compiling futures-executor v0.3.30
[INFO] [stderr]    Compiling opentelemetry_sdk v0.21.2
[INFO] [stderr]    Compiling icu_properties v1.5.1
[INFO] [stderr]    Compiling bon v3.3.2
[INFO] [stderr]    Compiling rustls-webpki v0.102.8
[INFO] [stderr]    Compiling toml_datetime v0.6.8
[INFO] [stderr]    Compiling serde_spanned v0.6.7
[INFO] [stderr]    Compiling chrono v0.4.39
[INFO] [stderr]    Compiling node-semver v2.1.0
[INFO] [stderr]    Compiling serde-xml-rs v0.6.0
[INFO] [stderr]    Compiling cargo-platform v0.1.8
[INFO] [stderr]    Compiling toml_edit v0.22.20
[INFO] [stderr]    Compiling icu_normalizer v1.5.0
[INFO] [stderr]    Compiling cargo_metadata v0.18.1
[INFO] [stderr]    Compiling idna_adapter v1.2.0
[INFO] [stderr]    Compiling idna v1.0.3
[INFO] [stderr]    Compiling keep_a_changelog_file v0.1.0
[INFO] [stderr]    Compiling opentelemetry-stdout v0.2.0
[INFO] [stderr]    Compiling url v2.5.4
[INFO] [stderr]    Compiling toml v0.8.19
[INFO] [stderr]    Compiling libcnb-common v0.26.0
[INFO] [stderr]    Compiling libcnb-proc-macros v0.26.0
[INFO] [stderr]    Compiling libcnb-data v0.26.0
[INFO] [stderr]    Compiling libcnb v0.26.0
[INFO] [stderr]    Compiling libcnb-package v0.26.0
[INFO] [stderr]    Compiling libcnb-test v0.26.0
[INFO] [stderr]    Compiling ureq v2.12.1
[INFO] [stderr]    Compiling heroku-pnpm-engine-buildpack v0.0.0 (/opt/rustwide/workdir/buildpacks/nodejs-pnpm-engine)
[INFO] [stderr]    Compiling libherokubuildpack v0.26.0
[INFO] [stderr]    Compiling test_support v0.0.0 (/opt/rustwide/workdir/test_support)
[INFO] [stderr]    Compiling heroku-nodejs-utils v0.0.0 (/opt/rustwide/workdir/common/nodejs-utils)
[INFO] [stderr]    Compiling heroku-nodejs-function-invoker-buildpack v0.0.0 (/opt/rustwide/workdir/buildpacks/nodejs-function-invoker)
[INFO] [stderr]    Compiling heroku-nodejs-yarn-buildpack v0.0.0 (/opt/rustwide/workdir/buildpacks/nodejs-yarn)
[INFO] [stderr]    Compiling heroku-npm-engine-buildpack v0.0.0 (/opt/rustwide/workdir/buildpacks/nodejs-npm-engine)
[INFO] [stderr]    Compiling heroku-nodejs-engine-buildpack v0.0.0 (/opt/rustwide/workdir/buildpacks/nodejs-engine)
[INFO] [stderr]    Compiling heroku-npm-install-buildpack v0.0.0 (/opt/rustwide/workdir/buildpacks/nodejs-npm-install)
[INFO] [stderr]    Compiling heroku-nodejs-pnpm-install-buildpack v0.0.0 (/opt/rustwide/workdir/buildpacks/nodejs-pnpm-install)
[INFO] [stderr]    Compiling heroku-nodejs-corepack-buildpack v0.0.0 (/opt/rustwide/workdir/buildpacks/nodejs-corepack)
[INFO] [stderr]     Finished `release` profile [optimized] target(s) in 3m 37s
[INFO] running `Command { std: "docker" "inspect" "03a0bd13131f4b1c2370c7f61763460c09f03c91f19d49e0da324af9cbd28291", kill_on_drop: false }`
[INFO] running `Command { std: "docker" "exec" "-e" "SOURCE_DIR=/opt/rustwide/workdir" "-e" "CARGO_HOME=/opt/rustwide/cargo-home" "-e" "RUSTUP_HOME=/opt/rustwide/rustup-home" "-e" "CARGO_TARGET_DIR=/opt/rustwide/target" "-e" "CARGO_INCREMENTAL=0" "-e" "RUST_BACKTRACE=full" "-e" "RUSTFLAGS=--cap-lints=warn" "-e" "RUSTDOCFLAGS=--cap-lints=warn" "-w" "/opt/rustwide/workdir" "--user" "0:0" "03a0bd13131f4b1c2370c7f61763460c09f03c91f19d49e0da324af9cbd28291" "/opt/rustwide/cargo-home/bin/cargo" "+1.99.0-beta.1" "test" "--frozen" "--no-run" "--message-format=json" "--release", kill_on_drop: false }`
[INFO] [stderr]    Compiling getrandom v0.3.1
[INFO] [stderr]    Compiling zerocopy v0.8.14
[INFO] [stderr]    Compiling console v0.15.10
[INFO] [stderr]    Compiling similar v2.7.0
[INFO] [stderr]    Compiling linked-hash-map v0.5.6
[INFO] [stderr]    Compiling tempfile v3.16.0
[INFO] [stderr]    Compiling libcnb-test v0.26.0
[INFO] [stderr]    Compiling heroku-nodejs-utils v0.0.0 (/opt/rustwide/workdir/common/nodejs-utils)
[INFO] [stderr]    Compiling heroku-nodejs-engine-buildpack v0.0.0 (/opt/rustwide/workdir/buildpacks/nodejs-engine)
[INFO] [stderr]    Compiling heroku-nodejs-yarn-buildpack v0.0.0 (/opt/rustwide/workdir/buildpacks/nodejs-yarn)
[INFO] [stderr]    Compiling test_support v0.0.0 (/opt/rustwide/workdir/test_support)
[INFO] [stderr]    Compiling insta v1.41.1
[INFO] [stderr]    Compiling rand_core v0.9.0
[INFO] [stderr]    Compiling rand_chacha v0.9.0
[INFO] [stderr]    Compiling rand v0.9.0
[INFO] [stderr]    Compiling heroku-nodejs-pnpm-install-buildpack v0.0.0 (/opt/rustwide/workdir/buildpacks/nodejs-pnpm-install)
[INFO] [stderr]    Compiling heroku-nodejs-function-invoker-buildpack v0.0.0 (/opt/rustwide/workdir/buildpacks/nodejs-function-invoker)
[INFO] [stderr]    Compiling heroku-pnpm-engine-buildpack v0.0.0 (/opt/rustwide/workdir/buildpacks/nodejs-pnpm-engine)
[INFO] [stderr]    Compiling heroku-npm-install-buildpack v0.0.0 (/opt/rustwide/workdir/buildpacks/nodejs-npm-install)
[INFO] [stderr]    Compiling heroku-npm-engine-buildpack v0.0.0 (/opt/rustwide/workdir/buildpacks/nodejs-npm-engine)
[INFO] [stderr]    Compiling heroku-nodejs-corepack-buildpack v0.0.0 (/opt/rustwide/workdir/buildpacks/nodejs-corepack)
[INFO] [stderr]     Finished `release` profile [optimized] target(s) in 1m 02s
[INFO] running `Command { std: "docker" "inspect" "03a0bd13131f4b1c2370c7f61763460c09f03c91f19d49e0da324af9cbd28291", kill_on_drop: false }`
[INFO] running `Command { std: "docker" "exec" "-e" "SOURCE_DIR=/opt/rustwide/workdir" "-e" "CARGO_HOME=/opt/rustwide/cargo-home" "-e" "RUSTUP_HOME=/opt/rustwide/rustup-home" "-e" "CARGO_TARGET_DIR=/opt/rustwide/target" "-e" "CARGO_INCREMENTAL=0" "-e" "RUST_BACKTRACE=full" "-e" "RUSTFLAGS=--cap-lints=warn" "-e" "RUSTDOCFLAGS=--cap-lints=warn" "-w" "/opt/rustwide/workdir" "--user" "0:0" "03a0bd13131f4b1c2370c7f61763460c09f03c91f19d49e0da324af9cbd28291" "/opt/rustwide/cargo-home/bin/cargo" "+1.99.0-beta.1" "test" "--frozen" "--release", kill_on_drop: false }`
[INFO] [stderr]     Finished `release` profile [optimized] target(s) in 0.29s
[INFO] [stderr]      Running unittests src/main.rs (/opt/rustwide/target/release/deps/heroku_nodejs_corepack_buildpack-852aa117f7180d05)
[INFO] [stdout] 
[INFO] [stdout] running 3 tests
[INFO] [stdout] test cfg::tests::test_get_supported_package_manager_pnpm ... ok
[INFO] [stderr]      Running tests/integration_test.rs (/opt/rustwide/target/release/deps/integration_test-cec6c6b35ff074b3)
[INFO] [stdout] test cfg::tests::test_get_supported_package_manager_other ... ok
[INFO] [stdout] test cfg::tests::test_get_supported_package_manager_yarn ... ok
[INFO] [stdout] 
[INFO] [stdout] test result: ok. 3 passed; 0 failed; 0 ignored; 0 measured; 0 filtered out; finished in 0.01s
[INFO] [stdout] 
[INFO] [stdout] 
[INFO] [stderr]      Running unittests src/main.rs (/opt/rustwide/target/release/deps/heroku_nodejs_engine_buildpack-7c5c4725a025ecbc)
[INFO] [stdout] running 6 tests
[INFO] [stdout] test corepack_npm_10 ... ignored, integration test
[INFO] [stdout] test corepack_npm_8 ... ignored, integration test
[INFO] [stdout] test corepack_pnpm_7 ... ignored, integration test
[INFO] [stdout] test corepack_pnpm_8 ... ignored, integration test
[INFO] [stdout] test corepack_yarn_2 ... ignored, integration test
[INFO] [stdout] test corepack_yarn_3 ... ignored, integration test
[INFO] [stdout] 
[INFO] [stdout] test result: ok. 0 passed; 0 failed; 6 ignored; 0 measured; 0 filtered out; finished in 0.00s
[INFO] [stdout] 
[INFO] [stdout] 
[INFO] [stdout] running 13 tests
[INFO] [stdout] test install_node::tests::dist_metadata_sanity_check ... ok
[INFO] [stdout] test install_node::tests::test_metadata_guard ... ok
[INFO] [stdout] test errors::tests::test_dist_layer_checksum_verification_error ... ok
[INFO] [stdout] test errors::tests::test_dist_layer_temp_file_error ... ok
[INFO] [stdout] test errors::tests::test_dist_layer_download_http_error ... ok
[INFO] [stdout] test errors::tests::test_dist_layer_untar_error ... ok
[INFO] [stdout] test errors::tests::test_dist_layer_tarball_prefix_error ... ok
[INFO] [stdout] test errors::tests::test_inventory_parse_error ... ok
[INFO] [stdout] test errors::tests::test_package_json_access_error ... ok
[INFO] [stdout] test errors::tests::test_package_json_parse_error ... ok
[INFO] [stdout] test errors::tests::test_dist_layer_read_temp_file_error ... ok
[INFO] [stdout] test errors::tests::test_unknown_version_error ... ok
[INFO] [stdout] test errors::tests::test_dist_layer_installation_error ... ok
[INFO] [stdout] 
[INFO] [stdout] test result: ok. 13 passed; 0 failed; 0 ignored; 0 measured; 0 filtered out; finished in 0.11s
[INFO] [stdout] 
[INFO] [stderr]      Running unittests src/bin/web_env.rs (/opt/rustwide/target/release/deps/web_env-a5e33b594c1ba151)
[INFO] [stdout] 
[INFO] [stdout] running 4 tests
[INFO] [stdout] test tests::test_default_web_memory ... ok
[INFO] [stdout] test tests::test_calculate_web_concurrency ... ok
[INFO] [stdout] test tests::test_web_env_does_not_rewrite ... ok
[INFO] [stdout] test tests::test_web_env_default ... ok
[INFO] [stdout] 
[INFO] [stdout] test result: ok. 4 passed; 0 failed; 0 ignored; 0 measured; 0 filtered out; finished in 0.00s
[INFO] [stdout] 
[INFO] [stderr]      Running tests/integration_test.rs (/opt/rustwide/target/release/deps/integration_test-0d364e73f009e636)
[INFO] [stderr]      Running unittests src/main.rs (/opt/rustwide/target/release/deps/heroku_nodejs_function_invoker_buildpack-7ae2ceebb1c4a836)
[INFO] [stdout] 
[INFO] [stdout] running 3 tests
[INFO] [stdout] test reinstalls_node_if_version_changes ... ignored
[INFO] [stdout] test simple_indexjs ... ignored
[INFO] [stdout] test simple_serverjs ... ignored
[INFO] [stdout] 
[INFO] [stdout] test result: ok. 0 passed; 0 failed; 3 ignored; 0 measured; 0 filtered out; finished in 0.00s
[INFO] [stdout] 
[INFO] [stdout] 
[INFO] [stdout] running 10 tests
[INFO] [stdout] test function::tests::get_explicit_dependency_when_declared_as_dev_dependency ... ok
[INFO] [stdout] test function::tests::get_main_exists ... ok
[INFO] [stdout] test function::tests::get_main_no_file ... ok
[INFO] [stdout] test function::tests::is_function_with_different_type ... ok
[INFO] [stdout] test function::tests::is_function_with_function_toml ... ok
[INFO] [stdout] test function::tests::get_main_no_key ... ok
[INFO] [stdout] test function::tests::is_function_missing_descriptor ... ok
[INFO] [stdout] test function::tests::is_function_with_project_toml ... ok
[INFO] [stdout] test function::tests::get_explicit_dependency_when_package_json_in_invalid ... ok
[INFO] [stdout] test function::tests::get_main_bad_json ... ok
[INFO] [stdout] 
[INFO] [stdout] test result: ok. 10 passed; 0 failed; 0 ignored; 0 measured; 0 filtered out; finished in 0.01s
[INFO] [stdout] 
[INFO] [stderr]      Running tests/integration_test.rs (/opt/rustwide/target/release/deps/integration_test-a0db6fe7b5cb839f)
[INFO] [stdout] 
[INFO] [stdout] running 7 tests
[INFO] [stdout] test function_with_no_lockfile ... ignored
[INFO] [stdout] test simple_javascript_function ... ignored
[INFO] [stdout] test simple_typescript_function ... ignored
[INFO] [stdout] test test_function_with_explicit_runtime_dependency_js ... ignored
[INFO] [stdout] test test_function_with_explicit_runtime_dependency_ts ... ignored
[INFO] [stdout] test test_function_with_implicit_runtime_dependency_js ... ignored
[INFO] [stdout] test test_function_with_implicit_runtime_dependency_ts ... ignored
[INFO] [stdout] 
[INFO] [stdout] test result: ok. 0 passed; 0 failed; 7 ignored; 0 measured; 0 filtered out; finished in 0.00s
[INFO] [stdout] 
[INFO] [stderr]      Running unittests src/main.rs (/opt/rustwide/target/release/deps/heroku_nodejs_pnpm_install_buildpack-8b245eda0990461b)
[INFO] [stdout] 
[INFO] [stdout] running 4 tests
[INFO] [stdout] test store::tests::read_cache_use_count_empty ... ok
[INFO] [stdout] test store::tests::test_set_cache_use_count ... ok
[INFO] [stdout] test store::tests::read_cache_use_count_invalid ... ok
[INFO] [stdout] test store::tests::read_cache_use_count_valid ... ok
[INFO] [stdout] 
[INFO] [stdout] test result: ok. 4 passed; 0 failed; 0 ignored; 0 measured; 0 filtered out; finished in 0.01s
[INFO] [stdout] 
[INFO] [stderr]      Running tests/integration_test.rs (/opt/rustwide/target/release/deps/integration_test-a241c7ab2692bd2b)
[INFO] [stdout] 
[INFO] [stdout] running 6 tests
[INFO] [stdout] test pnpm_7_pnp ... ignored, integration test
[INFO] [stdout] test pnpm_8_hoist ... ignored, integration test
[INFO] [stdout] test pnpm_8_nuxt ... ignored, integration test
[INFO] [stdout] test test_default_web_process_registration_is_skipped_if_procfile_exists ... ignored, integration test
[INFO] [stdout] test test_native_modules_are_recompiled_even_on_cache_restore ... ignored, integration test
[INFO] [stdout] test test_skip_build_scripts_from_buildplan ... ignored, integration test
[INFO] [stdout] 
[INFO] [stdout] test result: ok. 0 passed; 0 failed; 6 ignored; 0 measured; 0 filtered out; finished in 0.00s
[INFO] [stdout] 
[INFO] [stderr]      Running unittests src/lib.rs (/opt/rustwide/target/release/deps/heroku_nodejs_utils-2cdb3251b332e79f)
[INFO] [stdout] 
[INFO] [stdout] running 41 tests
[INFO] [stdout] test application::tests::test_error_output_for_multiple_lockfiles ... ok
[INFO] [stdout] test buildplan::test::read_node_build_scripts_when_entry_is_present_and_metadata_is_declared ... ok
[INFO] [stdout] test buildplan::test::read_node_build_scripts_when_buildpack_plan_contains_no_entries ... ok
[INFO] [stdout] test buildplan::test::read_node_build_scripts_when_entry_contains_invalid_metadata ... ok
[INFO] [stdout] test buildplan::test::read_node_build_scripts_when_entry_is_present_with_no_metadata ... ok
[INFO] [stdout] test buildplan::test::read_node_build_scripts_when_multiple_entries_are_present_and_metadata_is_declared ... ok
[INFO] [stdout] test distribution::tests::filter_inactive_yarn ... ok
[INFO] [stdout] test distribution::tests::filter_inactive_node ... ok
[INFO] [stdout] test inv::tests::it_fails_to_convert_s3_result_to_inv ... ok
[INFO] [stdout] test inv::tests::converts_s3_result_to_inv_arch_optional ... ok
[INFO] [stdout] test inv::tests::converts_s3_result_to_inv ... ok
[INFO] [stdout] test inv::tests::resolve_handles_semver_from_apps ... ok
[INFO] [stdout] test distribution::tests::upstream_versions_node ... FAILED
[INFO] [stdout] test distribution::tests::upstream_versions_yarn ... FAILED
[INFO] [stdout] test distribution::tests::mirrored_versions_node ... FAILED
[INFO] [stdout] test distribution::tests::upstream_versions_npm ... FAILED
[INFO] [stdout] test inv::tests::resolve_other_handles_x_in_version_requirement ... ok
[INFO] [stdout] test inv::tests::resolve_other_resolves_based_on_arch_and_channel ... ok
[INFO] [stdout] test inv::tests::resolve_returns_none_if_no_valid_version ... ok
[INFO] [stdout] test package_json::tests::read_empty_package ... ok
[INFO] [stdout] test package_json::tests::read_invalid_package ... ok
[INFO] [stdout] test package_json::tests::test_build_scripts_all ... ok
[INFO] [stdout] test package_json::tests::read_invalid_package_package_manager_no_at_version ... ok
[INFO] [stdout] test package_json::tests::test_build_scripts_build_only ... ok
[INFO] [stdout] test package_json::tests::read_valid_package ... ok
[INFO] [stdout] test vrs::tests::parse_handles_equal_with_v ... ok
[INFO] [stdout] test package_json::tests::read_valid_package_with_node_engine ... ok
[INFO] [stdout] test package_json::tests::read_valid_package_with_package_manager ... ok
[INFO] [stdout] test vrs::tests::parse_handles_exact_versions ... ok
[INFO] [stdout] test vrs::tests::parse_handles_latest ... ok
[INFO] [stdout] test vrs::tests::parse_handles_semver_semantics ... ok
[INFO] [stdout] test distribution::tests::mirrored_versions_yarn ... FAILED
[INFO] [stdout] test vrs::tests::parse_handles_tilde_with_equals ... ok
[INFO] [stdout] test vrs::tests::parse_handles_tilde_with_equals_and_patch ... ok
[INFO] [stdout] test vrs::tests::parse_handles_v_with_space ... ok
[INFO] [stdout] test vrs::tests::parse_handles_pipe_statements ... ok
[INFO] [stdout] test vrs::tests::parse_handles_v_within_string ... ok
[INFO] [stdout] test vrs::tests::parse_returns_error_for_invalid_reqs ... ok
[INFO] [stdout] test package_json::tests::read_missing_package ... ok
[INFO] [stdout] test vrs::tests::parse_handles_starts_with_v ... ok
[INFO] [stderr] error: test failed, to rerun pass `-p heroku-nodejs-utils --lib`
[INFO] [stdout] test vrs::tests::try_from_bucket_content_for_version_set_succeeds ... ok
[INFO] [stdout] 
[INFO] [stdout] failures:
[INFO] [stdout] 
[INFO] [stdout] ---- distribution::tests::upstream_versions_node stdout ----
[INFO] [stdout] 
[INFO] [stdout] thread 'distribution::tests::upstream_versions_node' (5994) panicked at common/nodejs-utils/src/distribution.rs:172:14:
[INFO] [stdout] Expected to list upstream remote versions, but got an error: Couldn't fetch nodejs.org release list: https://nodejs.org/download/release/index.json: Dns Failed: resolve dns name 'nodejs.org:443': failed to lookup address information: Temporary failure in name resolution
[INFO] [stdout] 
[INFO] [stdout] Stack backtrace:
[INFO] [stdout]    0: <unknown>
[INFO] [stdout]    1: <unknown>
[INFO] [stdout]    2: <unknown>
[INFO] [stdout]    3: <unknown>
[INFO] [stdout]    4: <unknown>
[INFO] [stdout]    5: <unknown>
[INFO] [stdout]    6: <unknown>
[INFO] [stdout]    7: <unknown>
[INFO] [stdout]    8: <unknown>
[INFO] [stdout]    9: <unknown>
[INFO] [stdout]   10: <unknown>
[INFO] [stdout]   11: <unknown>
[INFO] [stdout]   12: <unknown>
[INFO] [stdout]   13: clone
[INFO] [stdout] stack backtrace:
[INFO] [stdout]    0:     0x57952badc981 - <unknown>
[INFO] [stdout]    1:     0x57952baf3dda - <unknown>
[INFO] [stdout]    2:     0x57952bae1a5c - <unknown>
[INFO] [stdout]    3:     0x57952bab69f6 - <unknown>
[INFO] [stdout]    4:     0x57952bad45f9 - <unknown>
[INFO] [stdout]    5:     0x57952b85da30 - <unknown>
[INFO] [stdout]    6:     0x57952bad47b2 - <unknown>
[INFO] [stdout]    7:     0x57952bab6aa2 - <unknown>
[INFO] [stdout]    8:     0x57952baaed29 - <unknown>
[INFO] [stdout]    9:     0x57952bab799d - <unknown>
[INFO] [stdout]   10:     0x57952baf45bc - <unknown>
[INFO] [stdout]   11:     0x57952baf4392 - <unknown>
[INFO] [stdout]   12:     0x57952b81bd2e - <unknown>
[INFO] [stdout]   13:     0x57952b827e19 - <unknown>
[INFO] [stdout]   14:     0x57952b850d1b - <unknown>
[INFO] [stdout]   15:     0x57952b85e385 - <unknown>
[INFO] [stdout]   16:     0x57952b857744 - <unknown>
[INFO] [stdout]   17:     0x57952b8614e2 - <unknown>
[INFO] [stdout]   18:     0x57952badbab9 - <unknown>
[INFO] [stdout]   19:     0x759c7c65707a - <unknown>
[INFO] [stdout]   20:     0x759c7c6ea534 - clone
[INFO] [stdout]   21:                0x0 - <unknown>
[INFO] [stdout] 
[INFO] [stdout] ---- distribution::tests::upstream_versions_yarn stdout ----
[INFO] [stdout] 
[INFO] [stdout] thread 'distribution::tests::upstream_versions_yarn' (5996) panicked at common/nodejs-utils/src/distribution.rs:186:14:
[INFO] [stdout] Expected to list upstream remote versions, but got an error: Couldn't fetch npmjs registry release list from for yarn: https://registry.npmjs.org/yarn: Dns Failed: resolve dns name 'registry.npmjs.org:443': failed to lookup address information: Temporary failure in name resolution
[INFO] [stdout] 
[INFO] [stdout] Stack backtrace:
[INFO] [stdout]    0: <unknown>
[INFO] [stdout]    1: <unknown>
[INFO] [stdout]    2: <unknown>
[INFO] [stdout]    3: <unknown>
[INFO] [stdout]    4: <unknown>
[INFO] [stdout]    5: <unknown>
[INFO] [stdout]    6: <unknown>
[INFO] [stdout]    7: <unknown>
[INFO] [stdout]    8: <unknown>
[INFO] [stdout]    9: <unknown>
[INFO] [stdout]   10: <unknown>
[INFO] [stdout]   11: <unknown>
[INFO] [stdout]   12: <unknown>
[INFO] [stdout]   13: clone
[INFO] [stdout] stack backtrace:
[INFO] [stdout]    0:     0x57952badc981 - <unknown>
[INFO] [stdout]    1:     0x57952baf3dda - <unknown>
[INFO] [stdout]    2:     0x57952bae1a5c - <unknown>
[INFO] [stdout]    3:     0x57952bab69f6 - <unknown>
[INFO] [stdout]    4:     0x57952bad45f9 - <unknown>
[INFO] [stdout]    5:     0x57952b85da30 - <unknown>
[INFO] [stdout]    6:     0x57952bad47b2 - <unknown>
[INFO] [stdout]    7:     0x57952bab6aa2 - <unknown>
[INFO] [stdout]    8:     0x57952baaed29 - <unknown>
[INFO] [stdout]    9:     0x57952bab799d - <unknown>
[INFO] [stdout]   10:     0x57952baf45bc - <unknown>
[INFO] [stdout]   11:     0x57952baf4392 - <unknown>
[INFO] [stdout]   12:     0x57952b81c1ee - <unknown>
[INFO] [stdout]   13:     0x57952b827e39 - <unknown>
[INFO] [stdout]   14:     0x57952b850d1b - <unknown>
[INFO] [stdout]   15:     0x57952b85e385 - <unknown>
[INFO] [stdout]   16:     0x57952b857744 - <unknown>
[INFO] [stdout]   17:     0x57952b8614e2 - <unknown>
[INFO] [stdout]   18:     0x57952badbab9 - <unknown>
[INFO] [stdout]   19:     0x759c7c65707a - <unknown>
[INFO] [stdout]   20:     0x759c7c6ea534 - clone
[INFO] [stdout]   21:                0x0 - <unknown>
[INFO] [stdout] 
[INFO] [stdout] ---- distribution::tests::mirrored_versions_node stdout ----
[INFO] [stdout] 
[INFO] [stdout] thread 'distribution::tests::mirrored_versions_node' (5992) panicked at common/nodejs-utils/src/distribution.rs:212:14:
[INFO] [stdout] Expected to list upstream remote versions, but got an error: https://heroku-nodebin.s3.us-east-1.amazonaws.com/?prefix=node&list-type=2: Dns Failed: resolve dns name 'heroku-nodebin.s3.us-east-1.amazonaws.com:443': failed to lookup address information: Temporary failure in name resolution
[INFO] [stdout] 
[INFO] [stdout] Caused by:
[INFO] [stdout]     failed to lookup address information: Temporary failure in name resolution
[INFO] [stdout] 
[INFO] [stdout] Stack backtrace:
[INFO] [stdout]    0: <unknown>
[INFO] [stdout]    1: <unknown>
[INFO] [stdout]    2: <unknown>
[INFO] [stdout]    3: <unknown>
[INFO] [stdout]    4: <unknown>
[INFO] [stdout]    5: <unknown>
[INFO] [stdout]    6: <unknown>
[INFO] [stdout]    7: <unknown>
[INFO] [stdout]    8: <unknown>
[INFO] [stdout]    9: <unknown>
[INFO] [stdout]   10: clone
[INFO] [stdout] stack backtrace:
[INFO] [stdout]    0:     0x57952badc981 - <unknown>
[INFO] [stdout]    1:     0x57952baf3dda - <unknown>
[INFO] [stdout]    2:     0x57952bae1a5c - <unknown>
[INFO] [stdout]    3:     0x57952bab69f6 - <unknown>
[INFO] [stdout]    4:     0x57952bad45f9 - <unknown>
[INFO] [stdout]    5:     0x57952b85da30 - <unknown>
[INFO] [stdout]    6:     0x57952bad47b2 - <unknown>
[INFO] [stdout]    7:     0x57952bab6aa2 - <unknown>
[INFO] [stdout]    8:     0x57952baaed29 - <unknown>
[INFO] [stdout]    9:     0x57952bab799d - <unknown>
[INFO] [stdout]   10:     0x57952baf45bc - <unknown>
[INFO] [stdout]   11:     0x57952baf4392 - <unknown>
[INFO] [stdout]   12:     0x57952b81b310 - <unknown>
[INFO] [stdout]   13:     0x57952b827dd9 - <unknown>
[INFO] [stdout]   14:     0x57952b850d1b - <unknown>
[INFO] [stdout]   15:     0x57952b85e385 - <unknown>
[INFO] [stdout]   16:     0x57952b857744 - <unknown>
[INFO] [stdout]   17:     0x57952b8614e2 - <unknown>
[INFO] [stdout]   18:     0x57952badbab9 - <unknown>
[INFO] [stdout]   19:     0x759c7c65707a - <unknown>
[INFO] [stdout]   20:     0x759c7c6ea534 - clone
[INFO] [stdout]   21:                0x0 - <unknown>
[INFO] [stdout] 
[INFO] [stdout] ---- distribution::tests::upstream_versions_npm stdout ----
[INFO] [stdout] 
[INFO] [stdout] thread 'distribution::tests::upstream_versions_npm' (5995) panicked at common/nodejs-utils/src/distribution.rs:199:14:
[INFO] [stdout] Expected to list upstream remote versions, but got an error: Couldn't fetch npmjs registry release list from for npm: https://registry.npmjs.org/npm: Dns Failed: resolve dns name 'registry.npmjs.org:443': failed to lookup address information: Temporary failure in name resolution
[INFO] [stdout] 
[INFO] [stdout] Stack backtrace:
[INFO] [stdout]    0: <unknown>
[INFO] [stdout]    1: <unknown>
[INFO] [stdout]    2: <unknown>
[INFO] [stdout]    3: <unknown>
[INFO] [stdout]    4: <unknown>
[INFO] [stdout]    5: <unknown>
[INFO] [stdout]    6: <unknown>
[INFO] [stdout]    7: <unknown>
[INFO] [stdout]    8: <unknown>
[INFO] [stdout]    9: <unknown>
[INFO] [stdout]   10: <unknown>
[INFO] [stdout]   11: <unknown>
[INFO] [stdout]   12: <unknown>
[INFO] [stdout]   13: clone
[INFO] [stdout] stack backtrace:
[INFO] [stdout]    0:     0x57952badc981 - <unknown>
[INFO] [stdout]    1:     0x57952baf3dda - <unknown>
[INFO] [stdout]    2:     0x57952bae1a5c - <unknown>
[INFO] [stdout]    3:     0x57952bab69f6 - <unknown>
[INFO] [stdout]    4:     0x57952bad45f9 - <unknown>
[INFO] [stdout]    5:     0x57952b85da30 - <unknown>
[INFO] [stdout]    6:     0x57952bad47b2 - <unknown>
[INFO] [stdout]    7:     0x57952bab6aa2 - <unknown>
[INFO] [stdout]    8:     0x57952baaed29 - <unknown>
[INFO] [stdout]    9:     0x57952bab799d - <unknown>
[INFO] [stdout]   10:     0x57952baf45bc - <unknown>
[INFO] [stdout]   11:     0x57952baf4392 - <unknown>
[INFO] [stdout]   12:     0x57952b81ad8e - <unknown>
[INFO] [stdout]   13:     0x57952b827db9 - <unknown>
[INFO] [stdout]   14:     0x57952b850d1b - <unknown>
[INFO] [stdout]   15:     0x57952b85e385 - <unknown>
[INFO] [stdout]   16:     0x57952b857744 - <unknown>
[INFO] [stdout]   17:     0x57952b8614e2 - <unknown>
[INFO] [stdout]   18:     0x57952badbab9 - <unknown>
[INFO] [stdout]   19:     0x759c7c65707a - <unknown>
[INFO] [stdout]   20:     0x759c7c6ea534 - clone
[INFO] [stdout]   21:                0x0 - <unknown>
[INFO] [stdout] 
[INFO] [stdout] ---- distribution::tests::mirrored_versions_yarn stdout ----
[INFO] [stdout] 
[INFO] [stdout] thread 'distribution::tests::mirrored_versions_yarn' (5993) panicked at common/nodejs-utils/src/distribution.rs:225:14:
[INFO] [stdout] Expected to list upstream remote versions, but got an error: https://heroku-nodebin.s3.us-east-1.amazonaws.com/?prefix=yarn&list-type=2: Dns Failed: resolve dns name 'heroku-nodebin.s3.us-east-1.amazonaws.com:443': failed to lookup address information: Temporary failure in name resolution
[INFO] [stdout] 
[INFO] [stdout] Caused by:
[INFO] [stdout]     failed to lookup address information: Temporary failure in name resolution
[INFO] [stdout] 
[INFO] [stdout] Stack backtrace:
[INFO] [stdout]    0: <unknown>
[INFO] [stdout]    1: <unknown>
[INFO] [stdout]    2: <unknown>
[INFO] [stdout]    3: <unknown>
[INFO] [stdout]    4: <unknown>
[INFO] [stdout]    5: <unknown>
[INFO] [stdout]    6: <unknown>
[INFO] [stdout]    7: <unknown>
[INFO] [stdout]    8: <unknown>
[INFO] [stdout]    9: <unknown>
[INFO] [stdout]   10: clone
[INFO] [stdout] stack backtrace:
[INFO] [stdout]    0:     0x57952badc981 - <unknown>
[INFO] [stdout]    1:     0x57952baf3dda - <unknown>
[INFO] [stdout]    2:     0x57952bae1a5c - <unknown>
[INFO] [stdout]    3:     0x57952bab69f6 - <unknown>
[INFO] [stdout]    4:     0x57952bad45f9 - <unknown>
[INFO] [stdout]    5:     0x57952b85da30 - <unknown>
[INFO] [stdout]    6:     0x57952bad47b2 - <unknown>
[INFO] [stdout]    7:     0x57952bab6aa2 - <unknown>
[INFO] [stdout]    8:     0x57952baaed29 - <unknown>
[INFO] [stdout]    9:     0x57952bab799d - <unknown>
[INFO] [stdout]   10:     0x57952baf45bc - <unknown>
[INFO] [stdout]   11:     0x57952baf4392 - <unknown>
[INFO] [stdout]   12:     0x57952b81b880 - <unknown>
[INFO] [stdout]   13:     0x57952b827df9 - <unknown>
[INFO] [stdout]   14:     0x57952b850d1b - <unknown>
[INFO] [stdout]   15:     0x57952b85e385 - <unknown>
[INFO] [stdout]   16:     0x57952b857744 - <unknown>
[INFO] [stdout]   17:     0x57952b8614e2 - <unknown>
[INFO] [stdout]   18:     0x57952badbab9 - <unknown>
[INFO] [stdout]   19:     0x759c7c65707a - <unknown>
[INFO] [stdout]   20:     0x759c7c6ea534 - clone
[INFO] [stdout]   21:                0x0 - <unknown>
[INFO] [stdout] 
[INFO] [stdout] 
[INFO] [stdout] failures:
[INFO] [stdout]     distribution::tests::mirrored_versions_node
[INFO] [stdout]     distribution::tests::mirrored_versions_yarn
[INFO] [stdout]     distribution::tests::upstream_versions_node
[INFO] [stdout]     distribution::tests::upstream_versions_npm
[INFO] [stdout]     distribution::tests::upstream_versions_yarn
[INFO] [stdout] 
[INFO] [stdout] test result: FAILED. 36 passed; 5 failed; 0 ignored; 0 measured; 0 filtered out; finished in 0.03s
[INFO] [stdout] 
[INFO] running `Command { std: "docker" "inspect" "03a0bd13131f4b1c2370c7f61763460c09f03c91f19d49e0da324af9cbd28291", kill_on_drop: false }`
[INFO] running `Command { std: "docker" "rm" "-f" "03a0bd13131f4b1c2370c7f61763460c09f03c91f19d49e0da324af9cbd28291", kill_on_drop: false }`
[INFO] [stdout] 03a0bd13131f4b1c2370c7f61763460c09f03c91f19d49e0da324af9cbd28291
