[INFO] cloning repository https://github.com/https-shubhamsahu/POISONKEY
[INFO] running `Command { std: "git" "-c" "credential.helper=" "-c" "credential.helper=/workspace/cargo-home/bin/git-credential-null" "clone" "--bare" "https://github.com/https-shubhamsahu/POISONKEY" "/workspace/cache/git-repos/https%3A%2F%2Fgithub.com%2Fhttps-shubhamsahu%2FPOISONKEY", kill_on_drop: false }`
[INFO] [stderr] Cloning into bare repository '/workspace/cache/git-repos/https%3A%2F%2Fgithub.com%2Fhttps-shubhamsahu%2FPOISONKEY'...
[INFO] running `Command { std: "git" "rev-parse" "HEAD", kill_on_drop: false }`
[INFO] [stdout] 3528cfe733d2fb906fa5de83b411bef2f91d14f7
[INFO] testing https-shubhamsahu/POISONKEY against 1.99.0-beta.1+cargoflags=--release for beta-release-1.99-2
[INFO] running `Command { std: "git" "clone" "/workspace/cache/git-repos/https%3A%2F%2Fgithub.com%2Fhttps-shubhamsahu%2FPOISONKEY" "/workspace/builds/worker-5-tc2/source", kill_on_drop: false }`
[INFO] [stderr] Cloning into '/workspace/builds/worker-5-tc2/source'...
[INFO] [stderr] done.
[INFO] started tweaking git repo https://github.com/https-shubhamsahu/POISONKEY
[INFO] finished tweaking git repo https://github.com/https-shubhamsahu/POISONKEY
[INFO] tweaked toml for git repo https://github.com/https-shubhamsahu/POISONKEY written to /workspace/builds/worker-5-tc2/source/Cargo.toml
[INFO] validating manifest of git repo https://github.com/https-shubhamsahu/POISONKEY on toolchain 1.99.0-beta.1
[INFO] running `Command { std: CARGO_HOME="/workspace/cargo-home" RUSTUP_HOME="/workspace/rustup-home" "/workspace/cargo-home/bin/cargo" "+1.99.0-beta.1" "metadata" "--manifest-path" "Cargo.toml" "--no-deps", kill_on_drop: false }`
[INFO] crate git repo https://github.com/https-shubhamsahu/POISONKEY already has a lockfile, it will not be regenerated
[INFO] running `Command { std: CARGO_HOME="/workspace/cargo-home" RUSTUP_HOME="/workspace/rustup-home" "/workspace/cargo-home/bin/cargo" "+1.99.0-beta.1" "fetch" "--manifest-path" "Cargo.toml", kill_on_drop: false }`
[INFO] running `Command { std: "docker" "create" "-v" "/var/lib/crater-agent-workspace/builds/worker-5-tc2/source:/opt/rustwide/workdir:ro,Z" "-v" "/var/lib/crater-agent-workspace/builds/worker-5-tc2/target:/opt/rustwide/target:rw,Z" "-v" "/var/lib/crater-agent-workspace/cargo-home:/opt/rustwide/cargo-home:ro,Z" "-v" "/var/lib/crater-agent-workspace/rustup-home:/opt/rustwide/rustup-home:ro,Z" "-m" "1610612736" "--network" "none" "ghcr.io/rust-lang/crates-build-env/linux@sha256:8683fc1fc2eb5c9ac98e0d076ab094b2ffac7f99da555d2b6a2e27f346de2ec7" "sleep" "infinity", kill_on_drop: false }`
[INFO] [stdout] 5ba5f78889a74c5e1e9a347c1c2cc3ac911a2ad7e8a273268690a0375e771aed
[INFO] running `Command { std: "docker" "start" "5ba5f78889a74c5e1e9a347c1c2cc3ac911a2ad7e8a273268690a0375e771aed", kill_on_drop: false }`
[INFO] running `Command { std: "docker" "inspect" "5ba5f78889a74c5e1e9a347c1c2cc3ac911a2ad7e8a273268690a0375e771aed", kill_on_drop: false }`
[INFO] running `Command { std: "docker" "exec" "-e" "SOURCE_DIR=/opt/rustwide/workdir" "-e" "CARGO_HOME=/opt/rustwide/cargo-home" "-e" "RUSTUP_HOME=/opt/rustwide/rustup-home" "-e" "CARGO_TARGET_DIR=/opt/rustwide/target" "-w" "/opt/rustwide/workdir" "--user" "0:0" "5ba5f78889a74c5e1e9a347c1c2cc3ac911a2ad7e8a273268690a0375e771aed" "/opt/rustwide/cargo-home/bin/cargo" "+1.99.0-beta.1" "metadata" "--no-deps" "--format-version=1", kill_on_drop: false }`
[INFO] running `Command { std: "docker" "inspect" "5ba5f78889a74c5e1e9a347c1c2cc3ac911a2ad7e8a273268690a0375e771aed", kill_on_drop: false }`
[INFO] running `Command { std: "docker" "exec" "-e" "SOURCE_DIR=/opt/rustwide/workdir" "-e" "CARGO_HOME=/opt/rustwide/cargo-home" "-e" "RUSTUP_HOME=/opt/rustwide/rustup-home" "-e" "CARGO_TARGET_DIR=/opt/rustwide/target" "-e" "CARGO_INCREMENTAL=0" "-e" "RUST_BACKTRACE=full" "-e" "RUSTFLAGS=--cap-lints=warn" "-e" "RUSTDOCFLAGS=--cap-lints=warn" "-w" "/opt/rustwide/workdir" "--user" "0:0" "5ba5f78889a74c5e1e9a347c1c2cc3ac911a2ad7e8a273268690a0375e771aed" "/opt/rustwide/cargo-home/bin/cargo" "+1.99.0-beta.1" "build" "--frozen" "--message-format=json" "--release", kill_on_drop: false }`
[INFO] [stderr]    Compiling proc-macro2 v1.0.107
[INFO] [stderr]    Compiling quote v1.0.47
[INFO] [stderr]    Compiling unicode-ident v1.0.24
[INFO] [stderr]    Compiling version_check v0.9.5
[INFO] [stderr]    Compiling zmij v1.0.23
[INFO] [stderr]    Compiling serde v1.0.229
[INFO] [stderr]    Compiling serde_core v1.0.229
[INFO] [stderr]    Compiling typenum v1.20.1
[INFO] [stderr]    Compiling serde_json v1.0.151
[INFO] [stderr]    Compiling memchr v2.8.3
[INFO] [stderr]    Compiling itoa v1.0.18
[INFO] [stderr]    Compiling cfg-if v1.0.4
[INFO] [stderr]    Compiling subtle v2.6.1
[INFO] [stderr]    Compiling autocfg v1.5.1
[INFO] [stderr]    Compiling const-oid v0.9.6
[INFO] [stderr]    Compiling libc v0.2.189
[INFO] [stderr]    Compiling strsim v0.11.1
[INFO] [stderr]    Compiling ident_case v1.0.1
[INFO] [stderr]    Compiling zerocopy v0.8.55
[INFO] [stderr]    Compiling semver v1.0.28
[INFO] [stderr]    Compiling syn v1.0.109
[INFO] [stderr]    Compiling schemars v0.8.22
[INFO] [stderr]    Compiling paste v1.0.15
[INFO] [stderr]    Compiling dyn-clone v1.0.20
[INFO] [stderr]    Compiling data-encoding v2.11.0
[INFO] [stderr]    Compiling cpufeatures v0.2.17
[INFO] [stderr]    Compiling ethnum v1.5.3
[INFO] [stderr]    Compiling escape-bytes v0.1.1
[INFO] [stderr]    Compiling rustc_version v0.4.1
[INFO] [stderr]    Compiling either v1.17.0
[INFO] [stderr]    Compiling once_cell v1.21.4
[INFO] [stderr]    Compiling base16ct v0.2.0
[INFO] [stderr]    Compiling num-traits v0.2.19
[INFO] [stderr]    Compiling generic-array v0.14.9
[INFO] [stderr]    Compiling ahash v0.8.12
[INFO] [stderr]    Compiling libm v0.2.16
[INFO] [stderr]    Compiling equivalent v1.0.2
[INFO] [stderr]    Compiling itertools v0.10.5
[INFO] [stderr]    Compiling hashbrown v0.17.1
[INFO] [stderr]    Compiling thiserror v1.0.69
[INFO] [stderr]    Compiling hybrid-array v0.4.13
[INFO] [stderr]    Compiling curve25519-dalek v4.1.3
[INFO] [stderr]    Compiling syn v2.0.119
[INFO] [stderr]    Compiling syn v3.0.3
[INFO] [stderr]    Compiling fnv v1.0.7
[INFO] [stderr]    Compiling getrandom v0.2.17
[INFO] [stderr]    Compiling indexmap v2.14.0
[INFO] [stderr]    Compiling rand_core v0.6.4
[INFO] [stderr]    Compiling block-buffer v0.10.4
[INFO] [stderr]    Compiling crypto-common v0.1.6
[INFO] [stderr]    Compiling num-integer v0.1.46
[INFO] [stderr]    Compiling digest v0.10.7
[INFO] [stderr]    Compiling indexmap-nostd v0.4.0
[INFO] [stderr]    Compiling ff v0.13.1
[INFO] [stderr]    Compiling sha2 v0.10.9
[INFO] [stderr]    Compiling num-bigint v0.4.8
[INFO] [stderr]    Compiling group v0.13.0
[INFO] [stderr]    Compiling downcast-rs v1.2.1
[INFO] [stderr]    Compiling prettyplease v0.2.37
[INFO] [stderr]    Compiling wasmi_core v0.13.0
[INFO] [stderr]    Compiling wasmparser-nostd v0.100.2
[INFO] [stderr]    Compiling crypto-common v0.2.2
[INFO] [stderr]    Compiling block-buffer v0.12.1
[INFO] [stderr]    Compiling curve25519-dalek v5.0.0
[INFO] [stderr]    Compiling smallvec v1.15.2
[INFO] [stderr]    Compiling hex v0.4.3
[INFO] [stderr]    Compiling wasmparser v0.116.1
[INFO] [stderr]    Compiling base64 v0.22.1
[INFO] [stderr]    Compiling wasmi_arena v0.4.1
[INFO] [stderr]    Compiling spin v0.9.9
[INFO] [stderr]    Compiling heapless v0.8.0
[INFO] [stderr]    Compiling byteorder v1.5.0
[INFO] [stderr]    Compiling hash32 v0.3.1
[INFO] [stderr]    Compiling stable_deref_trait v1.2.1
[INFO] [stderr]    Compiling digest v0.11.3
[INFO] [stderr]    Compiling static_assertions v1.1.0
[INFO] [stderr]    Compiling soroban-env-host v25.2.2
[INFO] [stderr]    Compiling keccak v0.1.6
[INFO] [stderr]    Compiling cpufeatures v0.3.0
[INFO] [stderr]    Compiling heck v0.5.0
[INFO] [stderr]    Compiling hex-literal v0.4.1
[INFO] [stderr]    Compiling serde_derive v1.0.229
[INFO] [stderr]    Compiling darling_core v0.23.0
[INFO] [stderr]    Compiling darling_core v0.20.11
[INFO] [stderr]    Compiling macro-string v0.1.4
[INFO] [stderr]    Compiling ppv-lite86 v0.2.21
[INFO] [stderr]    Compiling ark-serialize-derive v0.4.2
[INFO] [stderr]    Compiling derivative v2.2.0
[INFO] [stderr]    Compiling ark-ff-macros v0.4.2
[INFO] [stderr]    Compiling ark-ff-asm v0.4.2
[INFO] [stderr]    Compiling hashbrown v0.13.2
[INFO] [stderr]    Compiling rand_chacha v0.3.1
[INFO] [stderr]    Compiling rand v0.8.7
[INFO] [stderr]    Compiling zeroize_derive v1.5.0
[INFO] [stderr]    Compiling cfg_eval v0.1.2
[INFO] [stderr]    Compiling thiserror-impl v1.0.69
[INFO] [stderr]    Compiling curve25519-dalek-derive v0.1.1
[INFO] [stderr]    Compiling num-derive v0.4.2
[INFO] [stderr]    Compiling soroban-builtin-sdk-macros v25.2.2
[INFO] [stderr]    Compiling bytes-lit v0.0.5
[INFO] [stderr]    Compiling soroban-wasmi v0.31.1-soroban.20.0.1
[INFO] [stderr]    Compiling visibility v0.1.1
[INFO] [stderr]    Compiling zeroize v1.9.0
[INFO] [stderr]    Compiling der v0.7.10
[INFO] [stderr]    Compiling ark-std v0.4.0
[INFO] [stderr]    Compiling darling_macro v0.23.0
[INFO] [stderr]    Compiling crypto-bigint v0.5.5
[INFO] [stderr]    Compiling darling v0.23.0
[INFO] [stderr]    Compiling sec1 v0.7.3
[INFO] [stderr]    Compiling darling_macro v0.20.11
[INFO] [stderr]    Compiling ark-serialize v0.4.2
[INFO] [stderr]    Compiling signature v2.2.0
[INFO] [stderr]    Compiling serde_with_macros v3.21.0
[INFO] [stderr]    Compiling crate-git-revision v0.0.6
[INFO] [stderr]    Compiling hmac v0.12.1
[INFO] [stderr]    Compiling ark-ff v0.4.2
[INFO] [stderr]    Compiling rfc6979 v0.4.0
[INFO] [stderr]    Compiling ed25519 v2.2.3
[INFO] [stderr]    Compiling stellar-strkey v0.0.13
[INFO] [stderr]    Compiling stellar-xdr v25.0.0
[INFO] [stderr]    Compiling soroban-env-common v25.2.2
[INFO] [stderr]    Compiling stellar-strkey v0.0.16
[INFO] [stderr]    Compiling soroban-sdk v25.3.2
[INFO] [stderr]    Compiling darling v0.20.11
[INFO] [stderr]    Compiling sha3 v0.10.9
[INFO] [stderr]    Compiling elliptic-curve v0.13.8
[INFO] [stderr]    Compiling serde_with v3.21.0
[INFO] [stderr]    Compiling ecdsa v0.16.9
[INFO] [stderr]    Compiling primeorder v0.13.6
[INFO] [stderr]    Compiling ed25519-dalek v2.2.0
[INFO] [stderr]    Compiling k256 v0.13.4
[INFO] [stderr]    Compiling p256 v0.13.2
[INFO] [stderr]    Compiling ark-poly v0.4.2
[INFO] [stderr]    Compiling ark-ec v0.4.2
[INFO] [stderr]    Compiling ark-bn254 v0.4.0
[INFO] [stderr]    Compiling ark-bls12-381 v0.4.0
[INFO] [stderr]    Compiling soroban-spec v25.3.2
[INFO] [stderr]    Compiling soroban-spec-rust v25.3.2
[INFO] [stderr]    Compiling soroban-env-macros v25.2.2
[INFO] [stderr]    Compiling soroban-sdk-macros v25.3.2
[INFO] [stderr]    Compiling poisonkey v0.1.0 (/opt/rustwide/workdir/contracts/poisonkey)
[INFO] [stdout] warning: use of deprecated method `soroban_sdk::events::Events::publish`: use the #[contractevent] macro on a contract event type
[INFO] [stdout]    --> contracts/poisonkey/src/lib.rs:134:22
[INFO] [stdout]     |
[INFO] [stdout] 134 |         env.events().publish(
[INFO] [stdout]     |                      ^^^^^^^
[INFO] [stdout]     |
[INFO] [stdout]     = note: `#[warn(deprecated)]` on by default
[INFO] [stdout] 
[INFO] [stdout] 
[INFO] [stdout] warning: use of deprecated method `soroban_sdk::events::Events::publish`: use the #[contractevent] macro on a contract event type
[INFO] [stdout]    --> contracts/poisonkey/src/lib.rs:200:22
[INFO] [stdout]     |
[INFO] [stdout] 200 |         env.events().publish(
[INFO] [stdout]     |                      ^^^^^^^
[INFO] [stdout] 
[INFO] [stdout] 
[INFO] [stdout] warning: use of deprecated method `soroban_sdk::events::Events::publish`: use the #[contractevent] macro on a contract event type
[INFO] [stdout]    --> contracts/poisonkey/src/lib.rs:275:22
[INFO] [stdout]     |
[INFO] [stdout] 275 |         env.events().publish(
[INFO] [stdout]     |                      ^^^^^^^
[INFO] [stdout] 
[INFO] [stdout] 
[INFO] [stdout] warning: use of deprecated method `soroban_sdk::events::Events::publish`: use the #[contractevent] macro on a contract event type
[INFO] [stdout]    --> contracts/poisonkey/src/lib.rs:319:22
[INFO] [stdout]     |
[INFO] [stdout] 319 |         env.events().publish(
[INFO] [stdout]     |                      ^^^^^^^
[INFO] [stdout] 
[INFO] [stdout] 
[INFO] [stderr]     Finished `release` profile [optimized] target(s) in 2m 42s
[INFO] running `Command { std: "docker" "inspect" "5ba5f78889a74c5e1e9a347c1c2cc3ac911a2ad7e8a273268690a0375e771aed", kill_on_drop: false }`
[INFO] running `Command { std: "docker" "exec" "-e" "SOURCE_DIR=/opt/rustwide/workdir" "-e" "CARGO_HOME=/opt/rustwide/cargo-home" "-e" "RUSTUP_HOME=/opt/rustwide/rustup-home" "-e" "CARGO_TARGET_DIR=/opt/rustwide/target" "-e" "CARGO_INCREMENTAL=0" "-e" "RUST_BACKTRACE=full" "-e" "RUSTFLAGS=--cap-lints=warn" "-e" "RUSTDOCFLAGS=--cap-lints=warn" "-w" "/opt/rustwide/workdir" "--user" "0:0" "5ba5f78889a74c5e1e9a347c1c2cc3ac911a2ad7e8a273268690a0375e771aed" "/opt/rustwide/cargo-home/bin/cargo" "+1.99.0-beta.1" "test" "--frozen" "--no-run" "--message-format=json" "--release", kill_on_drop: false }`
[INFO] [stderr]    Compiling typenum v1.20.1
[INFO] [stderr]    Compiling cfg-if v1.0.4
[INFO] [stderr]    Compiling subtle v2.6.1
[INFO] [stderr]    Compiling const-oid v0.9.6
[INFO] [stderr]    Compiling libc v0.2.189
[INFO] [stderr]    Compiling num-traits v0.2.19
[INFO] [stderr]    Compiling zerocopy v0.8.55
[INFO] [stderr]    Compiling zeroize v1.9.0
[INFO] [stderr]    Compiling serde_core v1.0.229
[INFO] [stderr]    Compiling cpufeatures v0.2.17
[INFO] [stderr]    Compiling base16ct v0.2.0
[INFO] [stderr]    Compiling once_cell v1.21.4
[INFO] [stderr]    Compiling either v1.17.0
[INFO] [stderr]    Compiling zmij v1.0.23
[INFO] [stderr]    Compiling serde_json v1.0.151
[INFO] [stderr]    Compiling itoa v1.0.18
[INFO] [stderr]    Compiling memchr v2.8.3
[INFO] [stderr]    Compiling schemars v0.8.22
[INFO] [stderr]    Compiling dyn-clone v1.0.20
[INFO] [stderr]    Compiling data-encoding v2.11.0
[INFO] [stderr]    Compiling der v0.7.10
[INFO] [stderr]    Compiling libm v0.2.16
[INFO] [stderr]    Compiling stellar-xdr v25.0.0
[INFO] [stderr]    Compiling derive_arbitrary v1.3.2
[INFO] [stderr]    Compiling hashbrown v0.17.1
[INFO] [stderr]    Compiling indexmap-nostd v0.4.0
[INFO] [stderr]    Compiling downcast-rs v1.2.1
[INFO] [stderr]    Compiling itertools v0.10.5
[INFO] [stderr]    Compiling equivalent v1.0.2
[INFO] [stderr]    Compiling soroban-env-common v25.2.2
[INFO] [stderr]    Compiling wasmparser-nostd v0.100.2
[INFO] [stderr]    Compiling base64 v0.22.1
[INFO] [stderr]    Compiling semver v1.0.28
[INFO] [stderr]    Compiling wasmi_arena v0.4.1
[INFO] [stderr]    Compiling spin v0.9.9
[INFO] [stderr]    Compiling escape-bytes v0.1.1
[INFO] [stderr]    Compiling stellar-strkey v0.0.13
[INFO] [stderr]    Compiling ethnum v1.5.3
[INFO] [stderr]    Compiling indexmap v2.14.0
[INFO] [stderr]    Compiling smallvec v1.15.2
[INFO] [stderr]    Compiling arbitrary v1.3.2
[INFO] [stderr]    Compiling static_assertions v1.1.0
[INFO] [stderr]    Compiling cpufeatures v0.3.0
[INFO] [stderr]    Compiling byteorder v1.5.0
[INFO] [stderr]    Compiling keccak v0.1.6
[INFO] [stderr]    Compiling num-integer v0.1.46
[INFO] [stderr]    Compiling soroban-env-host v25.2.2
[INFO] [stderr]    Compiling hash32 v0.3.1
[INFO] [stderr]    Compiling thiserror v1.0.69
[INFO] [stderr]    Compiling hex-literal v0.4.1
[INFO] [stderr]    Compiling stable_deref_trait v1.2.1
[INFO] [stderr]    Compiling dtor-proc-macro v0.0.6
[INFO] [stderr]    Compiling generic-array v0.14.9
[INFO] [stderr]    Compiling hybrid-array v0.4.13
[INFO] [stderr]    Compiling heapless v0.8.0
[INFO] [stderr]    Compiling dtor v0.1.1
[INFO] [stderr]    Compiling getrandom v0.2.17
[INFO] [stderr]    Compiling num-bigint v0.4.8
[INFO] [stderr]    Compiling soroban-sdk v25.3.2
[INFO] [stderr]    Compiling rand_core v0.6.4
[INFO] [stderr]    Compiling wasmi_core v0.13.0
[INFO] [stderr]    Compiling ctor-proc-macro v0.0.6
[INFO] [stderr]    Compiling soroban-sdk-macros v25.3.2
[INFO] [stderr]    Compiling ff v0.13.1
[INFO] [stderr]    Compiling stellar-strkey v0.0.16
[INFO] [stderr]    Compiling wasmparser v0.116.1
[INFO] [stderr]    Compiling ctor v0.5.0
[INFO] [stderr]    Compiling group v0.13.0
[INFO] [stderr]    Compiling block-buffer v0.12.1
[INFO] [stderr]    Compiling crypto-common v0.2.2
[INFO] [stderr]    Compiling block-buffer v0.10.4
[INFO] [stderr]    Compiling crypto-common v0.1.6
[INFO] [stderr]    Compiling crypto-bigint v0.5.5
[INFO] [stderr]    Compiling sec1 v0.7.3
[INFO] [stderr]    Compiling digest v0.10.7
[INFO] [stderr]    Compiling sha2 v0.10.9
[INFO] [stderr]    Compiling signature v2.2.0
[INFO] [stderr]    Compiling hmac v0.12.1
[INFO] [stderr]    Compiling curve25519-dalek v4.1.3
[INFO] [stderr]    Compiling sha3 v0.10.9
[INFO] [stderr]    Compiling ed25519 v2.2.3
[INFO] [stderr]    Compiling rfc6979 v0.4.0
[INFO] [stderr]    Compiling digest v0.11.3
[INFO] [stderr]    Compiling curve25519-dalek v5.0.0
[INFO] [stderr]    Compiling serde v1.0.229
[INFO] [stderr]    Compiling ed25519-dalek v2.2.0
[INFO] [stderr]    Compiling elliptic-curve v0.13.8
[INFO] [stderr]    Compiling hex v0.4.3
[INFO] [stderr]    Compiling ecdsa v0.16.9
[INFO] [stderr]    Compiling primeorder v0.13.6
[INFO] [stderr]    Compiling k256 v0.13.4
[INFO] [stderr]    Compiling p256 v0.13.2
[INFO] [stderr]    Compiling soroban-wasmi v0.31.1-soroban.20.0.1
[INFO] [stderr]    Compiling ppv-lite86 v0.2.21
[INFO] [stderr]    Compiling ahash v0.8.12
[INFO] [stderr]    Compiling hashbrown v0.13.2
[INFO] [stderr]    Compiling rand_chacha v0.3.1
[INFO] [stderr]    Compiling rand v0.8.7
[INFO] [stderr]    Compiling serde_with v3.21.0
[INFO] [stderr]    Compiling ark-std v0.4.0
[INFO] [stderr]    Compiling ark-serialize v0.4.2
[INFO] [stderr]    Compiling ark-ff v0.4.2
[INFO] [stderr]    Compiling ark-poly v0.4.2
[INFO] [stderr]    Compiling ark-ec v0.4.2
[INFO] [stderr]    Compiling ark-bn254 v0.4.0
[INFO] [stderr]    Compiling ark-bls12-381 v0.4.0
[INFO] [stderr]    Compiling soroban-ledger-snapshot v25.3.2
[INFO] [stderr]    Compiling poisonkey v0.1.0 (/opt/rustwide/workdir/contracts/poisonkey)
[INFO] [stdout] warning: use of deprecated method `soroban_sdk::events::Events::publish`: use the #[contractevent] macro on a contract event type
[INFO] [stdout]    --> contracts/poisonkey/src/lib.rs:134:22
[INFO] [stdout]     |
[INFO] [stdout] 134 |         env.events().publish(
[INFO] [stdout]     |                      ^^^^^^^
[INFO] [stdout]     |
[INFO] [stdout]     = note: `#[warn(deprecated)]` on by default
[INFO] [stdout] 
[INFO] [stdout] 
[INFO] [stdout] warning: use of deprecated method `soroban_sdk::events::Events::publish`: use the #[contractevent] macro on a contract event type
[INFO] [stdout]    --> contracts/poisonkey/src/lib.rs:200:22
[INFO] [stdout]     |
[INFO] [stdout] 200 |         env.events().publish(
[INFO] [stdout]     |                      ^^^^^^^
[INFO] [stdout] 
[INFO] [stdout] 
[INFO] [stdout] warning: use of deprecated method `soroban_sdk::events::Events::publish`: use the #[contractevent] macro on a contract event type
[INFO] [stdout]    --> contracts/poisonkey/src/lib.rs:275:22
[INFO] [stdout]     |
[INFO] [stdout] 275 |         env.events().publish(
[INFO] [stdout]     |                      ^^^^^^^
[INFO] [stdout] 
[INFO] [stdout] 
[INFO] [stdout] warning: use of deprecated method `soroban_sdk::events::Events::publish`: use the #[contractevent] macro on a contract event type
[INFO] [stdout]    --> contracts/poisonkey/src/lib.rs:319:22
[INFO] [stdout]     |
[INFO] [stdout] 319 |         env.events().publish(
[INFO] [stdout]     |                      ^^^^^^^
[INFO] [stdout] 
[INFO] [stdout] 
[INFO] [stderr]     Finished `release` profile [optimized] target(s) in 2m 41s
[INFO] running `Command { std: "docker" "inspect" "5ba5f78889a74c5e1e9a347c1c2cc3ac911a2ad7e8a273268690a0375e771aed", kill_on_drop: false }`
[INFO] running `Command { std: "docker" "exec" "-e" "SOURCE_DIR=/opt/rustwide/workdir" "-e" "CARGO_HOME=/opt/rustwide/cargo-home" "-e" "RUSTUP_HOME=/opt/rustwide/rustup-home" "-e" "CARGO_TARGET_DIR=/opt/rustwide/target" "-e" "CARGO_INCREMENTAL=0" "-e" "RUST_BACKTRACE=full" "-e" "RUSTFLAGS=--cap-lints=warn" "-e" "RUSTDOCFLAGS=--cap-lints=warn" "-w" "/opt/rustwide/workdir" "--user" "0:0" "5ba5f78889a74c5e1e9a347c1c2cc3ac911a2ad7e8a273268690a0375e771aed" "/opt/rustwide/cargo-home/bin/cargo" "+1.99.0-beta.1" "test" "--frozen" "--release", kill_on_drop: false }`
[INFO] [stderr] warning: use of deprecated method `soroban_sdk::events::Events::publish`: use the #[contractevent] macro on a contract event type
[INFO] [stderr]    --> contracts/poisonkey/src/lib.rs:134:22
[INFO] [stderr]     |
[INFO] [stderr] 134 |         env.events().publish(
[INFO] [stderr]     |                      ^^^^^^^
[INFO] [stderr]     |
[INFO] [stderr]     = note: `#[warn(deprecated)]` on by default
[INFO] [stderr] 
[INFO] [stderr] warning: use of deprecated method `soroban_sdk::events::Events::publish`: use the #[contractevent] macro on a contract event type
[INFO] [stderr]    --> contracts/poisonkey/src/lib.rs:200:22
[INFO] [stderr]     |
[INFO] [stderr] 200 |         env.events().publish(
[INFO] [stderr]     |                      ^^^^^^^
[INFO] [stderr] 
[INFO] [stderr] warning: use of deprecated method `soroban_sdk::events::Events::publish`: use the #[contractevent] macro on a contract event type
[INFO] [stderr]    --> contracts/poisonkey/src/lib.rs:275:22
[INFO] [stderr]     |
[INFO] [stderr] 275 |         env.events().publish(
[INFO] [stderr]     |                      ^^^^^^^
[INFO] [stderr] 
[INFO] [stderr] warning: use of deprecated method `soroban_sdk::events::Events::publish`: use the #[contractevent] macro on a contract event type
[INFO] [stderr]    --> contracts/poisonkey/src/lib.rs:319:22
[INFO] [stderr]     |
[INFO] [stderr] 319 |         env.events().publish(
[INFO] [stderr]     |                      ^^^^^^^
[INFO] [stderr] 
[INFO] [stderr] warning: `poisonkey` (lib test) generated 4 warnings
[INFO] [stderr]     Finished `release` profile [optimized] target(s) in 0.27s
[INFO] [stderr]      Running unittests src/lib.rs (/opt/rustwide/target/release/deps/poisonkey-ee51384c3b7bc407)
[INFO] [stdout] 
[INFO] [stdout] running 9 tests
[INFO] [stdout] test test::bond_rejects_duplicate_key_and_missing_grant ... FAILED
[INFO] [stdout] test test::bond_moves_tokens_into_contract ... FAILED
[INFO] [stdout] test test::publish_rejects_duplicate_and_bad_params ... FAILED
[INFO] [stdout] test test::prove_leak_rejects_wrong_signature ... FAILED
[INFO] [stdout] test test::release_returns_bond_after_expiry ... FAILED
[INFO] [stdout] test test::publish_stores_grant ... FAILED
[INFO] [stdout] test test::prove_leak_pays_bounty_and_remainder ... FAILED
[INFO] [stdout] test test::prove_leak_rejects_spent_credential_and_unknown_key ... FAILED
[INFO] [stdout] test test::prove_leak_rejects_signature_bound_to_another_claimant ... FAILED
[INFO] [stdout] 
[INFO] [stdout] failures:
[INFO] [stdout] 
[INFO] [stdout] ---- test::bond_rejects_duplicate_key_and_missing_grant stdout ----
[INFO] [stdout] Writing test snapshot file for test "test::bond_rejects_duplicate_key_and_missing_grant" to "test_snapshots/test/bond_rejects_duplicate_key_and_missing_grant.1.json".
[INFO] [stdout] 
[INFO] [stdout] thread 'test::bond_rejects_duplicate_key_and_missing_grant' (3931) panicked at /opt/rustwide/cargo-home/registry/src/index.crates.io-1949cf8c6b5b557f/soroban-sdk-25.3.2/src/env.rs:1970:32:
[INFO] [stdout] called `Result::unwrap()` on an `Err` value: Os { code: 30, kind: ReadOnlyFilesystem, message: "Read-only file system" }
[INFO] [stdout] stack backtrace:
[INFO] [stdout]    0:     0x561f04b41807 - <unknown>
[INFO] [stdout]    1:     0x561f049d8384 - <unknown>
[INFO] [stdout]    2:     0x561f04b40dcb - <unknown>
[INFO] [stdout]    3:     0x561f04b409c9 - <unknown>
[INFO] [stdout]    4:     0x561f04b4064a - <unknown>
[INFO] [stdout]    5:     0x561f04b40183 - <unknown>
[INFO] [stdout]    6:     0x561f04b66491 - <unknown>
[INFO] [stdout]    7:     0x561f04b66449 - <unknown>
[INFO] [stdout]    8:     0x561f04b6694c - <unknown>
[INFO] [stdout]    9:     0x561f049d821b - <unknown>
[INFO] [stdout]   10:     0x561f049dbca1 - <unknown>
[INFO] [stdout]   11:     0x561f04b08fd5 - <unknown>
[INFO] [stdout]   12:     0x561f049c5135 - <unknown>
[INFO] [stdout]   13:     0x561f049d2dab - <unknown>
[INFO] [stdout]   14:     0x561f04b7feab - <unknown>
[INFO] [stdout]   15:     0x561f04b7b802 - <unknown>
[INFO] [stdout]   16:     0x561f04b7b2ac - <unknown>
[INFO] [stdout]   17:     0x561f04b967dc - <unknown>
[INFO] [stdout]   18:     0x561f04b67d8a - <unknown>
[INFO] [stdout]   19:     0x7c188eaee07a - <unknown>
[INFO] [stdout]   20:     0x7c188eb81534 - clone
[INFO] [stdout]   21:                0x0 - <unknown>
[INFO] [stdout] 
[INFO] [stdout] ---- test::bond_moves_tokens_into_contract stdout ----
[INFO] [stdout] Writing test snapshot file for test "test::bond_moves_tokens_into_contract" to "test_snapshots/test/bond_moves_tokens_into_contract.1.json".
[INFO] [stdout] 
[INFO] [stderr] error: test failed, to rerun pass `--lib`
[INFO] [stdout] thread 'test::bond_moves_tokens_into_contract' (3930) panicked at /opt/rustwide/cargo-home/registry/src/index.crates.io-1949cf8c6b5b557f/soroban-sdk-25.3.2/src/env.rs:1970:32:
[INFO] [stdout] called `Result::unwrap()` on an `Err` value: Os { code: 30, kind: ReadOnlyFilesystem, message: "Read-only file system" }
[INFO] [stdout] stack backtrace:
[INFO] [stdout]    0:     0x561f04b41807 - <unknown>
[INFO] [stdout]    1:     0x561f049d8384 - <unknown>
[INFO] [stdout]    2:     0x561f04b40dcb - <unknown>
[INFO] [stdout]    3:     0x561f04b409c9 - <unknown>
[INFO] [stdout]    4:     0x561f04b4064a - <unknown>
[INFO] [stdout]    5:     0x561f04b40183 - <unknown>
[INFO] [stdout]    6:     0x561f04b66491 - <unknown>
[INFO] [stdout]    7:     0x561f04b66449 - <unknown>
[INFO] [stdout]    8:     0x561f04b6694c - <unknown>
[INFO] [stdout]    9:     0x561f049d821b - <unknown>
[INFO] [stdout]   10:     0x561f049dbca1 - <unknown>
[INFO] [stdout]   11:     0x561f04b08fd5 - <unknown>
[INFO] [stdout]   12:     0x561f049c5135 - <unknown>
[INFO] [stdout]   13:     0x561f049d167a - <unknown>
[INFO] [stdout]   14:     0x561f04b7feab - <unknown>
[INFO] [stdout]   15:     0x561f04b7b802 - <unknown>
[INFO] [stdout]   16:     0x561f04b7b2ac - <unknown>
[INFO] [stdout]   17:     0x561f04b967dc - <unknown>
[INFO] [stdout]   18:     0x561f04b67d8a - <unknown>
[INFO] [stdout]   19:     0x7c188eaee07a - <unknown>
[INFO] [stdout]   20:     0x7c188eb81534 - clone
[INFO] [stdout]   21:                0x0 - <unknown>
[INFO] [stdout] 
[INFO] [stdout] ---- test::publish_rejects_duplicate_and_bad_params stdout ----
[INFO] [stdout] Writing test snapshot file for test "test::publish_rejects_duplicate_and_bad_params" to "test_snapshots/test/publish_rejects_duplicate_and_bad_params.1.json".
[INFO] [stdout] 
[INFO] [stdout] thread 'test::publish_rejects_duplicate_and_bad_params' (3936) panicked at /opt/rustwide/cargo-home/registry/src/index.crates.io-1949cf8c6b5b557f/soroban-sdk-25.3.2/src/env.rs:1970:32:
[INFO] [stdout] called `Result::unwrap()` on an `Err` value: Os { code: 30, kind: ReadOnlyFilesystem, message: "Read-only file system" }
[INFO] [stdout] stack backtrace:
[INFO] [stdout]    0:     0x561f04b41807 - <unknown>
[INFO] [stdout]    1:     0x561f049d8384 - <unknown>
[INFO] [stdout]    2:     0x561f04b40dcb - <unknown>
[INFO] [stdout]    3:     0x561f04b409c9 - <unknown>
[INFO] [stdout]    4:     0x561f04b4064a - <unknown>
[INFO] [stdout]    5:     0x561f04b40183 - <unknown>
[INFO] [stdout]    6:     0x561f04b66491 - <unknown>
[INFO] [stdout]    7:     0x561f04b66449 - <unknown>
[INFO] [stdout]    8:     0x561f04b6694c - <unknown>
[INFO] [stdout]    9:     0x561f049d821b - <unknown>
[INFO] [stdout]   10:     0x561f049dbca1 - <unknown>
[INFO] [stdout]   11:     0x561f04b08fd5 - <unknown>
[INFO] [stdout]   12:     0x561f049c5135 - <unknown>
[INFO] [stdout]   13:     0x561f049d2b07 - <unknown>
[INFO] [stdout]   14:     0x561f04b7feab - <unknown>
[INFO] [stdout]   15:     0x561f04b7b802 - <unknown>
[INFO] [stdout]   16:     0x561f04b7b2ac - <unknown>
[INFO] [stdout]   17:     0x561f04b967dc - <unknown>
[INFO] [stdout]   18:     0x561f04b67d8a - <unknown>
[INFO] [stdout]   19:     0x7c188eaee07a - <unknown>
[INFO] [stdout]   20:     0x7c188eb81534 - clone
[INFO] [stdout]   21:                0x0 - <unknown>
[INFO] [stdout] 
[INFO] [stdout] ---- test::prove_leak_rejects_wrong_signature stdout ----
[INFO] [stdout] Writing test snapshot file for test "test::prove_leak_rejects_wrong_signature" to "test_snapshots/test/prove_leak_rejects_wrong_signature.1.json".
[INFO] [stdout] 
[INFO] [stdout] thread 'test::prove_leak_rejects_wrong_signature' (3935) panicked at /opt/rustwide/cargo-home/registry/src/index.crates.io-1949cf8c6b5b557f/soroban-sdk-25.3.2/src/env.rs:1970:32:
[INFO] [stdout] called `Result::unwrap()` on an `Err` value: Os { code: 30, kind: ReadOnlyFilesystem, message: "Read-only file system" }
[INFO] [stdout] stack backtrace:
[INFO] [stdout]    0:     0x561f04b41807 - <unknown>
[INFO] [stdout]    1:     0x561f049d8384 - <unknown>
[INFO] [stdout]    2:     0x561f04b40dcb - <unknown>
[INFO] [stdout]    3:     0x561f04b409c9 - <unknown>
[INFO] [stdout]    4:     0x561f04b4064a - <unknown>
[INFO] [stdout]    5:     0x561f04b40183 - <unknown>
[INFO] [stdout]    6:     0x561f04b66491 - <unknown>
[INFO] [stdout]    7:     0x561f04b66449 - <unknown>
[INFO] [stdout]    8:     0x561f04b6694c - <unknown>
[INFO] [stdout]    9:     0x561f049d821b - <unknown>
[INFO] [stdout]   10:     0x561f049dbca1 - <unknown>
[INFO] [stdout]   11:     0x561f04b08fd5 - <unknown>
[INFO] [stdout]   12:     0x561f049c5135 - <unknown>
[INFO] [stdout]   13:     0x561f049d2337 - <unknown>
[INFO] [stdout]   14:     0x561f04b7feab - <unknown>
[INFO] [stdout]   15:     0x561f04b7b802 - <unknown>
[INFO] [stdout]   16:     0x561f04b7b2ac - <unknown>
[INFO] [stdout]   17:     0x561f04b967dc - <unknown>
[INFO] [stdout]   18:     0x561f04b67d8a - <unknown>
[INFO] [stdout]   19:     0x7c188eaee07a - <unknown>
[INFO] [stdout]   20:     0x7c188eb81534 - clone
[INFO] [stdout]   21:                0x0 - <unknown>
[INFO] [stdout] 
[INFO] [stdout] ---- test::release_returns_bond_after_expiry stdout ----
[INFO] [stdout] Writing test snapshot file for test "test::release_returns_bond_after_expiry" to "test_snapshots/test/release_returns_bond_after_expiry.1.json".
[INFO] [stdout] 
[INFO] [stdout] thread 'test::release_returns_bond_after_expiry' (3938) panicked at /opt/rustwide/cargo-home/registry/src/index.crates.io-1949cf8c6b5b557f/soroban-sdk-25.3.2/src/env.rs:1970:32:
[INFO] [stdout] called `Result::unwrap()` on an `Err` value: Os { code: 30, kind: ReadOnlyFilesystem, message: "Read-only file system" }
[INFO] [stdout] stack backtrace:
[INFO] [stdout]    0:     0x561f04b41807 - <unknown>
[INFO] [stdout]    1:     0x561f049d8384 - <unknown>
[INFO] [stdout]    2:     0x561f04b40dcb - <unknown>
[INFO] [stdout]    3:     0x561f04b409c9 - <unknown>
[INFO] [stdout]    4:     0x561f04b4064a - <unknown>
[INFO] [stdout]    5:     0x561f04b40183 - <unknown>
[INFO] [stdout]    6:     0x561f04b66491 - <unknown>
[INFO] [stdout]    7:     0x561f04b66449 - <unknown>
[INFO] [stdout]    8:     0x561f04b6694c - <unknown>
[INFO] [stdout]    9:     0x561f049d821b - <unknown>
[INFO] [stdout]   10:     0x561f049dbca1 - <unknown>
[INFO] [stdout]   11:     0x561f04b08fd5 - <unknown>
[INFO] [stdout]   12:     0x561f049c5135 - <unknown>
[INFO] [stdout]   13:     0x561f049d1ea0 - <unknown>
[INFO] [stdout]   14:     0x561f04b7feab - <unknown>
[INFO] [stdout]   15:     0x561f04b7b802 - <unknown>
[INFO] [stdout]   16:     0x561f04b7b2ac - <unknown>
[INFO] [stdout]   17:     0x561f04b967dc - <unknown>
[INFO] [stdout]   18:     0x561f04b67d8a - <unknown>
[INFO] [stdout]   19:     0x7c188eaee07a - <unknown>
[INFO] [stdout]   20:     0x7c188eb81534 - clone
[INFO] [stdout]   21:                0x0 - <unknown>
[INFO] [stdout] 
[INFO] [stdout] ---- test::publish_stores_grant stdout ----
[INFO] [stdout] Writing test snapshot file for test "test::publish_stores_grant" to "test_snapshots/test/publish_stores_grant.1.json".
[INFO] [stdout] 
[INFO] [stdout] thread 'test::publish_stores_grant' (3937) panicked at /opt/rustwide/cargo-home/registry/src/index.crates.io-1949cf8c6b5b557f/soroban-sdk-25.3.2/src/env.rs:1970:32:
[INFO] [stdout] called `Result::unwrap()` on an `Err` value: Os { code: 30, kind: ReadOnlyFilesystem, message: "Read-only file system" }
[INFO] [stdout] stack backtrace:
[INFO] [stdout]    0:     0x561f04b41807 - <unknown>
[INFO] [stdout]    1:     0x561f049d8384 - <unknown>
[INFO] [stdout]    2:     0x561f04b40dcb - <unknown>
[INFO] [stdout]    3:     0x561f04b409c9 - <unknown>
[INFO] [stdout]    4:     0x561f04b4064a - <unknown>
[INFO] [stdout]    5:     0x561f04b40183 - <unknown>
[INFO] [stdout]    6:     0x561f04b66491 - <unknown>
[INFO] [stdout]    7:     0x561f04b66449 - <unknown>
[INFO] [stdout]    8:     0x561f04b6694c - <unknown>
[INFO] [stdout]    9:     0x561f049d821b - <unknown>
[INFO] [stdout]   10:     0x561f049dbca1 - <unknown>
[INFO] [stdout]   11:     0x561f04b08fd5 - <unknown>
[INFO] [stdout]   12:     0x561f049c5135 - <unknown>
[INFO] [stdout]   13:     0x561f049d0d65 - <unknown>
[INFO] [stdout]   14:     0x561f04b7feab - <unknown>
[INFO] [stdout]   15:     0x561f04b7b802 - <unknown>
[INFO] [stdout]   16:     0x561f04b7b2ac - <unknown>
[INFO] [stdout]   17:     0x561f04b967dc - <unknown>
[INFO] [stdout]   18:     0x561f04b67d8a - <unknown>
[INFO] [stdout]   19:     0x7c188eaee07a - <unknown>
[INFO] [stdout]   20:     0x7c188eb81534 - clone
[INFO] [stdout]   21:                0x0 - <unknown>
[INFO] [stdout] 
[INFO] [stdout] ---- test::prove_leak_pays_bounty_and_remainder stdout ----
[INFO] [stdout] Writing test snapshot file for test "test::prove_leak_pays_bounty_and_remainder" to "test_snapshots/test/prove_leak_pays_bounty_and_remainder.1.json".
[INFO] [stdout] 
[INFO] [stdout] thread 'test::prove_leak_pays_bounty_and_remainder' (3932) panicked at /opt/rustwide/cargo-home/registry/src/index.crates.io-1949cf8c6b5b557f/soroban-sdk-25.3.2/src/env.rs:1970:32:
[INFO] [stdout] called `Result::unwrap()` on an `Err` value: Os { code: 30, kind: ReadOnlyFilesystem, message: "Read-only file system" }
[INFO] [stdout] stack backtrace:
[INFO] [stdout]    0:     0x561f04b41807 - <unknown>
[INFO] [stdout]    1:     0x561f049d8384 - <unknown>
[INFO] [stdout]    2:     0x561f04b40dcb - <unknown>
[INFO] [stdout]    3:     0x561f04b409c9 - <unknown>
[INFO] [stdout]    4:     0x561f04b4064a - <unknown>
[INFO] [stdout]    5:     0x561f04b40183 - <unknown>
[INFO] [stdout]    6:     0x561f04b66491 - <unknown>
[INFO] [stdout]    7:     0x561f04b66449 - <unknown>
[INFO] [stdout]    8:     0x561f04b6694c - <unknown>
[INFO] [stdout]    9:     0x561f049d821b - <unknown>
[INFO] [stdout]   10:     0x561f049dbca1 - <unknown>
[INFO] [stdout]   11:     0x561f04b08fd5 - <unknown>
[INFO] [stdout]   12:     0x561f049c5135 - <unknown>
[INFO] [stdout]   13:     0x561f049d278d - <unknown>
[INFO] [stdout]   14:     0x561f04b7feab - <unknown>
[INFO] [stdout]   15:     0x561f04b7b802 - <unknown>
[INFO] [stdout]   16:     0x561f04b7b2ac - <unknown>
[INFO] [stdout]   17:     0x561f04b967dc - <unknown>
[INFO] [stdout]   18:     0x561f04b67d8a - <unknown>
[INFO] [stdout]   19:     0x7c188eaee07a - <unknown>
[INFO] [stdout]   20:     0x7c188eb81534 - clone
[INFO] [stdout]   21:                0x0 - <unknown>
[INFO] [stdout] 
[INFO] [stdout] ---- test::prove_leak_rejects_spent_credential_and_unknown_key stdout ----
[INFO] [stdout] Writing test snapshot file for test "test::prove_leak_rejects_spent_credential_and_unknown_key" to "test_snapshots/test/prove_leak_rejects_spent_credential_and_unknown_key.1.json".
[INFO] [stdout] 
[INFO] [stdout] thread 'test::prove_leak_rejects_spent_credential_and_unknown_key' (3934) panicked at /opt/rustwide/cargo-home/registry/src/index.crates.io-1949cf8c6b5b557f/soroban-sdk-25.3.2/src/env.rs:1970:32:
[INFO] [stdout] called `Result::unwrap()` on an `Err` value: Os { code: 30, kind: ReadOnlyFilesystem, message: "Read-only file system" }
[INFO] [stdout] stack backtrace:
[INFO] [stdout]    0:     0x561f04b41807 - <unknown>
[INFO] [stdout]    1:     0x561f049d8384 - <unknown>
[INFO] [stdout]    2:     0x561f04b40dcb - <unknown>
[INFO] [stdout]    3:     0x561f04b409c9 - <unknown>
[INFO] [stdout]    4:     0x561f04b4064a - <unknown>
[INFO] [stdout]    5:     0x561f04b40183 - <unknown>
[INFO] [stdout]    6:     0x561f04b66491 - <unknown>
[INFO] [stdout]    7:     0x561f04b66449 - <unknown>
[INFO] [stdout]    8:     0x561f04b6694c - <unknown>
[INFO] [stdout]    9:     0x561f049d821b - <unknown>
[INFO] [stdout]   10:     0x561f049dbca1 - <unknown>
[INFO] [stdout]   11:     0x561f04b08fd5 - <unknown>
[INFO] [stdout]   12:     0x561f049c5135 - <unknown>
[INFO] [stdout]   13:     0x561f049d316d - <unknown>
[INFO] [stdout]   14:     0x561f04b7feab - <unknown>
[INFO] [stdout]   15:     0x561f04b7b802 - <unknown>
[INFO] [stdout]   16:     0x561f04b7b2ac - <unknown>
[INFO] [stdout]   17:     0x561f04b967dc - <unknown>
[INFO] [stdout]   18:     0x561f04b67d8a - <unknown>
[INFO] [stdout]   19:     0x7c188eaee07a - <unknown>
[INFO] [stdout]   20:     0x7c188eb81534 - clone
[INFO] [stdout]   21:                0x0 - <unknown>
[INFO] [stdout] 
[INFO] [stdout] ---- test::prove_leak_rejects_signature_bound_to_another_claimant stdout ----
[INFO] [stdout] Writing test snapshot file for test "test::prove_leak_rejects_signature_bound_to_another_claimant" to "test_snapshots/test/prove_leak_rejects_signature_bound_to_another_claimant.1.json".
[INFO] [stdout] 
[INFO] [stdout] thread 'test::prove_leak_rejects_signature_bound_to_another_claimant' (3933) panicked at /opt/rustwide/cargo-home/registry/src/index.crates.io-1949cf8c6b5b557f/soroban-sdk-25.3.2/src/env.rs:1970:32:
[INFO] [stdout] called `Result::unwrap()` on an `Err` value: Os { code: 30, kind: ReadOnlyFilesystem, message: "Read-only file system" }
[INFO] [stdout] stack backtrace:
[INFO] [stdout]    0:     0x561f04b41807 - <unknown>
[INFO] [stdout]    1:     0x561f049d8384 - <unknown>
[INFO] [stdout]    2:     0x561f04b40dcb - <unknown>
[INFO] [stdout]    3:     0x561f04b409c9 - <unknown>
[INFO] [stdout]    4:     0x561f04b4064a - <unknown>
[INFO] [stdout]    5:     0x561f04b40183 - <unknown>
[INFO] [stdout]    6:     0x561f04b66491 - <unknown>
[INFO] [stdout]    7:     0x561f04b66449 - <unknown>
[INFO] [stdout]    8:     0x561f04b6694c - <unknown>
[INFO] [stdout]    9:     0x561f049d821b - <unknown>
[INFO] [stdout]   10:     0x561f049dbca1 - <unknown>
[INFO] [stdout]   11:     0x561f04b08fd5 - <unknown>
[INFO] [stdout]   12:     0x561f049c5135 - <unknown>
[INFO] [stdout]   13:     0x561f049d34bf - <unknown>
[INFO] [stdout]   14:     0x561f04b7feab - <unknown>
[INFO] [stdout]   15:     0x561f04b7b802 - <unknown>
[INFO] [stdout]   16:     0x561f04b7b2ac - <unknown>
[INFO] [stdout]   17:     0x561f04b967dc - <unknown>
[INFO] [stdout]   18:     0x561f04b67d8a - <unknown>
[INFO] [stdout]   19:     0x7c188eaee07a - <unknown>
[INFO] [stdout]   20:     0x7c188eb81534 - clone
[INFO] [stdout]   21:                0x0 - <unknown>
[INFO] [stdout] 
[INFO] [stdout] 
[INFO] [stdout] failures:
[INFO] [stdout]     test::bond_moves_tokens_into_contract
[INFO] [stdout]     test::bond_rejects_duplicate_key_and_missing_grant
[INFO] [stdout]     test::prove_leak_pays_bounty_and_remainder
[INFO] [stdout]     test::prove_leak_rejects_signature_bound_to_another_claimant
[INFO] [stdout]     test::prove_leak_rejects_spent_credential_and_unknown_key
[INFO] [stdout]     test::prove_leak_rejects_wrong_signature
[INFO] [stdout]     test::publish_rejects_duplicate_and_bad_params
[INFO] [stdout]     test::publish_stores_grant
[INFO] [stdout]     test::release_returns_bond_after_expiry
[INFO] [stdout] 
[INFO] [stdout] test result: FAILED. 0 passed; 9 failed; 0 ignored; 0 measured; 0 filtered out; finished in 0.03s
[INFO] [stdout] 
[INFO] running `Command { std: "docker" "inspect" "5ba5f78889a74c5e1e9a347c1c2cc3ac911a2ad7e8a273268690a0375e771aed", kill_on_drop: false }`
[INFO] running `Command { std: "docker" "rm" "-f" "5ba5f78889a74c5e1e9a347c1c2cc3ac911a2ad7e8a273268690a0375e771aed", kill_on_drop: false }`
[INFO] [stdout] 5ba5f78889a74c5e1e9a347c1c2cc3ac911a2ad7e8a273268690a0375e771aed
