[INFO] cloning repository https://github.com/farheenfathimaa/rust-graphmind
[INFO] running `Command { std: "git" "-c" "credential.helper=" "-c" "credential.helper=/workspace/cargo-home/bin/git-credential-null" "clone" "--bare" "https://github.com/farheenfathimaa/rust-graphmind" "/workspace/cache/git-repos/https%3A%2F%2Fgithub.com%2Ffarheenfathimaa%2Frust-graphmind", kill_on_drop: false }`
[INFO] [stderr] Cloning into bare repository '/workspace/cache/git-repos/https%3A%2F%2Fgithub.com%2Ffarheenfathimaa%2Frust-graphmind'...
[INFO] running `Command { std: "git" "rev-parse" "HEAD", kill_on_drop: false }`
[INFO] [stdout] 9d21b3b3a4285704577a27f91b5be09b7f06b8f6
[INFO] testing farheenfathimaa/rust-graphmind against 1.99.0-beta.1+cargoflags=--release for beta-release-1.99-2
[INFO] running `Command { std: "git" "clone" "/workspace/cache/git-repos/https%3A%2F%2Fgithub.com%2Ffarheenfathimaa%2Frust-graphmind" "/workspace/builds/worker-6-tc2/source", kill_on_drop: false }`
[INFO] [stderr] Cloning into '/workspace/builds/worker-6-tc2/source'...
[INFO] [stderr] done.
[INFO] started tweaking git repo https://github.com/farheenfathimaa/rust-graphmind
[INFO] finished tweaking git repo https://github.com/farheenfathimaa/rust-graphmind
[INFO] tweaked toml for git repo https://github.com/farheenfathimaa/rust-graphmind written to /workspace/builds/worker-6-tc2/source/Cargo.toml
[INFO] validating manifest of git repo https://github.com/farheenfathimaa/rust-graphmind on toolchain 1.99.0-beta.1
[INFO] running `Command { std: CARGO_HOME="/workspace/cargo-home" RUSTUP_HOME="/workspace/rustup-home" "/workspace/cargo-home/bin/cargo" "+1.99.0-beta.1" "metadata" "--manifest-path" "Cargo.toml" "--no-deps", kill_on_drop: false }`
[INFO] crate git repo https://github.com/farheenfathimaa/rust-graphmind already has a lockfile, it will not be regenerated
[INFO] running `Command { std: CARGO_HOME="/workspace/cargo-home" RUSTUP_HOME="/workspace/rustup-home" "/workspace/cargo-home/bin/cargo" "+1.99.0-beta.1" "fetch" "--manifest-path" "Cargo.toml", kill_on_drop: false }`
[INFO] running `Command { std: "docker" "create" "-v" "/var/lib/crater-agent-workspace/builds/worker-6-tc2/source:/opt/rustwide/workdir:ro,Z" "-v" "/var/lib/crater-agent-workspace/builds/worker-6-tc2/target:/opt/rustwide/target:rw,Z" "-v" "/var/lib/crater-agent-workspace/cargo-home:/opt/rustwide/cargo-home:ro,Z" "-v" "/var/lib/crater-agent-workspace/rustup-home:/opt/rustwide/rustup-home:ro,Z" "-m" "1610612736" "--network" "none" "ghcr.io/rust-lang/crates-build-env/linux@sha256:8683fc1fc2eb5c9ac98e0d076ab094b2ffac7f99da555d2b6a2e27f346de2ec7" "sleep" "infinity", kill_on_drop: false }`
[INFO] [stdout] 3c29c63999995cd48754d6c72e850cae00b5b086ca9360553d2f1bba7a6b70f2
[INFO] running `Command { std: "docker" "start" "3c29c63999995cd48754d6c72e850cae00b5b086ca9360553d2f1bba7a6b70f2", kill_on_drop: false }`
[INFO] running `Command { std: "docker" "inspect" "3c29c63999995cd48754d6c72e850cae00b5b086ca9360553d2f1bba7a6b70f2", kill_on_drop: false }`
[INFO] running `Command { std: "docker" "exec" "-e" "SOURCE_DIR=/opt/rustwide/workdir" "-e" "CARGO_HOME=/opt/rustwide/cargo-home" "-e" "RUSTUP_HOME=/opt/rustwide/rustup-home" "-e" "CARGO_TARGET_DIR=/opt/rustwide/target" "-w" "/opt/rustwide/workdir" "--user" "0:0" "3c29c63999995cd48754d6c72e850cae00b5b086ca9360553d2f1bba7a6b70f2" "/opt/rustwide/cargo-home/bin/cargo" "+1.99.0-beta.1" "metadata" "--no-deps" "--format-version=1", kill_on_drop: false }`
[INFO] running `Command { std: "docker" "inspect" "3c29c63999995cd48754d6c72e850cae00b5b086ca9360553d2f1bba7a6b70f2", kill_on_drop: false }`
[INFO] running `Command { std: "docker" "exec" "-e" "SOURCE_DIR=/opt/rustwide/workdir" "-e" "CARGO_HOME=/opt/rustwide/cargo-home" "-e" "RUSTUP_HOME=/opt/rustwide/rustup-home" "-e" "CARGO_TARGET_DIR=/opt/rustwide/target" "-e" "CARGO_INCREMENTAL=0" "-e" "RUST_BACKTRACE=full" "-e" "RUSTFLAGS=--cap-lints=warn" "-e" "RUSTDOCFLAGS=--cap-lints=warn" "-w" "/opt/rustwide/workdir" "--user" "0:0" "3c29c63999995cd48754d6c72e850cae00b5b086ca9360553d2f1bba7a6b70f2" "/opt/rustwide/cargo-home/bin/cargo" "+1.99.0-beta.1" "build" "--frozen" "--message-format=json" "--release", kill_on_drop: false }`
[INFO] [stderr]    Compiling libc v0.2.189
[INFO] [stderr]    Compiling serde_core v1.0.229
[INFO] [stderr]    Compiling serde v1.0.229
[INFO] [stderr]    Compiling smallvec v1.15.2
[INFO] [stderr]    Compiling stable_deref_trait v1.2.1
[INFO] [stderr]    Compiling futures-core v0.3.33
[INFO] [stderr]    Compiling futures-sink v0.3.33
[INFO] [stderr]    Compiling memchr v2.8.3
[INFO] [stderr]    Compiling log v0.4.33
[INFO] [stderr]    Compiling siphasher v1.0.3
[INFO] [stderr]    Compiling zeroize v1.9.0
[INFO] [stderr]    Compiling cc v1.4.0
[INFO] [stderr]    Compiling regex-syntax v0.8.11
[INFO] [stderr]    Compiling writeable v0.6.3
[INFO] [stderr]    Compiling syn v3.0.3
[INFO] [stderr]    Compiling syn v2.0.119
[INFO] [stderr]    Compiling rand_core v0.6.4
[INFO] [stderr]    Compiling litemap v0.8.2
[INFO] [stderr]    Compiling futures-channel v0.3.33
[INFO] [stderr]    Compiling rand v0.8.7
[INFO] [stderr]    Compiling futures-io v0.3.33
[INFO] [stderr]    Compiling phf_shared v0.11.3
[INFO] [stderr]    Compiling rustls-pki-types v1.15.1
[INFO] [stderr]    Compiling zerocopy v0.8.55
[INFO] [stderr]    Compiling futures-task v0.3.33
[INFO] [stderr]    Compiling icu_normalizer_data v2.2.0
[INFO] [stderr]    Compiling icu_properties_data v2.2.0
[INFO] [stderr]    Compiling phf v0.11.3
[INFO] [stderr]    Compiling percent-encoding v2.3.2
[INFO] [stderr]    Compiling tower-layer v0.3.3
[INFO] [stderr]    Compiling httparse v1.10.1
[INFO] [stderr]    Compiling zmij v1.0.23
[INFO] [stderr]    Compiling form_urlencoded v1.2.2
[INFO] [stderr]    Compiling syn v1.0.109
[INFO] [stderr]    Compiling rustls v0.23.43
[INFO] [stderr]    Compiling rustversion v1.0.23
[INFO] [stderr]    Compiling serde_json v1.0.151
[INFO] [stderr]    Compiling anstyle-parse v1.0.0
[INFO] [stderr]    Compiling sync_wrapper v1.0.2
[INFO] [stderr]    Compiling phf_generator v0.11.3
[INFO] [stderr]    Compiling is_terminal_polyfill v1.70.2
[INFO] [stderr]    Compiling ryu v1.0.23
[INFO] [stderr]    Compiling colorchoice v1.0.5
[INFO] [stderr]    Compiling anstyle-query v1.1.5
[INFO] [stderr]    Compiling phf_codegen v0.11.3
[INFO] [stderr]    Compiling httpdate v1.0.3
[INFO] [stderr]    Compiling anstream v1.0.0
[INFO] [stderr]    Compiling regex-automata v0.4.16
[INFO] [stderr]    Compiling webpki-roots v1.0.9
[INFO] [stderr]    Compiling rustls-pemfile v2.2.0
[INFO] [stderr]    Compiling instant v0.1.13
[INFO] [stderr]    Compiling deadpool-runtime v0.1.4
[INFO] [stderr]    Compiling anyhow v1.0.104
[INFO] [stderr]    Compiling retain_mut v0.1.9
[INFO] [stderr]    Compiling parking_lot_core v0.9.12
[INFO] [stderr]    Compiling errno v0.3.14
[INFO] [stderr]    Compiling mio v1.2.2
[INFO] [stderr]    Compiling socket2 v0.6.5
[INFO] [stderr]    Compiling getrandom v0.2.17
[INFO] [stderr]    Compiling signal-hook-registry v1.4.8
[INFO] [stderr]    Compiling num_cpus v1.17.0
[INFO] [stderr]    Compiling openssl-probe v0.1.6
[INFO] [stderr]    Compiling parking_lot v0.12.5
[INFO] [stderr]    Compiling rustls-native-certs v0.7.3
[INFO] [stderr]    Compiling ring v0.17.14
[INFO] [stderr]    Compiling clap_builder v4.6.5
[INFO] [stderr]    Compiling webpki-roots v0.26.11
[INFO] [stderr]    Compiling csv-core v0.1.13
[INFO] [stderr]    Compiling tracing-log v0.2.0
[INFO] [stderr]    Compiling thread_local v1.1.10
[INFO] [stderr]    Compiling matchit v0.7.3
[INFO] [stderr]    Compiling bitflags v2.13.1
[INFO] [stderr]    Compiling dotenvy v0.15.7
[INFO] [stderr]    Compiling serde_derive v1.0.229
[INFO] [stderr]    Compiling displaydoc v0.2.7
[INFO] [stderr]    Compiling tokio-macros v2.7.2
[INFO] [stderr]    Compiling async-trait v0.1.91
[INFO] [stderr]    Compiling clap_derive v4.6.4
[INFO] [stderr]    Compiling regex v1.13.1
[INFO] [stderr]    Compiling parse-zoneinfo v0.3.1
[INFO] [stderr]    Compiling serde_path_to_error v0.1.20
[INFO] [stderr]    Compiling csv v1.4.0
[INFO] [stderr]    Compiling chrono-tz-build v0.2.1
[INFO] [stderr]    Compiling matchers v0.2.0
[INFO] [stderr]    Compiling chrono-tz v0.8.6
[INFO] [stderr]    Compiling synstructure v0.13.2
[INFO] [stderr]    Compiling clap v4.6.5
[INFO] [stderr]    Compiling zerofrom-derive v0.1.7
[INFO] [stderr]    Compiling yoke-derive v0.8.2
[INFO] [stderr]    Compiling zerovec-derive v0.11.3
[INFO] [stderr]    Compiling futures-macro v0.3.33
[INFO] [stderr]    Compiling tracing-attributes v0.1.31
[INFO] [stderr]    Compiling ppv-lite86 v0.2.21
[INFO] [stderr]    Compiling thiserror-impl v1.0.69
[INFO] [stderr]    Compiling delegate v0.10.0
[INFO] [stderr]    Compiling neo4rs-macros v0.3.0
[INFO] [stderr]    Compiling rand_chacha v0.3.1
[INFO] [stderr]    Compiling futures-util v0.3.33
[INFO] [stderr]    Compiling zerofrom v0.1.8
[INFO] [stderr]    Compiling yoke v0.8.3
[INFO] [stderr]    Compiling bytes v1.12.1
[INFO] [stderr]    Compiling zerovec v0.11.6
[INFO] [stderr]    Compiling zerotrie v0.2.4
[INFO] [stderr]    Compiling chrono v0.4.45
[INFO] [stderr]    Compiling thiserror v1.0.69
[INFO] [stderr]    Compiling serde_urlencoded v0.7.1
[INFO] [stderr]    Compiling tracing v0.1.44
[INFO] [stderr]    Compiling tower v0.4.13
[INFO] [stderr]    Compiling tracing-subscriber v0.3.23
[INFO] [stderr]    Compiling tinystr v0.8.3
[INFO] [stderr]    Compiling potential_utf v0.1.5
[INFO] [stderr]    Compiling tokio v1.53.1
[INFO] [stderr]    Compiling http v1.5.0
[INFO] [stderr]    Compiling icu_collections v2.2.0
[INFO] [stderr]    Compiling icu_locale_core v2.2.0
[INFO] [stderr]    Compiling http-body v1.1.0
[INFO] [stderr]    Compiling http-body-util v0.1.4
[INFO] [stderr]    Compiling icu_provider v2.2.0
[INFO] [stderr]    Compiling tower-http v0.5.2
[INFO] [stderr]    Compiling icu_properties v2.2.0
[INFO] [stderr]    Compiling icu_normalizer v2.2.0
[INFO] [stderr]    Compiling futures-executor v0.3.33
[INFO] [stderr]    Compiling axum-core v0.4.5
[INFO] [stderr]    Compiling futures v0.3.33
[INFO] [stderr]    Compiling idna_adapter v1.2.2
[INFO] [stderr]    Compiling idna v1.1.0
[INFO] [stderr]    Compiling url v2.5.8
[INFO] [stderr]    Compiling rustls-webpki v0.103.13
[INFO] [stderr]    Compiling hyper v1.11.0
[INFO] [stderr]    Compiling deadpool v0.9.5
[INFO] [stderr]    Compiling tower v0.5.3
[INFO] [stderr]    Compiling backoff v0.4.0
[INFO] [stderr]    Compiling hyper-util v0.1.20
[INFO] [stderr]    Compiling axum v0.7.9
[INFO] [stderr]    Compiling tokio-rustls v0.26.4
[INFO] [stderr]    Compiling neo4rs v0.8.0
[INFO] [stderr]    Compiling graphmind v0.1.0 (/opt/rustwide/workdir)
[INFO] [stderr]     Finished `release` profile [optimized] target(s) in 2m 08s
[INFO] running `Command { std: "docker" "inspect" "3c29c63999995cd48754d6c72e850cae00b5b086ca9360553d2f1bba7a6b70f2", kill_on_drop: false }`
[INFO] running `Command { std: "docker" "exec" "-e" "SOURCE_DIR=/opt/rustwide/workdir" "-e" "CARGO_HOME=/opt/rustwide/cargo-home" "-e" "RUSTUP_HOME=/opt/rustwide/rustup-home" "-e" "CARGO_TARGET_DIR=/opt/rustwide/target" "-e" "CARGO_INCREMENTAL=0" "-e" "RUST_BACKTRACE=full" "-e" "RUSTFLAGS=--cap-lints=warn" "-e" "RUSTDOCFLAGS=--cap-lints=warn" "-w" "/opt/rustwide/workdir" "--user" "0:0" "3c29c63999995cd48754d6c72e850cae00b5b086ca9360553d2f1bba7a6b70f2" "/opt/rustwide/cargo-home/bin/cargo" "+1.99.0-beta.1" "test" "--frozen" "--no-run" "--message-format=json" "--release", kill_on_drop: false }`
[INFO] [stderr]    Compiling futures-sink v0.3.33
[INFO] [stderr]    Compiling slab v0.4.12
[INFO] [stderr]    Compiling memchr v2.8.3
[INFO] [stderr]    Compiling regex-syntax v0.8.11
[INFO] [stderr]    Compiling bitflags v2.13.1
[INFO] [stderr]    Compiling ipnet v2.12.0
[INFO] [stderr]    Compiling pkg-config v0.3.33
[INFO] [stderr]    Compiling aho-corasick v1.1.4
[INFO] [stderr]    Compiling darling_core v0.23.0
[INFO] [stderr]    Compiling openssl-probe v0.2.1
[INFO] [stderr]    Compiling sync_wrapper v1.0.2
[INFO] [stderr]    Compiling url v2.5.8
[INFO] [stderr]    Compiling openssl v0.10.81
[INFO] [stderr]    Compiling rustix v1.1.4
[INFO] [stderr]    Compiling openssl-macros v0.1.1
[INFO] [stderr]    Compiling futures-channel v0.3.33
[INFO] [stderr]    Compiling tokio-util v0.7.19
[INFO] [stderr]    Compiling structmeta-derive v0.3.0
[INFO] [stderr]    Compiling native-tls v0.2.18
[INFO] [stderr]    Compiling thiserror v2.0.19
[INFO] [stderr]    Compiling linux-raw-sys v0.12.1
[INFO] [stderr]    Compiling futures-util v0.3.33
[INFO] [stderr]    Compiling serde_repr v0.1.21
[INFO] [stderr]    Compiling thiserror-impl v2.0.19
[INFO] [stderr]    Compiling home v0.5.12
[INFO] [stderr]    Compiling hex v0.4.3
[INFO] [stderr]    Compiling rustls-native-certs v0.8.4
[INFO] [stderr]    Compiling tokio-stream v0.1.19
[INFO] [stderr]    Compiling filetime v0.2.29
[INFO] [stderr]    Compiling openssl-sys v0.9.117
[INFO] [stderr]    Compiling etcetera v0.8.0
[INFO] [stderr]    Compiling h2 v0.4.15
[INFO] [stderr]    Compiling tower-http v0.5.2
[INFO] [stderr]    Compiling structmeta v0.3.0
[INFO] [stderr]    Compiling docker_credential v1.4.0
[INFO] [stderr]    Compiling either v1.17.0
[INFO] [stderr]    Compiling encoding_rs v0.8.35
[INFO] [stderr]    Compiling regex-automata v0.4.16
[INFO] [stderr]    Compiling xattr v1.6.1
[INFO] [stderr]    Compiling tokio-tar v0.3.1
[INFO] [stderr]    Compiling darling_macro v0.23.0
[INFO] [stderr]    Compiling darling v0.23.0
[INFO] [stderr]    Compiling serde_with_macros v3.21.0
[INFO] [stderr]    Compiling serde_with v3.21.0
[INFO] [stderr]    Compiling futures-executor v0.3.33
[INFO] [stderr]    Compiling tower v0.5.3
[INFO] [stderr]    Compiling axum-core v0.4.5
[INFO] [stderr]    Compiling futures v0.3.33
[INFO] [stderr]    Compiling regex v1.13.1
[INFO] [stderr]    Compiling tower-http v0.6.11
[INFO] [stderr]    Compiling parse-zoneinfo v0.3.1
[INFO] [stderr]    Compiling parse-display-derive v0.9.1
[INFO] [stderr]    Compiling chrono-tz-build v0.2.1
[INFO] [stderr]    Compiling chrono-tz v0.8.6
[INFO] [stderr]    Compiling tokio-native-tls v0.3.1
[INFO] [stderr]    Compiling bollard-stubs v1.47.1-rc.27.3.1
[INFO] [stderr]    Compiling hyper v1.11.0
[INFO] [stderr]    Compiling matchers v0.2.0
[INFO] [stderr]    Compiling tracing-subscriber v0.3.23
[INFO] [stderr]    Compiling parse-display v0.9.1
[INFO] [stderr]    Compiling hyper-util v0.1.20
[INFO] [stderr]    Compiling neo4rs v0.8.0
[INFO] [stderr]    Compiling hyper-rustls v0.27.9
[INFO] [stderr]    Compiling hyperlocal v0.9.1
[INFO] [stderr]    Compiling axum v0.7.9
[INFO] [stderr]    Compiling hyper-tls v0.6.0
[INFO] [stderr]    Compiling reqwest v0.12.28
[INFO] [stderr]    Compiling graphmind v0.1.0 (/opt/rustwide/workdir)
[INFO] [stderr]    Compiling bollard v0.18.1
[INFO] [stderr]    Compiling testcontainers v0.23.3
[INFO] [stderr]    Compiling testcontainers-modules v0.11.6
[INFO] [stderr]     Finished `release` profile [optimized] target(s) in 1m 43s
[INFO] running `Command { std: "docker" "inspect" "3c29c63999995cd48754d6c72e850cae00b5b086ca9360553d2f1bba7a6b70f2", kill_on_drop: false }`
[INFO] running `Command { std: "docker" "exec" "-e" "SOURCE_DIR=/opt/rustwide/workdir" "-e" "CARGO_HOME=/opt/rustwide/cargo-home" "-e" "RUSTUP_HOME=/opt/rustwide/rustup-home" "-e" "CARGO_TARGET_DIR=/opt/rustwide/target" "-e" "CARGO_INCREMENTAL=0" "-e" "RUST_BACKTRACE=full" "-e" "RUSTFLAGS=--cap-lints=warn" "-e" "RUSTDOCFLAGS=--cap-lints=warn" "-w" "/opt/rustwide/workdir" "--user" "0:0" "3c29c63999995cd48754d6c72e850cae00b5b086ca9360553d2f1bba7a6b70f2" "/opt/rustwide/cargo-home/bin/cargo" "+1.99.0-beta.1" "test" "--frozen" "--release", kill_on_drop: false }`
[INFO] [stderr]     Finished `release` profile [optimized] target(s) in 0.34s
[INFO] [stderr]      Running unittests src/lib.rs (/opt/rustwide/target/release/deps/graphmind-b8dd648f875bdbd7)
[INFO] [stdout] 
[INFO] [stdout] running 0 tests
[INFO] [stdout] 
[INFO] [stdout] test result: ok. 0 passed; 0 failed; 0 ignored; 0 measured; 0 filtered out; finished in 0.00s
[INFO] [stdout] 
[INFO] [stderr]      Running unittests src/main.rs (/opt/rustwide/target/release/deps/graphmind-74df2ae8ce52e2cf)
[INFO] [stdout] 
[INFO] [stdout] running 0 tests
[INFO] [stdout] 
[INFO] [stdout] test result: ok. 0 passed; 0 failed; 0 ignored; 0 measured; 0 filtered out; finished in 0.00s
[INFO] [stdout] 
[INFO] [stderr]      Running tests/integration_test.rs (/opt/rustwide/target/release/deps/integration_test-8053b809b2cd6f20)
[INFO] [stdout] 
[INFO] [stdout] running 4 tests
[INFO] [stdout] test test_path_query ... FAILED
[INFO] [stdout] test test_ingest_idempotent ... FAILED
[INFO] [stdout] test test_related_query ... FAILED
[INFO] [stdout] test test_centrality_query ... FAILED
[INFO] [stdout] 
[INFO] [stdout] failures:
[INFO] [stdout] 
[INFO] [stdout] ---- test_path_query stdout ----
[INFO] [stdout] 
[INFO] [stdout] thread 'test_path_query' (4595) panicked at tests/integration_test.rs:14:10:
[INFO] [stdout] start Neo4j container: Client(Init(SocketNotFoundError("/var/run/docker.sock")))
[INFO] [stdout] stack backtrace:
[INFO] [stdout]    0:     0x61178a1f1b71 - <<std[104cf6e2632825ea]::sys::backtrace::BacktraceLock>::print::DisplayBacktrace as core[7c831bd917ebf35f]::fmt::Display>::fmt
[INFO] [stdout]    1:     0x61178a20964a - core[7c831bd917ebf35f]::fmt::write
[INFO] [stdout]    2:     0x61178a1f6fec - <alloc[2fdc3f7464fcf288]::vec::Vec<u8> as core[7c831bd917ebf35f]::io::write::Write>::write_fmt
[INFO] [stdout]    3:     0x61178a1cb206 - std[104cf6e2632825ea]::panicking::default_hook::{closure#0}
[INFO] [stdout]    4:     0x61178a1e8f69 - std[104cf6e2632825ea]::panicking::default_hook
[INFO] [stdout]    5:     0x611789d98c80 - test[73009c9f9aebf890]::test_main_inner::<test[73009c9f9aebf890]::test_main_static::{closure#0}>::{closure#0}
[INFO] [stdout]    6:     0x61178a1e9292 - std[104cf6e2632825ea]::panicking::panic_with_hook
[INFO] [stdout]    7:     0x61178a1cb2b2 - std[104cf6e2632825ea]::panicking::panic_handler::{closure#0}
[INFO] [stdout]    8:     0x61178a1c2ff9 - std[104cf6e2632825ea]::sys::backtrace::__rust_end_short_backtrace::<std[104cf6e2632825ea]::panicking::panic_handler::{closure#0}, !>
[INFO] [stdout]    9:     0x61178a1cc1ad - __rustc[b0d56fa5b193ad05]::rust_begin_unwind
[INFO] [stdout]   10:     0x61178a209e2c - core[7c831bd917ebf35f]::panicking::panic_fmt
[INFO] [stdout]   11:     0x61178a209c02 - core[7c831bd917ebf35f]::result::unwrap_failed
[INFO] [stdout]   12:     0x611789c3614c - integration_test[2cd4d258f56330a8]::start_neo4j::{closure#0}
[INFO] [stdout]   13:     0x611789c369ff - integration_test[2cd4d258f56330a8]::test_path_query::{closure#0}
[INFO] [stdout]   14:     0x611789c06b33 - <tokio[2a810b4b9c48bed6]::runtime::scheduler::current_thread::Context>::enter::<core[7c831bd917ebf35f]::task::poll::Poll<()>, <tokio[2a810b4b9c48bed6]::runtime::scheduler::current_thread::CoreGuard>::block_on<core[7c831bd917ebf35f]::pin::Pin<&mut core[7c831bd917ebf35f]::pin::Pin<&mut dyn core[7c831bd917ebf35f]::future::future::Future<Output = ()>>>>::{closure#0}::{closure#0}>
[INFO] [stdout]   15:     0x611789be17d9 - <std[104cf6e2632825ea]::thread::local::LocalKey<tokio[2a810b4b9c48bed6]::runtime::context::Context>>::with::<tokio[2a810b4b9c48bed6]::runtime::context::set_scheduler<(alloc[2fdc3f7464fcf288]::boxed::Box<tokio[2a810b4b9c48bed6]::runtime::scheduler::current_thread::Core>, core[7c831bd917ebf35f]::option::Option<()>), <tokio[2a810b4b9c48bed6]::runtime::scheduler::current_thread::CoreGuard>::enter<<tokio[2a810b4b9c48bed6]::runtime::scheduler::current_thread::CoreGuard>::block_on<core[7c831bd917ebf35f]::pin::Pin<&mut core[7c831bd917ebf35f]::pin::Pin<&mut dyn core[7c831bd917ebf35f]::future::future::Future<Output = ()>>>>::{closure#0}, core[7c831bd917ebf35f]::option::Option<()>>::{closure#0}>::{closure#0}, (alloc[2fdc3f7464fcf288]::boxed::Box<tokio[2a810b4b9c48bed6]::runtime::scheduler::current_thread::Core>, core[7c831bd917ebf35f]::option::Option<()>)>
[INFO] [stdout]   16:     0x611789c06fb7 - <tokio[2a810b4b9c48bed6]::runtime::scheduler::current_thread::CoreGuard>::block_on::<core[7c831bd917ebf35f]::pin::Pin<&mut core[7c831bd917ebf35f]::pin::Pin<&mut dyn core[7c831bd917ebf35f]::future::future::Future<Output = ()>>>>
[INFO] [stdout]   17:     0x611789bea61b - tokio[2a810b4b9c48bed6]::runtime::context::runtime::enter_runtime::<<tokio[2a810b4b9c48bed6]::runtime::scheduler::current_thread::CurrentThread>::block_on<core[7c831bd917ebf35f]::pin::Pin<&mut dyn core[7c831bd917ebf35f]::future::future::Future<Output = ()>>>::{closure#0}, ()>
[INFO] [stdout]   18:     0x611789c89605 - <tokio[2a810b4b9c48bed6]::runtime::runtime::Runtime>::block_on::<core[7c831bd917ebf35f]::pin::Pin<&mut dyn core[7c831bd917ebf35f]::future::future::Future<Output = ()>>>
[INFO] [stdout]   19:     0x611789c4bb7d - <integration_test[2cd4d258f56330a8]::test_path_query::{closure#0} as core[7c831bd917ebf35f]::ops::function::FnOnce<()>>::call_once
[INFO] [stdout]   20:     0x611789d8bf6b - test[73009c9f9aebf890]::__rust_begin_short_backtrace::<core[7c831bd917ebf35f]::result::Result<(), alloc[2fdc3f7464fcf288]::string::String>, fn() -> core[7c831bd917ebf35f]::result::Result<(), alloc[2fdc3f7464fcf288]::string::String>>
[INFO] [stdout]   21:     0x611789d995d5 - test[73009c9f9aebf890]::run_test::{closure#0}
[INFO] [stdout]   22:     0x611789d92994 - std[104cf6e2632825ea]::sys::backtrace::__rust_begin_short_backtrace::<test[73009c9f9aebf890]::run_test::{closure#1}, ()>
[INFO] [stdout]   23:     0x611789d9c732 - <std[104cf6e2632825ea]::thread::lifecycle::spawn_unchecked<test[73009c9f9aebf890]::run_test::{closure#1}, ()>::{closure#1} as core[7c831bd917ebf35f]::ops::function::FnOnce<()>>::call_once::{shim:vtable#0}
[INFO] [stdout]   24:     0x61178a1f0a09 - <std[104cf6e2632825ea]::sys::thread::unix::Thread>::new::thread_start
[INFO] [stdout]   25:     0x76a8bf49f07a - <unknown>
[INFO] [stdout]   26:     0x76a8bf532534 - clone
[INFO] [stdout]   27:                0x0 - <unknown>
[INFO] [stdout] 
[INFO] [stdout] ---- test_ingest_idempotent stdout ----
[INFO] [stdout] 
[INFO] [stdout] thread 'test_ingest_idempotent' (4594) panicked at tests/integration_test.rs:14:10:
[INFO] [stdout] start Neo4j container: Client(Init(SocketNotFoundError("/var/run/docker.sock")))
[INFO] [stdout] stack backtrace:
[INFO] [stdout]    0:     0x61178a1f1b71 - <<std[104cf6e2632825ea]::sys::backtrace::BacktraceLock>::print::DisplayBacktrace as core[7c831bd917ebf35f]::fmt::Display>::fmt
[INFO] [stdout]    1:     0x61178a20964a - core[7c831bd917ebf35f]::fmt::write
[INFO] [stdout]    2:     0x61178a1f6fec - <alloc[2fdc3f7464fcf288]::vec::Vec<u8> as core[7c831bd917ebf35f]::io::write::Write>::write_fmt
[INFO] [stdout]    3:     0x61178a1cb206 - std[104cf6e2632825ea]::panicking::default_hook::{closure#0}
[INFO] [stdout]    4:     0x61178a1e8f69 - std[104cf6e2632825ea]::panicking::default_hook
[INFO] [stdout]    5:     0x611789d98c80 - test[73009c9f9aebf890]::test_main_inner::<test[73009c9f9aebf890]::test_main_static::{closure#0}>::{closure#0}
[INFO] [stdout]    6:     0x61178a1e9292 - std[104cf6e2632825ea]::panicking::panic_with_hook
[INFO] [stdout]    7:     0x61178a1cb2b2 - std[104cf6e2632825ea]::panicking::panic_handler::{closure#0}
[INFO] [stdout]    8:     0x61178a1c2ff9 - std[104cf6e2632825ea]::sys::backtrace::__rust_end_short_backtrace::<std[104cf6e2632825ea]::panicking::panic_handler::{closure#0}, !>
[INFO] [stdout]    9:     0x61178a1cc1ad - __rustc[b0d56fa5b193ad05]::rust_begin_unwind
[INFO] [stdout]   10:     0x61178a209e2c - core[7c831bd917ebf35f]::panicking::panic_fmt
[INFO] [stdout]   11:     0x61178a209c02 - core[7c831bd917ebf35f]::result::unwrap_failed
[INFO] [stdout]   12:     0x611789c3614c - integration_test[2cd4d258f56330a8]::start_neo4j::{closure#0}
[INFO] [stdout]   13:     0x611789c3962f - integration_test[2cd4d258f56330a8]::test_ingest_idempotent::{closure#0}
[INFO] [stdout]   14:     0x611789c06b33 - <tokio[2a810b4b9c48bed6]::runtime::scheduler::current_thread::Context>::enter::<core[7c831bd917ebf35f]::task::poll::Poll<()>, <tokio[2a810b4b9c48bed6]::runtime::scheduler::current_thread::CoreGuard>::block_on<core[7c831bd917ebf35f]::pin::Pin<&mut core[7c831bd917ebf35f]::pin::Pin<&mut dyn core[7c831bd917ebf35f]::future::future::Future<Output = ()>>>>::{closure#0}::{closure#0}>
[INFO] [stdout]   15:     0x611789be17d9 - <std[104cf6e2632825ea]::thread::local::LocalKey<tokio[2a810b4b9c48bed6]::runtime::context::Context>>::with::<tokio[2a810b4b9c48bed6]::runtime::context::set_scheduler<(alloc[2fdc3f7464fcf288]::boxed::Box<tokio[2a810b4b9c48bed6]::runtime::scheduler::current_thread::Core>, core[7c831bd917ebf35f]::option::Option<()>), <tokio[2a810b4b9c48bed6]::runtime::scheduler::current_thread::CoreGuard>::enter<<tokio[2a810b4b9c48bed6]::runtime::scheduler::current_thread::CoreGuard>::block_on<core[7c831bd917ebf35f]::pin::Pin<&mut core[7c831bd917ebf35f]::pin::Pin<&mut dyn core[7c831bd917ebf35f]::future::future::Future<Output = ()>>>>::{closure#0}, core[7c831bd917ebf35f]::option::Option<()>>::{closure#0}>::{closure#0}, (alloc[2fdc3f7464fcf288]::boxed::Box<tokio[2a810b4b9c48bed6]::runtime::scheduler::current_thread::Core>, core[7c831bd917ebf35f]::option::Option<()>)>
[INFO] [stdout]   16:     0x611789c06fb7 - <tokio[2a810b4b9c48bed6]::runtime::scheduler::current_thread::CoreGuard>::block_on::<core[7c831bd917ebf35f]::pin::Pin<&mut core[7c831bd917ebf35f]::pin::Pin<&mut dyn core[7c831bd917ebf35f]::future::future::Future<Output = ()>>>>
[INFO] [stdout]   17:     0x611789bea61b - tokio[2a810b4b9c48bed6]::runtime::context::runtime::enter_runtime::<<tokio[2a810b4b9c48bed6]::runtime::scheduler::current_thread::CurrentThread>::block_on<core[7c831bd917ebf35f]::pin::Pin<&mut dyn core[7c831bd917ebf35f]::future::future::Future<Output = ()>>>::{closure#0}, ()>
[INFO] [stdout]   18:     0x611789c89605 - <tokio[2a810b4b9c48bed6]::runtime::runtime::Runtime>::block_on::<core[7c831bd917ebf35f]::pin::Pin<&mut dyn core[7c831bd917ebf35f]::future::future::Future<Output = ()>>>
[INFO] [stdout]   19:     0x611789c4bf9d - <integration_test[2cd4d258f56330a8]::test_ingest_idempotent::{closure#0} as core[7c831bd917ebf35f]::ops::function::FnOnce<()>>::call_once
[INFO] [stdout]   20:     0x611789d8bf6b - test[73009c9f9aebf890]::__rust_begin_short_backtrace::<core[7c831bd917ebf35f]::result::Result<(), alloc[2fdc3f7464fcf288]::string::String>, fn() -> core[7c831bd917ebf35f]::result::Result<(), alloc[2fdc3f7464fcf288]::string::String>>
[INFO] [stdout]   21:     0x611789d995d5 - test[73009c9f9aebf890]::run_test::{closure#0}
[INFO] [stdout]   22:     0x611789d92994 - std[104cf6e2632825ea]::sys::backtrace::__rust_begin_short_backtrace::<test[73009c9f9aebf890]::run_test::{closure#1}, ()>
[INFO] [stdout]   23:     0x611789d9c732 - <std[104cf6e2632825ea]::thread::lifecycle::spawn_unchecked<test[73009c9f9aebf890]::run_test::{closure#1}, ()>::{closure#1} as core[7c831bd917ebf35f]::ops::function::FnOnce<()>>::call_once::{shim:vtable#0}
[INFO] [stdout]   24:     0x61178a1f0a09 - <std[104cf6e2632825ea]::sys::thread::unix::Thread>::new::thread_start
[INFO] [stdout]   25:     0x76a8bf49f07a - <unknown>
[INFO] [stdout]   26:     0x76a8bf532534 - clone
[INFO] [stdout]   27:                0x0 - <unknown>
[INFO] [stdout] 
[INFO] [stdout] ---- test_related_query stdout ----
[INFO] [stdout] 
[INFO] [stdout] thread 'test_related_query' (4596) panicked at tests/integration_test.rs:14:10:
[INFO] [stdout] start Neo4j container: Client(Init(SocketNotFoundError("/var/run/docker.sock")))
[INFO] [stdout] stack backtrace:
[INFO] [stdout]    0:     0x61178a1f1b71 - <<std[104cf6e2632825ea]::sys::backtrace::BacktraceLock>::print::DisplayBacktrace as core[7c831bd917ebf35f]::fmt::Display>::fmt
[INFO] [stdout]    1:     0x61178a20964a - core[7c831bd917ebf35f]::fmt::write
[INFO] [stdout]    2:     0x61178a1f6fec - <alloc[2fdc3f7464fcf288]::vec::Vec<u8> as core[7c831bd917ebf35f]::io::write::Write>::write_fmt
[INFO] [stdout]    3:     0x61178a1cb206 - std[104cf6e2632825ea]::panicking::default_hook::{closure#0}
[INFO] [stdout]    4:     0x61178a1e8f69 - std[104cf6e2632825ea]::panicking::default_hook
[INFO] [stdout]    5:     0x611789d98c80 - test[73009c9f9aebf890]::test_main_inner::<test[73009c9f9aebf890]::test_main_static::{closure#0}>::{closure#0}
[INFO] [stdout]    6:     0x61178a1e9292 - std[104cf6e2632825ea]::panicking::panic_with_hook
[INFO] [stdout]    7:     0x61178a1cb2b2 - std[104cf6e2632825ea]::panicking::panic_handler::{closure#0}
[INFO] [stdout]    8:     0x61178a1c2ff9 - std[104cf6e2632825ea]::sys::backtrace::__rust_end_short_backtrace::<std[104cf6e2632825ea]::panicking::panic_handler::{closure#0}, !>
[INFO] [stdout]    9:     0x61178a1cc1ad - __rustc[b0d56fa5b193ad05]::rust_begin_unwind
[INFO] [stdout]   10:     0x61178a209e2c - core[7c831bd917ebf35f]::panicking::panic_fmt
[INFO] [stdout]   11:     0x61178a209c02 - core[7c831bd917ebf35f]::result::unwrap_failed
[INFO] [stdout]   12:     0x611789c3614c - integration_test[2cd4d258f56330a8]::start_neo4j::{closure#0}
[INFO] [stdout]   13:     0x611789c375c4 - integration_test[2cd4d258f56330a8]::test_related_query::{closure#0}
[INFO] [stdout]   14:     0x611789c06b33 - <tokio[2a810b4b9c48bed6]::runtime::scheduler::current_thread::Context>::enter::<core[7c831bd917ebf35f]::task::poll::Poll<()>, <tokio[2a810b4b9c48bed6]::runtime::scheduler::current_thread::CoreGuard>::block_on<core[7c831bd917ebf35f]::pin::Pin<&mut core[7c831bd917ebf35f]::pin::Pin<&mut dyn core[7c831bd917ebf35f]::future::future::Future<Output = ()>>>>::{closure#0}::{closure#0}>
[INFO] [stdout]   15:     0x611789be17d9 - <std[104cf6e2632825ea]::thread::local::LocalKey<tokio[2a810b4b9c48bed6]::runtime::context::Context>>::with::<tokio[2a810b4b9c48bed6]::runtime::context::set_scheduler<(alloc[2fdc3f7464fcf288]::boxed::Box<tokio[2a810b4b9c48bed6]::runtime::scheduler::current_thread::Core>, core[7c831bd917ebf35f]::option::Option<()>), <tokio[2a810b4b9c48bed6]::runtime::scheduler::current_thread::CoreGuard>::enter<<tokio[2a810b4b9c48bed6]::runtime::scheduler::current_thread::CoreGuard>::block_on<core[7c831bd917ebf35f]::pin::Pin<&mut core[7c831bd917ebf35f]::pin::Pin<&mut dyn core[7c831bd917ebf35f]::future::future::Future<Output = ()>>>>::{closure#0}, core[7c831bd917ebf35f]::option::Option<()>>::{closure#0}>::{closure#0}, (alloc[2fdc3f7464fcf288]::boxed::Box<tokio[2a810b4b9c48bed6]::runtime::scheduler::current_thread::Core>, core[7c831bd917ebf35f]::option::Option<()>)>
[INFO] [stdout]   16:     0x611789c06fb7 - <tokio[2a810b4b9c48bed6]::runtime::scheduler::current_thread::CoreGuard>::block_on::<core[7c831bd917ebf35f]::pin::Pin<&mut core[7c831bd917ebf35f]::pin::Pin<&mut dyn core[7c831bd917ebf35f]::future::future::Future<Output = ()>>>>
[INFO] [stdout]   17:     0x611789bea61b - tokio[2a810b4b9c48bed6]::runtime::context::runtime::enter_runtime::<<tokio[2a810b4b9c48bed6]::runtime::scheduler::current_thread::CurrentThread>::block_on<core[7c831bd917ebf35f]::pin::Pin<&mut dyn core[7c831bd917ebf35f]::future::future::Future<Output = ()>>>::{closure#0}, ()>
[INFO] [stdout]   18:     0x611789c89605 - <tokio[2a810b4b9c48bed6]::runtime::runtime::Runtime>::block_on::<core[7c831bd917ebf35f]::pin::Pin<&mut dyn core[7c831bd917ebf35f]::future::future::Future<Output = ()>>>
[INFO] [stdout]   19:     0x611789c4bcdd - <integration_test[2cd4d258f56330a8]::test_related_query::{closure#0} as core[7c831bd917ebf35f]::ops::function::FnOnce<()>>::call_once
[INFO] [stdout]   20:     0x611789d8bf6b - test[73009c9f9aebf890]::__rust_begin_short_backtrace::<core[7c831bd917ebf35f]::result::Result<(), alloc[2fdc3f7464fcf288]::string::String>, fn() -> core[7c831bd917ebf35f]::result::Result<(), alloc[2fdc3f7464fcf288]::string::String>>
[INFO] [stdout]   21:     0x611789d995d5 - test[73009c9f9aebf890]::run_test::{closure#0}
[INFO] [stdout]   22:     0x611789d92994 - std[104cf6e2632825ea]::sys::backtrace::__rust_begin_short_backtrace::<test[73009c9f9aebf890]::run_test::{closure#1}, ()>
[INFO] [stdout]   23:     0x611789d9c732 - <std[104cf6e2632825ea]::thread::lifecycle::spawn_unchecked<test[73009c9f9aebf890]::run_test::{closure#1}, ()>::{closure#1} as core[7c831bd917ebf35f]::ops::function::FnOnce<()>>::call_once::{shim:vtable#0}
[INFO] [stdout]   24:     0x61178a1f0a09 - <std[104cf6e2632825ea]::sys::thread::unix::Thread>::new::thread_start
[INFO] [stdout]   25:     0x76a8bf49f07a - <unknown>
[INFO] [stdout]   26:     0x76a8bf532534 - clone
[INFO] [stdout]   27:                0x0 - <unknown>
[INFO] [stdout] 
[INFO] [stdout] ---- test_centrality_query stdout ----
[INFO] [stdout] 
[INFO] [stdout] thread 'test_centrality_query' (4593) panicked at tests/integration_test.rs:14:10:
[INFO] [stdout] start Neo4j container: Client(Init(SocketNotFoundError("/var/run/docker.sock")))
[INFO] [stdout] stack backtrace:
[INFO] [stdout]    0:     0x61178a1f1b71 - <<std[104cf6e2632825ea]::sys::backtrace::BacktraceLock>::print::DisplayBacktrace as core[7c831bd917ebf35f]::fmt::Display>::fmt
[INFO] [stdout]    1:     0x61178a20964a - core[7c831bd917ebf35f]::fmt::write
[INFO] [stdout]    2:     0x61178a1f6fec - <alloc[2fdc3f7464fcf288]::vec::Vec<u8> as core[7c831bd917ebf35f]::io::write::Write>::write_fmt
[INFO] [stdout]    3:     0x61178a1cb206 - std[104cf6e2632825ea]::panicking::default_hook::{closure#0}
[INFO] [stdout]    4:     0x61178a1e8f69 - std[104cf6e2632825ea]::panicking::default_hook
[INFO] [stdout]    5:     0x611789d98c80 - test[73009c9f9aebf890]::test_main_inner::<test[73009c9f9aebf890]::test_main_static::{closure#0}>::{closure#0}
[INFO] [stdout]    6:     0x61178a1e9292 - std[104cf6e2632825ea]::panicking::panic_with_hook
[INFO] [stdout]    7:     0x61178a1cb2b2 - std[104cf6e2632825ea]::panicking::panic_handler::{closure#0}
[INFO] [stdout]    8:     0x61178a1c2ff9 - std[104cf6e2632825ea]::sys::backtrace::__rust_end_short_backtrace::<std[104cf6e2632825ea]::panicking::panic_handler::{closure#0}, !>
[INFO] [stdout]    9:     0x61178a1cc1ad - __rustc[b0d56fa5b193ad05]::rust_begin_unwind
[INFO] [stdout]   10:     0x61178a209e2c - core[7c831bd917ebf35f]::panicking::panic_fmt
[INFO] [stdout]   11:     0x61178a209c02 - core[7c831bd917ebf35f]::result::unwrap_failed
[INFO] [stdout]   12:     0x611789c3614c - integration_test[2cd4d258f56330a8]::start_neo4j::{closure#0}
[INFO] [stdout]   13:     0x611789c38679 - integration_test[2cd4d258f56330a8]::test_centrality_query::{closure#0}
[INFO] [stdout]   14:     0x611789c06b33 - <tokio[2a810b4b9c48bed6]::runtime::scheduler::current_thread::Context>::enter::<core[7c831bd917ebf35f]::task::poll::Poll<()>, <tokio[2a810b4b9c48bed6]::runtime::scheduler::current_thread::CoreGuard>::block_on<core[7c831bd917ebf35f]::pin::Pin<&mut core[7c831bd917ebf35f]::pin::Pin<&mut dyn core[7c831bd917ebf35f]::future::future::Future<Output = ()>>>>::{closure#0}::{closure#0}>
[INFO] [stdout]   15:     0x611789be17d9 - <std[104cf6e2632825ea]::thread::local::LocalKey<tokio[2a810b4b9c48bed6]::runtime::context::Context>>::with::<tokio[2a810b4b9c48bed6]::runtime::context::set_scheduler<(alloc[2fdc3f7464fcf288]::boxed::Box<tokio[2a810b4b9c48bed6]::runtime::scheduler::current_thread::Core>, core[7c831bd917ebf35f]::option::Option<()>), <tokio[2a810b4b9c48bed6]::runtime::scheduler::current_thread::CoreGuard>::enter<<tokio[2a810b4b9c48bed6]::runtime::scheduler::current_thread::CoreGuard>::block_on<core[7c831bd917ebf35f]::pin::Pin<&mut core[7c831bd917ebf35f]::pin::Pin<&mut dyn core[7c831bd917ebf35f]::future::future::Future<Output = ()>>>>::{closure#0}, core[7c831bd917ebf35f]::option::Option<()>>::{closure#0}>::{closure#0}, (alloc[2fdc3f7464fcf288]::boxed::Box<tokio[2a810b4b9c48bed6]::runtime::scheduler::current_thread::Core>, core[7c831bd917ebf35f]::option::Option<()>)>
[INFO] [stdout]   16:     0x611789c06fb7 - <tokio[2a810b4b9c48bed6]::runtime::scheduler::current_thread::CoreGuard>::block_on::<core[7c831bd917ebf35f]::pin::Pin<&mut core[7c831bd917ebf35f]::pin::Pin<&mut dyn core[7c831bd917ebf35f]::future::future::Future<Output = ()>>>>
[INFO] [stdout]   17:     0x611789bea61b - tokio[2a810b4b9c48bed6]::runtime::context::runtime::enter_runtime::<<tokio[2a810b4b9c48bed6]::runtime::scheduler::current_thread::CurrentThread>::block_on<core[7c831bd917ebf35f]::pin::Pin<&mut dyn core[7c831bd917ebf35f]::future::future::Future<Output = ()>>>::{closure#0}, ()>
[INFO] [stdout]   18:     0x611789c89605 - <tokio[2a810b4b9c48bed6]::runtime::runtime::Runtime>::block_on::<core[7c831bd917ebf35f]::pin::Pin<&mut dyn core[7c831bd917ebf35f]::future::future::Future<Output = ()>>>
[INFO] [stdout]   19:     0x611789c4be3d - <integration_test[2cd4d258f56330a8]::test_centrality_query::{closure#0} as core[7c831bd917ebf35f]::ops::function::FnOnce<()>>::call_once
[INFO] [stdout]   20:     0x611789d8bf6b - test[73009c9f9aebf890]::__rust_begin_short_backtrace::<core[7c831bd917ebf35f]::result::Result<(), alloc[2fdc3f7464fcf288]::string::String>, fn() -> core[7c831bd917ebf35f]::result::Result<(), alloc[2fdc3f7464fcf288]::string::String>>
[INFO] [stdout]   21:     0x611789d995d5 - test[73009c9f9aebf890]::run_test::{closure#0}
[INFO] [stdout]   22:     0x611789d92994 - std[104cf6e2632825ea]::sys::backtrace::__rust_begin_short_backtrace::<test[73009c9f9aebf890]::run_test::{closure#1}, ()>
[INFO] [stdout]   23:     0x611789d9c732 - <std[104cf6e2632825ea]::thread::lifecycle::spawn_unchecked<test[73009c9f9aebf890]::run_test::{closure#1}, ()>::{closure#1} as core[7c831bd917ebf35f]::ops::function::FnOnce<()>>::call_once::{shim:vtable#0}
[INFO] [stdout]   24:     0x61178a1f0a09 - <std[104cf6e2632825ea]::sys::thread::unix::Thread>::new::thread_start
[INFO] [stdout]   25:     0x76a8bf49f07a - <unknown>
[INFO] [stdout]   26:     0x76a8bf532534 - clone
[INFO] [stdout]   27:                0x0 - <unknown>
[INFO] [stdout] 
[INFO] [stdout] 
[INFO] [stdout] failures:
[INFO] [stdout]     test_centrality_query
[INFO] [stdout]     test_ingest_idempotent
[INFO] [stdout]     test_path_query
[INFO] [stdout]     test_related_query
[INFO] [stdout] 
[INFO] [stdout] test result: FAILED. 0 passed; 4 failed; 0 ignored; 0 measured; 0 filtered out; finished in 0.01s
[INFO] [stdout] 
[INFO] [stderr] error: test failed, to rerun pass `--test integration_test`
[INFO] running `Command { std: "docker" "inspect" "3c29c63999995cd48754d6c72e850cae00b5b086ca9360553d2f1bba7a6b70f2", kill_on_drop: false }`
[INFO] running `Command { std: "docker" "rm" "-f" "3c29c63999995cd48754d6c72e850cae00b5b086ca9360553d2f1bba7a6b70f2", kill_on_drop: false }`
[INFO] [stdout] 3c29c63999995cd48754d6c72e850cae00b5b086ca9360553d2f1bba7a6b70f2
