[INFO] cloning repository https://github.com/Gieneq/DiamondsImagerGenerator
[INFO] running `Command { std: "git" "-c" "credential.helper=" "-c" "credential.helper=/workspace/cargo-home/bin/git-credential-null" "clone" "--bare" "https://github.com/Gieneq/DiamondsImagerGenerator" "/workspace/cache/git-repos/https%3A%2F%2Fgithub.com%2FGieneq%2FDiamondsImagerGenerator", kill_on_drop: false }`
[INFO] [stderr] Cloning into bare repository '/workspace/cache/git-repos/https%3A%2F%2Fgithub.com%2FGieneq%2FDiamondsImagerGenerator'...
[INFO] running `Command { std: "git" "rev-parse" "HEAD", kill_on_drop: false }`
[INFO] [stdout] b1bb46a3fe7f7e95e118f9679a5da14aab2ced1d
[INFO] testing Gieneq/DiamondsImagerGenerator against 1.99.0-beta.1+cargoflags=--release for beta-release-1.99-2
[INFO] running `Command { std: "git" "clone" "/workspace/cache/git-repos/https%3A%2F%2Fgithub.com%2FGieneq%2FDiamondsImagerGenerator" "/workspace/builds/worker-4-tc2/source", kill_on_drop: false }`
[INFO] [stderr] Cloning into '/workspace/builds/worker-4-tc2/source'...
[INFO] [stderr] done.
[INFO] started tweaking git repo https://github.com/Gieneq/DiamondsImagerGenerator
[INFO] finished tweaking git repo https://github.com/Gieneq/DiamondsImagerGenerator
[INFO] tweaked toml for git repo https://github.com/Gieneq/DiamondsImagerGenerator written to /workspace/builds/worker-4-tc2/source/Cargo.toml
[INFO] validating manifest of git repo https://github.com/Gieneq/DiamondsImagerGenerator on toolchain 1.99.0-beta.1
[INFO] running `Command { std: CARGO_HOME="/workspace/cargo-home" RUSTUP_HOME="/workspace/rustup-home" "/workspace/cargo-home/bin/cargo" "+1.99.0-beta.1" "metadata" "--manifest-path" "Cargo.toml" "--no-deps", kill_on_drop: false }`
[INFO] crate git repo https://github.com/Gieneq/DiamondsImagerGenerator already has a lockfile, it will not be regenerated
[INFO] running `Command { std: CARGO_HOME="/workspace/cargo-home" RUSTUP_HOME="/workspace/rustup-home" "/workspace/cargo-home/bin/cargo" "+1.99.0-beta.1" "fetch" "--manifest-path" "Cargo.toml", kill_on_drop: false }`
[INFO] running `Command { std: "docker" "create" "-v" "/var/lib/crater-agent-workspace/builds/worker-4-tc2/source:/opt/rustwide/workdir:ro,Z" "-v" "/var/lib/crater-agent-workspace/builds/worker-4-tc2/target:/opt/rustwide/target:rw,Z" "-v" "/var/lib/crater-agent-workspace/cargo-home:/opt/rustwide/cargo-home:ro,Z" "-v" "/var/lib/crater-agent-workspace/rustup-home:/opt/rustwide/rustup-home:ro,Z" "-m" "1610612736" "--network" "none" "ghcr.io/rust-lang/crates-build-env/linux@sha256:8683fc1fc2eb5c9ac98e0d076ab094b2ffac7f99da555d2b6a2e27f346de2ec7" "sleep" "infinity", kill_on_drop: false }`
[INFO] [stdout] 1d8901e5b760e6a49ba3746ebfe5ff72042845695ca19594ac8e0a7430c357b1
[INFO] running `Command { std: "docker" "start" "1d8901e5b760e6a49ba3746ebfe5ff72042845695ca19594ac8e0a7430c357b1", kill_on_drop: false }`
[INFO] running `Command { std: "docker" "inspect" "1d8901e5b760e6a49ba3746ebfe5ff72042845695ca19594ac8e0a7430c357b1", kill_on_drop: false }`
[INFO] running `Command { std: "docker" "exec" "-e" "SOURCE_DIR=/opt/rustwide/workdir" "-e" "CARGO_HOME=/opt/rustwide/cargo-home" "-e" "RUSTUP_HOME=/opt/rustwide/rustup-home" "-e" "CARGO_TARGET_DIR=/opt/rustwide/target" "-w" "/opt/rustwide/workdir" "--user" "0:0" "1d8901e5b760e6a49ba3746ebfe5ff72042845695ca19594ac8e0a7430c357b1" "/opt/rustwide/cargo-home/bin/cargo" "+1.99.0-beta.1" "metadata" "--no-deps" "--format-version=1", kill_on_drop: false }`
[INFO] running `Command { std: "docker" "inspect" "1d8901e5b760e6a49ba3746ebfe5ff72042845695ca19594ac8e0a7430c357b1", kill_on_drop: false }`
[INFO] running `Command { std: "docker" "exec" "-e" "SOURCE_DIR=/opt/rustwide/workdir" "-e" "CARGO_HOME=/opt/rustwide/cargo-home" "-e" "RUSTUP_HOME=/opt/rustwide/rustup-home" "-e" "CARGO_TARGET_DIR=/opt/rustwide/target" "-e" "CARGO_INCREMENTAL=0" "-e" "RUST_BACKTRACE=full" "-e" "RUSTFLAGS=--cap-lints=warn" "-e" "RUSTDOCFLAGS=--cap-lints=warn" "-w" "/opt/rustwide/workdir" "--user" "0:0" "1d8901e5b760e6a49ba3746ebfe5ff72042845695ca19594ac8e0a7430c357b1" "/opt/rustwide/cargo-home/bin/cargo" "+1.99.0-beta.1" "build" "--frozen" "--message-format=json" "--release", kill_on_drop: false }`
[INFO] [stderr]    Compiling proc-macro2 v1.0.94
[INFO] [stderr]    Compiling memchr v2.7.4
[INFO] [stderr]    Compiling libc v0.2.171
[INFO] [stderr]    Compiling rayon-core v1.12.1
[INFO] [stderr]    Compiling simd-adler32 v0.3.7
[INFO] [stderr]    Compiling anyhow v1.0.97
[INFO] [stderr]    Compiling log v0.4.26
[INFO] [stderr]    Compiling adler2 v2.0.0
[INFO] [stderr]    Compiling getrandom v0.3.2
[INFO] [stderr]    Compiling num-traits v0.2.19
[INFO] [stderr]    Compiling aligned-vec v0.5.0
[INFO] [stderr]    Compiling siphasher v1.0.1
[INFO] [stderr]    Compiling zerocopy v0.8.23
[INFO] [stderr]    Compiling rand_core v0.6.4
[INFO] [stderr]    Compiling built v0.7.7
[INFO] [stderr]    Compiling anstyle-parse v0.2.6
[INFO] [stderr]    Compiling miniz_oxide v0.8.5
[INFO] [stderr]    Compiling rand v0.8.5
[INFO] [stderr]    Compiling crc32fast v1.4.2
[INFO] [stderr]    Compiling colorchoice v1.0.3
[INFO] [stderr]    Compiling serde v1.0.219
[INFO] [stderr]    Compiling nom v7.1.3
[INFO] [stderr]    Compiling aho-corasick v1.1.3
[INFO] [stderr]    Compiling anstyle-query v1.1.2
[INFO] [stderr]    Compiling phf_shared v0.11.3
[INFO] [stderr]    Compiling anstyle v1.0.10
[INFO] [stderr]    Compiling quick-error v2.0.1
[INFO] [stderr]    Compiling rav1e v0.7.1
[INFO] [stderr]    Compiling bitstream-io v2.6.0
[INFO] [stderr]    Compiling once_cell v1.21.1
[INFO] [stderr]    Compiling rayon v1.10.0
[INFO] [stderr]    Compiling quote v1.0.40
[INFO] [stderr]    Compiling anstream v0.6.18
[INFO] [stderr]    Compiling num-integer v0.1.46
[INFO] [stderr]    Compiling syn v2.0.100
[INFO] [stderr]    Compiling v_frame v0.3.8
[INFO] [stderr]    Compiling weezl v0.1.8
[INFO] [stderr]    Compiling noop_proc_macro v0.3.0
[INFO] [stderr]    Compiling simd_helpers v0.1.0
[INFO] [stderr]    Compiling imgref v1.11.0
[INFO] [stderr]    Compiling flate2 v1.1.0
[INFO] [stderr]    Compiling phf_generator v0.11.3
[INFO] [stderr]    Compiling fdeflate v0.3.7
[INFO] [stderr]    Compiling loop9 v0.1.5
[INFO] [stderr]    Compiling zune-inflate v0.2.54
[INFO] [stderr]    Compiling avif-serialize v0.8.3
[INFO] [stderr]    Compiling half v2.5.0
[INFO] [stderr]    Compiling clap_lex v0.7.4
[INFO] [stderr]    Compiling num-bigint v0.4.6
[INFO] [stderr]    Compiling rgb v0.8.50
[INFO] [stderr]    Compiling rand_core v0.9.3
[INFO] [stderr]    Compiling thiserror v2.0.12
[INFO] [stderr]    Compiling smallvec v1.14.0
[INFO] [stderr]    Compiling color_quant v1.1.0
[INFO] [stderr]    Compiling bytemuck v1.22.0
[INFO] [stderr]    Compiling lebe v0.5.2
[INFO] [stderr]    Compiling jpeg-decoder v0.3.1
[INFO] [stderr]    Compiling bit_field v0.10.2
[INFO] [stderr]    Compiling lazy_static v1.5.0
[INFO] [stderr]    Compiling serde_json v1.0.140
[INFO] [stderr]    Compiling zune-core v0.4.12
[INFO] [stderr]    Compiling byteorder-lite v0.1.0
[INFO] [stderr]    Compiling regex-automata v0.4.9
[INFO] [stderr]    Compiling palette v0.7.6
[INFO] [stderr]    Compiling by_address v1.2.1
[INFO] [stderr]    Compiling qoi v0.4.1
[INFO] [stderr]    Compiling clap_builder v4.5.32
[INFO] [stderr]    Compiling exr v1.73.0
[INFO] [stderr]    Compiling zune-jpeg v0.4.14
[INFO] [stderr]    Compiling png v0.17.16
[INFO] [stderr]    Compiling image-webp v0.2.1
[INFO] [stderr]    Compiling pdf-canvas v0.7.0
[INFO] [stderr]    Compiling tiff v0.9.1
[INFO] [stderr]    Compiling gif v0.13.1
[INFO] [stderr]    Compiling ppv-lite86 v0.2.21
[INFO] [stderr]    Compiling millimeter v0.1.0
[INFO] [stderr]    Compiling approx v0.5.1
[INFO] [stderr]    Compiling iana-time-zone v0.1.61
[INFO] [stderr]    Compiling rand_chacha v0.9.0
[INFO] [stderr]    Compiling num-rational v0.4.2
[INFO] [stderr]    Compiling maybe-rayon v0.1.1
[INFO] [stderr]    Compiling jiff v0.2.4
[INFO] [stderr]    Compiling av1-grain v0.2.3
[INFO] [stderr]    Compiling ryu v1.0.20
[INFO] [stderr]    Compiling fast-srgb8 v1.0.0
[INFO] [stderr]    Compiling itoa v1.0.15
[INFO] [stderr]    Compiling rand v0.9.0
[INFO] [stderr]    Compiling chrono v0.4.40
[INFO] [stderr]    Compiling num_cpus v1.16.0
[INFO] [stderr]    Compiling regex v1.11.1
[INFO] [stderr]    Compiling env_filter v0.1.3
[INFO] [stderr]    Compiling thiserror-impl v1.0.69
[INFO] [stderr]    Compiling profiling-procmacros v1.0.16
[INFO] [stderr]    Compiling profiling v1.0.16
[INFO] [stderr]    Compiling num-derive v0.4.2
[INFO] [stderr]    Compiling serde_derive v1.0.219
[INFO] [stderr]    Compiling arg_enum_proc_macro v0.3.4
[INFO] [stderr]    Compiling phf_macros v0.11.3
[INFO] [stderr]    Compiling clap_derive v4.5.32
[INFO] [stderr]    Compiling thiserror-impl v2.0.12
[INFO] [stderr]    Compiling palette_derive v0.7.6
[INFO] [stderr]    Compiling phf v0.11.3
[INFO] [stderr]    Compiling thiserror v1.0.69
[INFO] [stderr]    Compiling clap v4.5.32
[INFO] [stderr]    Compiling env_logger v0.11.7
[INFO] [stderr]    Compiling ravif v0.11.11
[INFO] [stderr]    Compiling image v0.25.5
[INFO] [stderr]    Compiling ditherum v0.2.2 (https://github.com/Gieneq/Ditherum.git#d1b70d62)
[INFO] [stderr]    Compiling diamonds_imager_generator v0.1.1 (/opt/rustwide/workdir)
[INFO] [stderr]     Finished `release` profile [optimized] target(s) in 2m 14s
[INFO] running `Command { std: "docker" "inspect" "1d8901e5b760e6a49ba3746ebfe5ff72042845695ca19594ac8e0a7430c357b1", kill_on_drop: false }`
[INFO] running `Command { std: "docker" "exec" "-e" "SOURCE_DIR=/opt/rustwide/workdir" "-e" "CARGO_HOME=/opt/rustwide/cargo-home" "-e" "RUSTUP_HOME=/opt/rustwide/rustup-home" "-e" "CARGO_TARGET_DIR=/opt/rustwide/target" "-e" "CARGO_INCREMENTAL=0" "-e" "RUST_BACKTRACE=full" "-e" "RUSTFLAGS=--cap-lints=warn" "-e" "RUSTDOCFLAGS=--cap-lints=warn" "-w" "/opt/rustwide/workdir" "--user" "0:0" "1d8901e5b760e6a49ba3746ebfe5ff72042845695ca19594ac8e0a7430c357b1" "/opt/rustwide/cargo-home/bin/cargo" "+1.99.0-beta.1" "test" "--frozen" "--no-run" "--message-format=json" "--release", kill_on_drop: false }`
[INFO] [stderr]    Compiling diamonds_imager_generator v0.1.1 (/opt/rustwide/workdir)
[INFO] [stderr]     Finished `release` profile [optimized] target(s) in 8.70s
[INFO] running `Command { std: "docker" "inspect" "1d8901e5b760e6a49ba3746ebfe5ff72042845695ca19594ac8e0a7430c357b1", kill_on_drop: false }`
[INFO] running `Command { std: "docker" "exec" "-e" "SOURCE_DIR=/opt/rustwide/workdir" "-e" "CARGO_HOME=/opt/rustwide/cargo-home" "-e" "RUSTUP_HOME=/opt/rustwide/rustup-home" "-e" "CARGO_TARGET_DIR=/opt/rustwide/target" "-e" "CARGO_INCREMENTAL=0" "-e" "RUST_BACKTRACE=full" "-e" "RUSTFLAGS=--cap-lints=warn" "-e" "RUSTDOCFLAGS=--cap-lints=warn" "-w" "/opt/rustwide/workdir" "--user" "0:0" "1d8901e5b760e6a49ba3746ebfe5ff72042845695ca19594ac8e0a7430c357b1" "/opt/rustwide/cargo-home/bin/cargo" "+1.99.0-beta.1" "test" "--frozen" "--release", kill_on_drop: false }`
[INFO] [stderr]     Finished `release` profile [optimized] target(s) in 0.15s
[INFO] [stderr]      Running unittests src/lib.rs (/opt/rustwide/target/release/deps/diamonds_imager_generator-ed951a6866d2304f)
[INFO] [stdout] 
[INFO] [stdout] running 8 tests
[INFO] [stdout] test dmc::test_dmc_to_dmcdata_convertion ... ok
[INFO] [stdout] test dmc::test_palettedmc_convertions ... ok
[INFO] [stdout] test dmc::test_finding_closest_dmc_1_color_image ... ok
[INFO] [stdout] test dmc::test_loading_dmc_palette ... ok
[INFO] [stdout] test dmc::test_finding_closest_dmc_not_enough_colors ... ok
[INFO] [stdout] test generator::test_generator::test_find_subset_palette ... ok
[INFO] [stdout] test generator::test_generator::test_process_image_with_path_a4_max_12_colors ... FAILED
[INFO] [stdout] test generator::test_generator::test_process_image_with_path_a3_max_32_colors ... FAILED
[INFO] [stdout] 
[INFO] [stdout] failures:
[INFO] [stdout] 
[INFO] [stdout] ---- generator::test_generator::test_process_image_with_path_a4_max_12_colors stdout ----
[INFO] [stdout] 
[INFO] [stdout] thread 'generator::test_generator::test_process_image_with_path_a4_max_12_colors' (2361) panicked at src/generator.rs:213:9:
[INFO] [stdout] assertion failed: processing_result.is_ok()
[INFO] [stdout] stack backtrace:
[INFO] [stdout]    0:     0x628be79c9831 - <<std[104cf6e2632825ea]::sys::backtrace::BacktraceLock>::print::DisplayBacktrace as core[7c831bd917ebf35f]::fmt::Display>::fmt
[INFO] [stdout]    1:     0x628be79e074a - core[7c831bd917ebf35f]::fmt::write
[INFO] [stdout]    2:     0x628be79cdf3c - <alloc[2fdc3f7464fcf288]::vec::Vec<u8> as core[7c831bd917ebf35f]::io::write::Write>::write_fmt
[INFO] [stdout]    3:     0x628be79a4f56 - std[104cf6e2632825ea]::panicking::default_hook::{closure#0}
[INFO] [stdout]    4:     0x628be79c1519 - std[104cf6e2632825ea]::panicking::default_hook
[INFO] [stdout]    5:     0x628be759ccf0 - test[73009c9f9aebf890]::test_main_inner::<test[73009c9f9aebf890]::test_main_static::{closure#0}>::{closure#0}
[INFO] [stdout]    6:     0x628be79c1842 - std[104cf6e2632825ea]::panicking::panic_with_hook
[INFO] [stdout]    7:     0x628be79a5034 - std[104cf6e2632825ea]::panicking::panic_handler::{closure#0}
[INFO] [stdout]    8:     0x628be799d429 - std[104cf6e2632825ea]::sys::backtrace::__rust_end_short_backtrace::<std[104cf6e2632825ea]::panicking::panic_handler::{closure#0}, !>
[INFO] [stdout]    9:     0x628be79a5bfd - __rustc[b0d56fa5b193ad05]::rust_begin_unwind
[INFO] [stdout]   10:     0x628be79e0e7c - core[7c831bd917ebf35f]::panicking::panic_fmt
[INFO] [stdout]   11:     0x628be79e0e42 - core[7c831bd917ebf35f]::panicking::panic
[INFO] [stdout]   12:     0x628be75437a4 - diamonds_imager_generator[8a8be204bd9494]::generator::test_generator::test_process_image_with_path_a4_max_12_colors
[INFO] [stdout]   13:     0x628be7588109 - <diamonds_imager_generator[8a8be204bd9494]::generator::test_generator::test_process_image_with_path_a4_max_12_colors::{closure#0} as core[7c831bd917ebf35f]::ops::function::FnOnce<()>>::call_once
[INFO] [stdout]   14:     0x628be758ffdb - test[73009c9f9aebf890]::__rust_begin_short_backtrace::<core[7c831bd917ebf35f]::result::Result<(), alloc[2fdc3f7464fcf288]::string::String>, fn() -> core[7c831bd917ebf35f]::result::Result<(), alloc[2fdc3f7464fcf288]::string::String>>
[INFO] [stdout]   15:     0x628be759d645 - test[73009c9f9aebf890]::run_test::{closure#0}
[INFO] [stdout]   16:     0x628be7596a04 - std[104cf6e2632825ea]::sys::backtrace::__rust_begin_short_backtrace::<test[73009c9f9aebf890]::run_test::{closure#1}, ()>
[INFO] [stdout]   17:     0x628be75a07a2 - <std[104cf6e2632825ea]::thread::lifecycle::spawn_unchecked<test[73009c9f9aebf890]::run_test::{closure#1}, ()>::{closure#1} as core[7c831bd917ebf35f]::ops::function::FnOnce<()>>::call_once::{shim:vtable#0}
[INFO] [stdout]   18:     0x628be79c8a69 - <std[104cf6e2632825ea]::sys::thread::unix::Thread>::new::thread_start
[INFO] [stdout]   19:     0x7a7e978fc07a - <unknown>
[INFO] [stdout]   20:     0x7a7e9798f534 - clone
[INFO] [stdout]   21:                0x0 - <unknown>
[INFO] [stdout] 
[INFO] [stdout] ---- generator::test_generator::test_process_image_with_path_a3_max_32_colors stdout ----
[INFO] [stdout] 
[INFO] [stdout] thread 'generator::test_generator::test_process_image_with_path_a3_max_32_colors' (2360) panicked at src/generator.rs:229:9:
[INFO] [stdout] assertion failed: processing_result.is_ok()
[INFO] [stdout] stack backtrace:
[INFO] [stdout]    0:     0x628be79c9831 - <<std[104cf6e2632825ea]::sys::backtrace::BacktraceLock>::print::DisplayBacktrace as core[7c831bd917ebf35f]::fmt::Display>::fmt
[INFO] [stdout]    1:     0x628be79e074a - core[7c831bd917ebf35f]::fmt::write
[INFO] [stdout]    2:     0x628be79cdf3c - <alloc[2fdc3f7464fcf288]::vec::Vec<u8> as core[7c831bd917ebf35f]::io::write::Write>::write_fmt
[INFO] [stdout]    3:     0x628be79a4f56 - std[104cf6e2632825ea]::panicking::default_hook::{closure#0}
[INFO] [stdout]    4:     0x628be79c1519 - std[104cf6e2632825ea]::panicking::default_hook
[INFO] [stdout]    5:     0x628be759ccf0 - test[73009c9f9aebf890]::test_main_inner::<test[73009c9f9aebf890]::test_main_static::{closure#0}>::{closure#0}
[INFO] [stdout]    6:     0x628be79c1842 - std[104cf6e2632825ea]::panicking::panic_with_hook
[INFO] [stdout]    7:     0x628be79a5034 - std[104cf6e2632825ea]::panicking::panic_handler::{closure#0}
[INFO] [stdout]    8:     0x628be799d429 - std[104cf6e2632825ea]::sys::backtrace::__rust_end_short_backtrace::<std[104cf6e2632825ea]::panicking::panic_handler::{closure#0}, !>
[INFO] [stdout]    9:     0x628be79a5bfd - __rustc[b0d56fa5b193ad05]::rust_begin_unwind
[INFO] [stdout]   10:     0x628be79e0e7c - core[7c831bd917ebf35f]::panicking::panic_fmt
[INFO] [stdout]   11:     0x628be79e0e42 - core[7c831bd917ebf35f]::panicking::panic
[INFO] [stdout]   12:     0x628be7543574 - diamonds_imager_generator[8a8be204bd9494]::generator::test_generator::test_process_image_with_path_a3_max_32_colors
[INFO] [stdout]   13:     0x628be75880e9 - <diamonds_imager_generator[8a8be204bd9494]::generator::test_generator::test_process_image_with_path_a3_max_32_colors::{closure#0} as core[7c831bd917ebf35f]::ops::function::FnOnce<()>>::call_once
[INFO] [stdout]   14:     0x628be758ffdb - test[73009c9f9aebf890]::__rust_begin_short_backtrace::<core[7c831bd917ebf35f]::result::Result<(), alloc[2fdc3f7464fcf288]::string::String>, fn() -> core[7c831bd917ebf35f]::result::Result<(), alloc[2fdc3f7464fcf288]::string::String>>
[INFO] [stdout]   15:     0x628be759d645 - test[73009c9f9aebf890]::run_test::{closure#0}
[INFO] [stdout]   16:     0x628be7596a04 - std[104cf6e2632825ea]::sys::backtrace::__rust_begin_short_backtrace::<test[73009c9f9aebf890]::run_test::{closure#1}, ()>
[INFO] [stdout]   17:     0x628be75a07a2 - <std[104cf6e2632825ea]::thread::lifecycle::spawn_unchecked<test[73009c9f9aebf890]::run_test::{closure#1}, ()>::{closure#1} as core[7c831bd917ebf35f]::ops::function::FnOnce<()>>::call_once::{shim:vtable#0}
[INFO] [stdout]   18:     0x628be79c8a69 - <std[104cf6e2632825ea]::sys::thread::unix::Thread>::new::thread_start
[INFO] [stdout]   19:     0x7a7e978fc07a - <unknown>
[INFO] [stdout]   20:     0x7a7e9798f534 - clone
[INFO] [stdout]   21:                0x0 - <unknown>
[INFO] [stdout] 
[INFO] [stdout] 
[INFO] [stdout] failures:
[INFO] [stdout]     generator::test_generator::test_process_image_with_path_a3_max_32_colors
[INFO] [stdout]     generator::test_generator::test_process_image_with_path_a4_max_12_colors
[INFO] [stdout] 
[INFO] [stdout] test result: FAILED. 6 passed; 2 failed; 0 ignored; 0 measured; 0 filtered out; finished in 0.05s
[INFO] [stdout] 
[INFO] [stderr] error: test failed, to rerun pass `--lib`
[INFO] running `Command { std: "docker" "inspect" "1d8901e5b760e6a49ba3746ebfe5ff72042845695ca19594ac8e0a7430c357b1", kill_on_drop: false }`
[INFO] running `Command { std: "docker" "rm" "-f" "1d8901e5b760e6a49ba3746ebfe5ff72042845695ca19594ac8e0a7430c357b1", kill_on_drop: false }`
[INFO] [stdout] 1d8901e5b760e6a49ba3746ebfe5ff72042845695ca19594ac8e0a7430c357b1
