[INFO] fetching crate otter-nif 0.3.1...
[INFO] testing otter-nif-0.3.1 against 1.99.0-beta.1+cargoflags=--release for beta-release-1.99-2
[INFO] extracting crate otter-nif 0.3.1 into /workspace/builds/worker-5-tc2/source
[INFO] started tweaking crates.io crate otter-nif 0.3.1
[INFO] removed 0 missing tests
[INFO] finished tweaking crates.io crate otter-nif 0.3.1
[INFO] tweaked toml for crates.io crate otter-nif 0.3.1 written to /workspace/builds/worker-5-tc2/source/Cargo.toml
[INFO] validating manifest of crates.io crate otter-nif 0.3.1 on toolchain 1.99.0-beta.1
[INFO] running `Command { std: CARGO_HOME="/workspace/cargo-home" RUSTUP_HOME="/workspace/rustup-home" "/workspace/cargo-home/bin/cargo" "+1.99.0-beta.1" "metadata" "--manifest-path" "Cargo.toml" "--no-deps", kill_on_drop: false }`
[INFO] crate crates.io crate otter-nif 0.3.1 already has a lockfile, it will not be regenerated
[INFO] running `Command { std: CARGO_HOME="/workspace/cargo-home" RUSTUP_HOME="/workspace/rustup-home" "/workspace/cargo-home/bin/cargo" "+1.99.0-beta.1" "fetch" "--manifest-path" "Cargo.toml", kill_on_drop: false }`
[INFO] running `Command { std: "docker" "create" "-v" "/var/lib/crater-agent-workspace/builds/worker-5-tc2/source:/opt/rustwide/workdir:ro,Z" "-v" "/var/lib/crater-agent-workspace/builds/worker-5-tc2/target:/opt/rustwide/target:rw,Z" "-v" "/var/lib/crater-agent-workspace/cargo-home:/opt/rustwide/cargo-home:ro,Z" "-v" "/var/lib/crater-agent-workspace/rustup-home:/opt/rustwide/rustup-home:ro,Z" "-m" "1610612736" "--network" "none" "ghcr.io/rust-lang/crates-build-env/linux@sha256:8683fc1fc2eb5c9ac98e0d076ab094b2ffac7f99da555d2b6a2e27f346de2ec7" "sleep" "infinity", kill_on_drop: false }`
[INFO] [stdout] 90c644c43d60b24bd52bc69ef4e1d7a79803410b7c35dc05b78e4f6304655a52
[INFO] running `Command { std: "docker" "start" "90c644c43d60b24bd52bc69ef4e1d7a79803410b7c35dc05b78e4f6304655a52", kill_on_drop: false }`
[INFO] running `Command { std: "docker" "inspect" "90c644c43d60b24bd52bc69ef4e1d7a79803410b7c35dc05b78e4f6304655a52", kill_on_drop: false }`
[INFO] running `Command { std: "docker" "exec" "-e" "SOURCE_DIR=/opt/rustwide/workdir" "-e" "CARGO_HOME=/opt/rustwide/cargo-home" "-e" "RUSTUP_HOME=/opt/rustwide/rustup-home" "-e" "CARGO_TARGET_DIR=/opt/rustwide/target" "-w" "/opt/rustwide/workdir" "--user" "0:0" "90c644c43d60b24bd52bc69ef4e1d7a79803410b7c35dc05b78e4f6304655a52" "/opt/rustwide/cargo-home/bin/cargo" "+1.99.0-beta.1" "metadata" "--no-deps" "--format-version=1", kill_on_drop: false }`
[INFO] running `Command { std: "docker" "inspect" "90c644c43d60b24bd52bc69ef4e1d7a79803410b7c35dc05b78e4f6304655a52", kill_on_drop: false }`
[INFO] running `Command { std: "docker" "exec" "-e" "SOURCE_DIR=/opt/rustwide/workdir" "-e" "CARGO_HOME=/opt/rustwide/cargo-home" "-e" "RUSTUP_HOME=/opt/rustwide/rustup-home" "-e" "CARGO_TARGET_DIR=/opt/rustwide/target" "-e" "CARGO_INCREMENTAL=0" "-e" "RUST_BACKTRACE=full" "-e" "RUSTFLAGS=--cap-lints=warn" "-e" "RUSTDOCFLAGS=--cap-lints=warn" "-w" "/opt/rustwide/workdir" "--user" "0:0" "90c644c43d60b24bd52bc69ef4e1d7a79803410b7c35dc05b78e4f6304655a52" "/opt/rustwide/cargo-home/bin/cargo" "+1.99.0-beta.1" "build" "--frozen" "--message-format=json" "--release", kill_on_drop: false }`
[INFO] [stderr]    Compiling syn v2.0.117
[INFO] [stderr]    Compiling enif-ffi v0.2.0
[INFO] [stderr]    Compiling otter-nif-macros v0.3.1
[INFO] [stderr]    Compiling otter-nif v0.3.1 (/opt/rustwide/workdir)
[INFO] [stderr]     Finished `release` profile [optimized] target(s) in 5.04s
[INFO] running `Command { std: "docker" "inspect" "90c644c43d60b24bd52bc69ef4e1d7a79803410b7c35dc05b78e4f6304655a52", kill_on_drop: false }`
[INFO] running `Command { std: "docker" "exec" "-e" "SOURCE_DIR=/opt/rustwide/workdir" "-e" "CARGO_HOME=/opt/rustwide/cargo-home" "-e" "RUSTUP_HOME=/opt/rustwide/rustup-home" "-e" "CARGO_TARGET_DIR=/opt/rustwide/target" "-e" "CARGO_INCREMENTAL=0" "-e" "RUST_BACKTRACE=full" "-e" "RUSTFLAGS=--cap-lints=warn" "-e" "RUSTDOCFLAGS=--cap-lints=warn" "-w" "/opt/rustwide/workdir" "--user" "0:0" "90c644c43d60b24bd52bc69ef4e1d7a79803410b7c35dc05b78e4f6304655a52" "/opt/rustwide/cargo-home/bin/cargo" "+1.99.0-beta.1" "test" "--frozen" "--no-run" "--message-format=json" "--release", kill_on_drop: false }`
[INFO] [stderr]    Compiling serde_json v1.0.150
[INFO] [stderr]    Compiling target-triple v1.0.0
[INFO] [stderr]    Compiling serde v1.0.228
[INFO] [stderr]    Compiling toml_datetime v1.1.1+spec-1.1.0
[INFO] [stderr]    Compiling serde_spanned v1.1.1
[INFO] [stderr]    Compiling memchr v2.8.1
[INFO] [stderr]    Compiling toml_writer v1.1.1+spec-1.1.0
[INFO] [stderr]    Compiling serde_derive v1.0.228
[INFO] [stderr]    Compiling glob v0.3.3
[INFO] [stderr]    Compiling toml v1.1.2+spec-1.1.0
[INFO] [stderr]    Compiling trybuild v1.0.116
[INFO] [stderr]    Compiling otter-nif v0.3.1 (/opt/rustwide/workdir)
[INFO] [stderr]     Finished `release` profile [optimized] target(s) in 14.08s
[INFO] running `Command { std: "docker" "inspect" "90c644c43d60b24bd52bc69ef4e1d7a79803410b7c35dc05b78e4f6304655a52", kill_on_drop: false }`
[INFO] running `Command { std: "docker" "exec" "-e" "SOURCE_DIR=/opt/rustwide/workdir" "-e" "CARGO_HOME=/opt/rustwide/cargo-home" "-e" "RUSTUP_HOME=/opt/rustwide/rustup-home" "-e" "CARGO_TARGET_DIR=/opt/rustwide/target" "-e" "CARGO_INCREMENTAL=0" "-e" "RUST_BACKTRACE=full" "-e" "RUSTFLAGS=--cap-lints=warn" "-e" "RUSTDOCFLAGS=--cap-lints=warn" "-w" "/opt/rustwide/workdir" "--user" "0:0" "90c644c43d60b24bd52bc69ef4e1d7a79803410b7c35dc05b78e4f6304655a52" "/opt/rustwide/cargo-home/bin/cargo" "+1.99.0-beta.1" "test" "--frozen" "--release", kill_on_drop: false }`
[INFO] [stderr]     Finished `release` profile [optimized] target(s) in 0.03s
[INFO] [stderr]      Running unittests src/lib.rs (/opt/rustwide/target/release/deps/otter-4c2a8c75a3903fe4)
[INFO] [stdout] 
[INFO] [stdout] running 2 tests
[INFO] [stdout] test abi::tests::tag_is_cached ... ok
[INFO] [stdout] test abi::tests::computes_from_the_real_binary ... ok
[INFO] [stdout] 
[INFO] [stdout] test result: ok. 2 passed; 0 failed; 0 ignored; 0 measured; 0 filtered out; finished in 0.01s
[INFO] [stdout] 
[INFO] [stderr]      Running tests/codegen_ui.rs (/opt/rustwide/target/release/deps/codegen_ui-d3ed19f39b136717)
[INFO] [stdout] 
[INFO] [stdout] running 1 test
[INFO] [stderr]    Compiling proc-macro2 v1.0.106
[INFO] [stderr]    Compiling unicode-ident v1.0.24
[INFO] [stderr]    Compiling quote v1.0.45
[INFO] [stderr]    Compiling libc v0.2.186
[INFO] [stderr]    Compiling syn v2.0.117
[INFO] [stderr]     Checking enif-ffi v0.2.0
[INFO] [stderr]    Compiling otter-nif-macros v0.3.1
[INFO] [stderr]     Checking otter-nif v0.3.1 (/opt/rustwide/workdir)
[INFO] [stderr]     Checking otter-nif-tests v0.0.0 (/opt/rustwide/target/tests/trybuild/otter-nif)
[INFO] [stderr]     Finished `dev` profile [unoptimized + debuginfo] target(s) in 6.08s
[INFO] [stderr] 
[INFO] [stderr] 
[INFO] [stderr] test tests/ui/fail_missing_env.rs ... ok
[INFO] [stdout] test codegen_ui ... FAILED
[INFO] [stderr] test tests/ui/fail_return_not_encoder.rs ... mismatch
[INFO] [stdout] 
[INFO] [stderr] 
[INFO] [stdout] failures:
[INFO] [stderr] EXPECTED:
[INFO] [stdout] 
[INFO] [stderr] ┈┈┈┈┈┈┈┈┈┈┈┈┈┈┈┈┈┈┈┈┈┈┈┈┈┈┈┈┈┈┈┈┈┈┈┈┈┈┈┈┈┈┈┈┈┈┈┈┈┈┈┈┈┈┈┈┈┈┈┈
[INFO] [stdout] ---- codegen_ui stdout ----
[INFO] [stderr] error[E0277]: the trait bound `NotEncodable: Encoder<'_>` is not satisfied
[INFO] [stdout] 
[INFO] [stderr]   --> tests/ui/fail_return_not_encoder.rs:12:1
[INFO] [stdout] thread 'codegen_ui' (460) panicked at /opt/rustwide/cargo-home/registry/src/index.crates.io-1949cf8c6b5b557f/trybuild-1.0.116/src/run.rs:102:13:
[INFO] [stderr]    |
[INFO] [stdout] 1 of 5 tests failed
[INFO] [stderr] 12 | #[otter::nif]
[INFO] [stdout] stack backtrace:
[INFO] [stderr]    | ^^^^^^^^^^^^^ unsatisfied trait bound
[INFO] [stdout]    0:     0x579dfc6ee7e1 - <<std[104cf6e2632825ea]::sys::backtrace::BacktraceLock>::print::DisplayBacktrace as core[7c831bd917ebf35f]::fmt::Display>::fmt
[INFO] [stderr]    |
[INFO] [stdout]    1:     0x579dfc704e6a - core[7c831bd917ebf35f]::fmt::write
[INFO] [stderr] help: the trait `Encoder<'_>` is not implemented for `NotEncodable`
[INFO] [stdout]    2:     0x579dfc6f32ac - <alloc[2fdc3f7464fcf288]::vec::Vec<u8> as core[7c831bd917ebf35f]::io::write::Write>::write_fmt
[INFO] [stderr]   --> tests/ui/fail_return_not_encoder.rs:10:1
[INFO] [stdout]    3:     0x579dfc6c7cb6 - std[104cf6e2632825ea]::panicking::default_hook::{closure#0}
[INFO] [stderr]    |
[INFO] [stdout]    4:     0x579dfc6e5e09 - std[104cf6e2632825ea]::panicking::default_hook
[INFO] [stderr] 10 | struct NotEncodable;
[INFO] [stdout]    5:     0x579dfc67f110 - test[73009c9f9aebf890]::test_main_inner::<test[73009c9f9aebf890]::test_main_static::{closure#0}>::{closure#0}
[INFO] [stderr]    | ^^^^^^^^^^^^^^^^^^^
[INFO] [stdout]    6:     0x579dfc6e5fc2 - std[104cf6e2632825ea]::panicking::panic_with_hook
[INFO] [stderr]    = help: the following other types implement trait `Encoder<'id>`:
[INFO] [stdout]    7:     0x579dfc6c7d62 - std[104cf6e2632825ea]::panicking::panic_handler::{closure#0}
[INFO] [stderr]              (A, B)
[INFO] [stdout]    8:     0x579dfc6bfe89 - std[104cf6e2632825ea]::sys::backtrace::__rust_end_short_backtrace::<std[104cf6e2632825ea]::panicking::panic_handler::{closure#0}, !>
[INFO] [stderr]              (A, B, C)
[INFO] [stdout]    9:     0x579dfc6c895d - __rustc[b0d56fa5b193ad05]::rust_begin_unwind
[INFO] [stderr]              (A, B, C, D)
[INFO] [stdout]   10:     0x579dfc7055dc - core[7c831bd917ebf35f]::panicking::panic_fmt
[INFO] [stderr]              (A, B, C, D, E)
[INFO] [stdout]   11:     0x579dfc5cf1f8 - <trybuild[11e94fd6bd8339a9]::Runner>::run
[INFO] [stderr]              (A, B, C, D, E, F)
[INFO] [stdout]   12:     0x579dfc5d2d00 - <trybuild[11e94fd6bd8339a9]::TestCases as core[7c831bd917ebf35f]::ops::drop::Drop>::drop
[INFO] [stderr]              (A, B, C, D, E, F, G)
[INFO] [stdout]   13:     0x579dfc5c9eb6 - <codegen_ui[c3c3e29c861d7e07]::codegen_ui::{closure#0} as core[7c831bd917ebf35f]::ops::function::FnOnce<()>>::call_once
[INFO] [stderr]              (A, B, C, D, E, F, G, H)
[INFO] [stdout]   14:     0x579dfc6723fb - test[73009c9f9aebf890]::__rust_begin_short_backtrace::<core[7c831bd917ebf35f]::result::Result<(), alloc[2fdc3f7464fcf288]::string::String>, fn() -> core[7c831bd917ebf35f]::result::Result<(), alloc[2fdc3f7464fcf288]::string::String>>
[INFO] [stderr]              (A, B, C, D, E, F, G, H, I)
[INFO] [stdout]   15:     0x579dfc67fa65 - test[73009c9f9aebf890]::run_test::{closure#0}
[INFO] [stderr]            and $N others
[INFO] [stdout]   16:     0x579dfc678e24 - std[104cf6e2632825ea]::sys::backtrace::__rust_begin_short_backtrace::<test[73009c9f9aebf890]::run_test::{closure#1}, ()>
[INFO] [stderr] note: required by a bound in `otter::__codegen::encode_result`
[INFO] [stdout]   17:     0x579dfc682bc2 - <std[104cf6e2632825ea]::thread::lifecycle::spawn_unchecked<test[73009c9f9aebf890]::run_test::{closure#1}, ()>::{closure#1} as core[7c831bd917ebf35f]::ops::function::FnOnce<()>>::call_once::{shim:vtable#0}
[INFO] [stderr]   --> src/__codegen.rs
[INFO] [stdout]   18:     0x579dfc6eda99 - <std[104cf6e2632825ea]::sys::thread::unix::Thread>::new::thread_start
[INFO] [stderr]    |
[INFO] [stdout]   19:     0x78c629ab507a - <unknown>
[INFO] [stderr]    | pub fn encode_result<'id, T: Encoder<'id>>(val: &T, env: CallEnv<'id>) -> enif_ffi::Term {
[INFO] [stdout]   20:     0x78c629b48534 - clone
[INFO] [stderr]    |                              ^^^^^^^^^^^^ required by this bound in `encode_result`
[INFO] [stdout]   21:                0x0 - <unknown>
[INFO] [stderr]    = note: this error originates in the attribute macro `otter::nif` (in Nightly builds, run with -Z macro-backtrace for more info)
[INFO] [stdout] 
[INFO] [stderr] ┈┈┈┈┈┈┈┈┈┈┈┈┈┈┈┈┈┈┈┈┈┈┈┈┈┈┈┈┈┈┈┈┈┈┈┈┈┈┈┈┈┈┈┈┈┈┈┈┈┈┈┈┈┈┈┈┈┈┈┈
[INFO] [stdout] 
[INFO] [stderr] 
[INFO] [stdout] failures:
[INFO] [stderr] ACTUAL OUTPUT:
[INFO] [stdout]     codegen_ui
[INFO] [stderr] ┈┈┈┈┈┈┈┈┈┈┈┈┈┈┈┈┈┈┈┈┈┈┈┈┈┈┈┈┈┈┈┈┈┈┈┈┈┈┈┈┈┈┈┈┈┈┈┈┈┈┈┈┈┈┈┈┈┈┈┈
[INFO] [stdout] 
[INFO] [stderr] error[E0277]: the trait bound `NotEncodable: Encoder<'_>` is not satisfied
[INFO] [stdout] test result: FAILED. 0 passed; 1 failed; 0 ignored; 0 measured; 0 filtered out; finished in 7.86s
[INFO] [stderr]   --> tests/ui/fail_return_not_encoder.rs:12:1
[INFO] [stdout] 
[INFO] [stderr]    |
[INFO] [stderr] 12 | #[otter::nif]
[INFO] [stderr]    | ^^^^^^^^^^^^^ unsatisfied trait bound
[INFO] [stderr]    |
[INFO] [stderr] help: the trait `Encoder<'_>` is not implemented for `NotEncodable`
[INFO] [stderr]   --> tests/ui/fail_return_not_encoder.rs:10:1
[INFO] [stderr]    |
[INFO] [stderr] 10 | struct NotEncodable;
[INFO] [stderr]    | ^^^^^^^^^^^^^^^^^^^
[INFO] [stderr]    = help: the following other types implement trait `Encoder<'id>`:
[INFO] [stderr]              (A,)
[INFO] [stderr]              (A, B)
[INFO] [stderr]              (A, B, C)
[INFO] [stderr]              (A, B, C, D)
[INFO] [stderr]              (A, B, C, D, E)
[INFO] [stderr]              (A, B, C, D, E, F)
[INFO] [stderr]              (A, B, C, D, E, F, G)
[INFO] [stderr]              (A, B, C, D, E, F, G, H)
[INFO] [stderr]            and $N others
[INFO] [stderr] note: required by a bound in `otter::__codegen::encode_result`
[INFO] [stderr]   --> src/__codegen.rs
[INFO] [stderr]    |
[INFO] [stderr]    | pub fn encode_result<'id, T: Encoder<'id>>(val: &T, env: CallEnv<'id>) -> enif_ffi::Term {
[INFO] [stderr]    |                              ^^^^^^^^^^^^ required by this bound in `encode_result`
[INFO] [stderr]    = note: this error originates in the attribute macro `otter::nif` (in Nightly builds, run with -Z macro-backtrace for more info)
[INFO] [stderr] ┈┈┈┈┈┈┈┈┈┈┈┈┈┈┈┈┈┈┈┈┈┈┈┈┈┈┈┈┈┈┈┈┈┈┈┈┈┈┈┈┈┈┈┈┈┈┈┈┈┈┈┈┈┈┈┈┈┈┈┈
[INFO] [stderr] note: If the actual output is the correct output you can bless it by rerunning
[INFO] [stderr]       your test with the environment variable TRYBUILD=overwrite
[INFO] [stderr] 
[INFO] [stderr] test tests/ui/fail_init_duplicate_key.rs ... ok
[INFO] [stderr] test tests/ui/fail_init_unknown_key.rs ... ok
[INFO] [stderr] test tests/ui/fail_init_raw_without_feature.rs ... ok
[INFO] [stderr] 
[INFO] [stderr] 
[INFO] [stderr] error: test failed, to rerun pass `--test codegen_ui`
[INFO] running `Command { std: "docker" "inspect" "90c644c43d60b24bd52bc69ef4e1d7a79803410b7c35dc05b78e4f6304655a52", kill_on_drop: false }`
[INFO] running `Command { std: "docker" "rm" "-f" "90c644c43d60b24bd52bc69ef4e1d7a79803410b7c35dc05b78e4f6304655a52", kill_on_drop: false }`
[INFO] [stdout] 90c644c43d60b24bd52bc69ef4e1d7a79803410b7c35dc05b78e4f6304655a52
