[INFO] fetching crate cron-parser 0.11.2...
[INFO] testing cron-parser-0.11.2 against 1.99.0-beta.1+cargoflags=--release for beta-release-1.99-2
[INFO] extracting crate cron-parser 0.11.2 into /workspace/builds/worker-5-tc2/source
[INFO] started tweaking crates.io crate cron-parser 0.11.2
[INFO] removed 0 missing examples
[INFO] removed 0 missing tests
[INFO] finished tweaking crates.io crate cron-parser 0.11.2
[INFO] tweaked toml for crates.io crate cron-parser 0.11.2 written to /workspace/builds/worker-5-tc2/source/Cargo.toml
[INFO] validating manifest of crates.io crate cron-parser 0.11.2 on toolchain 1.99.0-beta.1
[INFO] running `Command { std: CARGO_HOME="/workspace/cargo-home" RUSTUP_HOME="/workspace/rustup-home" "/workspace/cargo-home/bin/cargo" "+1.99.0-beta.1" "metadata" "--manifest-path" "Cargo.toml" "--no-deps", kill_on_drop: false }`
[INFO] crate crates.io crate cron-parser 0.11.2 already has a lockfile, it will not be regenerated
[INFO] running `Command { std: CARGO_HOME="/workspace/cargo-home" RUSTUP_HOME="/workspace/rustup-home" "/workspace/cargo-home/bin/cargo" "+1.99.0-beta.1" "fetch" "--manifest-path" "Cargo.toml", kill_on_drop: false }`
[INFO] running `Command { std: "docker" "create" "-v" "/var/lib/crater-agent-workspace/builds/worker-5-tc2/source:/opt/rustwide/workdir:ro,Z" "-v" "/var/lib/crater-agent-workspace/builds/worker-5-tc2/target:/opt/rustwide/target:rw,Z" "-v" "/var/lib/crater-agent-workspace/cargo-home:/opt/rustwide/cargo-home:ro,Z" "-v" "/var/lib/crater-agent-workspace/rustup-home:/opt/rustwide/rustup-home:ro,Z" "-m" "1610612736" "--network" "none" "ghcr.io/rust-lang/crates-build-env/linux@sha256:8683fc1fc2eb5c9ac98e0d076ab094b2ffac7f99da555d2b6a2e27f346de2ec7" "sleep" "infinity", kill_on_drop: false }`
[INFO] [stdout] 102c4ecf2e13fbf074c863b6437e41bc1e3e021570720b5e875015ac3be7ab15
[INFO] running `Command { std: "docker" "start" "102c4ecf2e13fbf074c863b6437e41bc1e3e021570720b5e875015ac3be7ab15", kill_on_drop: false }`
[INFO] running `Command { std: "docker" "inspect" "102c4ecf2e13fbf074c863b6437e41bc1e3e021570720b5e875015ac3be7ab15", kill_on_drop: false }`
[INFO] running `Command { std: "docker" "exec" "-e" "SOURCE_DIR=/opt/rustwide/workdir" "-e" "CARGO_HOME=/opt/rustwide/cargo-home" "-e" "RUSTUP_HOME=/opt/rustwide/rustup-home" "-e" "CARGO_TARGET_DIR=/opt/rustwide/target" "-w" "/opt/rustwide/workdir" "--user" "0:0" "102c4ecf2e13fbf074c863b6437e41bc1e3e021570720b5e875015ac3be7ab15" "/opt/rustwide/cargo-home/bin/cargo" "+1.99.0-beta.1" "metadata" "--no-deps" "--format-version=1", kill_on_drop: false }`
[INFO] running `Command { std: "docker" "inspect" "102c4ecf2e13fbf074c863b6437e41bc1e3e021570720b5e875015ac3be7ab15", kill_on_drop: false }`
[INFO] running `Command { std: "docker" "exec" "-e" "SOURCE_DIR=/opt/rustwide/workdir" "-e" "CARGO_HOME=/opt/rustwide/cargo-home" "-e" "RUSTUP_HOME=/opt/rustwide/rustup-home" "-e" "CARGO_TARGET_DIR=/opt/rustwide/target" "-e" "CARGO_INCREMENTAL=0" "-e" "RUST_BACKTRACE=full" "-e" "RUSTFLAGS=--cap-lints=warn" "-e" "RUSTDOCFLAGS=--cap-lints=warn" "-w" "/opt/rustwide/workdir" "--user" "0:0" "102c4ecf2e13fbf074c863b6437e41bc1e3e021570720b5e875015ac3be7ab15" "/opt/rustwide/cargo-home/bin/cargo" "+1.99.0-beta.1" "build" "--frozen" "--message-format=json" "--release", kill_on_drop: false }`
[INFO] [stderr]    Compiling num-traits v0.2.19
[INFO] [stderr]    Compiling chrono v0.4.42
[INFO] [stderr]    Compiling cron-parser v0.11.2 (/opt/rustwide/workdir)
[INFO] [stderr]     Finished `release` profile [optimized] target(s) in 3.46s
[INFO] running `Command { std: "docker" "inspect" "102c4ecf2e13fbf074c863b6437e41bc1e3e021570720b5e875015ac3be7ab15", kill_on_drop: false }`
[INFO] running `Command { std: "docker" "exec" "-e" "SOURCE_DIR=/opt/rustwide/workdir" "-e" "CARGO_HOME=/opt/rustwide/cargo-home" "-e" "RUSTUP_HOME=/opt/rustwide/rustup-home" "-e" "CARGO_TARGET_DIR=/opt/rustwide/target" "-e" "CARGO_INCREMENTAL=0" "-e" "RUST_BACKTRACE=full" "-e" "RUSTFLAGS=--cap-lints=warn" "-e" "RUSTDOCFLAGS=--cap-lints=warn" "-w" "/opt/rustwide/workdir" "--user" "0:0" "102c4ecf2e13fbf074c863b6437e41bc1e3e021570720b5e875015ac3be7ab15" "/opt/rustwide/cargo-home/bin/cargo" "+1.99.0-beta.1" "test" "--frozen" "--no-run" "--message-format=json" "--release", kill_on_drop: false }`
[INFO] [stderr]    Compiling proc-macro2 v1.0.103
[INFO] [stderr]    Compiling quote v1.0.42
[INFO] [stderr]    Compiling zerocopy v0.8.31
[INFO] [stderr]    Compiling find-msvc-tools v0.1.5
[INFO] [stderr]    Compiling rayon-core v1.13.0
[INFO] [stderr]    Compiling either v1.15.0
[INFO] [stderr]    Compiling libc v0.2.178
[INFO] [stderr]    Compiling serde_json v1.0.145
[INFO] [stderr]    Compiling anstyle v1.0.13
[INFO] [stderr]    Compiling ryu v1.0.20
[INFO] [stderr]    Compiling memchr v2.7.6
[INFO] [stderr]    Compiling siphasher v1.0.1
[INFO] [stderr]    Compiling regex-syntax v0.8.8
[INFO] [stderr]    Compiling crossbeam-epoch v0.9.18
[INFO] [stderr]    Compiling ciborium-io v0.2.2
[INFO] [stderr]    Compiling iana-time-zone v0.1.64
[INFO] [stderr]    Compiling clap_lex v0.7.6
[INFO] [stderr]    Compiling cc v1.2.49
[INFO] [stderr]    Compiling itoa v1.0.15
[INFO] [stderr]    Compiling phf_shared v0.12.1
[INFO] [stderr]    Compiling clap_builder v4.5.53
[INFO] [stderr]    Compiling chrono v0.4.42
[INFO] [stderr]    Compiling chrono-tz v0.10.4
[INFO] [stderr]    Compiling cast v0.3.0
[INFO] [stderr]    Compiling phf v0.12.1
[INFO] [stderr]    Compiling plotters v0.3.7
[INFO] [stderr]    Compiling anes v0.1.6
[INFO] [stderr]    Compiling crossbeam-deque v0.8.6
[INFO] [stderr]    Compiling itertools v0.13.0
[INFO] [stderr]    Compiling oorandom v11.1.5
[INFO] [stderr]    Compiling syn v2.0.111
[INFO] [stderr]    Compiling rayon v1.11.0
[INFO] [stderr]    Compiling alloca v0.4.0
[INFO] [stderr]    Compiling page_size v0.6.0
[INFO] [stderr]    Compiling cron-parser v0.11.2 (/opt/rustwide/workdir)
[INFO] [stderr]    Compiling regex-automata v0.4.13
[INFO] [stderr]    Compiling criterion-plot v0.8.1
[INFO] [stderr]    Compiling clap v4.5.53
[INFO] [stderr]    Compiling zerocopy-derive v0.8.31
[INFO] [stderr]    Compiling serde_derive v1.0.228
[INFO] [stderr]    Compiling regex v1.12.2
[INFO] [stderr]    Compiling serde v1.0.228
[INFO] [stderr]    Compiling half v2.7.1
[INFO] [stderr]    Compiling tinytemplate v1.2.1
[INFO] [stderr]    Compiling ciborium-ll v0.2.2
[INFO] [stderr]    Compiling ciborium v0.2.2
[INFO] [stderr]    Compiling criterion v0.8.1
[INFO] [stderr]     Finished `release` profile [optimized] target(s) in 1m 00s
[INFO] running `Command { std: "docker" "inspect" "102c4ecf2e13fbf074c863b6437e41bc1e3e021570720b5e875015ac3be7ab15", kill_on_drop: false }`
[INFO] running `Command { std: "docker" "exec" "-e" "SOURCE_DIR=/opt/rustwide/workdir" "-e" "CARGO_HOME=/opt/rustwide/cargo-home" "-e" "RUSTUP_HOME=/opt/rustwide/rustup-home" "-e" "CARGO_TARGET_DIR=/opt/rustwide/target" "-e" "CARGO_INCREMENTAL=0" "-e" "RUST_BACKTRACE=full" "-e" "RUSTFLAGS=--cap-lints=warn" "-e" "RUSTDOCFLAGS=--cap-lints=warn" "-w" "/opt/rustwide/workdir" "--user" "0:0" "102c4ecf2e13fbf074c863b6437e41bc1e3e021570720b5e875015ac3be7ab15" "/opt/rustwide/cargo-home/bin/cargo" "+1.99.0-beta.1" "test" "--frozen" "--release", kill_on_drop: false }`
[INFO] [stderr]     Finished `release` profile [optimized] target(s) in 0.08s
[INFO] [stderr]      Running unittests src/lib.rs (/opt/rustwide/target/release/deps/cron_parser-bc48b5ca6c56e112)
[INFO] [stdout] 
[INFO] [stdout] running 9 tests
[INFO] [stdout] test tests::test_make_utc_datetime_invalid_month ... ok
[INFO] [stdout] test tests::test_make_utc_datetime_invalid_time ... ok
[INFO] [stdout] test tests::test_make_utc_datetime_leap_year ... ok
[INFO] [stdout] test tests::test_make_utc_datetime_valid ... ok
[INFO] [stdout] test tests::test_parse_error_implements_error_trait ... ok
[INFO] [stdout] test tests::test_make_utc_datetime_invalid_date ... ok
[INFO] [stdout] test tests::test_make_utc_datetime_boundary_values ... ok
[INFO] [stdout] test tests::test_parse_error_display ... FAILED
[INFO] [stdout] test tests::test_parse_error_from_try_from_int_error ... ok
[INFO] [stdout] 
[INFO] [stdout] failures:
[INFO] [stdout] 
[INFO] [stdout] ---- tests::test_parse_error_display stdout ----
[INFO] [stdout] 
[INFO] [stdout] thread 'tests::test_parse_error_display' (1288) panicked at src/lib.rs:499:9:
[INFO] [stdout] assertion failed: format!("{err}").contains("out of range")
[INFO] [stdout] stack backtrace:
[INFO] [stdout]    0:     0x5d9a761a0dc1 - <<std[104cf6e2632825ea]::sys::backtrace::BacktraceLock>::print::DisplayBacktrace as core[7c831bd917ebf35f]::fmt::Display>::fmt
[INFO] [stdout]    1:     0x5d9a761b4f9a - core[7c831bd917ebf35f]::fmt::write
[INFO] [stdout]    2:     0x5d9a761a525c - <alloc[2fdc3f7464fcf288]::vec::Vec<u8> as core[7c831bd917ebf35f]::io::write::Write>::write_fmt
[INFO] [stdout]    3:     0x5d9a7617d3a6 - std[104cf6e2632825ea]::panicking::default_hook::{closure#0}
[INFO] [stdout]    4:     0x5d9a761994d9 - std[104cf6e2632825ea]::panicking::default_hook
[INFO] [stdout]    5:     0x5d9a761355c0 - test[73009c9f9aebf890]::test_main_inner::<test[73009c9f9aebf890]::test_main_static::{closure#0}>::{closure#0}
[INFO] [stdout]    6:     0x5d9a76199692 - std[104cf6e2632825ea]::panicking::panic_with_hook
[INFO] [stdout]    7:     0x5d9a7617d484 - std[104cf6e2632825ea]::panicking::panic_handler::{closure#0}
[INFO] [stdout]    8:     0x5d9a76175df9 - std[104cf6e2632825ea]::sys::backtrace::__rust_end_short_backtrace::<std[104cf6e2632825ea]::panicking::panic_handler::{closure#0}, !>
[INFO] [stdout]    9:     0x5d9a7617e04d - __rustc[b0d56fa5b193ad05]::rust_begin_unwind
[INFO] [stdout]   10:     0x5d9a761b56cc - core[7c831bd917ebf35f]::panicking::panic_fmt
[INFO] [stdout]   11:     0x5d9a761b5692 - core[7c831bd917ebf35f]::panicking::panic
[INFO] [stdout]   12:     0x5d9a761280f6 - <cron_parser[8346d95fcc40fcca]::tests::test_parse_error_display::{closure#0} as core[7c831bd917ebf35f]::ops::function::FnOnce<()>>::call_once
[INFO] [stdout]   13:     0x5d9a761288ab - test[73009c9f9aebf890]::__rust_begin_short_backtrace::<core[7c831bd917ebf35f]::result::Result<(), alloc[2fdc3f7464fcf288]::string::String>, fn() -> core[7c831bd917ebf35f]::result::Result<(), alloc[2fdc3f7464fcf288]::string::String>>
[INFO] [stdout]   14:     0x5d9a76135f15 - test[73009c9f9aebf890]::run_test::{closure#0}
[INFO] [stdout]   15:     0x5d9a7612f2d4 - std[104cf6e2632825ea]::sys::backtrace::__rust_begin_short_backtrace::<test[73009c9f9aebf890]::run_test::{closure#1}, ()>
[INFO] [stdout]   16:     0x5d9a76139072 - <std[104cf6e2632825ea]::thread::lifecycle::spawn_unchecked<test[73009c9f9aebf890]::run_test::{closure#1}, ()>::{closure#1} as core[7c831bd917ebf35f]::ops::function::FnOnce<()>>::call_once::{shim:vtable#0}
[INFO] [stdout]   17:     0x5d9a761a0699 - <std[104cf6e2632825ea]::sys::thread::unix::Thread>::new::thread_start
[INFO] [stdout]   18:     0x704d014f007a - <unknown>
[INFO] [stdout]   19:     0x704d01583534 - clone
[INFO] [stdout]   20:                0x0 - <unknown>
[INFO] [stdout] 
[INFO] [stdout] 
[INFO] [stdout] failures:
[INFO] [stdout]     tests::test_parse_error_display
[INFO] [stdout] 
[INFO] [stdout] test result: FAILED. 8 passed; 1 failed; 0 ignored; 0 measured; 0 filtered out; finished in 0.01s
[INFO] [stdout] 
[INFO] [stderr] error: test failed, to rerun pass `--lib`
[INFO] running `Command { std: "docker" "inspect" "102c4ecf2e13fbf074c863b6437e41bc1e3e021570720b5e875015ac3be7ab15", kill_on_drop: false }`
[INFO] running `Command { std: "docker" "rm" "-f" "102c4ecf2e13fbf074c863b6437e41bc1e3e021570720b5e875015ac3be7ab15", kill_on_drop: false }`
[INFO] [stdout] 102c4ecf2e13fbf074c863b6437e41bc1e3e021570720b5e875015ac3be7ab15
