[INFO] fetching crate bytetable 1.0.8...
[INFO] testing bytetable-1.0.8 against 1.99.0-beta.1+cargoflags=--release for beta-release-1.99-2
[INFO] extracting crate bytetable 1.0.8 into /workspace/builds/worker-6-tc2/source
[INFO] started tweaking crates.io crate bytetable 1.0.8
[INFO] finished tweaking crates.io crate bytetable 1.0.8
[INFO] tweaked toml for crates.io crate bytetable 1.0.8 written to /workspace/builds/worker-6-tc2/source/Cargo.toml
[INFO] validating manifest of crates.io crate bytetable 1.0.8 on toolchain 1.99.0-beta.1
[INFO] running `Command { std: CARGO_HOME="/workspace/cargo-home" RUSTUP_HOME="/workspace/rustup-home" "/workspace/cargo-home/bin/cargo" "+1.99.0-beta.1" "metadata" "--manifest-path" "Cargo.toml" "--no-deps", kill_on_drop: false }`
[INFO] crate crates.io crate bytetable 1.0.8 already has a lockfile, it will not be regenerated
[INFO] running `Command { std: CARGO_HOME="/workspace/cargo-home" RUSTUP_HOME="/workspace/rustup-home" "/workspace/cargo-home/bin/cargo" "+1.99.0-beta.1" "fetch" "--manifest-path" "Cargo.toml", kill_on_drop: false }`
[INFO] running `Command { std: "docker" "create" "-v" "/var/lib/crater-agent-workspace/builds/worker-6-tc2/source:/opt/rustwide/workdir:ro,Z" "-v" "/var/lib/crater-agent-workspace/builds/worker-6-tc2/target:/opt/rustwide/target:rw,Z" "-v" "/var/lib/crater-agent-workspace/cargo-home:/opt/rustwide/cargo-home:ro,Z" "-v" "/var/lib/crater-agent-workspace/rustup-home:/opt/rustwide/rustup-home:ro,Z" "-m" "1610612736" "--network" "none" "ghcr.io/rust-lang/crates-build-env/linux@sha256:8683fc1fc2eb5c9ac98e0d076ab094b2ffac7f99da555d2b6a2e27f346de2ec7" "sleep" "infinity", kill_on_drop: false }`
[INFO] [stdout] 3c23c351df3de6d6662857773c4a5bead651ab51203275675f67f3a420da73a5
[INFO] running `Command { std: "docker" "start" "3c23c351df3de6d6662857773c4a5bead651ab51203275675f67f3a420da73a5", kill_on_drop: false }`
[INFO] running `Command { std: "docker" "inspect" "3c23c351df3de6d6662857773c4a5bead651ab51203275675f67f3a420da73a5", kill_on_drop: false }`
[INFO] running `Command { std: "docker" "exec" "-e" "SOURCE_DIR=/opt/rustwide/workdir" "-e" "CARGO_HOME=/opt/rustwide/cargo-home" "-e" "RUSTUP_HOME=/opt/rustwide/rustup-home" "-e" "CARGO_TARGET_DIR=/opt/rustwide/target" "-w" "/opt/rustwide/workdir" "--user" "0:0" "3c23c351df3de6d6662857773c4a5bead651ab51203275675f67f3a420da73a5" "/opt/rustwide/cargo-home/bin/cargo" "+1.99.0-beta.1" "metadata" "--no-deps" "--format-version=1", kill_on_drop: false }`
[INFO] running `Command { std: "docker" "inspect" "3c23c351df3de6d6662857773c4a5bead651ab51203275675f67f3a420da73a5", kill_on_drop: false }`
[INFO] running `Command { std: "docker" "exec" "-e" "SOURCE_DIR=/opt/rustwide/workdir" "-e" "CARGO_HOME=/opt/rustwide/cargo-home" "-e" "RUSTUP_HOME=/opt/rustwide/rustup-home" "-e" "CARGO_TARGET_DIR=/opt/rustwide/target" "-e" "CARGO_INCREMENTAL=0" "-e" "RUST_BACKTRACE=full" "-e" "RUSTFLAGS=--cap-lints=warn" "-e" "RUSTDOCFLAGS=--cap-lints=warn" "-w" "/opt/rustwide/workdir" "--user" "0:0" "3c23c351df3de6d6662857773c4a5bead651ab51203275675f67f3a420da73a5" "/opt/rustwide/cargo-home/bin/cargo" "+1.99.0-beta.1" "build" "--frozen" "--message-format=json" "--release", kill_on_drop: false }`
[INFO] [stderr]    Compiling bytetable v1.0.8 (/opt/rustwide/workdir)
[INFO] [stderr]     Finished `release` profile [optimized] target(s) in 0.28s
[INFO] running `Command { std: "docker" "inspect" "3c23c351df3de6d6662857773c4a5bead651ab51203275675f67f3a420da73a5", kill_on_drop: false }`
[INFO] running `Command { std: "docker" "exec" "-e" "SOURCE_DIR=/opt/rustwide/workdir" "-e" "CARGO_HOME=/opt/rustwide/cargo-home" "-e" "RUSTUP_HOME=/opt/rustwide/rustup-home" "-e" "CARGO_TARGET_DIR=/opt/rustwide/target" "-e" "CARGO_INCREMENTAL=0" "-e" "RUST_BACKTRACE=full" "-e" "RUSTFLAGS=--cap-lints=warn" "-e" "RUSTDOCFLAGS=--cap-lints=warn" "-w" "/opt/rustwide/workdir" "--user" "0:0" "3c23c351df3de6d6662857773c4a5bead651ab51203275675f67f3a420da73a5" "/opt/rustwide/cargo-home/bin/cargo" "+1.99.0-beta.1" "test" "--frozen" "--no-run" "--message-format=json" "--release", kill_on_drop: false }`
[INFO] [stderr]    Compiling bytetable v1.0.8 (/opt/rustwide/workdir)
[INFO] [stderr]     Finished `release` profile [optimized] target(s) in 0.93s
[INFO] running `Command { std: "docker" "inspect" "3c23c351df3de6d6662857773c4a5bead651ab51203275675f67f3a420da73a5", kill_on_drop: false }`
[INFO] running `Command { std: "docker" "exec" "-e" "SOURCE_DIR=/opt/rustwide/workdir" "-e" "CARGO_HOME=/opt/rustwide/cargo-home" "-e" "RUSTUP_HOME=/opt/rustwide/rustup-home" "-e" "CARGO_TARGET_DIR=/opt/rustwide/target" "-e" "CARGO_INCREMENTAL=0" "-e" "RUST_BACKTRACE=full" "-e" "RUSTFLAGS=--cap-lints=warn" "-e" "RUSTDOCFLAGS=--cap-lints=warn" "-w" "/opt/rustwide/workdir" "--user" "0:0" "3c23c351df3de6d6662857773c4a5bead651ab51203275675f67f3a420da73a5" "/opt/rustwide/cargo-home/bin/cargo" "+1.99.0-beta.1" "test" "--frozen" "--release", kill_on_drop: false }`
[INFO] [stderr]     Finished `release` profile [optimized] target(s) in 0.03s
[INFO] [stderr]      Running unittests src/lib.rs (/opt/rustwide/target/release/deps/bytetable-cd9c9cfc00700a3a)
[INFO] [stdout] 
[INFO] [stdout] running 19 tests
[INFO] [stdout] test set::tests::iter_len ... ok
[INFO] [stdout] test set::tests::max ... ok
[INFO] [stdout] test set::tests::range_empty ... ok
[INFO] [stdout] test set::tests::range_full ... ok
[INFO] [stdout] test set::tests::range_gt ... ok
[INFO] [stdout] test set::tests::range_lt ... ok
[INFO] [stdout] test set::tests::min ... ok
[INFO] [stdout] test set::tests::range_lte ... ok
[INFO] [stdout] test table::tests::index_full ... ok
[INFO] [stdout] test table::tests::index_low ... ok
[INFO] [stdout] test table::tests::index_range_from ... ok
[INFO] [stdout] test table::tests::index_range_inclusive ... ok
[INFO] [stdout] test table::tests::index_range ... ok
[INFO] [stdout] test table::tests::index_bounds ... ok
[INFO] [stdout] test set::tests::range_single ... ok
[INFO] [stdout] test table::tests::index_high ... ok
[INFO] [stdout] test table::tests::index_range_to ... ok
[INFO] [stdout] test table::tests::index_range_to_inclusive ... ok
[INFO] [stdout] test table::tests::index_range_inclusive_exhausted ... FAILED
[INFO] [stdout] 
[INFO] [stdout] failures:
[INFO] [stdout] 
[INFO] [stdout] ---- table::tests::index_range_inclusive_exhausted stdout ----
[INFO] [stdout] 
[INFO] [stdout] thread 'table::tests::index_range_inclusive_exhausted' (165) panicked at src/table.rs:594:9:
[INFO] [stdout] range start index 261 out of range for slice of length 256
[INFO] [stdout] stack backtrace:
[INFO] [stdout]    0:     0x566e8f3d7431 - <<std[104cf6e2632825ea]::sys::backtrace::BacktraceLock>::print::DisplayBacktrace as core[7c831bd917ebf35f]::fmt::Display>::fmt
[INFO] [stdout]    1:     0x566e8f3eb63a - core[7c831bd917ebf35f]::fmt::write
[INFO] [stdout]    2:     0x566e8f3db8cc - <alloc[2fdc3f7464fcf288]::vec::Vec<u8> as core[7c831bd917ebf35f]::io::write::Write>::write_fmt
[INFO] [stdout]    3:     0x566e8f3b3a16 - std[104cf6e2632825ea]::panicking::default_hook::{closure#0}
[INFO] [stdout]    4:     0x566e8f3cfb49 - std[104cf6e2632825ea]::panicking::default_hook
[INFO] [stdout]    5:     0x566e8f36c000 - test[73009c9f9aebf890]::test_main_inner::<test[73009c9f9aebf890]::test_main_static::{closure#0}>::{closure#0}
[INFO] [stdout]    6:     0x566e8f3cfd02 - std[104cf6e2632825ea]::panicking::panic_with_hook
[INFO] [stdout]    7:     0x566e8f3b3ac2 - std[104cf6e2632825ea]::panicking::panic_handler::{closure#0}
[INFO] [stdout]    8:     0x566e8f3ac469 - std[104cf6e2632825ea]::sys::backtrace::__rust_end_short_backtrace::<std[104cf6e2632825ea]::panicking::panic_handler::{closure#0}, !>
[INFO] [stdout]    9:     0x566e8f3b46bd - __rustc[b0d56fa5b193ad05]::rust_begin_unwind
[INFO] [stdout]   10:     0x566e8f3ebd6c - core[7c831bd917ebf35f]::panicking::panic_fmt
[INFO] [stdout]   11:     0x566e8f3ec648 - core[7c831bd917ebf35f]::slice::index::slice_index_fail
[INFO] [stdout]   12:     0x566e8f35f28d - <bytetable[3a273d212714d8b0]::table::tests::index_range_inclusive_exhausted::{closure#0} as core[7c831bd917ebf35f]::ops::function::FnOnce<()>>::call_once
[INFO] [stdout]   13:     0x566e8f35f2eb - test[73009c9f9aebf890]::__rust_begin_short_backtrace::<core[7c831bd917ebf35f]::result::Result<(), alloc[2fdc3f7464fcf288]::string::String>, fn() -> core[7c831bd917ebf35f]::result::Result<(), alloc[2fdc3f7464fcf288]::string::String>>
[INFO] [stdout]   14:     0x566e8f36c955 - test[73009c9f9aebf890]::run_test::{closure#0}
[INFO] [stdout]   15:     0x566e8f365d14 - std[104cf6e2632825ea]::sys::backtrace::__rust_begin_short_backtrace::<test[73009c9f9aebf890]::run_test::{closure#1}, ()>
[INFO] [stdout]   16:     0x566e8f36fab2 - <std[104cf6e2632825ea]::thread::lifecycle::spawn_unchecked<test[73009c9f9aebf890]::run_test::{closure#1}, ()>::{closure#1} as core[7c831bd917ebf35f]::ops::function::FnOnce<()>>::call_once::{shim:vtable#0}
[INFO] [stdout]   17:     0x566e8f3d6d09 - <std[104cf6e2632825ea]::sys::thread::unix::Thread>::new::thread_start
[INFO] [stdout]   18:     0x7b10fa66b07a - <unknown>
[INFO] [stdout]   19:     0x7b10fa6fe534 - clone
[INFO] [stdout]   20:                0x0 - <unknown>
[INFO] [stdout] 
[INFO] [stdout] 
[INFO] [stdout] failures:
[INFO] [stdout]     table::tests::index_range_inclusive_exhausted
[INFO] [stdout] 
[INFO] [stdout] test result: FAILED. 18 passed; 1 failed; 0 ignored; 0 measured; 0 filtered out; finished in 0.01s
[INFO] [stdout] 
[INFO] [stderr] error: test failed, to rerun pass `--lib`
[INFO] running `Command { std: "docker" "inspect" "3c23c351df3de6d6662857773c4a5bead651ab51203275675f67f3a420da73a5", kill_on_drop: false }`
[INFO] running `Command { std: "docker" "rm" "-f" "3c23c351df3de6d6662857773c4a5bead651ab51203275675f67f3a420da73a5", kill_on_drop: false }`
[INFO] [stdout] 3c23c351df3de6d6662857773c4a5bead651ab51203275675f67f3a420da73a5
