[INFO] cloning repository https://github.com/soraxas/cargo-clean-artifact
[INFO] running `Command { std: "git" "-c" "credential.helper=" "-c" "credential.helper=/workspace/cargo-home/bin/git-credential-null" "clone" "--bare" "https://github.com/soraxas/cargo-clean-artifact" "/workspace/cache/git-repos/https%3A%2F%2Fgithub.com%2Fsoraxas%2Fcargo-clean-artifact", kill_on_drop: false }`
[INFO] [stderr] Cloning into bare repository '/workspace/cache/git-repos/https%3A%2F%2Fgithub.com%2Fsoraxas%2Fcargo-clean-artifact'...
[INFO] running `Command { std: "git" "rev-parse" "HEAD", kill_on_drop: false }`
[INFO] [stdout] 1f07d097410551e0226ede88c1ad5fe5f16bfb8a
[INFO] testing soraxas/cargo-clean-artifact against 1.99.0-beta.1+cargoflags=--release for beta-release-1.99-2
[INFO] running `Command { std: "git" "clone" "/workspace/cache/git-repos/https%3A%2F%2Fgithub.com%2Fsoraxas%2Fcargo-clean-artifact" "/workspace/builds/worker-7-tc2/source", kill_on_drop: false }`
[INFO] [stderr] Cloning into '/workspace/builds/worker-7-tc2/source'...
[INFO] [stderr] done.
[INFO] started tweaking git repo https://github.com/soraxas/cargo-clean-artifact
[INFO] finished tweaking git repo https://github.com/soraxas/cargo-clean-artifact
[INFO] tweaked toml for git repo https://github.com/soraxas/cargo-clean-artifact written to /workspace/builds/worker-7-tc2/source/Cargo.toml
[INFO] validating manifest of git repo https://github.com/soraxas/cargo-clean-artifact on toolchain 1.99.0-beta.1
[INFO] running `Command { std: CARGO_HOME="/workspace/cargo-home" RUSTUP_HOME="/workspace/rustup-home" "/workspace/cargo-home/bin/cargo" "+1.99.0-beta.1" "metadata" "--manifest-path" "Cargo.toml" "--no-deps", kill_on_drop: false }`
[INFO] crate git repo https://github.com/soraxas/cargo-clean-artifact already has a lockfile, it will not be regenerated
[INFO] running `Command { std: CARGO_HOME="/workspace/cargo-home" RUSTUP_HOME="/workspace/rustup-home" "/workspace/cargo-home/bin/cargo" "+1.99.0-beta.1" "fetch" "--manifest-path" "Cargo.toml", kill_on_drop: false }`
[INFO] [stderr]     Blocking waiting for file lock on package cache
[INFO] [stderr]     Blocking waiting for file lock on package cache
[ERROR] error running command: no output for 300 seconds
[INFO] testing soraxas/cargo-clean-artifact against 1.99.0-beta.1+cargoflags=--release for beta-release-1.99-2
[INFO] running `Command { std: "git" "clone" "/workspace/cache/git-repos/https%3A%2F%2Fgithub.com%2Fsoraxas%2Fcargo-clean-artifact" "/workspace/builds/worker-7-tc2/source", kill_on_drop: false }`
[INFO] [stderr] Cloning into '/workspace/builds/worker-7-tc2/source'...
[INFO] [stderr] done.
[INFO] started tweaking git repo https://github.com/soraxas/cargo-clean-artifact
[INFO] finished tweaking git repo https://github.com/soraxas/cargo-clean-artifact
[INFO] tweaked toml for git repo https://github.com/soraxas/cargo-clean-artifact written to /workspace/builds/worker-7-tc2/source/Cargo.toml
[INFO] validating manifest of git repo https://github.com/soraxas/cargo-clean-artifact on toolchain 1.99.0-beta.1
[INFO] running `Command { std: CARGO_HOME="/workspace/cargo-home" RUSTUP_HOME="/workspace/rustup-home" "/workspace/cargo-home/bin/cargo" "+1.99.0-beta.1" "metadata" "--manifest-path" "Cargo.toml" "--no-deps", kill_on_drop: false }`
[INFO] crate git repo https://github.com/soraxas/cargo-clean-artifact already has a lockfile, it will not be regenerated
[INFO] running `Command { std: CARGO_HOME="/workspace/cargo-home" RUSTUP_HOME="/workspace/rustup-home" "/workspace/cargo-home/bin/cargo" "+1.99.0-beta.1" "fetch" "--manifest-path" "Cargo.toml", kill_on_drop: false }`
[INFO] [stderr]     Blocking waiting for file lock on package cache
[INFO] [stderr]     Blocking waiting for file lock on package cache
[INFO] [stderr]     Blocking waiting for file lock on package cache
[ERROR] error running command: no output for 300 seconds
[INFO] testing soraxas/cargo-clean-artifact against 1.99.0-beta.1+cargoflags=--release for beta-release-1.99-2
[INFO] running `Command { std: "git" "clone" "/workspace/cache/git-repos/https%3A%2F%2Fgithub.com%2Fsoraxas%2Fcargo-clean-artifact" "/workspace/builds/worker-7-tc2/source", kill_on_drop: false }`
[INFO] [stderr] Cloning into '/workspace/builds/worker-7-tc2/source'...
[INFO] [stderr] done.
[INFO] started tweaking git repo https://github.com/soraxas/cargo-clean-artifact
[INFO] finished tweaking git repo https://github.com/soraxas/cargo-clean-artifact
[INFO] tweaked toml for git repo https://github.com/soraxas/cargo-clean-artifact written to /workspace/builds/worker-7-tc2/source/Cargo.toml
[INFO] validating manifest of git repo https://github.com/soraxas/cargo-clean-artifact on toolchain 1.99.0-beta.1
[INFO] running `Command { std: CARGO_HOME="/workspace/cargo-home" RUSTUP_HOME="/workspace/rustup-home" "/workspace/cargo-home/bin/cargo" "+1.99.0-beta.1" "metadata" "--manifest-path" "Cargo.toml" "--no-deps", kill_on_drop: false }`
[INFO] crate git repo https://github.com/soraxas/cargo-clean-artifact already has a lockfile, it will not be regenerated
[INFO] running `Command { std: CARGO_HOME="/workspace/cargo-home" RUSTUP_HOME="/workspace/rustup-home" "/workspace/cargo-home/bin/cargo" "+1.99.0-beta.1" "fetch" "--manifest-path" "Cargo.toml", kill_on_drop: false }`
[INFO] [stderr]     Blocking waiting for file lock on package cache
[INFO] [stderr]     Blocking waiting for file lock on package cache
[INFO] [stderr]     Blocking waiting for file lock on package cache
[INFO] [stderr]  Downloading crates ...
[INFO] [stderr]   Downloaded predicates-tree v1.0.13
[INFO] [stderr]   Downloaded predicates-core v1.0.10
[INFO] [stderr]   Downloaded predicates v3.1.4
[INFO] [stderr]   Downloaded doc-comment v0.3.4
[INFO] [stderr]   Downloaded jiff-static v0.2.20
[INFO] [stderr]   Downloaded jiff v0.2.20
[INFO] running `Command { std: "docker" "create" "-v" "/var/lib/crater-agent-workspace/builds/worker-7-tc2/source:/opt/rustwide/workdir:ro,Z" "-v" "/var/lib/crater-agent-workspace/builds/worker-7-tc2/target:/opt/rustwide/target:rw,Z" "-v" "/var/lib/crater-agent-workspace/cargo-home:/opt/rustwide/cargo-home:ro,Z" "-v" "/var/lib/crater-agent-workspace/rustup-home:/opt/rustwide/rustup-home:ro,Z" "-m" "1610612736" "--network" "none" "ghcr.io/rust-lang/crates-build-env/linux@sha256:8683fc1fc2eb5c9ac98e0d076ab094b2ffac7f99da555d2b6a2e27f346de2ec7" "sleep" "infinity", kill_on_drop: false }`
[INFO] [stdout] 66ea1de148318cab2b8a18ac733f72d4be6de4182fcec3c179efc9ce9a4a01f9
[INFO] running `Command { std: "docker" "start" "66ea1de148318cab2b8a18ac733f72d4be6de4182fcec3c179efc9ce9a4a01f9", kill_on_drop: false }`
[INFO] running `Command { std: "docker" "inspect" "66ea1de148318cab2b8a18ac733f72d4be6de4182fcec3c179efc9ce9a4a01f9", kill_on_drop: false }`
[INFO] running `Command { std: "docker" "exec" "-e" "SOURCE_DIR=/opt/rustwide/workdir" "-e" "CARGO_HOME=/opt/rustwide/cargo-home" "-e" "RUSTUP_HOME=/opt/rustwide/rustup-home" "-e" "CARGO_TARGET_DIR=/opt/rustwide/target" "-w" "/opt/rustwide/workdir" "--user" "0:0" "66ea1de148318cab2b8a18ac733f72d4be6de4182fcec3c179efc9ce9a4a01f9" "/opt/rustwide/cargo-home/bin/cargo" "+1.99.0-beta.1" "metadata" "--no-deps" "--format-version=1", kill_on_drop: false }`
[INFO] running `Command { std: "docker" "inspect" "66ea1de148318cab2b8a18ac733f72d4be6de4182fcec3c179efc9ce9a4a01f9", kill_on_drop: false }`
[INFO] running `Command { std: "docker" "exec" "-e" "SOURCE_DIR=/opt/rustwide/workdir" "-e" "CARGO_HOME=/opt/rustwide/cargo-home" "-e" "RUSTUP_HOME=/opt/rustwide/rustup-home" "-e" "CARGO_TARGET_DIR=/opt/rustwide/target" "-e" "CARGO_INCREMENTAL=0" "-e" "RUST_BACKTRACE=full" "-e" "RUSTFLAGS=--cap-lints=warn" "-e" "RUSTDOCFLAGS=--cap-lints=warn" "-w" "/opt/rustwide/workdir" "--user" "0:0" "66ea1de148318cab2b8a18ac733f72d4be6de4182fcec3c179efc9ce9a4a01f9" "/opt/rustwide/cargo-home/bin/cargo" "+1.99.0-beta.1" "build" "--frozen" "--message-format=json" "--release", kill_on_drop: false }`
[INFO] [stderr]    Compiling proc-macro2 v1.0.105
[INFO] [stderr]    Compiling unicode-ident v1.0.22
[INFO] [stderr]    Compiling quote v1.0.43
[INFO] [stderr]    Compiling memchr v2.7.6
[INFO] [stderr]    Compiling libc v0.2.180
[INFO] [stderr]    Compiling serde_core v1.0.228
[INFO] [stderr]    Compiling utf8parse v0.2.2
[INFO] [stderr]    Compiling colorchoice v1.0.4
[INFO] [stderr]    Compiling zmij v1.0.12
[INFO] [stderr]    Compiling anstyle-query v1.1.5
[INFO] [stderr]    Compiling anstyle v1.0.13
[INFO] [stderr]    Compiling serde v1.0.228
[INFO] [stderr]    Compiling pin-project-lite v0.2.16
[INFO] [stderr]    Compiling is_terminal_polyfill v1.70.2
[INFO] [stderr]    Compiling regex-syntax v0.8.9
[INFO] [stderr]    Compiling futures-sink v0.3.31
[INFO] [stderr]    Compiling futures-core v0.3.31
[INFO] [stderr]    Compiling thiserror v1.0.69
[INFO] [stderr]    Compiling anstyle-parse v0.2.7
[INFO] [stderr]    Compiling serde_json v1.0.149
[INFO] [stderr]    Compiling futures-io v0.3.31
[INFO] [stderr]    Compiling camino v1.2.2
[INFO] [stderr]    Compiling futures-task v0.3.31
[INFO] [stderr]    Compiling futures-channel v0.3.31
[INFO] [stderr]    Compiling pin-utils v0.1.0
[INFO] [stderr]    Compiling portable-atomic v1.13.1
[INFO] [stderr]    Compiling slab v0.4.11
[INFO] [stderr]    Compiling heck v0.5.0
[INFO] [stderr]    Compiling log v0.4.29
[INFO] [stderr]    Compiling unicode-width v0.2.2
[INFO] [stderr]    Compiling anstream v0.6.21
[INFO] [stderr]    Compiling strsim v0.11.1
[INFO] [stderr]    Compiling anyhow v1.0.100
[INFO] [stderr]    Compiling clap_lex v0.7.6
[INFO] [stderr]    Compiling itoa v1.0.17
[INFO] [stderr]    Compiling once_cell v1.21.3
[INFO] [stderr]    Compiling number_prefix v0.4.0
[INFO] [stderr]    Compiling jiff v0.2.20
[INFO] [stderr]    Compiling aho-corasick v1.1.4
[INFO] [stderr]    Compiling bytes v1.11.0
[INFO] [stderr]    Compiling clap_builder v4.5.54
[INFO] [stderr]    Compiling syn v2.0.114
[INFO] [stderr]    Compiling errno v0.3.14
[INFO] [stderr]    Compiling mio v1.1.1
[INFO] [stderr]    Compiling console v0.15.11
[INFO] [stderr]    Compiling signal-hook-registry v1.4.8
[INFO] [stderr]    Compiling regex-automata v0.4.14
[INFO] [stderr]    Compiling indicatif v0.17.11
[INFO] [stderr]    Compiling semver v1.0.27
[INFO] [stderr]    Compiling futures-macro v0.3.31
[INFO] [stderr]    Compiling serde_derive v1.0.228
[INFO] [stderr]    Compiling thiserror-impl v1.0.69
[INFO] [stderr]    Compiling clap_derive v4.5.49
[INFO] [stderr]    Compiling tokio-macros v2.6.0
[INFO] [stderr]    Compiling regex v1.12.3
[INFO] [stderr]    Compiling futures-util v0.3.31
[INFO] [stderr]    Compiling tokio v1.49.0
[INFO] [stderr]    Compiling env_filter v1.0.0
[INFO] [stderr]    Compiling env_logger v0.11.9
[INFO] [stderr]    Compiling clap v4.5.54
[INFO] [stderr]    Compiling futures-executor v0.3.31
[INFO] [stderr]    Compiling cargo-platform v0.1.9
[INFO] [stderr]    Compiling futures v0.3.31
[INFO] [stderr]    Compiling cargo_metadata v0.15.4
[INFO] [stderr]    Compiling cargo-clean-artifact v0.1.4 (/opt/rustwide/workdir)
[INFO] [stderr]     Finished `release` profile [optimized] target(s) in 58.01s
[INFO] running `Command { std: "docker" "inspect" "66ea1de148318cab2b8a18ac733f72d4be6de4182fcec3c179efc9ce9a4a01f9", kill_on_drop: false }`
[INFO] running `Command { std: "docker" "exec" "-e" "SOURCE_DIR=/opt/rustwide/workdir" "-e" "CARGO_HOME=/opt/rustwide/cargo-home" "-e" "RUSTUP_HOME=/opt/rustwide/rustup-home" "-e" "CARGO_TARGET_DIR=/opt/rustwide/target" "-e" "CARGO_INCREMENTAL=0" "-e" "RUST_BACKTRACE=full" "-e" "RUSTFLAGS=--cap-lints=warn" "-e" "RUSTDOCFLAGS=--cap-lints=warn" "-w" "/opt/rustwide/workdir" "--user" "0:0" "66ea1de148318cab2b8a18ac733f72d4be6de4182fcec3c179efc9ce9a4a01f9" "/opt/rustwide/cargo-home/bin/cargo" "+1.99.0-beta.1" "test" "--frozen" "--no-run" "--message-format=json" "--release", kill_on_drop: false }`
[INFO] [stderr]    Compiling crossbeam-utils v0.8.21
[INFO] [stderr]    Compiling aho-corasick v1.1.4
[INFO] [stderr]    Compiling bstr v1.12.1
[INFO] [stderr]    Compiling rustix v1.1.3
[INFO] [stderr]    Compiling getrandom v0.4.1
[INFO] [stderr]    Compiling cfg-if v1.0.4
[INFO] [stderr]    Compiling same-file v1.0.6
[INFO] [stderr]    Compiling bitflags v2.10.0
[INFO] [stderr]    Compiling predicates-core v1.0.10
[INFO] [stderr]    Compiling autocfg v1.5.0
[INFO] [stderr]    Compiling linux-raw-sys v0.11.0
[INFO] [stderr]    Compiling doc-comment v0.3.4
[INFO] [stderr]    Compiling difflib v0.4.0
[INFO] [stderr]    Compiling termtree v0.5.1
[INFO] [stderr]    Compiling fastrand v2.3.0
[INFO] [stderr]    Compiling filetime v0.2.27
[INFO] [stderr]    Compiling walkdir v2.5.0
[INFO] [stderr]    Compiling predicates-tree v1.0.13
[INFO] [stderr]    Compiling fs-err v2.11.0
[INFO] [stderr]    Compiling predicates v3.1.4
[INFO] [stderr]    Compiling crossbeam-epoch v0.9.18
[INFO] [stderr]    Compiling crossbeam-deque v0.8.6
[INFO] [stderr]    Compiling regex-automata v0.4.14
[INFO] [stderr]    Compiling tempfile v3.25.0
[INFO] [stderr]    Compiling globset v0.4.18
[INFO] [stderr]    Compiling regex v1.12.3
[INFO] [stderr]    Compiling env_filter v1.0.0
[INFO] [stderr]    Compiling ignore v0.4.25
[INFO] [stderr]    Compiling env_logger v0.11.9
[INFO] [stderr]    Compiling cargo-clean-artifact v0.1.4 (/opt/rustwide/workdir)
[INFO] [stderr]    Compiling globwalk v0.9.1
[INFO] [stderr]    Compiling assert_fs v1.1.3
[INFO] [stderr]     Finished `release` profile [optimized] target(s) in 29.09s
[INFO] running `Command { std: "docker" "inspect" "66ea1de148318cab2b8a18ac733f72d4be6de4182fcec3c179efc9ce9a4a01f9", kill_on_drop: false }`
[INFO] running `Command { std: "docker" "exec" "-e" "SOURCE_DIR=/opt/rustwide/workdir" "-e" "CARGO_HOME=/opt/rustwide/cargo-home" "-e" "RUSTUP_HOME=/opt/rustwide/rustup-home" "-e" "CARGO_TARGET_DIR=/opt/rustwide/target" "-e" "CARGO_INCREMENTAL=0" "-e" "RUST_BACKTRACE=full" "-e" "RUSTFLAGS=--cap-lints=warn" "-e" "RUSTDOCFLAGS=--cap-lints=warn" "-w" "/opt/rustwide/workdir" "--user" "0:0" "66ea1de148318cab2b8a18ac733f72d4be6de4182fcec3c179efc9ce9a4a01f9" "/opt/rustwide/cargo-home/bin/cargo" "+1.99.0-beta.1" "test" "--frozen" "--release", kill_on_drop: false }`
[INFO] [stderr]     Finished `release` profile [optimized] target(s) in 0.14s
[INFO] [stderr]      Running unittests src/main.rs (/opt/rustwide/target/release/deps/cargo_clean_artifact-c7da3bca462b8f55)
[INFO] [stdout] 
[INFO] [stdout] running 27 tests
[INFO] [stdout] test clean::scan::tests::artifact_stem_d_file_no_lib ... ok
[INFO] [stdout] test clean::scan::tests::artifact_stem_multi_ext ... ok
[INFO] [stdout] test clean::scan::tests::artifact_stem_no_hash_returns_none ... ok
[INFO] [stdout] test clean::scan::tests::artifact_stem_rlib ... ok
[INFO] [stdout] test clean::scan::tests::artifact_stem_strips_lib_prefix ... ok
[INFO] [stderr]      Running tests/idempotent_clean_test.rs (/opt/rustwide/target/release/deps/idempotent_clean_test-3b7f9f8026f2857b)
[INFO] [stdout] test clean::scan::tests::clean_incremental_empty_dir ... ok
[INFO] [stdout] test clean::scan::tests::artifact_stem_rmeta ... ok
[INFO] [stdout] test crate_deps::tests::crate_key_no_hash ... ok
[INFO] [stdout] test crate_deps::tests::crate_key_no_lib_prefix ... ok
[INFO] [stdout] test crate_deps::tests::crate_key_strips_lib_prefix_and_hash ... ok
[INFO] [stdout] test theme::tests::format_artifact_line_in_use_contains_crate_name ... ok
[INFO] [stdout] test crate_deps::tests::format_bytes_units ... ok
[INFO] [stdout] test theme::tests::format_artifact_line_to_remove_has_no_index ... ok
[INFO] [stdout] test theme::tests::format_artifact_line_in_use_shows_index ... ok
[INFO] [stdout] test theme::tests::format_artifact_line_used_by_annotation ... ok
[INFO] [stdout] test theme::tests::format_more_line_output ... ok
[INFO] [stdout] test theme::tests::parse_artifact_multi_ext ... ok
[INFO] [stdout] test theme::tests::parse_artifact_no_hash ... ok
[INFO] [stdout] test theme::tests::parse_artifact_rlib ... ok
[INFO] [stdout] test theme::tests::parse_artifact_rmeta ... ok
[INFO] [stdout] test theme::tests::parse_artifact_so_no_lib ... ok
[INFO] [stdout] test theme::tests::profile_color_different_profiles_can_differ ... ok
[INFO] [stdout] test theme::tests::profile_color_is_stable ... ok
[INFO] [stdout] test trace_parser::tests::test_extract_artifact_and_target ... ok
[INFO] [stdout] test theme::tests::parse_artifact_no_lib_prefix ... ok
[INFO] [stdout] test clean::scan::tests::clean_incremental_keeps_newest_session ... ok
[INFO] [stdout] test clean::scan::tests::clean_incremental_single_session_untouched ... ok
[INFO] [stdout] 
[INFO] [stdout] test result: ok. 27 passed; 0 failed; 0 ignored; 0 measured; 0 filtered out; finished in 0.01s
[INFO] [stdout] 
[INFO] [stdout] 
[INFO] [stdout] running 10 tests
[INFO] [stdout] test test_no_recompile_wasm_target ... ignored, requires wasm32-unknown-unknown target (rustup target add wasm32-unknown-unknown)
[INFO] [stdout] test test_no_recompile_with_transitive_deps ... ignored, slow: downloads serde + anyhow from crates.io on a cold cache
[INFO] [stdout] test test_no_recompile_with_transitive_deps_release ... ignored, slow: downloads serde + anyhow from crates.io on a cold cache
[INFO] [stdout] test test_wasm_clean_leaves_native_intact ... ignored, requires wasm32-unknown-unknown target (rustup target add wasm32-unknown-unknown)
[INFO] [stdout] test test_no_recompile_hello_world ... ok
[INFO] [stdout] test test_stale_artifact_is_removed ... FAILED
[INFO] [stdout] test test_no_recompile_release_profile ... ok
[INFO] [stdout] test test_clean_debug_leaves_release_intact ... ok
[INFO] [stdout] test test_no_recompile_after_clean_recompile ... ok
[INFO] [stdout] test test_second_clean_is_noop ... ok
[INFO] [stdout] 
[INFO] [stdout] failures:
[INFO] [stdout] 
[INFO] [stdout] ---- test_stale_artifact_is_removed stdout ----
[INFO] [stdout] 
[INFO] [stdout] thread 'test_stale_artifact_is_removed' (1873) panicked at tests/idempotent_clean_test.rs:292:5:
[INFO] [stdout] fake stale artifact should have been removed
[INFO] [stdout] stack backtrace:
[INFO] [stdout]    0:     0x622a17ee1a91 - <<std[104cf6e2632825ea]::sys::backtrace::BacktraceLock>::print::DisplayBacktrace as core[7c831bd917ebf35f]::fmt::Display>::fmt
[INFO] [stdout]    1:     0x622a17ef60ca - core[7c831bd917ebf35f]::fmt::write
[INFO] [stdout]    2:     0x622a17ee621c - <alloc[2fdc3f7464fcf288]::vec::Vec<u8> as core[7c831bd917ebf35f]::io::write::Write>::write_fmt
[INFO] [stdout]    3:     0x622a17ebbef6 - std[104cf6e2632825ea]::panicking::default_hook::{closure#0}
[INFO] [stdout]    4:     0x622a17ed95b9 - std[104cf6e2632825ea]::panicking::default_hook
[INFO] [stdout]    5:     0x622a17e71eb0 - test[73009c9f9aebf890]::test_main_inner::<test[73009c9f9aebf890]::test_main_static::{closure#0}>::{closure#0}
[INFO] [stdout]    6:     0x622a17ed9772 - std[104cf6e2632825ea]::panicking::panic_with_hook
[INFO] [stdout]    7:     0x622a17ebbfd4 - std[104cf6e2632825ea]::panicking::panic_handler::{closure#0}
[INFO] [stdout]    8:     0x622a17eb4789 - std[104cf6e2632825ea]::sys::backtrace::__rust_end_short_backtrace::<std[104cf6e2632825ea]::panicking::panic_handler::{closure#0}, !>
[INFO] [stdout]    9:     0x622a17ebcb9d - __rustc[b0d56fa5b193ad05]::rust_begin_unwind
[INFO] [stdout]   10:     0x622a17ef67fc - core[7c831bd917ebf35f]::panicking::panic_fmt
[INFO] [stdout]   11:     0x622a17e62ba7 - <idempotent_clean_test[8698adde9a9e697]::test_stale_artifact_is_removed::{closure#0} as core[7c831bd917ebf35f]::ops::function::FnOnce<()>>::call_once
[INFO] [stdout]   12:     0x622a17e6519b - test[73009c9f9aebf890]::__rust_begin_short_backtrace::<core[7c831bd917ebf35f]::result::Result<(), alloc[2fdc3f7464fcf288]::string::String>, fn() -> core[7c831bd917ebf35f]::result::Result<(), alloc[2fdc3f7464fcf288]::string::String>>
[INFO] [stdout]   13:     0x622a17e72805 - test[73009c9f9aebf890]::run_test::{closure#0}
[INFO] [stdout]   14:     0x622a17e6bbc4 - std[104cf6e2632825ea]::sys::backtrace::__rust_begin_short_backtrace::<test[73009c9f9aebf890]::run_test::{closure#1}, ()>
[INFO] [stdout]   15:     0x622a17e75962 - <std[104cf6e2632825ea]::thread::lifecycle::spawn_unchecked<test[73009c9f9aebf890]::run_test::{closure#1}, ()>::{closure#1} as core[7c831bd917ebf35f]::ops::function::FnOnce<()>>::call_once::{shim:vtable#0}
[INFO] [stdout]   16:     0x622a17ee1179 - <std[104cf6e2632825ea]::sys::thread::unix::Thread>::new::thread_start
[INFO] [stdout]   17:     0x766250baa07a - <unknown>
[INFO] [stdout]   18:     0x766250c3d534 - clone
[INFO] [stdout]   19:                0x0 - <unknown>
[INFO] [stdout] 
[INFO] [stdout] 
[INFO] [stdout] failures:
[INFO] [stdout]     test_stale_artifact_is_removed
[INFO] [stdout] 
[INFO] [stdout] test result: FAILED. 5 passed; 1 failed; 4 ignored; 0 measured; 0 filtered out; finished in 1.32s
[INFO] [stdout] 
[INFO] [stderr] error: test failed, to rerun pass `--test idempotent_clean_test`
[INFO] running `Command { std: "docker" "inspect" "66ea1de148318cab2b8a18ac733f72d4be6de4182fcec3c179efc9ce9a4a01f9", kill_on_drop: false }`
[INFO] running `Command { std: "docker" "rm" "-f" "66ea1de148318cab2b8a18ac733f72d4be6de4182fcec3c179efc9ce9a4a01f9", kill_on_drop: false }`
[INFO] [stdout] 66ea1de148318cab2b8a18ac733f72d4be6de4182fcec3c179efc9ce9a4a01f9
