[INFO] cloning repository https://github.com/bitmuster/somato
[INFO] running `Command { std: "git" "-c" "credential.helper=" "-c" "credential.helper=/workspace/cargo-home/bin/git-credential-null" "clone" "--bare" "https://github.com/bitmuster/somato" "/workspace/cache/git-repos/https%3A%2F%2Fgithub.com%2Fbitmuster%2Fsomato", kill_on_drop: false }`
[INFO] [stderr] Cloning into bare repository '/workspace/cache/git-repos/https%3A%2F%2Fgithub.com%2Fbitmuster%2Fsomato'...
[INFO] running `Command { std: "git" "rev-parse" "HEAD", kill_on_drop: false }`
[INFO] [stdout] 498bd1313c98e20908b251c3238ea326cd0b168c
[INFO] testing bitmuster/somato against 1.99.0-beta.1+cargoflags=--release for beta-release-1.99-2
[INFO] running `Command { std: "git" "clone" "/workspace/cache/git-repos/https%3A%2F%2Fgithub.com%2Fbitmuster%2Fsomato" "/workspace/builds/worker-2-tc2/source", kill_on_drop: false }`
[INFO] [stderr] Cloning into '/workspace/builds/worker-2-tc2/source'...
[INFO] [stderr] done.
[INFO] removed /workspace/builds/worker-2-tc2/source/.cargo/config.toml
[INFO] started tweaking git repo https://github.com/bitmuster/somato
[INFO] finished tweaking git repo https://github.com/bitmuster/somato
[INFO] tweaked toml for git repo https://github.com/bitmuster/somato written to /workspace/builds/worker-2-tc2/source/Cargo.toml
[INFO] validating manifest of git repo https://github.com/bitmuster/somato on toolchain 1.99.0-beta.1
[INFO] running `Command { std: CARGO_HOME="/workspace/cargo-home" RUSTUP_HOME="/workspace/rustup-home" "/workspace/cargo-home/bin/cargo" "+1.99.0-beta.1" "metadata" "--manifest-path" "Cargo.toml" "--no-deps", kill_on_drop: false }`
[INFO] crate git repo https://github.com/bitmuster/somato already has a lockfile, it will not be regenerated
[INFO] running `Command { std: CARGO_HOME="/workspace/cargo-home" RUSTUP_HOME="/workspace/rustup-home" "/workspace/cargo-home/bin/cargo" "+1.99.0-beta.1" "fetch" "--manifest-path" "Cargo.toml", kill_on_drop: false }`
[INFO] running `Command { std: "docker" "create" "-v" "/var/lib/crater-agent-workspace/builds/worker-2-tc2/source:/opt/rustwide/workdir:ro,Z" "-v" "/var/lib/crater-agent-workspace/builds/worker-2-tc2/target:/opt/rustwide/target:rw,Z" "-v" "/var/lib/crater-agent-workspace/cargo-home:/opt/rustwide/cargo-home:ro,Z" "-v" "/var/lib/crater-agent-workspace/rustup-home:/opt/rustwide/rustup-home:ro,Z" "-m" "1610612736" "--network" "none" "ghcr.io/rust-lang/crates-build-env/linux@sha256:8683fc1fc2eb5c9ac98e0d076ab094b2ffac7f99da555d2b6a2e27f346de2ec7" "sleep" "infinity", kill_on_drop: false }`
[INFO] [stdout] 58805a204ebddf9e7103ffeb8f78ce584948a82fa4571da41b05a41860630798
[INFO] running `Command { std: "docker" "start" "58805a204ebddf9e7103ffeb8f78ce584948a82fa4571da41b05a41860630798", kill_on_drop: false }`
[INFO] running `Command { std: "docker" "inspect" "58805a204ebddf9e7103ffeb8f78ce584948a82fa4571da41b05a41860630798", kill_on_drop: false }`
[INFO] running `Command { std: "docker" "exec" "-e" "SOURCE_DIR=/opt/rustwide/workdir" "-e" "CARGO_HOME=/opt/rustwide/cargo-home" "-e" "RUSTUP_HOME=/opt/rustwide/rustup-home" "-e" "CARGO_TARGET_DIR=/opt/rustwide/target" "-w" "/opt/rustwide/workdir" "--user" "0:0" "58805a204ebddf9e7103ffeb8f78ce584948a82fa4571da41b05a41860630798" "/opt/rustwide/cargo-home/bin/cargo" "+1.99.0-beta.1" "metadata" "--no-deps" "--format-version=1", kill_on_drop: false }`
[INFO] running `Command { std: "docker" "inspect" "58805a204ebddf9e7103ffeb8f78ce584948a82fa4571da41b05a41860630798", kill_on_drop: false }`
[INFO] running `Command { std: "docker" "exec" "-e" "SOURCE_DIR=/opt/rustwide/workdir" "-e" "CARGO_HOME=/opt/rustwide/cargo-home" "-e" "RUSTUP_HOME=/opt/rustwide/rustup-home" "-e" "CARGO_TARGET_DIR=/opt/rustwide/target" "-e" "CARGO_INCREMENTAL=0" "-e" "RUST_BACKTRACE=full" "-e" "RUSTFLAGS=--cap-lints=warn" "-e" "RUSTDOCFLAGS=--cap-lints=warn" "-w" "/opt/rustwide/workdir" "--user" "0:0" "58805a204ebddf9e7103ffeb8f78ce584948a82fa4571da41b05a41860630798" "/opt/rustwide/cargo-home/bin/cargo" "+1.99.0-beta.1" "build" "--frozen" "--message-format=json" "--release", kill_on_drop: false }`
[INFO] [stderr]    Compiling syn v2.0.111
[INFO] [stderr]    Compiling memchr v2.7.6
[INFO] [stderr]    Compiling serde v1.0.228
[INFO] [stderr]    Compiling regex-syntax v0.8.8
[INFO] [stderr]    Compiling zlib-rs v0.5.5
[INFO] [stderr]    Compiling bumpalo v3.19.1
[INFO] [stderr]    Compiling simd-adler32 v0.3.8
[INFO] [stderr]    Compiling aho-corasick v1.1.4
[INFO] [stderr]    Compiling debug_unsafe v0.1.3
[INFO] [stderr]    Compiling anyhow v1.0.100
[INFO] [stderr]    Compiling winnow v0.7.14
[INFO] [stderr]    Compiling toml_datetime v0.7.5+spec-1.1.0
[INFO] [stderr]    Compiling serde_spanned v1.0.4
[INFO] [stderr]    Compiling codepage v0.1.2
[INFO] [stderr]    Compiling quick-xml v0.38.4
[INFO] [stderr]    Compiling atoi_simd v0.16.1
[INFO] [stderr]    Compiling fast-float2 v0.2.3
[INFO] [stderr]    Compiling toml_writer v1.0.6+spec-1.1.0
[INFO] [stderr]    Compiling enable-ansi-support v0.3.1
[INFO] [stderr]    Compiling colored v3.0.0
[INFO] [stderr]    Compiling zopfli v0.8.3
[INFO] [stderr]    Compiling toml_parser v1.0.6+spec-1.1.0
[INFO] [stderr]    Compiling regex-automata v0.4.13
[INFO] [stderr]    Compiling toml v0.9.10+spec-1.1.0
[INFO] [stderr]    Compiling libz-rs-sys v0.5.5
[INFO] [stderr]    Compiling flate2 v1.1.5
[INFO] [stderr]    Compiling zip v4.6.1
[INFO] [stderr]    Compiling serde_derive v1.0.228
[INFO] [stderr]    Compiling strum_macros v0.27.2
[INFO] [stderr]    Compiling regex v1.12.2
[INFO] [stderr]    Compiling lazy-regex-proc_macros v3.4.2
[INFO] [stderr]    Compiling strum v0.27.2
[INFO] [stderr]    Compiling lazy-regex v3.4.2
[INFO] [stderr]    Compiling chrono v0.4.42
[INFO] [stderr]    Compiling calamine v0.31.0
[INFO] [stderr]    Compiling somato v0.1.0 (/opt/rustwide/workdir)
[INFO] [stderr]     Finished `release` profile [optimized] target(s) in 46.63s
[INFO] running `Command { std: "docker" "inspect" "58805a204ebddf9e7103ffeb8f78ce584948a82fa4571da41b05a41860630798", kill_on_drop: false }`
[INFO] running `Command { std: "docker" "exec" "-e" "SOURCE_DIR=/opt/rustwide/workdir" "-e" "CARGO_HOME=/opt/rustwide/cargo-home" "-e" "RUSTUP_HOME=/opt/rustwide/rustup-home" "-e" "CARGO_TARGET_DIR=/opt/rustwide/target" "-e" "CARGO_INCREMENTAL=0" "-e" "RUST_BACKTRACE=full" "-e" "RUSTFLAGS=--cap-lints=warn" "-e" "RUSTDOCFLAGS=--cap-lints=warn" "-w" "/opt/rustwide/workdir" "--user" "0:0" "58805a204ebddf9e7103ffeb8f78ce584948a82fa4571da41b05a41860630798" "/opt/rustwide/cargo-home/bin/cargo" "+1.99.0-beta.1" "test" "--frozen" "--no-run" "--message-format=json" "--release", kill_on_drop: false }`
[INFO] [stderr]    Compiling injectorpp v0.4.0
[INFO] [stderr]    Compiling somato v0.1.0 (/opt/rustwide/workdir)
[INFO] [stderr]     Finished `release` profile [optimized] target(s) in 5.97s
[INFO] running `Command { std: "docker" "inspect" "58805a204ebddf9e7103ffeb8f78ce584948a82fa4571da41b05a41860630798", kill_on_drop: false }`
[INFO] running `Command { std: "docker" "exec" "-e" "SOURCE_DIR=/opt/rustwide/workdir" "-e" "CARGO_HOME=/opt/rustwide/cargo-home" "-e" "RUSTUP_HOME=/opt/rustwide/rustup-home" "-e" "CARGO_TARGET_DIR=/opt/rustwide/target" "-e" "CARGO_INCREMENTAL=0" "-e" "RUST_BACKTRACE=full" "-e" "RUSTFLAGS=--cap-lints=warn" "-e" "RUSTDOCFLAGS=--cap-lints=warn" "-w" "/opt/rustwide/workdir" "--user" "0:0" "58805a204ebddf9e7103ffeb8f78ce584948a82fa4571da41b05a41860630798" "/opt/rustwide/cargo-home/bin/cargo" "+1.99.0-beta.1" "test" "--frozen" "--release", kill_on_drop: false }`
[INFO] [stderr]     Finished `release` profile [optimized] target(s) in 0.09s
[INFO] [stderr]      Running unittests src/lib.rs (/opt/rustwide/target/release/deps/somato-a40ddc5dc27c8417)
[INFO] [stdout] 
[INFO] [stdout] running 40 tests
[INFO] [stdout] test joker::joker_tests::test_new_whitespaces ... ok
[INFO] [stdout] test joker::joker_tests::test_new ... ok
[INFO] [stdout] test joker::joker_tests::test_check_joker_sizes_all_set_and_fail ... ok
[INFO] [stdout] test joker::joker_tests::test_check_joker_sizes_all_set_and_fail_inactive ... ok
[INFO] [stdout] test member::member_tests::test_check_member_list_fail ... ok
[INFO] [stdout] test somato::test_somato::test_analyze_jokers ... ok
[INFO] [stdout] test joker::joker_tests::test_check_joker_names_extra_joker ... FAILED
[INFO] [stdout] test joker::joker_tests::test_new_wrong_date ... ok
[INFO] [stdout] test member::member_tests::new_big_amount_fail ... ok
[INFO] [stdout] test somato::test_somato::test_parse_date_2 ... ok
[INFO] [stdout] test member::member_tests::new_member_active_error ... ok
[INFO] [stdout] test somato::test_somato::test_somato_main_2 ... ignored
[INFO] [stdout] test somato::test_somato::test_somato_main_fake ... ignored
[INFO] [stdout] test joker::joker_tests::test_check_joker_list ... FAILED
[INFO] [stdout] test member::member_tests::new_member_aktiv ... ok
[INFO] [stdout] test tickoff::tickoff_tests::test_check_initial ... ok
[INFO] [stdout] test tickoff::tickoff_tests::test_check_tickoff_list_against_members ... ok
[INFO] [stdout] test tickoff::tickoff_tests::test_check_for_members_in_tickoff_list ... ok
[INFO] [stdout] test tickoff::tickoff_tests::test_check_tickoff_list_wrong_size ... ok
[INFO] [stdout] test member::member_tests::new_member_inaktiv ... ok
[INFO] [stdout] test member::member_tests::test_check_member_list ... ok
[INFO] [stdout] test tickoff::tickoff_tests::test_deduplicate_a ... ok
[INFO] [stdout] test tickoff::tickoff_tests::test_deduplicate_b ... ok
[INFO] [stdout] test tickoff::tickoff_tests::test_get_big_amount ... ok
[INFO] [stdout] test tickoff::tickoff_tests::test_get_small_amount ... ok
[INFO] [stdout] test member::member_tests::new_member_number ... ok
[INFO] [stdout] test tickoff::tickoff_tests::test_name_equality ... ok
[INFO] [stdout] test joker::joker_tests::test_check_joker_list_fail ... FAILED
[INFO] [stdout] test joker::joker_tests::test_check_joker_sizes_all_set ... ok
[INFO] [stdout] test member::member_tests::new_member ... ok
[INFO] [stdout] test somato::test_somato::test_somato_main ... ok
[INFO] [stdout] test member::member_tests::new_small_amount_fail ... ok
[INFO] [stdout] test member::member_tests::new_member_space ... ok
[INFO] [stdout] test somato::test_somato::test_parse_date ... ok
[INFO] [stdout] test somato::test_somato::test_parse_date_fail ... ok
[INFO] [stdout] test tickoff::tickoff_tests::test_split_name ... ok
[INFO] [stdout] test somato::test_somato::test_read_config ... ok
[INFO] [stdout] test joker::joker_tests::test_check_joker_sizes ... ok
[INFO] [stdout] test tickoff::tickoff_tests::test_new ... ok
[INFO] [stdout] test somato::test_somato::test_somato_runner ... ok
[INFO] [stdout] 
[INFO] [stdout] failures:
[INFO] [stdout] 
[INFO] [stdout] ---- joker::joker_tests::test_check_joker_names_extra_joker stdout ----
[INFO] [stdout] 
[INFO] [stdout] thread 'joker::joker_tests::test_check_joker_names_extra_joker' (1071) panicked at src/joker.rs:407:9:
[INFO] [stdout] assertion `left == right` failed
[INFO] [stdout]   left: 9
[INFO] [stdout]  right: 1
[INFO] [stdout] stack backtrace:
[INFO] [stdout]    0:     0x59d7ddf05f71 - <<std[104cf6e2632825ea]::sys::backtrace::BacktraceLock>::print::DisplayBacktrace as core[7c831bd917ebf35f]::fmt::Display>::fmt
[INFO] [stdout]    1:     0x59d7ddf1db6a - core[7c831bd917ebf35f]::fmt::write
[INFO] [stdout]    2:     0x59d7ddf0a9fc - <alloc[2fdc3f7464fcf288]::vec::Vec<u8> as core[7c831bd917ebf35f]::io::write::Write>::write_fmt
[INFO] [stdout]    3:     0x59d7ddee1a66 - std[104cf6e2632825ea]::panicking::default_hook::{closure#0}
[INFO] [stdout]    4:     0x59d7ddefe0f9 - std[104cf6e2632825ea]::panicking::default_hook
[INFO] [stdout]    5:     0x59d7dddb0b90 - test[73009c9f9aebf890]::test_main_inner::<test[73009c9f9aebf890]::test_main_static::{closure#0}>::{closure#0}
[INFO] [stdout]    6:     0x59d7ddefe2b2 - std[104cf6e2632825ea]::panicking::panic_with_hook
[INFO] [stdout]    7:     0x59d7ddee1b12 - std[104cf6e2632825ea]::panicking::panic_handler::{closure#0}
[INFO] [stdout]    8:     0x59d7dded99d9 - std[104cf6e2632825ea]::sys::backtrace::__rust_end_short_backtrace::<std[104cf6e2632825ea]::panicking::panic_handler::{closure#0}, !>
[INFO] [stdout]    9:     0x59d7ddee281d - __rustc[b0d56fa5b193ad05]::rust_begin_unwind
[INFO] [stdout]   10:     0x59d7ddf1e38c - core[7c831bd917ebf35f]::panicking::panic_fmt
[INFO] [stdout]   11:     0x59d7ddf1e2a3 - core[7c831bd917ebf35f]::panicking::assert_failed_inner
[INFO] [stdout]   12:     0x59d7dded90aa - core[7c831bd917ebf35f]::panicking::assert_failed::<u32, u32>
[INFO] [stdout]   13:     0x59d7ddd7354c - somato[4d5007d10608a109]::joker::joker_tests::test_check_joker_names_extra_joker
[INFO] [stdout]   14:     0x59d7ddd870a9 - <somato[4d5007d10608a109]::joker::joker_tests::test_check_joker_names_extra_joker::{closure#0} as core[7c831bd917ebf35f]::ops::function::FnOnce<()>>::call_once
[INFO] [stdout]   15:     0x59d7ddda3e7b - test[73009c9f9aebf890]::__rust_begin_short_backtrace::<core[7c831bd917ebf35f]::result::Result<(), alloc[2fdc3f7464fcf288]::string::String>, fn() -> core[7c831bd917ebf35f]::result::Result<(), alloc[2fdc3f7464fcf288]::string::String>>
[INFO] [stdout]   16:     0x59d7dddb14e5 - test[73009c9f9aebf890]::run_test::{closure#0}
[INFO] [stdout]   17:     0x59d7dddaa8a4 - std[104cf6e2632825ea]::sys::backtrace::__rust_begin_short_backtrace::<test[73009c9f9aebf890]::run_test::{closure#1}, ()>
[INFO] [stdout]   18:     0x59d7dddb4642 - <std[104cf6e2632825ea]::thread::lifecycle::spawn_unchecked<test[73009c9f9aebf890]::run_test::{closure#1}, ()>::{closure#1} as core[7c831bd917ebf35f]::ops::function::FnOnce<()>>::call_once::{shim:vtable#0}
[INFO] [stdout]   19:     0x59d7ddf054a9 - <std[104cf6e2632825ea]::sys::thread::unix::Thread>::new::thread_start
[INFO] [stdout]   20:     0x71a015afa07a - <unknown>
[INFO] [stdout]   21:     0x71a015b8d534 - clone
[INFO] [stdout]   22:                0x0 - <unknown>
[INFO] [stdout] 
[INFO] [stdout] ---- joker::joker_tests::test_check_joker_list stdout ----
[INFO] [stdout] Checking Joker List
[INFO] [stdout] 
[INFO] [stdout] thread 'joker::joker_tests::test_check_joker_list' (1069) panicked at src/joker.rs:370:27:
[INFO] [stdout] Fake function called more times than expected
[INFO] [stdout] stack backtrace:
[INFO] [stdout]    0:     0x59d7ddf05f71 - <<std[104cf6e2632825ea]::sys::backtrace::BacktraceLock>::print::DisplayBacktrace as core[7c831bd917ebf35f]::fmt::Display>::fmt
[INFO] [stdout]    1:     0x59d7ddf1db6a - core[7c831bd917ebf35f]::fmt::write
[INFO] [stdout]    2:     0x59d7ddf0a9fc - <alloc[2fdc3f7464fcf288]::vec::Vec<u8> as core[7c831bd917ebf35f]::io::write::Write>::write_fmt
[INFO] [stdout]    3:     0x59d7ddee1a66 - std[104cf6e2632825ea]::panicking::default_hook::{closure#0}
[INFO] [stdout]    4:     0x59d7ddefe0f9 - std[104cf6e2632825ea]::panicking::default_hook
[INFO] [stdout]    5:     0x59d7dddb0b90 - test[73009c9f9aebf890]::test_main_inner::<test[73009c9f9aebf890]::test_main_static::{closure#0}>::{closure#0}
[INFO] [stdout]    6:     0x59d7ddefe2b2 - std[104cf6e2632825ea]::panicking::panic_with_hook
[INFO] [stdout]    7:     0x59d7ddee1b44 - std[104cf6e2632825ea]::panicking::panic_handler::{closure#0}
[INFO] [stdout]    8:     0x59d7dded99d9 - std[104cf6e2632825ea]::sys::backtrace::__rust_end_short_backtrace::<std[104cf6e2632825ea]::panicking::panic_handler::{closure#0}, !>
[INFO] [stdout]    9:     0x59d7ddee281d - __rustc[b0d56fa5b193ad05]::rust_begin_unwind
[INFO] [stderr] error: test failed, to rerun pass `--lib`
[INFO] [stdout]   10:     0x59d7ddf1e38c - core[7c831bd917ebf35f]::panicking::panic_fmt
[INFO] [stdout]   11:     0x59d7ddd743fe - somato[4d5007d10608a109]::joker::joker_tests::test_check_joker_list_fail::fake
[INFO] [stdout]   12:     0x59d7ddd61195 - somato[4d5007d10608a109]::joker::check_joker_list
[INFO] [stdout]   13:     0x59d7ddd72380 - somato[4d5007d10608a109]::joker::joker_tests::test_check_joker_list
[INFO] [stdout]   14:     0x59d7ddd87029 - <somato[4d5007d10608a109]::joker::joker_tests::test_check_joker_list::{closure#0} as core[7c831bd917ebf35f]::ops::function::FnOnce<()>>::call_once
[INFO] [stdout]   15:     0x59d7ddda3e7b - test[73009c9f9aebf890]::__rust_begin_short_backtrace::<core[7c831bd917ebf35f]::result::Result<(), alloc[2fdc3f7464fcf288]::string::String>, fn() -> core[7c831bd917ebf35f]::result::Result<(), alloc[2fdc3f7464fcf288]::string::String>>
[INFO] [stdout]   16:     0x59d7dddb14e5 - test[73009c9f9aebf890]::run_test::{closure#0}
[INFO] [stdout]   17:     0x59d7dddaa8a4 - std[104cf6e2632825ea]::sys::backtrace::__rust_begin_short_backtrace::<test[73009c9f9aebf890]::run_test::{closure#1}, ()>
[INFO] [stdout]   18:     0x59d7dddb4642 - <std[104cf6e2632825ea]::thread::lifecycle::spawn_unchecked<test[73009c9f9aebf890]::run_test::{closure#1}, ()>::{closure#1} as core[7c831bd917ebf35f]::ops::function::FnOnce<()>>::call_once::{shim:vtable#0}
[INFO] [stdout]   19:     0x59d7ddf054a9 - <std[104cf6e2632825ea]::sys::thread::unix::Thread>::new::thread_start
[INFO] [stdout]   20:     0x71a015afa07a - <unknown>
[INFO] [stdout]   21:     0x71a015b8d534 - clone
[INFO] [stdout]   22:                0x0 - <unknown>
[INFO] [stdout] 
[INFO] [stdout] ---- joker::joker_tests::test_check_joker_list_fail stdout ----
[INFO] [stdout] Checking Joker List
[INFO] [stdout] 
[INFO] [stdout] thread 'joker::joker_tests::test_check_joker_list_fail' (1070) panicked at src/joker.rs:370:27:
[INFO] [stdout] Fake function called more times than expected
[INFO] [stdout] stack backtrace:
[INFO] [stdout]    0:     0x59d7ddf05f71 - <<std[104cf6e2632825ea]::sys::backtrace::BacktraceLock>::print::DisplayBacktrace as core[7c831bd917ebf35f]::fmt::Display>::fmt
[INFO] [stdout]    1:     0x59d7ddf1db6a - core[7c831bd917ebf35f]::fmt::write
[INFO] [stdout]    2:     0x59d7ddf0a9fc - <alloc[2fdc3f7464fcf288]::vec::Vec<u8> as core[7c831bd917ebf35f]::io::write::Write>::write_fmt
[INFO] [stdout]    3:     0x59d7ddee1a66 - std[104cf6e2632825ea]::panicking::default_hook::{closure#0}
[INFO] [stdout]    4:     0x59d7ddefe0f9 - std[104cf6e2632825ea]::panicking::default_hook
[INFO] [stdout]    5:     0x59d7dddb0b90 - test[73009c9f9aebf890]::test_main_inner::<test[73009c9f9aebf890]::test_main_static::{closure#0}>::{closure#0}
[INFO] [stdout]    6:     0x59d7ddefe2b2 - std[104cf6e2632825ea]::panicking::panic_with_hook
[INFO] [stdout]    7:     0x59d7ddee1b44 - std[104cf6e2632825ea]::panicking::panic_handler::{closure#0}
[INFO] [stdout]    8:     0x59d7dded99d9 - std[104cf6e2632825ea]::sys::backtrace::__rust_end_short_backtrace::<std[104cf6e2632825ea]::panicking::panic_handler::{closure#0}, !>
[INFO] [stdout]    9:     0x59d7ddee281d - __rustc[b0d56fa5b193ad05]::rust_begin_unwind
[INFO] [stdout]   10:     0x59d7ddf1e38c - core[7c831bd917ebf35f]::panicking::panic_fmt
[INFO] [stdout]   11:     0x59d7ddd743fe - somato[4d5007d10608a109]::joker::joker_tests::test_check_joker_list_fail::fake
[INFO] [stdout]   12:     0x59d7ddd61195 - somato[4d5007d10608a109]::joker::check_joker_list
[INFO] [stdout]   13:     0x59d7ddd72ab8 - somato[4d5007d10608a109]::joker::joker_tests::test_check_joker_list_fail
[INFO] [stdout]   14:     0x59d7ddd87069 - <somato[4d5007d10608a109]::joker::joker_tests::test_check_joker_list_fail::{closure#0} as core[7c831bd917ebf35f]::ops::function::FnOnce<()>>::call_once
[INFO] [stdout]   15:     0x59d7ddda3e7b - test[73009c9f9aebf890]::__rust_begin_short_backtrace::<core[7c831bd917ebf35f]::result::Result<(), alloc[2fdc3f7464fcf288]::string::String>, fn() -> core[7c831bd917ebf35f]::result::Result<(), alloc[2fdc3f7464fcf288]::string::String>>
[INFO] [stdout]   16:     0x59d7dddb14e5 - test[73009c9f9aebf890]::run_test::{closure#0}
[INFO] [stdout]   17:     0x59d7dddaa8a4 - std[104cf6e2632825ea]::sys::backtrace::__rust_begin_short_backtrace::<test[73009c9f9aebf890]::run_test::{closure#1}, ()>
[INFO] [stdout]   18:     0x59d7dddb4642 - <std[104cf6e2632825ea]::thread::lifecycle::spawn_unchecked<test[73009c9f9aebf890]::run_test::{closure#1}, ()>::{closure#1} as core[7c831bd917ebf35f]::ops::function::FnOnce<()>>::call_once::{shim:vtable#0}
[INFO] [stdout]   19:     0x59d7ddf054a9 - <std[104cf6e2632825ea]::sys::thread::unix::Thread>::new::thread_start
[INFO] [stdout]   20:     0x71a015afa07a - <unknown>
[INFO] [stdout]   21:     0x71a015b8d534 - clone
[INFO] [stdout]   22:                0x0 - <unknown>
[INFO] [stdout] 
[INFO] [stdout] 
[INFO] [stdout] failures:
[INFO] [stdout]     joker::joker_tests::test_check_joker_list
[INFO] [stdout]     joker::joker_tests::test_check_joker_list_fail
[INFO] [stdout]     joker::joker_tests::test_check_joker_names_extra_joker
[INFO] [stdout] 
[INFO] [stdout] test result: FAILED. 35 passed; 3 failed; 2 ignored; 0 measured; 0 filtered out; finished in 0.04s
[INFO] [stdout] 
[INFO] running `Command { std: "docker" "inspect" "58805a204ebddf9e7103ffeb8f78ce584948a82fa4571da41b05a41860630798", kill_on_drop: false }`
[INFO] running `Command { std: "docker" "rm" "-f" "58805a204ebddf9e7103ffeb8f78ce584948a82fa4571da41b05a41860630798", kill_on_drop: false }`
[INFO] [stdout] 58805a204ebddf9e7103ffeb8f78ce584948a82fa4571da41b05a41860630798
