[INFO] cloning repository https://github.com/aimuhammadabuzarqureshi-cloud/NullPath
[INFO] running `Command { std: "git" "-c" "credential.helper=" "-c" "credential.helper=/workspace/cargo-home/bin/git-credential-null" "clone" "--bare" "https://github.com/aimuhammadabuzarqureshi-cloud/NullPath" "/workspace/cache/git-repos/https%3A%2F%2Fgithub.com%2Faimuhammadabuzarqureshi-cloud%2FNullPath", kill_on_drop: false }`
[INFO] [stderr] Cloning into bare repository '/workspace/cache/git-repos/https%3A%2F%2Fgithub.com%2Faimuhammadabuzarqureshi-cloud%2FNullPath'...
[INFO] running `Command { std: "git" "rev-parse" "HEAD", kill_on_drop: false }`
[INFO] [stdout] a4b6232452befe4ff595ba2ebebfb96f503c0c78
[INFO] testing aimuhammadabuzarqureshi-cloud/NullPath against 1.99.0-beta.1+cargoflags=--release for beta-release-1.99-2
[INFO] running `Command { std: "git" "clone" "/workspace/cache/git-repos/https%3A%2F%2Fgithub.com%2Faimuhammadabuzarqureshi-cloud%2FNullPath" "/workspace/builds/worker-6-tc2/source", kill_on_drop: false }`
[INFO] [stderr] Cloning into '/workspace/builds/worker-6-tc2/source'...
[INFO] [stderr] done.
[INFO] started tweaking git repo https://github.com/aimuhammadabuzarqureshi-cloud/NullPath
[INFO] finished tweaking git repo https://github.com/aimuhammadabuzarqureshi-cloud/NullPath
[INFO] tweaked toml for git repo https://github.com/aimuhammadabuzarqureshi-cloud/NullPath written to /workspace/builds/worker-6-tc2/source/Cargo.toml
[INFO] validating manifest of git repo https://github.com/aimuhammadabuzarqureshi-cloud/NullPath on toolchain 1.99.0-beta.1
[INFO] running `Command { std: CARGO_HOME="/workspace/cargo-home" RUSTUP_HOME="/workspace/rustup-home" "/workspace/cargo-home/bin/cargo" "+1.99.0-beta.1" "metadata" "--manifest-path" "Cargo.toml" "--no-deps", kill_on_drop: false }`
[INFO] crate git repo https://github.com/aimuhammadabuzarqureshi-cloud/NullPath already has a lockfile, it will not be regenerated
[INFO] running `Command { std: CARGO_HOME="/workspace/cargo-home" RUSTUP_HOME="/workspace/rustup-home" "/workspace/cargo-home/bin/cargo" "+1.99.0-beta.1" "fetch" "--manifest-path" "Cargo.toml", kill_on_drop: false }`
[INFO] running `Command { std: "docker" "create" "-v" "/var/lib/crater-agent-workspace/builds/worker-6-tc2/source:/opt/rustwide/workdir:ro,Z" "-v" "/var/lib/crater-agent-workspace/builds/worker-6-tc2/target:/opt/rustwide/target:rw,Z" "-v" "/var/lib/crater-agent-workspace/cargo-home:/opt/rustwide/cargo-home:ro,Z" "-v" "/var/lib/crater-agent-workspace/rustup-home:/opt/rustwide/rustup-home:ro,Z" "-m" "1610612736" "--network" "none" "ghcr.io/rust-lang/crates-build-env/linux@sha256:8683fc1fc2eb5c9ac98e0d076ab094b2ffac7f99da555d2b6a2e27f346de2ec7" "sleep" "infinity", kill_on_drop: false }`
[INFO] [stdout] 9486fe6487d1f0094dd15151fdd58afb67f7585312d500689fefec4615736290
[INFO] running `Command { std: "docker" "start" "9486fe6487d1f0094dd15151fdd58afb67f7585312d500689fefec4615736290", kill_on_drop: false }`
[INFO] running `Command { std: "docker" "inspect" "9486fe6487d1f0094dd15151fdd58afb67f7585312d500689fefec4615736290", kill_on_drop: false }`
[INFO] running `Command { std: "docker" "exec" "-e" "SOURCE_DIR=/opt/rustwide/workdir" "-e" "CARGO_HOME=/opt/rustwide/cargo-home" "-e" "RUSTUP_HOME=/opt/rustwide/rustup-home" "-e" "CARGO_TARGET_DIR=/opt/rustwide/target" "-w" "/opt/rustwide/workdir" "--user" "0:0" "9486fe6487d1f0094dd15151fdd58afb67f7585312d500689fefec4615736290" "/opt/rustwide/cargo-home/bin/cargo" "+1.99.0-beta.1" "metadata" "--no-deps" "--format-version=1", kill_on_drop: false }`
[INFO] running `Command { std: "docker" "inspect" "9486fe6487d1f0094dd15151fdd58afb67f7585312d500689fefec4615736290", kill_on_drop: false }`
[INFO] running `Command { std: "docker" "exec" "-e" "SOURCE_DIR=/opt/rustwide/workdir" "-e" "CARGO_HOME=/opt/rustwide/cargo-home" "-e" "RUSTUP_HOME=/opt/rustwide/rustup-home" "-e" "CARGO_TARGET_DIR=/opt/rustwide/target" "-e" "CARGO_INCREMENTAL=0" "-e" "RUST_BACKTRACE=full" "-e" "RUSTFLAGS=--cap-lints=warn" "-e" "RUSTDOCFLAGS=--cap-lints=warn" "-w" "/opt/rustwide/workdir" "--user" "0:0" "9486fe6487d1f0094dd15151fdd58afb67f7585312d500689fefec4615736290" "/opt/rustwide/cargo-home/bin/cargo" "+1.99.0-beta.1" "build" "--frozen" "--message-format=json" "--release", kill_on_drop: false }`
[INFO] [stderr]    Compiling version_check v0.9.5
[INFO] [stderr]    Compiling libc v0.2.189
[INFO] [stderr]    Compiling typenum v1.20.1
[INFO] [stderr]    Compiling cfg-if v1.0.4
[INFO] [stderr]    Compiling proc-macro2 v1.0.107
[INFO] [stderr]    Compiling quote v1.0.47
[INFO] [stderr]    Compiling unicode-ident v1.0.24
[INFO] [stderr]    Compiling subtle v2.6.1
[INFO] [stderr]    Compiling cpufeatures v0.2.17
[INFO] [stderr]    Compiling semver v1.0.28
[INFO] [stderr]    Compiling signature v2.2.0
[INFO] [stderr]    Compiling opaque-debug v0.3.1
[INFO] [stderr]    Compiling ed25519 v2.2.3
[INFO] [stderr]    Compiling generic-array v0.14.7
[INFO] [stderr]    Compiling rustc_version v0.4.1
[INFO] [stderr]    Compiling curve25519-dalek v4.1.3
[INFO] [stderr]    Compiling syn v2.0.119
[INFO] [stderr]    Compiling block-buffer v0.10.4
[INFO] [stderr]    Compiling inout v0.1.4
[INFO] [stderr]    Compiling getrandom v0.2.17
[INFO] [stderr]    Compiling rand_core v0.6.4
[INFO] [stderr]    Compiling crypto-common v0.1.7
[INFO] [stderr]    Compiling digest v0.10.7
[INFO] [stderr]    Compiling universal-hash v0.5.1
[INFO] [stderr]    Compiling aead v0.5.2
[INFO] [stderr]    Compiling poly1305 v0.8.0
[INFO] [stderr]    Compiling hmac v0.12.1
[INFO] [stderr]    Compiling sha2 v0.10.9
[INFO] [stderr]    Compiling hkdf v0.12.4
[INFO] [stderr]    Compiling zeroize_derive v1.5.0
[INFO] [stderr]    Compiling curve25519-dalek-derive v0.1.1
[INFO] [stderr]    Compiling zeroize v1.9.0
[INFO] [stderr]    Compiling cipher v0.4.4
[INFO] [stderr]    Compiling chacha20 v0.9.1
[INFO] [stderr]    Compiling chacha20poly1305 v0.10.1
[INFO] [stderr]    Compiling ed25519-dalek v2.2.0
[INFO] [stderr]    Compiling x25519-dalek v2.0.1
[INFO] [stderr]    Compiling decoypath v0.1.0 (/opt/rustwide/workdir)
[INFO] [stderr]     Finished `release` profile [optimized] target(s) in 22.75s
[INFO] running `Command { std: "docker" "inspect" "9486fe6487d1f0094dd15151fdd58afb67f7585312d500689fefec4615736290", kill_on_drop: false }`
[INFO] running `Command { std: "docker" "exec" "-e" "SOURCE_DIR=/opt/rustwide/workdir" "-e" "CARGO_HOME=/opt/rustwide/cargo-home" "-e" "RUSTUP_HOME=/opt/rustwide/rustup-home" "-e" "CARGO_TARGET_DIR=/opt/rustwide/target" "-e" "CARGO_INCREMENTAL=0" "-e" "RUST_BACKTRACE=full" "-e" "RUSTFLAGS=--cap-lints=warn" "-e" "RUSTDOCFLAGS=--cap-lints=warn" "-w" "/opt/rustwide/workdir" "--user" "0:0" "9486fe6487d1f0094dd15151fdd58afb67f7585312d500689fefec4615736290" "/opt/rustwide/cargo-home/bin/cargo" "+1.99.0-beta.1" "test" "--frozen" "--no-run" "--message-format=json" "--release", kill_on_drop: false }`
[INFO] [stderr]    Compiling serde_core v1.0.229
[INFO] [stderr]    Compiling zmij v1.0.23
[INFO] [stderr]    Compiling target-triple v1.0.1
[INFO] [stderr]    Compiling winnow v1.0.4
[INFO] [stderr]    Compiling serde_json v1.0.151
[INFO] [stderr]    Compiling serde v1.0.229
[INFO] [stderr]    Compiling syn v3.0.3
[INFO] [stderr]    Compiling toml_writer v1.1.2+spec-1.1.0
[INFO] [stderr]    Compiling itoa v1.0.18
[INFO] [stderr]    Compiling memchr v2.8.3
[INFO] [stderr]    Compiling termcolor v1.4.1
[INFO] [stderr]    Compiling glob v0.3.4
[INFO] [stderr]    Compiling toml_parser v1.1.3+spec-1.1.0
[INFO] [stderr]    Compiling serde_derive v1.0.229
[INFO] [stderr]    Compiling serde_spanned v1.1.1
[INFO] [stderr]    Compiling toml_datetime v1.1.1+spec-1.1.0
[INFO] [stderr]    Compiling toml v1.1.4+spec-1.1.0
[INFO] [stderr]    Compiling trybuild v1.0.120
[INFO] [stderr]    Compiling decoypath v0.1.0 (/opt/rustwide/workdir)
[INFO] [stderr]     Finished `release` profile [optimized] target(s) in 42.33s
[INFO] running `Command { std: "docker" "inspect" "9486fe6487d1f0094dd15151fdd58afb67f7585312d500689fefec4615736290", kill_on_drop: false }`
[INFO] running `Command { std: "docker" "exec" "-e" "SOURCE_DIR=/opt/rustwide/workdir" "-e" "CARGO_HOME=/opt/rustwide/cargo-home" "-e" "RUSTUP_HOME=/opt/rustwide/rustup-home" "-e" "CARGO_TARGET_DIR=/opt/rustwide/target" "-e" "CARGO_INCREMENTAL=0" "-e" "RUST_BACKTRACE=full" "-e" "RUSTFLAGS=--cap-lints=warn" "-e" "RUSTDOCFLAGS=--cap-lints=warn" "-w" "/opt/rustwide/workdir" "--user" "0:0" "9486fe6487d1f0094dd15151fdd58afb67f7585312d500689fefec4615736290" "/opt/rustwide/cargo-home/bin/cargo" "+1.99.0-beta.1" "test" "--frozen" "--release", kill_on_drop: false }`
[INFO] [stderr]     Finished `release` profile [optimized] target(s) in 0.13s
[INFO] [stderr]      Running unittests src/lib.rs (/opt/rustwide/target/release/deps/decoypath-ca657168bb337280)
[INFO] [stdout] 
[INFO] [stdout] running 0 tests
[INFO] [stdout] 
[INFO] [stdout] test result: ok. 0 passed; 0 failed; 0 ignored; 0 measured; 0 filtered out; finished in 0.00s
[INFO] [stdout] 
[INFO] [stderr]      Running tests/compile_tests.rs (/opt/rustwide/target/release/deps/compile_tests-6b785020f5911a74)
[INFO] [stdout] 
[INFO] [stdout] running 1 test
[INFO] [stderr]    Compiling version_check v0.9.5
[INFO] [stderr]    Compiling libc v0.2.189
[INFO] [stderr]     Checking typenum v1.20.1
[INFO] [stderr]     Checking cfg-if v1.0.4
[INFO] [stderr]    Compiling proc-macro2 v1.0.107
[INFO] [stderr]    Compiling quote v1.0.47
[INFO] [stderr]    Compiling unicode-ident v1.0.24
[INFO] [stderr]     Checking subtle v2.6.1
[INFO] [stderr]     Checking cpufeatures v0.2.17
[INFO] [stderr]    Compiling semver v1.0.28
[INFO] [stderr]     Checking opaque-debug v0.3.1
[INFO] [stderr]     Checking signature v2.2.0
[INFO] [stderr]     Checking ed25519 v2.2.3
[INFO] [stderr]    Compiling rustc_version v0.4.1
[INFO] [stderr]    Compiling generic-array v0.14.7
[INFO] [stderr]    Compiling curve25519-dalek v4.1.3
[INFO] [stderr]    Compiling syn v2.0.119
[INFO] [stderr]     Checking block-buffer v0.10.4
[INFO] [stderr]     Checking inout v0.1.4
[INFO] [stderr]     Checking getrandom v0.2.17
[INFO] [stderr]     Checking rand_core v0.6.4
[INFO] [stderr]     Checking crypto-common v0.1.7
[INFO] [stderr]     Checking digest v0.10.7
[INFO] [stderr]     Checking universal-hash v0.5.1
[INFO] [stderr]     Checking aead v0.5.2
[INFO] [stderr]     Checking poly1305 v0.8.0
[INFO] [stderr]     Checking sha2 v0.10.9
[INFO] [stderr]     Checking hmac v0.12.1
[INFO] [stderr]     Checking hkdf v0.12.4
[INFO] [stderr]    Compiling zeroize_derive v1.5.0
[INFO] [stderr]    Compiling curve25519-dalek-derive v0.1.1
[INFO] [stderr]     Checking zeroize v1.9.0
[INFO] [stderr]     Checking cipher v0.4.4
[INFO] [stderr]     Checking chacha20 v0.9.1
[INFO] [stderr]     Checking chacha20poly1305 v0.10.1
[INFO] [stderr]     Checking ed25519-dalek v2.2.0
[INFO] [stderr]     Checking x25519-dalek v2.0.1
[INFO] [stderr]     Checking decoypath v0.1.0 (/opt/rustwide/workdir)
[INFO] [stderr]     Checking decoypath-tests v0.0.0 (/opt/rustwide/target/tests/trybuild/decoypath)
[INFO] [stderr]     Finished `dev` profile [unoptimized + debuginfo] target(s) in 16.84s
[INFO] [stderr] 
[INFO] [stderr] 
[INFO] [stderr] test tests/compile_tests/ephemeral_key_reuse.rs ... mismatch
[INFO] [stderr] 
[INFO] [stderr] EXPECTED:
[INFO] [stderr] ┈┈┈┈┈┈┈┈┈┈┈┈┈┈┈┈┈┈┈┈┈┈┈┈┈┈┈┈┈┈┈┈┈┈┈┈┈┈┈┈┈┈┈┈┈┈┈┈┈┈┈┈┈┈┈┈┈┈┈┈
[INFO] [stderr] error[E0382]: use of moved value: `keypair`
[INFO] [stderr]  --> tests/compile_tests/ephemeral_key_reuse.rs:8:16
[INFO] [stderr]   |
[INFO] [stderr] 5 |     let keypair = EphemeralKeyPair::generate();
[INFO] [stderr]   |         ------- move occurs because `keypair` has type `EphemeralKeyPair`, which does not implement the `Copy` trait
[INFO] [stderr] 6 |     let peer_pub = X25519PublicKey::from([0u8; 32]);
[INFO] [stderr] 7 |     let _dh1 = keypair.diffie_hellman(&peer_pub);
[INFO] [stderr]   |                        ------------------------- `keypair` moved due to this method call
[INFO] [stderr] 8 |     let _dh2 = keypair.diffie_hellman(&peer_pub);
[INFO] [stderr]   |                ^^^^^^^ value used here after move
[INFO] [stderr]   |
[INFO] [stderr] note: `EphemeralKeyPair::diffie_hellman` takes ownership of the receiver `self`, which moves `keypair`
[INFO] [stderr]  --> src/crypto.rs
[INFO] [stderr]   |
[INFO] [stderr]   |     pub fn diffie_hellman(self, peer_public: &X25519PublicKey) -> RawDhSecret {
[INFO] [stderr]   |                           ^^^^
[INFO] [stderr] ┈┈┈┈┈┈┈┈┈┈┈┈┈┈┈┈┈┈┈┈┈┈┈┈┈┈┈┈┈┈┈┈┈┈┈┈┈┈┈┈┈┈┈┈┈┈┈┈┈┈┈┈┈┈┈┈┈┈┈┈
[INFO] [stderr] 
[INFO] [stderr] ACTUAL OUTPUT:
[INFO] [stderr] ┈┈┈┈┈┈┈┈┈┈┈┈┈┈┈┈┈┈┈┈┈┈┈┈┈┈┈┈┈┈┈┈┈┈┈┈┈┈┈┈┈┈┈┈┈┈┈┈┈┈┈┈┈┈┈┈┈┈┈┈
[INFO] [stderr] error[E0382]: use of moved value: `keypair`
[INFO] [stderr]  --> tests/compile_tests/ephemeral_key_reuse.rs:8:16
[INFO] [stderr]   |
[INFO] [stderr] 5 |     let keypair = EphemeralKeyPair::generate();
[INFO] [stderr]   |         ------- move occurs because `keypair` has type `EphemeralKeyPair`, which does not implement the `Copy` trait
[INFO] [stderr] 6 |     let peer_pub = X25519PublicKey::from([0u8; 32]);
[INFO] [stderr] 7 |     let _dh1 = keypair.diffie_hellman(&peer_pub);
[INFO] [stderr]   |                        ------------------------- `keypair` moved due to this method call
[INFO] [stderr] 8 |     let _dh2 = keypair.diffie_hellman(&peer_pub);
[INFO] [stderr]   |                ^^^^^^^ value used here after move
[INFO] [stderr]   |
[INFO] [stderr] note: `decoypath::crypto::EphemeralKeyPair::diffie_hellman` takes ownership of the receiver `self`, which moves `keypair`
[INFO] [stderr]  --> src/crypto.rs
[INFO] [stderr]   |
[INFO] [stderr]   |     pub fn diffie_hellman(self, peer_public: &X25519PublicKey) -> RawDhSecret {
[INFO] [stderr]   |                           ^^^^
[INFO] [stderr] ┈┈┈┈┈┈┈┈┈┈┈┈┈┈┈┈┈┈┈┈┈┈┈┈┈┈┈┈┈┈┈┈┈┈┈┈┈┈┈┈┈┈┈┈┈┈┈┈┈┈┈┈┈┈┈┈┈┈┈┈
[INFO] [stderr] note: If the actual output is the correct output you can bless it by rerunning
[INFO] [stderr]       your test with the environment variable TRYBUILD=overwrite
[INFO] [stderr] 
[INFO] [stderr] 
[INFO] [stderr] 
[INFO] [stdout] test test_ephemeral_key_reuse_compile_fail ... FAILED
[INFO] [stdout] 
[INFO] [stdout] failures:
[INFO] [stdout] 
[INFO] [stdout] ---- test_ephemeral_key_reuse_compile_fail stdout ----
[INFO] [stdout] 
[INFO] [stdout] thread 'test_ephemeral_key_reuse_compile_fail' (1216) panicked at /opt/rustwide/cargo-home/registry/src/index.crates.io-1949cf8c6b5b557f/trybuild-1.0.120/src/run.rs:103:13:
[INFO] [stdout] 1 of 1 tests failed
[INFO] [stdout] stack backtrace:
[INFO] [stdout]    0:     0x56f59e002d61 - <<std[104cf6e2632825ea]::sys::backtrace::BacktraceLock>::print::DisplayBacktrace as core[7c831bd917ebf35f]::fmt::Display>::fmt
[INFO] [stdout]    1:     0x56f59e0193ea - core[7c831bd917ebf35f]::fmt::write
[INFO] [stdout]    2:     0x56f59e00782c - <alloc[2fdc3f7464fcf288]::vec::Vec<u8> as core[7c831bd917ebf35f]::io::write::Write>::write_fmt
[INFO] [stdout]    3:     0x56f59dfdc236 - std[104cf6e2632825ea]::panicking::default_hook::{closure#0}
[INFO] [stdout]    4:     0x56f59dffa389 - std[104cf6e2632825ea]::panicking::default_hook
[INFO] [stdout]    5:     0x56f59df93690 - test[73009c9f9aebf890]::test_main_inner::<test[73009c9f9aebf890]::test_main_static::{closure#0}>::{closure#0}
[INFO] [stdout]    6:     0x56f59dffa542 - std[104cf6e2632825ea]::panicking::panic_with_hook
[INFO] [stdout]    7:     0x56f59dfdc2e2 - std[104cf6e2632825ea]::panicking::panic_handler::{closure#0}
[INFO] [stdout]    8:     0x56f59dfd4409 - std[104cf6e2632825ea]::sys::backtrace::__rust_end_short_backtrace::<std[104cf6e2632825ea]::panicking::panic_handler::{closure#0}, !>
[INFO] [stdout]    9:     0x56f59dfdcedd - __rustc[b0d56fa5b193ad05]::rust_begin_unwind
[INFO] [stdout]   10:     0x56f59e019b5c - core[7c831bd917ebf35f]::panicking::panic_fmt
[INFO] [stdout]   11:     0x56f59dee7ec8 - <trybuild[ed0f2ca58875ddb6]::Runner>::run
[INFO] [stdout]   12:     0x56f59deeb2b0 - <trybuild[ed0f2ca58875ddb6]::TestCases as core[7c831bd917ebf35f]::ops::drop::Drop>::drop
[INFO] [stdout]   13:     0x56f59dee1788 - compile_tests[d0b204973cfeb542]::test_ephemeral_key_reuse_compile_fail
[INFO] [stdout]   14:     0x56f59dee1989 - <compile_tests[d0b204973cfeb542]::test_ephemeral_key_reuse_compile_fail::{closure#0} as core[7c831bd917ebf35f]::ops::function::FnOnce<()>>::call_once
[INFO] [stdout]   15:     0x56f59df8697b - test[73009c9f9aebf890]::__rust_begin_short_backtrace::<core[7c831bd917ebf35f]::result::Result<(), alloc[2fdc3f7464fcf288]::string::String>, fn() -> core[7c831bd917ebf35f]::result::Result<(), alloc[2fdc3f7464fcf288]::string::String>>
[INFO] [stdout]   16:     0x56f59df93fe5 - test[73009c9f9aebf890]::run_test::{closure#0}
[INFO] [stdout]   17:     0x56f59df8d3a4 - std[104cf6e2632825ea]::sys::backtrace::__rust_begin_short_backtrace::<test[73009c9f9aebf890]::run_test::{closure#1}, ()>
[INFO] [stdout]   18:     0x56f59df97142 - <std[104cf6e2632825ea]::thread::lifecycle::spawn_unchecked<test[73009c9f9aebf890]::run_test::{closure#1}, ()>::{closure#1} as core[7c831bd917ebf35f]::ops::function::FnOnce<()>>::call_once::{shim:vtable#0}
[INFO] [stdout]   19:     0x56f59e002019 - <std[104cf6e2632825ea]::sys::thread::unix::Thread>::new::thread_start
[INFO] [stdout]   20:     0x75c3aa72d07a - <unknown>
[INFO] [stdout]   21:     0x75c3aa7c0534 - clone
[INFO] [stdout]   22:                0x0 - <unknown>
[INFO] [stdout] 
[INFO] [stdout] 
[INFO] [stdout] failures:
[INFO] [stdout]     test_ephemeral_key_reuse_compile_fail
[INFO] [stdout] 
[INFO] [stdout] test result: FAILED. 0 passed; 1 failed; 0 ignored; 0 measured; 0 filtered out; finished in 22.38s
[INFO] [stdout] 
[INFO] [stderr] error: test failed, to rerun pass `--test compile_tests`
[INFO] running `Command { std: "docker" "inspect" "9486fe6487d1f0094dd15151fdd58afb67f7585312d500689fefec4615736290", kill_on_drop: false }`
[INFO] running `Command { std: "docker" "rm" "-f" "9486fe6487d1f0094dd15151fdd58afb67f7585312d500689fefec4615736290", kill_on_drop: false }`
[INFO] [stdout] 9486fe6487d1f0094dd15151fdd58afb67f7585312d500689fefec4615736290
