[INFO] cloning repository https://github.com/Zokol/HFExport
[INFO] running `Command { std: "git" "-c" "credential.helper=" "-c" "credential.helper=/workspace/cargo-home/bin/git-credential-null" "clone" "--bare" "https://github.com/Zokol/HFExport" "/workspace/cache/git-repos/https%3A%2F%2Fgithub.com%2FZokol%2FHFExport", kill_on_drop: false }`
[INFO] [stderr] Cloning into bare repository '/workspace/cache/git-repos/https%3A%2F%2Fgithub.com%2FZokol%2FHFExport'...
[INFO] running `Command { std: "git" "rev-parse" "HEAD", kill_on_drop: false }`
[INFO] [stdout] 1d6eb5b6f9ea041eac25d68cf09471da95f7c26d
[INFO] testing Zokol/HFExport against 1.99.0-beta.1+cargoflags=--release for beta-release-1.99-2
[INFO] running `Command { std: "git" "clone" "/workspace/cache/git-repos/https%3A%2F%2Fgithub.com%2FZokol%2FHFExport" "/workspace/builds/worker-5-tc2/source", kill_on_drop: false }`
[INFO] [stderr] Cloning into '/workspace/builds/worker-5-tc2/source'...
[INFO] [stderr] done.
[INFO] started tweaking git repo https://github.com/Zokol/HFExport
[INFO] finished tweaking git repo https://github.com/Zokol/HFExport
[INFO] tweaked toml for git repo https://github.com/Zokol/HFExport written to /workspace/builds/worker-5-tc2/source/Cargo.toml
[INFO] validating manifest of git repo https://github.com/Zokol/HFExport on toolchain 1.99.0-beta.1
[INFO] running `Command { std: CARGO_HOME="/workspace/cargo-home" RUSTUP_HOME="/workspace/rustup-home" "/workspace/cargo-home/bin/cargo" "+1.99.0-beta.1" "metadata" "--manifest-path" "Cargo.toml" "--no-deps", kill_on_drop: false }`
[INFO] crate git repo https://github.com/Zokol/HFExport already has a lockfile, it will not be regenerated
[INFO] running `Command { std: CARGO_HOME="/workspace/cargo-home" RUSTUP_HOME="/workspace/rustup-home" "/workspace/cargo-home/bin/cargo" "+1.99.0-beta.1" "fetch" "--manifest-path" "Cargo.toml", kill_on_drop: false }`
[INFO] running `Command { std: "docker" "create" "-v" "/var/lib/crater-agent-workspace/builds/worker-5-tc2/source:/opt/rustwide/workdir:ro,Z" "-v" "/var/lib/crater-agent-workspace/builds/worker-5-tc2/target:/opt/rustwide/target:rw,Z" "-v" "/var/lib/crater-agent-workspace/cargo-home:/opt/rustwide/cargo-home:ro,Z" "-v" "/var/lib/crater-agent-workspace/rustup-home:/opt/rustwide/rustup-home:ro,Z" "-m" "1610612736" "--network" "none" "ghcr.io/rust-lang/crates-build-env/linux@sha256:8683fc1fc2eb5c9ac98e0d076ab094b2ffac7f99da555d2b6a2e27f346de2ec7" "sleep" "infinity", kill_on_drop: false }`
[INFO] [stdout] ea33e165d19dac80012e8488c84e6658d7debc2737bc9a37c8e9af3bb86e6ba9
[INFO] running `Command { std: "docker" "start" "ea33e165d19dac80012e8488c84e6658d7debc2737bc9a37c8e9af3bb86e6ba9", kill_on_drop: false }`
[INFO] running `Command { std: "docker" "inspect" "ea33e165d19dac80012e8488c84e6658d7debc2737bc9a37c8e9af3bb86e6ba9", kill_on_drop: false }`
[INFO] running `Command { std: "docker" "exec" "-e" "SOURCE_DIR=/opt/rustwide/workdir" "-e" "CARGO_HOME=/opt/rustwide/cargo-home" "-e" "RUSTUP_HOME=/opt/rustwide/rustup-home" "-e" "CARGO_TARGET_DIR=/opt/rustwide/target" "-w" "/opt/rustwide/workdir" "--user" "0:0" "ea33e165d19dac80012e8488c84e6658d7debc2737bc9a37c8e9af3bb86e6ba9" "/opt/rustwide/cargo-home/bin/cargo" "+1.99.0-beta.1" "metadata" "--no-deps" "--format-version=1", kill_on_drop: false }`
[INFO] running `Command { std: "docker" "inspect" "ea33e165d19dac80012e8488c84e6658d7debc2737bc9a37c8e9af3bb86e6ba9", kill_on_drop: false }`
[INFO] running `Command { std: "docker" "exec" "-e" "SOURCE_DIR=/opt/rustwide/workdir" "-e" "CARGO_HOME=/opt/rustwide/cargo-home" "-e" "RUSTUP_HOME=/opt/rustwide/rustup-home" "-e" "CARGO_TARGET_DIR=/opt/rustwide/target" "-e" "CARGO_INCREMENTAL=0" "-e" "RUST_BACKTRACE=full" "-e" "RUSTFLAGS=--cap-lints=warn" "-e" "RUSTDOCFLAGS=--cap-lints=warn" "-w" "/opt/rustwide/workdir" "--user" "0:0" "ea33e165d19dac80012e8488c84e6658d7debc2737bc9a37c8e9af3bb86e6ba9" "/opt/rustwide/cargo-home/bin/cargo" "+1.99.0-beta.1" "build" "--frozen" "--message-format=json" "--release", kill_on_drop: false }`
[INFO] [stderr]    Compiling proc-macro2 v1.0.106
[INFO] [stderr]    Compiling unicode-ident v1.0.24
[INFO] [stderr]    Compiling quote v1.0.44
[INFO] [stderr]    Compiling libc v0.2.182
[INFO] [stderr]    Compiling cfg-if v1.0.4
[INFO] [stderr]    Compiling shlex v1.3.0
[INFO] [stderr]    Compiling find-msvc-tools v0.1.9
[INFO] [stderr]    Compiling smallvec v1.15.1
[INFO] [stderr]    Compiling once_cell v1.21.3
[INFO] [stderr]    Compiling bytes v1.11.1
[INFO] [stderr]    Compiling pin-project-lite v0.2.16
[INFO] [stderr]    Compiling parking_lot_core v0.9.12
[INFO] [stderr]    Compiling stable_deref_trait v1.2.1
[INFO] [stderr]    Compiling futures-core v0.3.32
[INFO] [stderr]    Compiling itoa v1.0.17
[INFO] [stderr]    Compiling lock_api v0.4.14
[INFO] [stderr]    Compiling vcpkg v0.2.15
[INFO] [stderr]    Compiling pkg-config v0.3.32
[INFO] [stderr]    Compiling slab v0.4.12
[INFO] [stderr]    Compiling writeable v0.6.2
[INFO] [stderr]    Compiling litemap v0.8.1
[INFO] [stderr]    Compiling httparse v1.10.1
[INFO] [stderr]    Compiling icu_properties_data v2.1.2
[INFO] [stderr]    Compiling futures-task v0.3.32
[INFO] [stderr]    Compiling typenum v1.19.0
[INFO] [stderr]    Compiling tracing-core v0.1.36
[INFO] [stderr]    Compiling hashbrown v0.16.1
[INFO] [stderr]    Compiling cc v1.2.56
[INFO] [stderr]    Compiling futures-sink v0.3.32
[INFO] [stderr]    Compiling equivalent v1.0.2
[INFO] [stderr]    Compiling version_check v0.9.5
[INFO] [stderr]    Compiling percent-encoding v2.3.2
[INFO] [stderr]    Compiling zeroize v1.8.2
[INFO] [stderr]    Compiling icu_normalizer_data v2.1.1
[INFO] [stderr]    Compiling try-lock v0.2.5
[INFO] [stderr]    Compiling untrusted v0.9.0
[INFO] [stderr]    Compiling atomic-waker v1.1.2
[INFO] [stderr]    Compiling rustls-pki-types v1.14.0
[INFO] [stderr]    Compiling serde_core v1.0.228
[INFO] [stderr]    Compiling openssl v0.10.75
[INFO] [stderr]    Compiling bitflags v2.11.0
[INFO] [stderr]    Compiling tower-service v0.3.3
[INFO] [stderr]    Compiling want v0.3.1
[INFO] [stderr]    Compiling futures-channel v0.3.32
[INFO] [stderr]    Compiling native-tls v0.2.18
[INFO] [stderr]    Compiling rustls v0.23.37
[INFO] [stderr]    Compiling generic-array v0.14.7
[INFO] [stderr]    Compiling serde v1.0.228
[INFO] [stderr]    Compiling ipnet v2.11.0
[INFO] [stderr]    Compiling tracing v0.1.44
[INFO] [stderr]    Compiling http v1.4.0
[INFO] [stderr]    Compiling base64 v0.22.1
[INFO] [stderr]    Compiling errno v0.3.14
[INFO] [stderr]    Compiling mio v1.1.1
[INFO] [stderr]    Compiling signal-hook-registry v1.4.8
[INFO] [stderr]    Compiling parking_lot v0.12.5
[INFO] [stderr]    Compiling socket2 v0.6.2
[INFO] [stderr]    Compiling indexmap v2.13.0
[INFO] [stderr]    Compiling getrandom v0.2.17
[INFO] [stderr]    Compiling syn v2.0.117
[INFO] [stderr]    Compiling subtle v2.6.1
[INFO] [stderr]    Compiling openssl-probe v0.2.1
[INFO] [stderr]    Compiling zmij v1.0.21
[INFO] [stderr]    Compiling log v0.4.29
[INFO] [stderr]    Compiling form_urlencoded v1.2.2
[INFO] [stderr]    Compiling sync_wrapper v1.0.2
[INFO] [stderr]    Compiling tower-layer v0.3.3
[INFO] [stderr]    Compiling is_terminal_polyfill v1.70.2
[INFO] [stderr]    Compiling anstyle v1.0.13
[INFO] [stderr]    Compiling utf8_iter v1.0.4
[INFO] [stderr]    Compiling serde_json v1.0.149
[INFO] [stderr]    Compiling anstyle-query v1.1.5
[INFO] [stderr]    Compiling portable-atomic v1.13.1
[INFO] [stderr]    Compiling anstream v0.6.21
[INFO] [stderr]    Compiling webpki-roots v1.0.6
[INFO] [stderr]    Compiling anyhow v1.0.102
[INFO] [stderr]    Compiling ryu v1.0.23
[INFO] [stderr]    Compiling memchr v2.8.0
[INFO] [stderr]    Compiling clap_lex v1.0.0
[INFO] [stderr]    Compiling unicode-width v0.2.2
[INFO] [stderr]    Compiling option-ext v0.2.0
[INFO] [stderr]    Compiling iri-string v0.7.10
[INFO] [stderr]    Compiling dirs-sys v0.4.1
[INFO] [stderr]    Compiling clap_builder v4.5.60
[INFO] [stderr]    Compiling openssl-sys v0.9.111
[INFO] [stderr]    Compiling ring v0.17.14
[INFO] [stderr]    Compiling console v0.15.11
[INFO] [stderr]    Compiling rtoolbox v0.0.3
[INFO] [stderr]    Compiling encoding_rs v0.8.35
[INFO] [stderr]    Compiling http-body v1.0.1
[INFO] [stderr]    Compiling http-body-util v0.1.3
[INFO] [stderr]    Compiling mime v0.3.17
[INFO] [stderr]    Compiling cpufeatures v0.2.17
[INFO] [stderr]    Compiling number_prefix v0.4.0
[INFO] [stderr]    Compiling twox-hash v2.1.2
[INFO] [stderr]    Compiling rpassword v7.4.0
[INFO] [stderr]    Compiling lz4_flex v0.11.5
[INFO] [stderr]    Compiling block-buffer v0.10.4
[INFO] [stderr]    Compiling crypto-common v0.1.7
[INFO] [stderr]    Compiling indicatif v0.17.11
[INFO] [stderr]    Compiling digest v0.10.7
[INFO] [stderr]    Compiling sha2 v0.10.9
[INFO] [stderr]    Compiling dirs v5.0.1
[INFO] [stderr]    Compiling synstructure v0.13.2
[INFO] [stderr]    Compiling zerofrom-derive v0.1.6
[INFO] [stderr]    Compiling yoke-derive v0.8.1
[INFO] [stderr]    Compiling tokio-macros v2.6.0
[INFO] [stderr]    Compiling zerovec-derive v0.11.2
[INFO] [stderr]    Compiling displaydoc v0.2.5
[INFO] [stderr]    Compiling futures-macro v0.3.32
[INFO] [stderr]    Compiling openssl-macros v0.1.1
[INFO] [stderr]    Compiling serde_derive v1.0.228
[INFO] [stderr]    Compiling clap_derive v4.5.55
[INFO] [stderr]    Compiling tokio v1.49.0
[INFO] [stderr]    Compiling futures-util v0.3.32
[INFO] [stderr]    Compiling zerofrom v0.1.6
[INFO] [stderr]    Compiling yoke v0.8.1
[INFO] [stderr]    Compiling zerovec v0.11.5
[INFO] [stderr]    Compiling zerotrie v0.2.3
[INFO] [stderr]    Compiling clap v4.5.60
[INFO] [stderr]    Compiling tinystr v0.8.2
[INFO] [stderr]    Compiling potential_utf v0.1.4
[INFO] [stderr]    Compiling icu_collections v2.1.1
[INFO] [stderr]    Compiling icu_locale_core v2.1.1
[INFO] [stderr]    Compiling icu_provider v2.1.1
[INFO] [stderr]    Compiling icu_normalizer v2.1.1
[INFO] [stderr]    Compiling icu_properties v2.1.2
[INFO] [stderr]    Compiling serde_urlencoded v0.7.1
[INFO] [stderr]    Compiling idna_adapter v1.2.1
[INFO] [stderr]    Compiling idna v1.1.0
[INFO] [stderr]    Compiling url v2.5.8
[INFO] [stderr]    Compiling tokio-util v0.7.18
[INFO] [stderr]    Compiling tower v0.5.3
[INFO] [stderr]    Compiling tokio-native-tls v0.3.1
[INFO] [stderr]    Compiling h2 v0.4.13
[INFO] [stderr]    Compiling tower-http v0.6.8
[INFO] [stderr]    Compiling rustls-webpki v0.103.9
[INFO] [stderr]    Compiling hyper v1.8.1
[INFO] [stderr]    Compiling hyper-util v0.1.20
[INFO] [stderr]    Compiling tokio-rustls v0.26.4
[INFO] [stderr]    Compiling hyper-tls v0.6.0
[INFO] [stderr]    Compiling hyper-rustls v0.27.7
[INFO] [stderr]    Compiling reqwest v0.12.28
[INFO] [stderr]    Compiling HFExport v0.1.0 (/opt/rustwide/workdir)
[INFO] [stderr]     Finished `release` profile [optimized] target(s) in 1m 55s
[INFO] running `Command { std: "docker" "inspect" "ea33e165d19dac80012e8488c84e6658d7debc2737bc9a37c8e9af3bb86e6ba9", kill_on_drop: false }`
[INFO] running `Command { std: "docker" "exec" "-e" "SOURCE_DIR=/opt/rustwide/workdir" "-e" "CARGO_HOME=/opt/rustwide/cargo-home" "-e" "RUSTUP_HOME=/opt/rustwide/rustup-home" "-e" "CARGO_TARGET_DIR=/opt/rustwide/target" "-e" "CARGO_INCREMENTAL=0" "-e" "RUST_BACKTRACE=full" "-e" "RUSTFLAGS=--cap-lints=warn" "-e" "RUSTDOCFLAGS=--cap-lints=warn" "-w" "/opt/rustwide/workdir" "--user" "0:0" "ea33e165d19dac80012e8488c84e6658d7debc2737bc9a37c8e9af3bb86e6ba9" "/opt/rustwide/cargo-home/bin/cargo" "+1.99.0-beta.1" "test" "--frozen" "--no-run" "--message-format=json" "--release", kill_on_drop: false }`
[INFO] [stderr]    Compiling HFExport v0.1.0 (/opt/rustwide/workdir)
[INFO] [stderr]     Finished `release` profile [optimized] target(s) in 5.68s
[INFO] running `Command { std: "docker" "inspect" "ea33e165d19dac80012e8488c84e6658d7debc2737bc9a37c8e9af3bb86e6ba9", kill_on_drop: false }`
[INFO] running `Command { std: "docker" "exec" "-e" "SOURCE_DIR=/opt/rustwide/workdir" "-e" "CARGO_HOME=/opt/rustwide/cargo-home" "-e" "RUSTUP_HOME=/opt/rustwide/rustup-home" "-e" "CARGO_TARGET_DIR=/opt/rustwide/target" "-e" "CARGO_INCREMENTAL=0" "-e" "RUST_BACKTRACE=full" "-e" "RUSTFLAGS=--cap-lints=warn" "-e" "RUSTDOCFLAGS=--cap-lints=warn" "-w" "/opt/rustwide/workdir" "--user" "0:0" "ea33e165d19dac80012e8488c84e6658d7debc2737bc9a37c8e9af3bb86e6ba9" "/opt/rustwide/cargo-home/bin/cargo" "+1.99.0-beta.1" "test" "--frozen" "--release", kill_on_drop: false }`
[INFO] [stderr]     Finished `release` profile [optimized] target(s) in 0.21s
[INFO] [stderr]      Running unittests src/main.rs (/opt/rustwide/target/release/deps/HFExport-5ed66eca7ad879b0)
[INFO] [stdout] 
[INFO] [stdout] running 25 tests
[INFO] [stdout] test api::tests::model_info_deserialises_full_payload ... ok
[INFO] [stdout] test api::tests::model_file_deserialises_without_size ... ok
[INFO] [stdout] test api::tests::model_info_tolerates_extra_json_fields ... ok
[INFO] [stdout] test api::tests::model_file_deserialises_with_size ... ok
[INFO] [stdout] test downloader::tests::download_task_fields ... ok
[INFO] [stdout] test config::tests::token_path_is_outside_project ... ok
[INFO] [stdout] test downloader::tests::progress_bar_template_is_valid ... ok
[INFO] [stdout] test xet::tests::deserialize_single_uncompressed_chunk ... ok
[INFO] [stdout] test xet::tests::deserialize_skips_chunks_before_range_start ... ok
[INFO] [stdout] test xet::tests::deserialize_lz4_chunk ... ok
[INFO] [stdout] test xet::tests::deserialize_truncated_header_returns_error ... ok
[INFO] [stdout] test xet::tests::deserialize_truncated_payload_returns_error ... ok
[INFO] [stdout] test xet::tests::deserialize_unknown_compression_type_returns_error ... ok
[INFO] [stdout] test xet::tests::test_xet_download_reference_csv ... ignored, requires network; run with: cargo test -- --ignored
[INFO] [stdout] test xet::tests::deserialize_unknown_version_returns_error ... ok
[INFO] [stdout] test xet::tests::unbg4_eight_bytes ... ok
[INFO] [stdout] test xet::tests::unbg4_empty ... ok
[INFO] [stdout] test xet::tests::unbg4_five_bytes_remainder ... ok
[INFO] [stdout] test xet::tests::unbg4_four_bytes ... ok
[INFO] [stdout] test config::tests::load_token_returns_none_for_empty_file ... ok
[INFO] [stdout] test xet::tests::deserialize_multiple_chunks ... ok
[INFO] [stdout] test config::tests::save_and_load_token_roundtrip ... FAILED
[INFO] [stdout] test api::tests::download_url_format ... ok
[INFO] [stdout] test api::tests::new_succeeds_with_token ... ok
[INFO] [stdout] test api::tests::new_succeeds_without_token ... ok
[INFO] [stdout] 
[INFO] [stdout] failures:
[INFO] [stdout] 
[INFO] [stdout] ---- config::tests::save_and_load_token_roundtrip stdout ----
[INFO] [stdout] 
[INFO] [stdout] thread 'config::tests::save_and_load_token_roundtrip' (2881) panicked at src/config.rs:193:32:
[INFO] [stdout] save_token failed: failed to set permissions on /root/.cache/hfexport/token
[INFO] [stdout] 
[INFO] [stdout] Caused by:
[INFO] [stdout]     No such file or directory (os error 2)
[INFO] [stdout] 
[INFO] [stdout] Stack backtrace:
[INFO] [stdout]    0: <core::io::error::Error as anyhow::context::ext::StdError>::ext_context::<alloc::string::String>
[INFO] [stdout]    1: HFExport::config::save_token
[INFO] [stdout]    2: HFExport::config::tests::save_and_load_token_roundtrip
[INFO] [stdout]    3: <HFExport::config::tests::save_and_load_token_roundtrip::{closure#0} as core::ops::function::FnOnce<()>>::call_once
[INFO] [stdout]    4: test::__rust_begin_short_backtrace::<core::result::Result<(), alloc::string::String>, fn() -> core::result::Result<(), alloc::string::String>>
[INFO] [stdout]    5: test::run_test::{closure#0}
[INFO] [stdout]    6: std::sys::backtrace::__rust_begin_short_backtrace::<test::run_test::{closure#1}, ()>
[INFO] [stdout]    7: <std::thread::lifecycle::spawn_unchecked<test::run_test::{closure#1}, ()>::{closure#1} as core::ops::function::FnOnce<()>>::call_once::{shim:vtable#0}
[INFO] [stdout]    8: <std::sys::thread::unix::Thread>::new::thread_start
[INFO] [stdout]    9: <unknown>
[INFO] [stdout]   10: clone
[INFO] [stdout] stack backtrace:
[INFO] [stdout]    0:     0x55b080c8aaf1 - <<std[104cf6e2632825ea]::sys::backtrace::BacktraceLock>::print::DisplayBacktrace as core[7c831bd917ebf35f]::fmt::Display>::fmt
[INFO] [stdout]    1:     0x55b080ca226a - core[7c831bd917ebf35f]::fmt::write
[INFO] [stdout]    2:     0x55b080c8ff6c - <alloc[2fdc3f7464fcf288]::vec::Vec<u8> as core[7c831bd917ebf35f]::io::write::Write>::write_fmt
[INFO] [stdout]    3:     0x55b080c642c6 - std[104cf6e2632825ea]::panicking::default_hook::{closure#0}
[INFO] [stdout]    4:     0x55b080c82229 - std[104cf6e2632825ea]::panicking::default_hook
[INFO] [stdout]    5:     0x55b0809a6fa0 - test[73009c9f9aebf890]::test_main_inner::<test[73009c9f9aebf890]::test_main_static::{closure#0}>::{closure#0}
[INFO] [stdout]    6:     0x55b080c82552 - std[104cf6e2632825ea]::panicking::panic_with_hook
[INFO] [stdout]    7:     0x55b080c64372 - std[104cf6e2632825ea]::panicking::panic_handler::{closure#0}
[INFO] [stdout]    8:     0x55b080c5c039 - std[104cf6e2632825ea]::sys::backtrace::__rust_end_short_backtrace::<std[104cf6e2632825ea]::panicking::panic_handler::{closure#0}, !>
[INFO] [stdout]    9:     0x55b080c6532d - __rustc[b0d56fa5b193ad05]::rust_begin_unwind
[INFO] [stdout]   10:     0x55b080ca29cc - core[7c831bd917ebf35f]::panicking::panic_fmt
[INFO] [stdout]   11:     0x55b080ca27a2 - core[7c831bd917ebf35f]::result::unwrap_failed
[INFO] [stdout]   12:     0x55b080983219 - HFExport[4a2f18189bfa190f]::config::tests::save_and_load_token_roundtrip
[INFO] [stdout]   13:     0x55b080986869 - <HFExport[4a2f18189bfa190f]::config::tests::save_and_load_token_roundtrip::{closure#0} as core[7c831bd917ebf35f]::ops::function::FnOnce<()>>::call_once
[INFO] [stdout]   14:     0x55b08099a28b - test[73009c9f9aebf890]::__rust_begin_short_backtrace::<core[7c831bd917ebf35f]::result::Result<(), alloc[2fdc3f7464fcf288]::string::String>, fn() -> core[7c831bd917ebf35f]::result::Result<(), alloc[2fdc3f7464fcf288]::string::String>>
[INFO] [stdout]   15:     0x55b0809a78f5 - test[73009c9f9aebf890]::run_test::{closure#0}
[INFO] [stdout]   16:     0x55b0809a0cb4 - std[104cf6e2632825ea]::sys::backtrace::__rust_begin_short_backtrace::<test[73009c9f9aebf890]::run_test::{closure#1}, ()>
[INFO] [stdout]   17:     0x55b0809aaa52 - <std[104cf6e2632825ea]::thread::lifecycle::spawn_unchecked<test[73009c9f9aebf890]::run_test::{closure#1}, ()>::{closure#1} as core[7c831bd917ebf35f]::ops::function::FnOnce<()>>::call_once::{shim:vtable#0}
[INFO] [stdout]   18:     0x55b080c89ab9 - <std[104cf6e2632825ea]::sys::thread::unix::Thread>::new::thread_start
[INFO] [stdout]   19:     0x7d9455ec607a - <unknown>
[INFO] [stdout]   20:     0x7d9455f59534 - clone
[INFO] [stdout]   21:                0x0 - <unknown>
[INFO] [stdout] 
[INFO] [stdout] 
[INFO] [stdout] failures:
[INFO] [stdout]     config::tests::save_and_load_token_roundtrip
[INFO] [stdout] 
[INFO] [stdout] test result: FAILED. 23 passed; 1 failed; 1 ignored; 0 measured; 0 filtered out; finished in 0.10s
[INFO] [stdout] 
[INFO] [stderr] error: test failed, to rerun pass `--bin HFExport`
[INFO] running `Command { std: "docker" "inspect" "ea33e165d19dac80012e8488c84e6658d7debc2737bc9a37c8e9af3bb86e6ba9", kill_on_drop: false }`
[INFO] running `Command { std: "docker" "rm" "-f" "ea33e165d19dac80012e8488c84e6658d7debc2737bc9a37c8e9af3bb86e6ba9", kill_on_drop: false }`
[INFO] [stdout] ea33e165d19dac80012e8488c84e6658d7debc2737bc9a37c8e9af3bb86e6ba9
