[INFO] cloning repository https://github.com/THernandez03/r
[INFO] running `Command { std: "git" "-c" "credential.helper=" "-c" "credential.helper=/workspace/cargo-home/bin/git-credential-null" "clone" "--bare" "https://github.com/THernandez03/r" "/workspace/cache/git-repos/https%3A%2F%2Fgithub.com%2FTHernandez03%2Fr", kill_on_drop: false }`
[INFO] [stderr] Cloning into bare repository '/workspace/cache/git-repos/https%3A%2F%2Fgithub.com%2FTHernandez03%2Fr'...
[INFO] running `Command { std: "git" "rev-parse" "HEAD", kill_on_drop: false }`
[INFO] [stdout] 56ad4cdc5993b344ed3f07ab323137a2771b2395
[INFO] testing THernandez03/r against 1.99.0-beta.1+cargoflags=--release for beta-release-1.99-2
[INFO] running `Command { std: "git" "clone" "/workspace/cache/git-repos/https%3A%2F%2Fgithub.com%2FTHernandez03%2Fr" "/workspace/builds/worker-5-tc2/source", kill_on_drop: false }`
[INFO] [stderr] Cloning into '/workspace/builds/worker-5-tc2/source'...
[INFO] [stderr] done.
[INFO] started tweaking git repo https://github.com/THernandez03/r
[INFO] finished tweaking git repo https://github.com/THernandez03/r
[INFO] tweaked toml for git repo https://github.com/THernandez03/r written to /workspace/builds/worker-5-tc2/source/Cargo.toml
[INFO] validating manifest of git repo https://github.com/THernandez03/r on toolchain 1.99.0-beta.1
[INFO] running `Command { std: CARGO_HOME="/workspace/cargo-home" RUSTUP_HOME="/workspace/rustup-home" "/workspace/cargo-home/bin/cargo" "+1.99.0-beta.1" "metadata" "--manifest-path" "Cargo.toml" "--no-deps", kill_on_drop: false }`
[INFO] crate git repo https://github.com/THernandez03/r already has a lockfile, it will not be regenerated
[INFO] running `Command { std: CARGO_HOME="/workspace/cargo-home" RUSTUP_HOME="/workspace/rustup-home" "/workspace/cargo-home/bin/cargo" "+1.99.0-beta.1" "fetch" "--manifest-path" "Cargo.toml", kill_on_drop: false }`
[INFO] running `Command { std: "docker" "create" "-v" "/var/lib/crater-agent-workspace/builds/worker-5-tc2/source:/opt/rustwide/workdir:ro,Z" "-v" "/var/lib/crater-agent-workspace/builds/worker-5-tc2/target:/opt/rustwide/target:rw,Z" "-v" "/var/lib/crater-agent-workspace/cargo-home:/opt/rustwide/cargo-home:ro,Z" "-v" "/var/lib/crater-agent-workspace/rustup-home:/opt/rustwide/rustup-home:ro,Z" "-m" "1610612736" "--network" "none" "ghcr.io/rust-lang/crates-build-env/linux@sha256:8683fc1fc2eb5c9ac98e0d076ab094b2ffac7f99da555d2b6a2e27f346de2ec7" "sleep" "infinity", kill_on_drop: false }`
[INFO] [stdout] e0e3a82706e7fb221b86b019893abe571ac48da089f15b212a0fc951a313eafc
[INFO] running `Command { std: "docker" "start" "e0e3a82706e7fb221b86b019893abe571ac48da089f15b212a0fc951a313eafc", kill_on_drop: false }`
[INFO] running `Command { std: "docker" "inspect" "e0e3a82706e7fb221b86b019893abe571ac48da089f15b212a0fc951a313eafc", kill_on_drop: false }`
[INFO] running `Command { std: "docker" "exec" "-e" "SOURCE_DIR=/opt/rustwide/workdir" "-e" "CARGO_HOME=/opt/rustwide/cargo-home" "-e" "RUSTUP_HOME=/opt/rustwide/rustup-home" "-e" "CARGO_TARGET_DIR=/opt/rustwide/target" "-w" "/opt/rustwide/workdir" "--user" "0:0" "e0e3a82706e7fb221b86b019893abe571ac48da089f15b212a0fc951a313eafc" "/opt/rustwide/cargo-home/bin/cargo" "+1.99.0-beta.1" "metadata" "--no-deps" "--format-version=1", kill_on_drop: false }`
[INFO] running `Command { std: "docker" "inspect" "e0e3a82706e7fb221b86b019893abe571ac48da089f15b212a0fc951a313eafc", kill_on_drop: false }`
[INFO] running `Command { std: "docker" "exec" "-e" "SOURCE_DIR=/opt/rustwide/workdir" "-e" "CARGO_HOME=/opt/rustwide/cargo-home" "-e" "RUSTUP_HOME=/opt/rustwide/rustup-home" "-e" "CARGO_TARGET_DIR=/opt/rustwide/target" "-e" "CARGO_INCREMENTAL=0" "-e" "RUST_BACKTRACE=full" "-e" "RUSTFLAGS=--cap-lints=warn" "-e" "RUSTDOCFLAGS=--cap-lints=warn" "-w" "/opt/rustwide/workdir" "--user" "0:0" "e0e3a82706e7fb221b86b019893abe571ac48da089f15b212a0fc951a313eafc" "/opt/rustwide/cargo-home/bin/cargo" "+1.99.0-beta.1" "build" "--frozen" "--message-format=json" "--release", kill_on_drop: false }`
[INFO] [stderr]    Compiling libc v0.2.186
[INFO] [stderr]    Compiling proc-macro2 v1.0.106
[INFO] [stderr]    Compiling unicode-ident v1.0.24
[INFO] [stderr]    Compiling quote v1.0.45
[INFO] [stderr]    Compiling stable_deref_trait v1.2.1
[INFO] [stderr]    Compiling shlex v1.3.0
[INFO] [stderr]    Compiling find-msvc-tools v0.1.9
[INFO] [stderr]    Compiling bytes v1.11.1
[INFO] [stderr]    Compiling pin-project-lite v0.2.17
[INFO] [stderr]    Compiling dunce v1.0.5
[INFO] [stderr]    Compiling futures-core v0.3.32
[INFO] [stderr]    Compiling fs_extra v1.3.0
[INFO] [stderr]    Compiling once_cell v1.21.4
[INFO] [stderr]    Compiling zeroize v1.8.2
[INFO] [stderr]    Compiling itoa v1.0.18
[INFO] [stderr]    Compiling cfg-if v1.0.4
[INFO] [stderr]    Compiling futures-sink v0.3.32
[INFO] [stderr]    Compiling litemap v0.8.2
[INFO] [stderr]    Compiling smallvec v1.15.1
[INFO] [stderr]    Compiling aws-lc-rs v1.17.0
[INFO] [stderr]    Compiling writeable v0.6.3
[INFO] [stderr]    Compiling slab v0.4.12
[INFO] [stderr]    Compiling icu_normalizer_data v2.2.0
[INFO] [stderr]    Compiling icu_properties_data v2.2.0
[INFO] [stderr]    Compiling utf8_iter v1.0.4
[INFO] [stderr]    Compiling memchr v2.8.0
[INFO] [stderr]    Compiling bitflags v2.11.1
[INFO] [stderr]    Compiling httparse v1.10.1
[INFO] [stderr]    Compiling rustls v0.23.40
[INFO] [stderr]    Compiling futures-io v0.3.32
[INFO] [stderr]    Compiling hashbrown v0.17.1
[INFO] [stderr]    Compiling futures-task v0.3.32
[INFO] [stderr]    Compiling rustls-pki-types v1.14.1
[INFO] [stderr]    Compiling rustix v1.1.4
[INFO] [stderr]    Compiling tracing-core v0.1.36
[INFO] [stderr]    Compiling equivalent v1.0.2
[INFO] [stderr]    Compiling percent-encoding v2.3.2
[INFO] [stderr]    Compiling untrusted v0.9.0
[INFO] [stderr]    Compiling atomic-waker v1.1.2
[INFO] [stderr]    Compiling tower-service v0.3.3
[INFO] [stderr]    Compiling linux-raw-sys v0.12.1
[INFO] [stderr]    Compiling serde_core v1.0.228
[INFO] [stderr]    Compiling fnv v1.0.7
[INFO] [stderr]    Compiling try-lock v0.2.5
[INFO] [stderr]    Compiling subtle v2.6.1
[INFO] [stderr]    Compiling syn v2.0.117
[INFO] [stderr]    Compiling want v0.3.1
[INFO] [stderr]    Compiling futures-channel v0.3.32
[INFO] [stderr]    Compiling utf8parse v0.2.2
[INFO] [stderr]    Compiling zmij v1.0.21
[INFO] [stderr]    Compiling futures-util v0.3.32
[INFO] [stderr]    Compiling getrandom v0.4.2
[INFO] [stderr]    Compiling anstyle-parse v1.0.0
[INFO] [stderr]    Compiling http v1.4.0
[INFO] [stderr]    Compiling form_urlencoded v1.2.2
[INFO] [stderr]    Compiling sync_wrapper v1.0.2
[INFO] [stderr]    Compiling anstyle-query v1.1.5
[INFO] [stderr]    Compiling crc32fast v1.5.0
[INFO] [stderr]    Compiling openssl-probe v0.2.1
[INFO] [stderr]    Compiling base64 v0.22.1
[INFO] [stderr]    Compiling ipnet v2.12.0
[INFO] [stderr]    Compiling colorchoice v1.0.5
[INFO] [stderr]    Compiling tracing v0.1.44
[INFO] [stderr]    Compiling serde_json v1.0.149
[INFO] [stderr]    Compiling anstyle v1.0.14
[INFO] [stderr]    Compiling tower-layer v0.3.3
[INFO] [stderr]    Compiling serde v1.0.228
[INFO] [stderr]    Compiling is_terminal_polyfill v1.70.2
[INFO] [stderr]    Compiling rustls-native-certs v0.8.3
[INFO] [stderr]    Compiling anstream v1.0.0
[INFO] [stderr]    Compiling strsim v0.11.1
[INFO] [stderr]    Compiling indexmap v2.14.0
[INFO] [stderr]    Compiling fastrand v2.4.1
[INFO] [stderr]    Compiling log v0.4.29
[INFO] [stderr]    Compiling unicode-width v0.2.2
[INFO] [stderr]    Compiling jobserver v0.1.34
[INFO] [stderr]    Compiling anyhow v1.0.102
[INFO] [stderr]    Compiling simd-adler32 v0.3.9
[INFO] [stderr]    Compiling cc v1.2.62
[INFO] [stderr]    Compiling socket2 v0.6.3
[INFO] [stderr]    Compiling mio v1.2.0
[INFO] [stderr]    Compiling adler2 v2.0.1
[INFO] [stderr]    Compiling heck v0.5.0
[INFO] [stderr]    Compiling clap_lex v1.1.0
[INFO] [stderr]    Compiling http-body v1.0.1
[INFO] [stderr]    Compiling console v0.16.3
[INFO] [stderr]    Compiling miniz_oxide v0.8.9
[INFO] [stderr]    Compiling dirs-sys-next v0.1.2
[INFO] [stderr]    Compiling filetime v0.2.29
[INFO] [stderr]    Compiling http-body-util v0.1.3
[INFO] [stderr]    Compiling clap_builder v4.6.0
[INFO] [stderr]    Compiling tokio v1.52.3
[INFO] [stderr]    Compiling encoding_rs v0.8.35
[INFO] [stderr]    Compiling mime v0.3.17
[INFO] [stderr]    Compiling shell-words v1.1.1
[INFO] [stderr]    Compiling dirs-next v2.0.0
[INFO] [stderr]    Compiling flate2 v1.1.9
[INFO] [stderr]    Compiling tempfile v3.27.0
[INFO] [stderr]    Compiling xattr v1.6.1
[INFO] [stderr]    Compiling tar v0.4.46
[INFO] [stderr]    Compiling cmake v0.1.58
[INFO] [stderr]    Compiling dialoguer v0.12.0
[INFO] [stderr]    Compiling aws-lc-sys v0.41.0
[INFO] [stderr]    Compiling synstructure v0.13.2
[INFO] [stderr]    Compiling zerofrom-derive v0.1.7
[INFO] [stderr]    Compiling yoke-derive v0.8.2
[INFO] [stderr]    Compiling zerovec-derive v0.11.3
[INFO] [stderr]    Compiling displaydoc v0.2.5
[INFO] [stderr]    Compiling serde_derive v1.0.228
[INFO] [stderr]    Compiling clap_derive v4.6.1
[INFO] [stderr]    Compiling tokio-util v0.7.18
[INFO] [stderr]    Compiling tower v0.5.3
[INFO] [stderr]    Compiling zerofrom v0.1.8
[INFO] [stderr]    Compiling yoke v0.8.2
[INFO] [stderr]    Compiling zerovec v0.11.6
[INFO] [stderr]    Compiling zerotrie v0.2.4
[INFO] [stderr]    Compiling h2 v0.4.14
[INFO] [stderr]    Compiling clap v4.6.1
[INFO] [stderr]    Compiling tinystr v0.8.3
[INFO] [stderr]    Compiling potential_utf v0.1.5
[INFO] [stderr]    Compiling icu_locale_core v2.2.0
[INFO] [stderr]    Compiling icu_collections v2.2.0
[INFO] [stderr]    Compiling icu_provider v2.2.0
[INFO] [stderr]    Compiling icu_normalizer v2.2.0
[INFO] [stderr]    Compiling icu_properties v2.2.0
[INFO] [stderr]    Compiling idna_adapter v1.2.2
[INFO] [stderr]    Compiling idna v1.1.0
[INFO] [stderr]    Compiling hyper v1.9.0
[INFO] [stderr]    Compiling url v2.5.8
[INFO] [stderr]    Compiling tower-http v0.6.11
[INFO] [stderr]    Compiling hyper-util v0.1.20
[INFO] [stderr]    Compiling rustls-webpki v0.103.13
[INFO] [stderr]    Compiling tokio-rustls v0.26.4
[INFO] [stderr]    Compiling rustls-platform-verifier v0.7.0
[INFO] [stderr]    Compiling hyper-rustls v0.27.9
[INFO] [stderr]    Compiling reqwest v0.13.3
[INFO] [stderr]    Compiling r v0.7.0 (/opt/rustwide/workdir)
[INFO] [stderr]     Finished `release` profile [optimized] target(s) in 2m 50s
[INFO] running `Command { std: "docker" "inspect" "e0e3a82706e7fb221b86b019893abe571ac48da089f15b212a0fc951a313eafc", kill_on_drop: false }`
[INFO] running `Command { std: "docker" "exec" "-e" "SOURCE_DIR=/opt/rustwide/workdir" "-e" "CARGO_HOME=/opt/rustwide/cargo-home" "-e" "RUSTUP_HOME=/opt/rustwide/rustup-home" "-e" "CARGO_TARGET_DIR=/opt/rustwide/target" "-e" "CARGO_INCREMENTAL=0" "-e" "RUST_BACKTRACE=full" "-e" "RUSTFLAGS=--cap-lints=warn" "-e" "RUSTDOCFLAGS=--cap-lints=warn" "-w" "/opt/rustwide/workdir" "--user" "0:0" "e0e3a82706e7fb221b86b019893abe571ac48da089f15b212a0fc951a313eafc" "/opt/rustwide/cargo-home/bin/cargo" "+1.99.0-beta.1" "test" "--frozen" "--no-run" "--message-format=json" "--release", kill_on_drop: false }`
[INFO] [stderr]    Compiling r v0.7.0 (/opt/rustwide/workdir)
[INFO] [stderr]     Finished `release` profile [optimized] target(s) in 51.03s
[INFO] running `Command { std: "docker" "inspect" "e0e3a82706e7fb221b86b019893abe571ac48da089f15b212a0fc951a313eafc", kill_on_drop: false }`
[INFO] running `Command { std: "docker" "exec" "-e" "SOURCE_DIR=/opt/rustwide/workdir" "-e" "CARGO_HOME=/opt/rustwide/cargo-home" "-e" "RUSTUP_HOME=/opt/rustwide/rustup-home" "-e" "CARGO_TARGET_DIR=/opt/rustwide/target" "-e" "CARGO_INCREMENTAL=0" "-e" "RUST_BACKTRACE=full" "-e" "RUSTFLAGS=--cap-lints=warn" "-e" "RUSTDOCFLAGS=--cap-lints=warn" "-w" "/opt/rustwide/workdir" "--user" "0:0" "e0e3a82706e7fb221b86b019893abe571ac48da089f15b212a0fc951a313eafc" "/opt/rustwide/cargo-home/bin/cargo" "+1.99.0-beta.1" "test" "--frozen" "--release", kill_on_drop: false }`
[INFO] [stderr]     Finished `release` profile [optimized] target(s) in 0.20s
[INFO] [stderr]      Running unittests src/main.rs (/opt/rustwide/target/release/deps/r-9db84a522a44866e)
[INFO] [stdout] 
[INFO] [stdout] running 99 tests
[INFO] [stdout] test arch::tests::download_url_beta_uses_beta_slug ... ok
[INFO] [stdout] test arch::tests::download_url_beta_version_tag_uses_beta_slug ... ok
[INFO] [stdout] test arch::tests::download_url_stable_ends_with_tar_gz ... ok
[INFO] [stdout] test arch::tests::download_url_nightly_version_tag_uses_nightly_slug ... ok
[INFO] [stdout] test arch::tests::download_url_stable_starts_with_rust_lang ... ok
[INFO] [stdout] test arch::tests::download_url_nightly_uses_nightly_slug ... ok
[INFO] [stdout] test arch::tests::target_is_non_empty ... ok
[INFO] [stdout] test arch::tests::target_contains_dash ... ok
[INFO] [stdout] test cache::tests::cache_key_sha_absent ... ok
[INFO] [stdout] test cache::tests::cache_dir_respects_env_var ... ok
[INFO] [stdout] test arch::tests::target_is_known_triple ... ok
[INFO] [stdout] test cache::tests::cached_versions_empty_when_dir_missing ... ok
[INFO] [stdout] test cache::tests::cache_key_sha_present ... ok
[INFO] [stdout] test cache::tests::cached_versions_sorted_desc ... ok
[INFO] [stdout] test cache::tests::find_by_sha_exact ... ok
[INFO] [stdout] test cache::tests::prune_removes_inactive_versions ... ok
[INFO] [stdout] test cache::tests::find_by_sha_ignores_entry_without_sha ... ok
[INFO] [stdout] test cache::tests::rename_version_moves_dir ... ok
[INFO] [stdout] test cache::tests::rename_version_noop_when_new_exists ... ok
[INFO] [stdout] test cache::tests::rename_version_noop_when_old_missing ... ok
[INFO] [stdout] test cache::tests::rustc_binary_inside_bin_subdir ... ok
[INFO] [stdout] test cache::tests::sha_matches_a_prefix_of_b ... ok
[INFO] [stdout] test cache::tests::sha_matches_b_prefix_of_a ... ok
[INFO] [stdout] test cache::tests::sha_matches_identical ... ok
[INFO] [stdout] test cache::tests::sha_matches_unrelated_returns_false ... ok
[INFO] [stdout] test cache::tests::version_dir_is_under_cache_dir ... ok
[INFO] [stdout] test cache::tests::which_errors_when_not_cached ... ok
[INFO] [stdout] test cache::tests::find_by_sha_stored_prefix_of_input ... ok
[INFO] [stdout] test cache::tests::which_returns_path_when_cached ... ok
[INFO] [stdout] test cache::tests::find_by_version_prefix_exact ... ok
[INFO] [stdout] test cache::tests::find_by_version_prefix_no_match ... ok
[INFO] [stdout] test cache::tests::is_cached_returns_false_when_missing ... ok
[INFO] [stdout] test cache::tests::prune_force_removes_all_versions ... ok
[INFO] [stdout] test install::tests::extract_tar_gz_extracts_file ... ok
[INFO] [stdout] test cache::tests::find_by_version_prefix_dot_match ... ok
[INFO] [stdout] test install::tests::extract_ver_sha_nightly_no_sha ... ok
[INFO] [stdout] test install::tests::extract_ver_sha_strips_beta_suffix ... ok
[INFO] [stdout] test cache::tests::find_by_sha_input_prefix_of_stored ... ok
[INFO] [stdout] test install::tests::extract_ver_sha_with_sha ... ok
[INFO] [stdout] test install::tests::extract_ver_sha_without_sha ... ok
[INFO] [stdout] test install::tests::extract_ver_sha_strips_nightly_suffix ... ok
[INFO] [stdout] test install::tests::is_sha_input_all_digits_rejected ... ok
[INFO] [stdout] test install::tests::is_sha_input_too_short ... ok
[INFO] [stdout] test cache::tests::remove_deletes_version_dir ... ok
[INFO] [stdout] test install::tests::is_alias_known_aliases ... ok
[INFO] [stdout] test install::tests::is_alias_version_not_alias ... ok
[INFO] [stdout] test install::tests::is_sha_input_valid ... ok
[INFO] [stdout] test install::tests::looks_like_version_non_versions ... ok
[INFO] [stdout] test install::tests::looks_like_version_x_notation ... ok
[INFO] [stdout] test install::tests::looks_like_version_semver ... ok
[INFO] [stdout] test install::tests::strip_version_tag_bare_version_unchanged ... ok
[INFO] [stdout] test install::tests::strip_version_tag_strips_bare_v_prefix ... ok
[INFO] [stdout] test install::tests::strip_version_tag_strips_name_prefix ... ok
[INFO] [stdout] test list::tests::format_items_no_active ... ok
[INFO] [stdout] test cache::tests::find_by_version_prefix_requires_binary ... ok
[INFO] [stdout] test list::tests::format_versions_marks_active ... ok
[INFO] [stdout] test list::tests::format_versions_no_active ... ok
[INFO] [stdout] test install::tests::find_single_dir_errors_on_multiple ... ok
[INFO] [stdout] test list::tests::format_items_marks_active_with_star ... ok
[INFO] [stdout] test releases::tests::parse_version_sha_beta ... ok
[INFO] [stdout] test install::tests::find_single_dir_returns_the_dir ... ok
[INFO] [stdout] test releases::tests::parse_version_sha_ignores_pkg_cargo_section ... ok
[INFO] [stdout] test list::tests::list_local_works_with_empty_cache ... ok
[INFO] [stdout] test cache::tests::find_by_version_prefix_with_sha_suffix ... ok
[INFO] [stdout] test list::tests::list_local_works_with_versions ... ok
[INFO] [stdout] test cache::tests::is_cached_returns_true_when_binary_exists ... ok
[INFO] [stdout] test releases::tests::parse_version_sha_missing ... ok
[INFO] [stdout] test releases::tests::parse_version_sha_nightly ... ok
[INFO] [stdout] test releases::tests::resolve_beta_alias ... ok
[INFO] [stdout] test install::tests::find_single_dir_errors_on_empty ... ok
[INFO] [stdout] test releases::tests::resolve_edge_alias ... ok
[INFO] [stdout] test install::tests::is_sha_input_non_hex_rejected ... ok
[INFO] [stdout] test releases::tests::resolve_errors_on_unknown ... ok
[INFO] [stdout] test releases::tests::resolve_exact_version ... ok
[INFO] [stdout] test releases::tests::resolve_latest_returns_nightly ... ok
[INFO] [stdout] test releases::tests::resolve_exact_version_with_v_rejected ... ok
[INFO] [stdout] test releases::tests::resolve_lts_returns_first_stable ... ok
[INFO] [stdout] test releases::tests::resolve_prefix_minor ... ok
[INFO] [stdout] test releases::tests::resolve_prefix_with_v_rejected ... ok
[INFO] [stdout] test releases::tests::resolve_prefix_with_x_notation ... ok
[INFO] [stdout] test releases::tests::resolve_skips_prerelease ... ok
[INFO] [stdout] test releases::tests::resolve_nightly_alias ... ok
[INFO] [stdout] test releases::tests::resolve_canary_alias ... ok
[INFO] [stdout] test releases::tests::resolve_current_returns_stable ... ok
[INFO] [stdout] test releases::tests::resolve_errors_on_empty_list ... ok
[INFO] [stdout] test releases::tests::resolve_next_alias ... ok
[INFO] [stdout] test cache::tests::remove_is_ok_when_not_cached ... ok
[INFO] [stdout] test symlink::tests::activate_replaces_existing_symlink ... ok
[INFO] [stdout] test symlink::tests::active_version_reads_marker_file ... ok
[INFO] [stdout] test symlink::tests::active_version_returns_none_when_marker_missing ... ok
[INFO] [stdout] test symlink::tests::active_version_trims_whitespace ... ok
[INFO] [stdout] test symlink::tests::bin_dir_is_under_prefix ... ok
[INFO] [stdout] test symlink::tests::activate_creates_symlink_and_marker ... ok
[INFO] [stdout] test cache::tests::find_by_sha_no_match ... ok
[INFO] [stdout] test releases::tests::resolve_stable_returns_first_stable ... ok
[INFO] [stdout] test arch::tests::download_url_stable_contains_version ... ok
[INFO] [stdout] test symlink::tests::prefix_respects_env_var ... ok
[INFO] [stdout] test arch::tests::download_url_contains_target ... ok
[INFO] [stdout] test install::tests::download_only_skips_if_already_cached ... FAILED
[INFO] [stdout] 
[INFO] [stdout] failures:
[INFO] [stdout] 
[INFO] [stdout] ---- install::tests::download_only_skips_if_already_cached stdout ----
[INFO] [stdout] Downloading Rust 1.87.0...
[INFO] [stdout] 
[INFO] [stdout] thread 'install::tests::download_only_skips_if_already_cached' (3274) panicked at src/install.rs:684:13:
[INFO] [stdout] should skip download when cached: Err(HTTP request failed
[INFO] [stdout] 
[INFO] [stdout] Caused by:
[INFO] [stdout]     0: error sending request for url (https://static.rust-lang.org/dist/rust-1.87.0-x86_64-unknown-linux-gnu.tar.gz)
[INFO] [stdout]     1: client error (Connect)
[INFO] [stdout]     2: dns error
[INFO] [stdout]     3: failed to lookup address information: Temporary failure in name resolution
[INFO] [stdout] 
[INFO] [stdout] Stack backtrace:
[INFO] [stdout]    0: <unknown>
[INFO] [stdout]    1: <unknown>
[INFO] [stdout]    2: <unknown>
[INFO] [stdout]    3: <unknown>
[INFO] [stdout]    4: <unknown>
[INFO] [stdout]    5: <unknown>
[INFO] [stdout]    6: <unknown>
[INFO] [stdout]    7: <unknown>
[INFO] [stdout]    8: <unknown>
[INFO] [stdout]    9: clone)
[INFO] [stdout] stack backtrace:
[INFO] [stdout]    0:     0x5827d5b254f5 - <unknown>
[INFO] [stdout]    1:     0x5827d594e01a - <unknown>
[INFO] [stdout]    2:     0x5827d5b24b8b - <unknown>
[INFO] [stdout]    3:     0x5827d5b2466f - <unknown>
[INFO] [stdout]    4:     0x5827d5b2429a - <unknown>
[INFO] [stdout]    5:     0x5827d5b23dd2 - <unknown>
[INFO] [stdout]    6:     0x5827d5b4afa1 - <unknown>
[INFO] [stdout]    7:     0x5827d5b4af59 - <unknown>
[INFO] [stdout]    8:     0x5827d5b4b46c - <unknown>
[INFO] [stdout]    9:     0x5827d594deab - <unknown>
[INFO] [stdout]   10:     0x5827d5941bb4 - <unknown>
[INFO] [stdout]   11:     0x5827d5b766cb - <unknown>
[INFO] [stdout]   12:     0x5827d5b72821 - <unknown>
[INFO] [stdout]   13:     0x5827d5b7200c - <unknown>
[INFO] [stdout]   14:     0x5827d5b8df2c - <unknown>
[INFO] [stdout]   15:     0x5827d5b4ca82 - <unknown>
[INFO] [stdout]   16:     0x7d7b40c4a07a - <unknown>
[INFO] [stdout]   17:     0x7d7b40cdd534 - clone
[INFO] [stdout]   18:                0x0 - <unknown>
[INFO] [stdout] 
[INFO] [stdout] 
[INFO] [stdout] failures:
[INFO] [stdout]     install::tests::download_only_skips_if_already_cached
[INFO] [stdout] 
[INFO] [stdout] test result: FAILED. 98 passed; 1 failed; 0 ignored; 0 measured; 0 filtered out; finished in 0.18s
[INFO] [stdout] 
[INFO] [stderr] error: test failed, to rerun pass `--bin r`
[INFO] running `Command { std: "docker" "inspect" "e0e3a82706e7fb221b86b019893abe571ac48da089f15b212a0fc951a313eafc", kill_on_drop: false }`
[INFO] running `Command { std: "docker" "rm" "-f" "e0e3a82706e7fb221b86b019893abe571ac48da089f15b212a0fc951a313eafc", kill_on_drop: false }`
[INFO] [stdout] e0e3a82706e7fb221b86b019893abe571ac48da089f15b212a0fc951a313eafc
