[INFO] cloning repository https://github.com/PeytonNowlin/Nebula
[INFO] running `Command { std: "git" "-c" "credential.helper=" "-c" "credential.helper=/workspace/cargo-home/bin/git-credential-null" "clone" "--bare" "https://github.com/PeytonNowlin/Nebula" "/workspace/cache/git-repos/https%3A%2F%2Fgithub.com%2FPeytonNowlin%2FNebula", kill_on_drop: false }`
[INFO] [stderr] Cloning into bare repository '/workspace/cache/git-repos/https%3A%2F%2Fgithub.com%2FPeytonNowlin%2FNebula'...
[INFO] running `Command { std: "git" "rev-parse" "HEAD", kill_on_drop: false }`
[INFO] [stdout] 6694b62070b9379f53f8ed3326c5a40c1c3b6fe6
[INFO] testing PeytonNowlin/Nebula against 1.99.0-beta.1+cargoflags=--release for beta-release-1.99-2
[INFO] running `Command { std: "git" "clone" "/workspace/cache/git-repos/https%3A%2F%2Fgithub.com%2FPeytonNowlin%2FNebula" "/workspace/builds/worker-1-tc2/source", kill_on_drop: false }`
[INFO] [stderr] Cloning into '/workspace/builds/worker-1-tc2/source'...
[INFO] [stderr] done.
[INFO] started tweaking git repo https://github.com/PeytonNowlin/Nebula
[INFO] finished tweaking git repo https://github.com/PeytonNowlin/Nebula
[INFO] tweaked toml for git repo https://github.com/PeytonNowlin/Nebula written to /workspace/builds/worker-1-tc2/source/Cargo.toml
[INFO] validating manifest of git repo https://github.com/PeytonNowlin/Nebula on toolchain 1.99.0-beta.1
[INFO] running `Command { std: CARGO_HOME="/workspace/cargo-home" RUSTUP_HOME="/workspace/rustup-home" "/workspace/cargo-home/bin/cargo" "+1.99.0-beta.1" "metadata" "--manifest-path" "Cargo.toml" "--no-deps", kill_on_drop: false }`
[INFO] crate git repo https://github.com/PeytonNowlin/Nebula already has a lockfile, it will not be regenerated
[INFO] running `Command { std: CARGO_HOME="/workspace/cargo-home" RUSTUP_HOME="/workspace/rustup-home" "/workspace/cargo-home/bin/cargo" "+1.99.0-beta.1" "fetch" "--manifest-path" "Cargo.toml", kill_on_drop: false }`
[INFO] running `Command { std: "docker" "create" "-v" "/var/lib/crater-agent-workspace/builds/worker-1-tc2/source:/opt/rustwide/workdir:ro,Z" "-v" "/var/lib/crater-agent-workspace/builds/worker-1-tc2/target:/opt/rustwide/target:rw,Z" "-v" "/var/lib/crater-agent-workspace/cargo-home:/opt/rustwide/cargo-home:ro,Z" "-v" "/var/lib/crater-agent-workspace/rustup-home:/opt/rustwide/rustup-home:ro,Z" "-m" "1610612736" "--network" "none" "ghcr.io/rust-lang/crates-build-env/linux@sha256:8683fc1fc2eb5c9ac98e0d076ab094b2ffac7f99da555d2b6a2e27f346de2ec7" "sleep" "infinity", kill_on_drop: false }`
[INFO] [stdout] 99773a3b4d801e15e68b79a68d52deb1379d1532cf278c60903a1e04bb70bacc
[INFO] running `Command { std: "docker" "start" "99773a3b4d801e15e68b79a68d52deb1379d1532cf278c60903a1e04bb70bacc", kill_on_drop: false }`
[INFO] running `Command { std: "docker" "inspect" "99773a3b4d801e15e68b79a68d52deb1379d1532cf278c60903a1e04bb70bacc", kill_on_drop: false }`
[INFO] running `Command { std: "docker" "exec" "-e" "SOURCE_DIR=/opt/rustwide/workdir" "-e" "CARGO_HOME=/opt/rustwide/cargo-home" "-e" "RUSTUP_HOME=/opt/rustwide/rustup-home" "-e" "CARGO_TARGET_DIR=/opt/rustwide/target" "-w" "/opt/rustwide/workdir" "--user" "0:0" "99773a3b4d801e15e68b79a68d52deb1379d1532cf278c60903a1e04bb70bacc" "/opt/rustwide/cargo-home/bin/cargo" "+1.99.0-beta.1" "metadata" "--no-deps" "--format-version=1", kill_on_drop: false }`
[INFO] running `Command { std: "docker" "inspect" "99773a3b4d801e15e68b79a68d52deb1379d1532cf278c60903a1e04bb70bacc", kill_on_drop: false }`
[INFO] running `Command { std: "docker" "exec" "-e" "SOURCE_DIR=/opt/rustwide/workdir" "-e" "CARGO_HOME=/opt/rustwide/cargo-home" "-e" "RUSTUP_HOME=/opt/rustwide/rustup-home" "-e" "CARGO_TARGET_DIR=/opt/rustwide/target" "-e" "CARGO_INCREMENTAL=0" "-e" "RUST_BACKTRACE=full" "-e" "RUSTFLAGS=--cap-lints=warn" "-e" "RUSTDOCFLAGS=--cap-lints=warn" "-w" "/opt/rustwide/workdir" "--user" "0:0" "99773a3b4d801e15e68b79a68d52deb1379d1532cf278c60903a1e04bb70bacc" "/opt/rustwide/cargo-home/bin/cargo" "+1.99.0-beta.1" "build" "--frozen" "--message-format=json" "--release", kill_on_drop: false }`
[INFO] [stderr]    Compiling quote v1.0.45
[INFO] [stderr]    Compiling libc v0.2.186
[INFO] [stderr]    Compiling serde_core v1.0.228
[INFO] [stderr]    Compiling serde v1.0.228
[INFO] [stderr]    Compiling memchr v2.8.2
[INFO] [stderr]    Compiling simd-adler32 v0.3.9
[INFO] [stderr]    Compiling adler2 v2.0.1
[INFO] [stderr]    Compiling object v0.37.3
[INFO] [stderr]    Compiling gimli v0.32.3
[INFO] [stderr]    Compiling miniz_oxide v0.8.9
[INFO] [stderr]    Compiling rustix v1.1.4
[INFO] [stderr]    Compiling syn v2.0.117
[INFO] [stderr]    Compiling rustc-demangle v0.1.27
[INFO] [stderr]    Compiling owo-colors v4.3.0
[INFO] [stderr]    Compiling unicode-linebreak v0.1.5
[INFO] [stderr]    Compiling is_ci v1.2.0
[INFO] [stderr]    Compiling supports-color v3.0.2
[INFO] [stderr]    Compiling textwrap v0.16.2
[INFO] [stderr]    Compiling supports-hyperlinks v3.2.0
[INFO] [stderr]    Compiling unicode-width v0.1.14
[INFO] [stderr]    Compiling supports-unicode v3.0.0
[INFO] [stderr]    Compiling thiserror v2.0.18
[INFO] [stderr]    Compiling shlex v2.0.1
[INFO] [stderr]    Compiling terminal_size v0.4.4
[INFO] [stderr]    Compiling semver v1.0.28
[INFO] [stderr]    Compiling find-msvc-tools v0.1.9
[INFO] [stderr]    Compiling inventory v0.3.24
[INFO] [stderr]    Compiling rustc_version v0.4.1
[INFO] [stderr]    Compiling cc v1.2.64
[INFO] [stderr]    Compiling hashbrown v0.17.1
[INFO] [stderr]    Compiling equivalent v1.0.2
[INFO] [stderr]    Compiling fnv v1.0.7
[INFO] [stderr]    Compiling logos-codegen v0.15.1
[INFO] [stderr]    Compiling regex-syntax v0.8.11
[INFO] [stderr]    Compiling winnow v0.7.15
[INFO] [stderr]    Compiling addr2line v0.25.1
[INFO] [stderr]    Compiling indexmap v2.14.0
[INFO] [stderr]    Compiling toml_write v0.1.2
[INFO] [stderr]    Compiling itoa v1.0.18
[INFO] [stderr]    Compiling lazy_static v1.5.0
[INFO] [stderr]    Compiling beef v0.5.2
[INFO] [stderr]    Compiling zmij v1.0.21
[INFO] [stderr]    Compiling rustls-pki-types v1.14.1
[INFO] [stderr]    Compiling getrandom v0.2.17
[INFO] [stderr]    Compiling untrusted v0.9.0
[INFO] [stderr]    Compiling serde_json v1.0.150
[INFO] [stderr]    Compiling ring v0.17.14
[INFO] [stderr]    Compiling httparse v1.10.1
[INFO] [stderr]    Compiling crc32fast v1.5.0
[INFO] [stderr]    Compiling log v0.4.32
[INFO] [stderr]    Compiling serde_derive v1.0.228
[INFO] [stderr]    Compiling miette-derive v7.6.0
[INFO] [stderr]    Compiling thiserror-impl v2.0.18
[INFO] [stderr]    Compiling rustls v0.23.40
[INFO] [stderr]    Compiling bytes v1.11.1
[INFO] [stderr]    Compiling backtrace v0.3.76
[INFO] [stderr]    Compiling http v1.4.2
[INFO] [stderr]    Compiling backtrace-ext v0.2.1
[INFO] [stderr]    Compiling miette v7.6.0
[INFO] [stderr]    Compiling once_cell v1.21.4
[INFO] [stderr]    Compiling base64 v0.22.1
[INFO] [stderr]    Compiling logos-derive v0.15.1
[INFO] [stderr]    Compiling logos v0.15.1
[INFO] [stderr]    Compiling subtle v2.6.1
[INFO] [stderr]    Compiling ureq-proto v0.6.0
[INFO] [stderr]    Compiling flate2 v1.1.9
[INFO] [stderr]    Compiling webpki-roots v1.0.7
[INFO] [stderr]    Compiling utf8-zero v0.8.1
[INFO] [stderr]    Compiling percent-encoding v2.3.2
[INFO] [stderr]    Compiling clap_derive v4.6.1
[INFO] [stderr]    Compiling nebula-ast v0.1.0 (/opt/rustwide/workdir/nebula-ast)
[INFO] [stderr]    Compiling toml_datetime v0.6.11
[INFO] [stderr]    Compiling serde_spanned v0.6.9
[INFO] [stderr]    Compiling nebula-syntax v0.1.0 (/opt/rustwide/workdir/nebula-syntax)
[INFO] [stderr]    Compiling nebula-diagnostics v0.1.0 (/opt/rustwide/workdir/nebula-diagnostics)
[INFO] [stderr]    Compiling toml_edit v0.22.27
[INFO] [stderr]    Compiling clap v4.6.1
[INFO] [stderr]    Compiling nebula-load v0.1.0 (/opt/rustwide/workdir/nebula-load)
[INFO] [stderr]    Compiling nebula-fmt v0.1.0 (/opt/rustwide/workdir/nebula-fmt)
[INFO] [stderr]    Compiling toml v0.8.23
[INFO] [stderr]    Compiling nebula-builtins v0.1.0 (/opt/rustwide/workdir/nebula-builtins)
[INFO] [stderr]    Compiling nebula-types v0.1.0 (/opt/rustwide/workdir/nebula-types)
[INFO] [stderr]    Compiling nebula-ir v0.1.0 (/opt/rustwide/workdir/nebula-ir)
[INFO] [stderr]    Compiling nebula-python v0.1.0 (/opt/rustwide/workdir/nebula-python)
[INFO] [stderr]    Compiling rustls-webpki v0.103.13
[INFO] [stderr]    Compiling ureq v3.3.0
[INFO] [stderr]    Compiling nebula-mcp v0.1.0 (/opt/rustwide/workdir/nebula-mcp)
[INFO] [stderr]    Compiling nebula-runtime v0.1.0 (/opt/rustwide/workdir/nebula-runtime)
[INFO] [stderr]    Compiling nebula-host v0.1.0 (/opt/rustwide/workdir/nebula-host)
[INFO] [stderr]    Compiling nebula-test-support v0.1.0 (/opt/rustwide/workdir/nebula-test-support)
[INFO] [stderr]    Compiling nebula-cli v0.1.0 (/opt/rustwide/workdir/nebula-cli)
[INFO] [stderr]     Finished `release` profile [optimized] target(s) in 2m 24s
[INFO] running `Command { std: "docker" "inspect" "99773a3b4d801e15e68b79a68d52deb1379d1532cf278c60903a1e04bb70bacc", kill_on_drop: false }`
[INFO] running `Command { std: "docker" "exec" "-e" "SOURCE_DIR=/opt/rustwide/workdir" "-e" "CARGO_HOME=/opt/rustwide/cargo-home" "-e" "RUSTUP_HOME=/opt/rustwide/rustup-home" "-e" "CARGO_TARGET_DIR=/opt/rustwide/target" "-e" "CARGO_INCREMENTAL=0" "-e" "RUST_BACKTRACE=full" "-e" "RUSTFLAGS=--cap-lints=warn" "-e" "RUSTDOCFLAGS=--cap-lints=warn" "-w" "/opt/rustwide/workdir" "--user" "0:0" "99773a3b4d801e15e68b79a68d52deb1379d1532cf278c60903a1e04bb70bacc" "/opt/rustwide/cargo-home/bin/cargo" "+1.99.0-beta.1" "test" "--frozen" "--no-run" "--message-format=json" "--release", kill_on_drop: false }`
[INFO] [stderr]    Compiling memchr v2.8.2
[INFO] [stderr]    Compiling rustix v1.1.4
[INFO] [stderr]    Compiling syn v2.0.117
[INFO] [stderr]    Compiling http v1.4.2
[INFO] [stderr]    Compiling httparse v1.10.1
[INFO] [stderr]    Compiling getrandom v0.2.17
[INFO] [stderr]    Compiling stable_deref_trait v1.2.1
[INFO] [stderr]    Compiling smallvec v1.15.2
[INFO] [stderr]    Compiling autocfg v1.5.1
[INFO] [stderr]    Compiling ring v0.17.14
[INFO] [stderr]    Compiling litemap v0.8.2
[INFO] [stderr]    Compiling futures-core v0.3.32
[INFO] [stderr]    Compiling num-traits v0.2.19
[INFO] [stderr]    Compiling pin-project-lite v0.2.17
[INFO] [stderr]    Compiling writeable v0.6.3
[INFO] [stderr]    Compiling icu_properties_data v2.2.0
[INFO] [stderr]    Compiling object v0.37.3
[INFO] [stderr]    Compiling serde_json v1.0.150
[INFO] [stderr]    Compiling icu_normalizer_data v2.2.0
[INFO] [stderr]    Compiling utf8_iter v1.0.4
[INFO] [stderr]    Compiling ureq-proto v0.6.0
[INFO] [stderr]    Compiling rustls-webpki v0.103.13
[INFO] [stderr]    Compiling futures-sink v0.3.32
[INFO] [stderr]    Compiling mio v1.2.1
[INFO] [stderr]    Compiling rustls v0.23.40
[INFO] [stderr]    Compiling terminal_size v0.4.4
[INFO] [stderr]    Compiling socket2 v0.6.4
[INFO] [stderr]    Compiling num-integer v0.1.46
[INFO] [stderr]    Compiling tokio v1.52.3
[INFO] [stderr]    Compiling logos-codegen v0.15.1
[INFO] [stderr]    Compiling backtrace v0.3.76
[INFO] [stderr]    Compiling synstructure v0.13.2
[INFO] [stderr]    Compiling http-body v1.0.1
[INFO] [stderr]    Compiling futures-io v0.3.32
[INFO] [stderr]    Compiling futures-task v0.3.32
[INFO] [stderr]    Compiling backtrace-ext v0.2.1
[INFO] [stderr]    Compiling slab v0.4.12
[INFO] [stderr]    Compiling futures-util v0.3.32
[INFO] [stderr]    Compiling form_urlencoded v1.2.2
[INFO] [stderr]    Compiling tower-service v0.3.3
[INFO] [stderr]    Compiling serde_derive v1.0.228
[INFO] [stderr]    Compiling miette-derive v7.6.0
[INFO] [stderr]    Compiling thiserror-impl v2.0.18
[INFO] [stderr]    Compiling logos-derive v0.15.1
[INFO] [stderr]    Compiling logos v0.15.1
[INFO] [stderr]    Compiling zerofrom-derive v0.1.7
[INFO] [stderr]    Compiling miette v7.6.0
[INFO] [stderr]    Compiling thiserror v2.0.18
[INFO] [stderr]    Compiling zerofrom v0.1.8
[INFO] [stderr]    Compiling yoke-derive v0.8.2
[INFO] [stderr]    Compiling zerovec-derive v0.11.3
[INFO] [stderr]    Compiling yoke v0.8.3
[INFO] [stderr]    Compiling displaydoc v0.2.6
[INFO] [stderr]    Compiling parking_lot_core v0.9.12
[INFO] [stderr]    Compiling ref-cast v1.0.25
[INFO] [stderr]    Compiling zerovec v0.11.6
[INFO] [stderr]    Compiling getrandom v0.3.4
[INFO] [stderr]    Compiling zerotrie v0.2.4
[INFO] [stderr]    Compiling zerocopy v0.8.52
[INFO] [stderr]    Compiling serde v1.0.228
[INFO] [stderr]    Compiling version_check v0.9.5
[INFO] [stderr]    Compiling try-lock v0.2.5
[INFO] [stderr]    Compiling ahash v0.8.12
[INFO] [stderr]    Compiling want v0.3.1
[INFO] [stderr]    Compiling nebula-ast v0.1.0 (/opt/rustwide/workdir/nebula-ast)
[INFO] [stderr]    Compiling toml_datetime v0.6.11
[INFO] [stderr]    Compiling serde_spanned v0.6.9
[INFO] [stderr]    Compiling ureq v3.3.0
[INFO] [stderr]    Compiling tinystr v0.8.3
[INFO] [stderr]    Compiling icu_locale_core v2.2.0
[INFO] [stderr]    Compiling nebula-syntax v0.1.0 (/opt/rustwide/workdir/nebula-syntax)
[INFO] [stderr]    Compiling toml_edit v0.22.27
[INFO] [stderr]    Compiling nebula-diagnostics v0.1.0 (/opt/rustwide/workdir/nebula-diagnostics)
[INFO] [stderr]    Compiling nebula-load v0.1.0 (/opt/rustwide/workdir/nebula-load)
[INFO] [stderr]    Compiling nebula-mcp v0.1.0 (/opt/rustwide/workdir/nebula-mcp)
[INFO] [stderr]    Compiling toml v0.8.23
[INFO] [stderr]    Compiling nebula-fmt v0.1.0 (/opt/rustwide/workdir/nebula-fmt)
[INFO] [stderr]    Compiling potential_utf v0.1.5
[INFO] [stderr]    Compiling icu_collections v2.2.0
[INFO] [stderr]    Compiling icu_provider v2.2.0
[INFO] [stderr]    Compiling ref-cast-impl v1.0.25
[INFO] [stderr]    Compiling nebula-builtins v0.1.0 (/opt/rustwide/workdir/nebula-builtins)
[INFO] [stderr]    Compiling nebula-types v0.1.0 (/opt/rustwide/workdir/nebula-types)
[INFO] [stderr]    Compiling icu_properties v2.2.0
[INFO] [stderr]    Compiling nebula-ir v0.1.0 (/opt/rustwide/workdir/nebula-ir)
[INFO] [stderr]    Compiling nebula-python v0.1.0 (/opt/rustwide/workdir/nebula-python)
[INFO] [stderr]    Compiling nebula-runtime v0.1.0 (/opt/rustwide/workdir/nebula-runtime)
[INFO] [stderr]    Compiling icu_normalizer v2.2.0
[INFO] [stderr]    Compiling num-bigint v0.4.6
[INFO] [stderr]    Compiling futures-channel v0.3.32
[INFO] [stderr]    Compiling idna_adapter v1.2.2
[INFO] [stderr]    Compiling idna v1.1.0
[INFO] [stderr]    Compiling nebula-host v0.1.0 (/opt/rustwide/workdir/nebula-host)
[INFO] [stderr]    Compiling sync_wrapper v1.0.2
[INFO] [stderr]    Compiling nebula-test-support v0.1.0 (/opt/rustwide/workdir/nebula-test-support)
[INFO] [stderr]    Compiling tracing-core v0.1.36
[INFO] [stderr]    Compiling atomic-waker v1.1.2
[INFO] [stderr]    Compiling tower-layer v0.3.3
[INFO] [stderr]    Compiling lock_api v0.4.14
[INFO] [stderr]    Compiling tower v0.5.3
[INFO] [stderr]    Compiling hyper v1.10.1
[INFO] [stderr]    Compiling tracing v0.1.44
[INFO] [stderr]    Compiling num-rational v0.4.2
[INFO] [stderr]    Compiling url v2.5.8
[INFO] [stderr]    Compiling num-iter v0.1.45
[INFO] [stderr]    Compiling num-complex v0.4.6
[INFO] [stderr]    Compiling aho-corasick v1.1.4
[INFO] [stderr]    Compiling ipnet v2.12.0
[INFO] [stderr]    Compiling bit-vec v0.8.0
[INFO] [stderr]    Compiling ryu v1.0.23
[INFO] [stderr]    Compiling regex-syntax v0.8.11
[INFO] [stderr]    Compiling borrow-or-share v0.2.4
[INFO] [stderr]    Compiling fluent-uri v0.3.2
[INFO] [stderr]    Compiling serde_urlencoded v0.7.1
[INFO] [stderr]    Compiling hyper-util v0.1.20
[INFO] [stderr]    Compiling bit-set v0.8.0
[INFO] [stderr]    Compiling num v0.4.3
[INFO] [stderr]    Compiling tower-http v0.6.11
[INFO] [stderr]    Compiling parking_lot v0.12.5
[INFO] [stderr]    Compiling http-body-util v0.1.3
[INFO] [stderr]    Compiling regex-automata v0.4.14
[INFO] [stderr]    Compiling lazy_static v1.5.0
[INFO] [stderr]    Compiling vsimd v0.8.0
[INFO] [stderr]    Compiling uuid v1.23.3
[INFO] [stderr]    Compiling outref v0.5.2
[INFO] [stderr]    Compiling uuid-simd v0.8.0
[INFO] [stderr]    Compiling referencing v0.29.1
[INFO] [stderr]    Compiling fraction v0.15.4
[INFO] [stderr]    Compiling reqwest v0.12.28
[INFO] [stderr]    Compiling email_address v0.2.9
[INFO] [stderr]    Compiling bytecount v0.6.9
[INFO] [stderr]    Compiling num-cmp v0.1.0
[INFO] [stderr]    Compiling getrandom v0.4.2
[INFO] [stderr]    Compiling clap_derive v4.6.1
[INFO] [stderr]    Compiling tempfile v3.27.0
[INFO] [stderr]    Compiling clap v4.6.1
[INFO] [stderr]    Compiling nebula-cli v0.1.0 (/opt/rustwide/workdir/nebula-cli)
[INFO] [stderr]    Compiling fancy-regex v0.14.0
[INFO] [stderr]    Compiling jsonschema v0.29.1
[INFO] [stderr]     Finished `release` profile [optimized] target(s) in 1m 50s
[INFO] running `Command { std: "docker" "inspect" "99773a3b4d801e15e68b79a68d52deb1379d1532cf278c60903a1e04bb70bacc", kill_on_drop: false }`
[INFO] running `Command { std: "docker" "exec" "-e" "SOURCE_DIR=/opt/rustwide/workdir" "-e" "CARGO_HOME=/opt/rustwide/cargo-home" "-e" "RUSTUP_HOME=/opt/rustwide/rustup-home" "-e" "CARGO_TARGET_DIR=/opt/rustwide/target" "-e" "CARGO_INCREMENTAL=0" "-e" "RUST_BACKTRACE=full" "-e" "RUSTFLAGS=--cap-lints=warn" "-e" "RUSTDOCFLAGS=--cap-lints=warn" "-w" "/opt/rustwide/workdir" "--user" "0:0" "99773a3b4d801e15e68b79a68d52deb1379d1532cf278c60903a1e04bb70bacc" "/opt/rustwide/cargo-home/bin/cargo" "+1.99.0-beta.1" "test" "--frozen" "--release", kill_on_drop: false }`
[INFO] [stderr]     Finished `release` profile [optimized] target(s) in 0.16s
[INFO] [stderr]      Running unittests src/lib.rs (/opt/rustwide/target/release/deps/nebula_ast-22ab7f05f7a181b0)
[INFO] [stdout] 
[INFO] [stdout] running 0 tests
[INFO] [stdout] 
[INFO] [stdout] test result: ok. 0 passed; 0 failed; 0 ignored; 0 measured; 0 filtered out; finished in 0.00s
[INFO] [stdout] 
[INFO] [stderr]      Running tests/json_tests.rs (/opt/rustwide/target/release/deps/json_tests-c997e5ba6b4053f7)
[INFO] [stdout] 
[INFO] [stdout] running 1 test
[INFO] [stdout] test ast_serializes_to_json_with_spans ... ok
[INFO] [stdout] 
[INFO] [stdout] test result: ok. 1 passed; 0 failed; 0 ignored; 0 measured; 0 filtered out; finished in 0.00s
[INFO] [stdout] 
[INFO] [stderr]      Running unittests src/lib.rs (/opt/rustwide/target/release/deps/nebula_builtins-169ca0ea4a218172)
[INFO] [stdout] 
[INFO] [stdout] running 2 tests
[INFO] [stdout] test tests::manifest_lists_all_runtime_builtins ... ok
[INFO] [stdout] test tests::simple_signatures_cover_conversion_builtins ... ok
[INFO] [stdout] 
[INFO] [stdout] test result: ok. 2 passed; 0 failed; 0 ignored; 0 measured; 0 filtered out; finished in 0.00s
[INFO] [stdout] 
[INFO] [stderr]      Running tests/python_sync.rs (/opt/rustwide/target/release/deps/python_sync-6319777f9168cd5d)
[INFO] [stdout] 
[INFO] [stdout] running 1 test
[INFO] [stdout] test python_builtins_all_matches_manifest ... ok
[INFO] [stdout] 
[INFO] [stdout] test result: ok. 1 passed; 0 failed; 0 ignored; 0 measured; 0 filtered out; finished in 0.00s
[INFO] [stdout] 
[INFO] [stderr]      Running unittests src/main.rs (/opt/rustwide/target/release/deps/nebula-a262ec8680766c96)
[INFO] [stdout] 
[INFO] [stdout] running 0 tests
[INFO] [stdout] 
[INFO] [stdout] test result: ok. 0 passed; 0 failed; 0 ignored; 0 measured; 0 filtered out; finished in 0.00s
[INFO] [stdout] 
[INFO] [stderr]      Running tests/agent_harness_tests.rs (/opt/rustwide/target/release/deps/agent_harness_tests-4167f37e5adb4f91)
[INFO] [stdout] 
[INFO] [stdout] running 3 tests
[INFO] [stdout] test harness_loop_surfaces_diagnostics_for_a_broken_program ... ok
[INFO] [stdout] test harness_loop_runs_a_clean_program ... ok
[INFO] [stdout] test harness_ship_validates_then_compiles ... ok
[INFO] [stdout] 
[INFO] [stdout] test result: ok. 3 passed; 0 failed; 0 ignored; 0 measured; 0 filtered out; finished in 0.11s
[INFO] [stdout] 
[INFO] [stderr]      Running tests/compile_tests.rs (/opt/rustwide/target/release/deps/compile_tests-5fdec79d95bb0d68)
[INFO] [stdout] 
[INFO] [stdout] running 1 test
[INFO] [stdout] test compile_json_emits_record_and_artifact_runs ... ok
[INFO] [stdout] 
[INFO] [stdout] test result: ok. 1 passed; 0 failed; 0 ignored; 0 measured; 0 filtered out; finished in 0.10s
[INFO] [stdout] 
[INFO] [stderr]      Running tests/e2e.rs (/opt/rustwide/target/release/deps/e2e-1f7bec78d0f7ea4f)
[INFO] [stdout] 
[INFO] [stdout] running 17 tests
[INFO] [stdout] test cli_check_json_emits_structured_diagnostics_on_failure ... ok
[INFO] [stdout] test cli_check_passes_on_valid_example ... ok
[INFO] [stdout] test cli_check_json_emits_empty_array_on_success ... ok
[INFO] [stdout] test cli_parse_json_exports_ast ... ok
[INFO] [stdout] test cli_check_fails_on_type_error ... ok
[INFO] [stdout] test cli_ir_json_exports_lowered_program ... ok
[INFO] [stdout] test cli_parse_json_load_exports_merged_ast ... ok
[INFO] [stdout] test cli_check_runbook_passes ... ok
[INFO] [stdout] test cli_probes_list_json_reports_bundle_handlers ... ok
[INFO] [stdout] test cli_run_import_demo_prints_math_results ... ok
[INFO] [stdout] test cli_probes_list_json_reports_manifest_bindings ... ok
[INFO] [stdout] test cli_run_json_emits_structured_run_record_on_success ... ok
[INFO] [stdout] test cli_run_hello_prints_greeting ... ok
[INFO] [stdout] test cli_run_push_demo_prints_lengths ... ok
[INFO] [stdout] test cli_run_json_emits_structured_run_record_on_type_error ... ok
[INFO] [stdout] test cli_probes_list_mcp_discovers_tools ... ok
[INFO] [stdout] test cli_run_runbook_deploy_readiness ... ok
[INFO] [stdout] 
[INFO] [stdout] test result: ok. 17 passed; 0 failed; 0 ignored; 0 measured; 0 filtered out; finished in 0.09s
[INFO] [stdout] 
[INFO] [stderr]      Running unittests src/lib.rs (/opt/rustwide/target/release/deps/nebula_diagnostics-8ff1863a0d291a44)
[INFO] [stdout] 
[INFO] [stdout] running 0 tests
[INFO] [stdout] 
[INFO] [stdout] test result: ok. 0 passed; 0 failed; 0 ignored; 0 measured; 0 filtered out; finished in 0.00s
[INFO] [stdout] 
[INFO] [stderr]      Running unittests src/lib.rs (/opt/rustwide/target/release/deps/nebula_fmt-7587458138a6690a)
[INFO] [stdout] 
[INFO] [stdout] running 0 tests
[INFO] [stdout] 
[INFO] [stdout] test result: ok. 0 passed; 0 failed; 0 ignored; 0 measured; 0 filtered out; finished in 0.00s
[INFO] [stdout] 
[INFO] [stderr]      Running tests/fmt_tests.rs (/opt/rustwide/target/release/deps/fmt_tests-0387aba44306ef11)
[INFO] [stdout] 
[INFO] [stdout] running 2 tests
[INFO] [stdout] test fmt_emits_end_delimited_control_flow ... ok
[INFO] [stdout] test fmt_roundtrip_is_stable ... ok
[INFO] [stdout] 
[INFO] [stdout] test result: ok. 2 passed; 0 failed; 0 ignored; 0 measured; 0 filtered out; finished in 0.00s
[INFO] [stdout] 
[INFO] [stderr]      Running tests/import_fmt_tests.rs (/opt/rustwide/target/release/deps/import_fmt_tests-0d5f9b58d85d5946)
[INFO] [stdout] 
[INFO] [stdout] running 1 test
[INFO] [stdout] test format_workspace_canonicalizes_imported_modules ... ok
[INFO] [stdout] 
[INFO] [stdout] test result: ok. 1 passed; 0 failed; 0 ignored; 0 measured; 0 filtered out; finished in 0.00s
[INFO] [stdout] 
[INFO] [stderr]      Running unittests src/lib.rs (/opt/rustwide/target/release/deps/nebula_host-c30aebc362aae404)
[INFO] [stdout] 
[INFO] [stdout] running 0 tests
[INFO] [stdout] 
[INFO] [stdout] test result: ok. 0 passed; 0 failed; 0 ignored; 0 measured; 0 filtered out; finished in 0.00s
[INFO] [stdout] 
[INFO] [stderr]      Running tests/host_tests.rs (/opt/rustwide/target/release/deps/host_tests-5afa91ad9727fd7f)
[INFO] [stdout] 
[INFO] [stdout] running 15 tests
[INFO] [stdout] test format_file_loads_workspace_modules ... ok
[INFO] [stdout] test check_source_accepts_valid_program ... ok
[INFO] [stdout] test check_source_returns_structured_type_error ... ok
[INFO] [stdout] test check_file_resolves_imports ... ok
[INFO] [stdout] test compile_file_resolves_imports_for_lower ... ok
[INFO] [stdout] test run_file_executes_imported_program ... ok
[INFO] [stdout] test host_config_is_reused_across_calls ... ok
[INFO] [stdout] test run_source_captures_print_without_stdout ... ok
[INFO] [stdout] test run_source_divide_by_zero_includes_line_and_column ... ok
[INFO] [stdout] test run_source_index_out_of_bounds_includes_span ... ok
[INFO] [stdout] test run_source_integer_overflow_includes_span ... ok
[INFO] [stdout] test run_source_key_not_found_includes_span ... ok
[INFO] [stdout] test run_source_loop_limit_includes_span ... ok
[INFO] [stdout] test run_source_memory_limit_includes_span ... ok
[INFO] [stdout] test run_source_execution_timeout_includes_span ... ok
[INFO] [stdout] 
[INFO] [stdout] test result: ok. 15 passed; 0 failed; 0 ignored; 0 measured; 0 filtered out; finished in 0.03s
[INFO] [stdout] 
[INFO] [stderr]      Running tests/run_record_tests.rs (/opt/rustwide/target/release/deps/run_record_tests-1fc6b7dbb835a9b9)
[INFO] [stdout] 
[INFO] [stdout] running 5 tests
[INFO] [stdout] test run_record_schema_shape_matches_expectations ... ok
[INFO] [stdout] test run_record_failure_includes_diagnostics ... ok
[INFO] [stdout] test run_record_success_includes_program_and_timing ... ok
[INFO] [stdout] test run_file_record_uses_entry_path ... ok
[INFO] [stdout] test run_record_captures_jsonl_probe_events ... ok
[INFO] [stdout] 
[INFO] [stdout] test result: ok. 5 passed; 0 failed; 0 ignored; 0 measured; 0 filtered out; finished in 0.00s
[INFO] [stdout] 
[INFO] [stderr]      Running unittests src/lib.rs (/opt/rustwide/target/release/deps/nebula_ir-5e6cd4707a875f1b)
[INFO] [stdout] 
[INFO] [stdout] running 0 tests
[INFO] [stdout] 
[INFO] [stdout] test result: ok. 0 passed; 0 failed; 0 ignored; 0 measured; 0 filtered out; finished in 0.00s
[INFO] [stdout] 
[INFO] [stderr]      Running tests/lower_tests.rs (/opt/rustwide/target/release/deps/lower_tests-a83df1ca200d20b5)
[INFO] [stdout] 
[INFO] [stdout] running 2 tests
[INFO] [stdout] test lower_emits_call_and_return_in_sector_function ... ok
[INFO] [stdout] test lower_emits_struct_literal_fields ... ok
[INFO] [stdout] 
[INFO] [stdout] test result: ok. 2 passed; 0 failed; 0 ignored; 0 measured; 0 filtered out; finished in 0.00s
[INFO] [stdout] 
[INFO] [stderr]      Running unittests src/lib.rs (/opt/rustwide/target/release/deps/nebula_load-3ea256c4fed38b39)
[INFO] [stdout] 
[INFO] [stdout] running 0 tests
[INFO] [stdout] 
[INFO] [stdout] test result: ok. 0 passed; 0 failed; 0 ignored; 0 measured; 0 filtered out; finished in 0.00s
[INFO] [stdout] 
[INFO] [stderr]      Running tests/import_tests.rs (/opt/rustwide/target/release/deps/import_tests-df96e1b49291c439)
[INFO] [stdout] 
[INFO] [stdout] running 3 tests
[INFO] [stdout] test load_std_math_module ... ok
[INFO] [stdout] test reject_library_with_mission ... ok
[INFO] [stdout] test reject_circular_imports ... ok
[INFO] [stdout] 
[INFO] [stdout] test result: ok. 3 passed; 0 failed; 0 ignored; 0 measured; 0 filtered out; finished in 0.00s
[INFO] [stdout] 
[INFO] [stderr]      Running tests/workspace_tests.rs (/opt/rustwide/target/release/deps/workspace_tests-c4963f40c9ac0272)
[INFO] [stdout] 
[INFO] [stdout] running 1 test
[INFO] [stdout] test load_workspace_collects_entry_and_imported_modules ... ok
[INFO] [stdout] 
[INFO] [stdout] test result: ok. 1 passed; 0 failed; 0 ignored; 0 measured; 0 filtered out; finished in 0.00s
[INFO] [stdout] 
[INFO] [stderr]      Running unittests src/lib.rs (/opt/rustwide/target/release/deps/nebula_mcp-0e2fa5218914d982)
[INFO] [stdout] 
[INFO] [stdout] running 0 tests
[INFO] [stdout] 
[INFO] [stdout] test result: ok. 0 passed; 0 failed; 0 ignored; 0 measured; 0 filtered out; finished in 0.00s
[INFO] [stdout] 
[INFO] [stderr]      Running unittests src/lib.rs (/opt/rustwide/target/release/deps/nebula_python-29848d42c32b7655)
[INFO] [stdout] 
[INFO] [stdout] running 0 tests
[INFO] [stdout] 
[INFO] [stdout] test result: ok. 0 passed; 0 failed; 0 ignored; 0 measured; 0 filtered out; finished in 0.00s
[INFO] [stdout] 
[INFO] [stderr]      Running tests/div_tests.rs (/opt/rustwide/target/release/deps/div_tests-89b606a9534aea9f)
[INFO] [stdout] 
[INFO] [stdout] running 1 test
[INFO] [stdout] test transpiled_div_by_zero_reports_neb_r004 ... ok
[INFO] [stdout] 
[INFO] [stdout] test result: ok. 1 passed; 0 failed; 0 ignored; 0 measured; 0 filtered out; finished in 0.08s
[INFO] [stdout] 
[INFO] [stderr]      Running tests/parity_tests.rs (/opt/rustwide/target/release/deps/parity_tests-981d355ff1731d66)
[INFO] [stdout] 
[INFO] [stdout] running 16 tests
[INFO] [stdout] test parity_len_counts_code_points ... ok
[INFO] [stdout] test parity_integer_arithmetic ... ok
[INFO] [stdout] test bundle_read_file_and_json_parse_match_between_backends ... ok
[INFO] [stdout] test parity_integer_div_mod_truncates_toward_zero ... ok
[INFO] [stdout] test parity_collection_access ... ok
[INFO] [stdout] test parity_map_insert ... ok
[INFO] [stdout] test parity_numeric_helpers ... ok
[INFO] [stdout] test parity_io_agent_bundle_probes ... ok
[INFO] [stdout] test parity_float_arithmetic_and_conversions ... ok
[INFO] [stdout] test parity_split_and_join ... ok
[INFO] [stdout] test parity_structural_equality_on_composites ... ok
[INFO] [stdout] test transpiled_agent_counter_matches_interpreter_stdout ... ok
[INFO] [stdout] test parity_string_operations ... ok
[INFO] [stdout] test transpiled_import_demo_matches_interpreter_stdout ... ok
[INFO] [stdout] test transpiled_hello_matches_interpreter_stdout ... ok
[INFO] [stdout] test parity_runbook_fetch_status ... ok
[INFO] [stdout] 
[INFO] [stdout] test result: ok. 16 passed; 0 failed; 0 ignored; 0 measured; 0 filtered out; finished in 21.36s
[INFO] [stdout] 
[INFO] [stdout] 
[INFO] [stdout] running 1 test
[INFO] [stderr]      Running tests/python_module_integration.rs (/opt/rustwide/target/release/deps/python_module_integration-1264cb8c1a863674)
[INFO] [stdout] test nebula_library_is_callable_from_python ... ok
[INFO] [stdout] 
[INFO] [stdout] test result: ok. 1 passed; 0 failed; 0 ignored; 0 measured; 0 filtered out; finished in 0.15s
[INFO] [stdout] 
[INFO] [stderr]      Running unittests src/lib.rs (/opt/rustwide/target/release/deps/nebula_runtime-09592e9993244f2a)
[INFO] [stdout] 
[INFO] [stdout] running 2 tests
[INFO] [stdout] test builtins::tests::dispatch_does_not_hit_missing_handler_arm ... ok
[INFO] [stdout] test builtins::tests::simple_handlers_cover_manifest_simple_signatures ... ok
[INFO] [stdout] 
[INFO] [stdout] test result: ok. 2 passed; 0 failed; 0 ignored; 0 measured; 0 filtered out; finished in 0.00s
[INFO] [stdout] 
[INFO] [stderr]      Running tests/builtin_sync.rs (/opt/rustwide/target/release/deps/builtin_sync-1f753c9de3879584)
[INFO] [stdout] 
[INFO] [stdout] running 3 tests
[INFO] [stdout] test manifest_builtins_have_static_runtime_handlers ... ok
[INFO] [stdout] test manifest_simple_signatures_match_handler_table ... ok
[INFO] [stdout] test dispatch_never_hits_missing_handler_arm ... ok
[INFO] [stdout] 
[INFO] [stdout] test result: ok. 3 passed; 0 failed; 0 ignored; 0 measured; 0 filtered out; finished in 0.00s
[INFO] [stdout] 
[INFO] [stderr]      Running tests/div_tests.rs (/opt/rustwide/target/release/deps/div_tests-dc1742fe0b0b3344)
[INFO] [stdout] 
[INFO] [stdout] running 9 tests
[INFO] [stdout] test integer_overflow_on_mul_reports_neb_r007 ... ok
[INFO] [stdout] test integer_overflow_on_add_reports_neb_r007 ... ok
[INFO] [stdout] test div_by_zero_reports_neb_r004 ... ok
[INFO] [stdout] test float_mod_by_zero_reports_neb_r004 ... ok
[INFO] [stdout] test float_div_by_zero_reports_neb_r004 ... ok
[INFO] [stdout] test list_index_out_of_bounds_reports_neb_r005 ... ok
[INFO] [stdout] test missing_map_key_reports_neb_r006 ... ok
[INFO] [stdout] test mod_by_zero_reports_neb_r004 ... ok
[INFO] [stdout] test negative_list_index_reports_neb_r005 ... ok
[INFO] [stdout] 
[INFO] [stdout] test result: ok. 9 passed; 0 failed; 0 ignored; 0 measured; 0 filtered out; finished in 0.00s
[INFO] [stdout] 
[INFO] [stderr]      Running tests/field_access_tests.rs (/opt/rustwide/target/release/deps/field_access_tests-f8fe823d493436ff)
[INFO] [stdout] 
[INFO] [stdout] running 1 test
[INFO] [stdout] test expression_field_access_evaluates ... ok
[INFO] [stdout] 
[INFO] [stdout] test result: ok. 1 passed; 0 failed; 0 ignored; 0 measured; 0 filtered out; finished in 0.00s
[INFO] [stdout] 
[INFO] [stderr]      Running tests/limits_tests.rs (/opt/rustwide/target/release/deps/limits_tests-16dd10e6bf22d574)
[INFO] [stdout] 
[INFO] [stdout] running 5 tests
[INFO] [stdout] test loop_iteration_limit_traps_infinite_while ... ok
[INFO] [stdout] test default_runtime_new_has_no_limits ... ok
[INFO] [stdout] test memory_limit_traps_growing_list ... ok
[INFO] [stdout] test unlimited_runtime_runs_hello ... ok
[INFO] [stdout] test execution_timeout_traps_long_running_program ... ok
[INFO] [stdout] 
[INFO] [stdout] test result: ok. 5 passed; 0 failed; 0 ignored; 0 measured; 0 filtered out; finished in 0.05s
[INFO] [stdout] 
[INFO] [stderr]      Running tests/mcp_tests.rs (/opt/rustwide/target/release/deps/mcp_tests-2c4a5fcd7eb8dc58)
[INFO] [stdout] 
[INFO] [stdout] running 6 tests
[INFO] [stdout] test mcp_manifest_unknown_server_is_rejected ... ok
[INFO] [stdout] test mcp_transport_error_reports_neb_p004 ... ok
[INFO] [stdout] test mcp_stdio_probe_invokes_mock_server ... ok
[INFO] [stdout] test mcp_list_tools_resolves_manifest_relative_paths ... ok
[INFO] [stdout] test mcp_list_tools_reports_notify_from_mock_server ... ok
[INFO] [stdout] listening on http://127.0.0.1:18765/mcp
[INFO] [stdout] test mcp_http_probe_invokes_mock_server ... FAILED
[INFO] [stdout] 
[INFO] [stdout] failures:
[INFO] [stdout] 
[INFO] [stdout] ---- mcp_http_probe_invokes_mock_server stdout ----
[INFO] [stdout] 
[INFO] [stdout] thread 'mcp_http_probe_invokes_mock_server' (7554) panicked at nebula-runtime/tests/mcp_tests.rs:33:22:
[INFO] [stdout] MCP probe should succeed: McpTransport { message: "HTTP request to MCP server failed: io: Broken pipe (os error 32)", span: 91..96 }
[INFO] [stdout] stack backtrace:
[INFO] [stdout]    0:     0x58d67783a7f1 - <<std[104cf6e2632825ea]::sys::backtrace::BacktraceLock>::print::DisplayBacktrace as core[7c831bd917ebf35f]::fmt::Display>::fmt
[INFO] [stdout]    1:     0x58d677852bca - core[7c831bd917ebf35f]::fmt::write
[INFO] [stdout]    2:     0x58d67783f23c - <alloc[2fdc3f7464fcf288]::vec::Vec<u8> as core[7c831bd917ebf35f]::io::write::Write>::write_fmt
[INFO] [stdout]    3:     0x58d677814a46 - std[104cf6e2632825ea]::panicking::default_hook::{closure#0}
[INFO] [stdout]    4:     0x58d677832319 - std[104cf6e2632825ea]::panicking::default_hook
[INFO] [stdout]    5:     0x58d67758e810 - test[73009c9f9aebf890]::test_main_inner::<test[73009c9f9aebf890]::test_main_static::{closure#0}>::{closure#0}
[INFO] [stdout]    6:     0x58d6778324d2 - std[104cf6e2632825ea]::panicking::panic_with_hook
[INFO] [stdout]    7:     0x58d677814af2 - std[104cf6e2632825ea]::panicking::panic_handler::{closure#0}
[INFO] [stdout]    8:     0x58d67780ce99 - std[104cf6e2632825ea]::sys::backtrace::__rust_end_short_backtrace::<std[104cf6e2632825ea]::panicking::panic_handler::{closure#0}, !>
[INFO] [stdout]    9:     0x58d6778158dd - __rustc[b0d56fa5b193ad05]::rust_begin_unwind
[INFO] [stdout]   10:     0x58d6778532fc - core[7c831bd917ebf35f]::panicking::panic_fmt
[INFO] [stdout]   11:     0x58d6778530d2 - core[7c831bd917ebf35f]::result::unwrap_failed
[INFO] [stdout]   12:     0x58d6775779d4 - mcp_tests[a205635e0895300]::run_notify_probe
[INFO] [stdout]   13:     0x58d677579168 - <mcp_tests[a205635e0895300]::mcp_http_probe_invokes_mock_server::{closure#0} as core[7c831bd917ebf35f]::ops::function::FnOnce<()>>::call_once
[INFO] [stdout]   14:     0x58d677581afb - test[73009c9f9aebf890]::__rust_begin_short_backtrace::<core[7c831bd917ebf35f]::result::Result<(), alloc[2fdc3f7464fcf288]::string::String>, fn() -> core[7c831bd917ebf35f]::result::Result<(), alloc[2fdc3f7464fcf288]::string::String>>
[INFO] [stdout]   15:     0x58d67758f165 - test[73009c9f9aebf890]::run_test::{closure#0}
[INFO] [stdout]   16:     0x58d677588524 - std[104cf6e2632825ea]::sys::backtrace::__rust_begin_short_backtrace::<test[73009c9f9aebf890]::run_test::{closure#1}, ()>
[INFO] [stdout]   17:     0x58d6775922c2 - <std[104cf6e2632825ea]::thread::lifecycle::spawn_unchecked<test[73009c9f9aebf890]::run_test::{closure#1}, ()>::{closure#1} as core[7c831bd917ebf35f]::ops::function::FnOnce<()>>::call_once::{shim:vtable#0}
[INFO] [stdout]   18:     0x58d677839649 - <std[104cf6e2632825ea]::sys::thread::unix::Thread>::new::thread_start
[INFO] [stdout]   19:     0x7516091b007a - <unknown>
[INFO] [stdout]   20:     0x751609243534 - clone
[INFO] [stdout]   21:                0x0 - <unknown>
[INFO] [stdout] 
[INFO] [stdout] thread 'mcp_http_probe_invokes_mock_server' (7554) panicked at nebula-runtime/tests/mcp_tests.rs:103:9:
[INFO] [stdout] MCP HTTP probe test panicked
[INFO] [stdout] stack backtrace:
[INFO] [stdout]    0:     0x58d67783a7f1 - <<std[104cf6e2632825ea]::sys::backtrace::BacktraceLock>::print::DisplayBacktrace as core[7c831bd917ebf35f]::fmt::Display>::fmt
[INFO] [stdout]    1:     0x58d677852bca - core[7c831bd917ebf35f]::fmt::write
[INFO] [stdout]    2:     0x58d67783f23c - <alloc[2fdc3f7464fcf288]::vec::Vec<u8> as core[7c831bd917ebf35f]::io::write::Write>::write_fmt
[INFO] [stdout]    3:     0x58d677814a46 - std[104cf6e2632825ea]::panicking::default_hook::{closure#0}
[INFO] [stdout]    4:     0x58d677832319 - std[104cf6e2632825ea]::panicking::default_hook
[INFO] [stdout]    5:     0x58d67758e810 - test[73009c9f9aebf890]::test_main_inner::<test[73009c9f9aebf890]::test_main_static::{closure#0}>::{closure#0}
[INFO] [stdout]    6:     0x58d6778324d2 - std[104cf6e2632825ea]::panicking::panic_with_hook
[INFO] [stdout]    7:     0x58d677814b24 - std[104cf6e2632825ea]::panicking::panic_handler::{closure#0}
[INFO] [stdout]    8:     0x58d67780ce99 - std[104cf6e2632825ea]::sys::backtrace::__rust_end_short_backtrace::<std[104cf6e2632825ea]::panicking::panic_handler::{closure#0}, !>
[INFO] [stdout]    9:     0x58d6778158dd - __rustc[b0d56fa5b193ad05]::rust_begin_unwind
[INFO] [stdout]   10:     0x58d6778532fc - core[7c831bd917ebf35f]::panicking::panic_fmt
[INFO] [stdout]   11:     0x58d6775792fb - <mcp_tests[a205635e0895300]::mcp_http_probe_invokes_mock_server::{closure#0} as core[7c831bd917ebf35f]::ops::function::FnOnce<()>>::call_once
[INFO] [stdout]   12:     0x58d677581afb - test[73009c9f9aebf890]::__rust_begin_short_backtrace::<core[7c831bd917ebf35f]::result::Result<(), alloc[2fdc3f7464fcf288]::string::String>, fn() -> core[7c831bd917ebf35f]::result::Result<(), alloc[2fdc3f7464fcf288]::string::String>>
[INFO] [stdout]   13:     0x58d67758f165 - test[73009c9f9aebf890]::run_test::{closure#0}
[INFO] [stdout]   14:     0x58d677588524 - std[104cf6e2632825ea]::sys::backtrace::__rust_begin_short_backtrace::<test[73009c9f9aebf890]::run_test::{closure#1}, ()>
[INFO] [stdout]   15:     0x58d6775922c2 - <std[104cf6e2632825ea]::thread::lifecycle::spawn_unchecked<test[73009c9f9aebf890]::run_test::{closure#1}, ()>::{closure#1} as core[7c831bd917ebf35f]::ops::function::FnOnce<()>>::call_once::{shim:vtable#0}
[INFO] [stdout]   16:     0x58d677839649 - <std[104cf6e2632825ea]::sys::thread::unix::Thread>::new::thread_start
[INFO] [stdout]   17:     0x7516091b007a - <unknown>
[INFO] [stdout]   18:     0x751609243534 - clone
[INFO] [stdout]   19:                0x0 - <unknown>
[INFO] [stdout] 
[INFO] [stdout] 
[INFO] [stdout] failures:
[INFO] [stdout]     mcp_http_probe_invokes_mock_server
[INFO] [stdout] 
[INFO] [stdout] test result: FAILED. 5 passed; 1 failed; 0 ignored; 0 measured; 0 filtered out; finished in 0.31s
[INFO] [stdout] 
[INFO] [stderr] error: test failed, to rerun pass `-p nebula-runtime --test mcp_tests`
[INFO] running `Command { std: "docker" "inspect" "99773a3b4d801e15e68b79a68d52deb1379d1532cf278c60903a1e04bb70bacc", kill_on_drop: false }`
[INFO] running `Command { std: "docker" "rm" "-f" "99773a3b4d801e15e68b79a68d52deb1379d1532cf278c60903a1e04bb70bacc", kill_on_drop: false }`
[INFO] [stdout] 99773a3b4d801e15e68b79a68d52deb1379d1532cf278c60903a1e04bb70bacc
