[INFO] fetching crate wasmtime-internal-error 41.0.4...
[INFO] testing wasmtime-internal-error-41.0.4 against 1.99.0-beta.1+cargoflags=--release for beta-release-1.99-2
[INFO] extracting crate wasmtime-internal-error 41.0.4 into /workspace/builds/worker-6-tc2/source
[INFO] started tweaking crates.io crate wasmtime-internal-error 41.0.4
[INFO] removed 0 missing tests
[INFO] finished tweaking crates.io crate wasmtime-internal-error 41.0.4
[INFO] tweaked toml for crates.io crate wasmtime-internal-error 41.0.4 written to /workspace/builds/worker-6-tc2/source/Cargo.toml
[INFO] validating manifest of crates.io crate wasmtime-internal-error 41.0.4 on toolchain 1.99.0-beta.1
[INFO] running `Command { std: CARGO_HOME="/workspace/cargo-home" RUSTUP_HOME="/workspace/rustup-home" "/workspace/cargo-home/bin/cargo" "+1.99.0-beta.1" "metadata" "--manifest-path" "Cargo.toml" "--no-deps", kill_on_drop: false }`
[INFO] crate crates.io crate wasmtime-internal-error 41.0.4 already has a lockfile, it will not be regenerated
[INFO] running `Command { std: CARGO_HOME="/workspace/cargo-home" RUSTUP_HOME="/workspace/rustup-home" "/workspace/cargo-home/bin/cargo" "+1.99.0-beta.1" "fetch" "--manifest-path" "Cargo.toml", kill_on_drop: false }`
[INFO] [stderr] warning: Cargo.toml: `lints.rust.unused-lifetimes` is deprecated in favor of `lints.rust.unused_lifetimes` and will not work in a future edition
[INFO] [stderr] warning: Cargo.toml: `lints.rust.unused-macro-rules` is deprecated in favor of `lints.rust.unused_macro_rules` and will not work in a future edition
[INFO] [stderr] warning: `wasmtime-internal-error` (manifest) generated 2 warnings
[INFO] [stderr]     Blocking waiting for file lock on package cache
[ERROR] error running command: no output for 300 seconds
[INFO] testing wasmtime-internal-error-41.0.4 against 1.99.0-beta.1+cargoflags=--release for beta-release-1.99-2
[INFO] extracting crate wasmtime-internal-error 41.0.4 into /workspace/builds/worker-6-tc2/source
[INFO] started tweaking crates.io crate wasmtime-internal-error 41.0.4
[INFO] removed 0 missing tests
[INFO] finished tweaking crates.io crate wasmtime-internal-error 41.0.4
[INFO] tweaked toml for crates.io crate wasmtime-internal-error 41.0.4 written to /workspace/builds/worker-6-tc2/source/Cargo.toml
[INFO] validating manifest of crates.io crate wasmtime-internal-error 41.0.4 on toolchain 1.99.0-beta.1
[INFO] running `Command { std: CARGO_HOME="/workspace/cargo-home" RUSTUP_HOME="/workspace/rustup-home" "/workspace/cargo-home/bin/cargo" "+1.99.0-beta.1" "metadata" "--manifest-path" "Cargo.toml" "--no-deps", kill_on_drop: false }`
[INFO] crate crates.io crate wasmtime-internal-error 41.0.4 already has a lockfile, it will not be regenerated
[INFO] running `Command { std: CARGO_HOME="/workspace/cargo-home" RUSTUP_HOME="/workspace/rustup-home" "/workspace/cargo-home/bin/cargo" "+1.99.0-beta.1" "fetch" "--manifest-path" "Cargo.toml", kill_on_drop: false }`
[INFO] [stderr] warning: Cargo.toml: `lints.rust.unused-lifetimes` is deprecated in favor of `lints.rust.unused_lifetimes` and will not work in a future edition
[INFO] [stderr] warning: Cargo.toml: `lints.rust.unused-macro-rules` is deprecated in favor of `lints.rust.unused_macro_rules` and will not work in a future edition
[INFO] [stderr] warning: `wasmtime-internal-error` (manifest) generated 2 warnings
[INFO] [stderr]     Blocking waiting for file lock on package cache
[INFO] [stderr]     Blocking waiting for file lock on package cache
[INFO] running `Command { std: "docker" "create" "-v" "/var/lib/crater-agent-workspace/builds/worker-6-tc2/source:/opt/rustwide/workdir:ro,Z" "-v" "/var/lib/crater-agent-workspace/builds/worker-6-tc2/target:/opt/rustwide/target:rw,Z" "-v" "/var/lib/crater-agent-workspace/cargo-home:/opt/rustwide/cargo-home:ro,Z" "-v" "/var/lib/crater-agent-workspace/rustup-home:/opt/rustwide/rustup-home:ro,Z" "-m" "1610612736" "--network" "none" "ghcr.io/rust-lang/crates-build-env/linux@sha256:8683fc1fc2eb5c9ac98e0d076ab094b2ffac7f99da555d2b6a2e27f346de2ec7" "sleep" "infinity", kill_on_drop: false }`
[INFO] [stdout] 17dc353d0df25f61eac009a3c407cdcf6ed80619618bc43105d01b3af4ecbfaa
[INFO] running `Command { std: "docker" "start" "17dc353d0df25f61eac009a3c407cdcf6ed80619618bc43105d01b3af4ecbfaa", kill_on_drop: false }`
[INFO] running `Command { std: "docker" "inspect" "17dc353d0df25f61eac009a3c407cdcf6ed80619618bc43105d01b3af4ecbfaa", kill_on_drop: false }`
[INFO] running `Command { std: "docker" "exec" "-e" "SOURCE_DIR=/opt/rustwide/workdir" "-e" "CARGO_HOME=/opt/rustwide/cargo-home" "-e" "RUSTUP_HOME=/opt/rustwide/rustup-home" "-e" "CARGO_TARGET_DIR=/opt/rustwide/target" "-w" "/opt/rustwide/workdir" "--user" "0:0" "17dc353d0df25f61eac009a3c407cdcf6ed80619618bc43105d01b3af4ecbfaa" "/opt/rustwide/cargo-home/bin/cargo" "+1.99.0-beta.1" "metadata" "--no-deps" "--format-version=1", kill_on_drop: false }`
[INFO] running `Command { std: "docker" "inspect" "17dc353d0df25f61eac009a3c407cdcf6ed80619618bc43105d01b3af4ecbfaa", kill_on_drop: false }`
[INFO] running `Command { std: "docker" "exec" "-e" "SOURCE_DIR=/opt/rustwide/workdir" "-e" "CARGO_HOME=/opt/rustwide/cargo-home" "-e" "RUSTUP_HOME=/opt/rustwide/rustup-home" "-e" "CARGO_TARGET_DIR=/opt/rustwide/target" "-e" "CARGO_INCREMENTAL=0" "-e" "RUST_BACKTRACE=full" "-e" "RUSTFLAGS=--cap-lints=warn" "-e" "RUSTDOCFLAGS=--cap-lints=warn" "-w" "/opt/rustwide/workdir" "--user" "0:0" "17dc353d0df25f61eac009a3c407cdcf6ed80619618bc43105d01b3af4ecbfaa" "/opt/rustwide/cargo-home/bin/cargo" "+1.99.0-beta.1" "build" "--frozen" "--message-format=json" "--release", kill_on_drop: false }`
[INFO] [stderr] warning: Cargo.toml: `lints.rust.unused-lifetimes` is deprecated in favor of `lints.rust.unused_lifetimes` and will not work in a future edition
[INFO] [stderr] warning: Cargo.toml: `lints.rust.unused-macro-rules` is deprecated in favor of `lints.rust.unused_macro_rules` and will not work in a future edition
[INFO] [stderr] warning: `wasmtime-internal-error` (manifest) generated 2 warnings
[INFO] [stderr]    Compiling wasmtime-internal-error v41.0.4 (/opt/rustwide/workdir)
[INFO] [stderr]     Finished `release` profile [optimized] target(s) in 0.54s
[INFO] running `Command { std: "docker" "inspect" "17dc353d0df25f61eac009a3c407cdcf6ed80619618bc43105d01b3af4ecbfaa", kill_on_drop: false }`
[INFO] running `Command { std: "docker" "exec" "-e" "SOURCE_DIR=/opt/rustwide/workdir" "-e" "CARGO_HOME=/opt/rustwide/cargo-home" "-e" "RUSTUP_HOME=/opt/rustwide/rustup-home" "-e" "CARGO_TARGET_DIR=/opt/rustwide/target" "-e" "CARGO_INCREMENTAL=0" "-e" "RUST_BACKTRACE=full" "-e" "RUSTFLAGS=--cap-lints=warn" "-e" "RUSTDOCFLAGS=--cap-lints=warn" "-w" "/opt/rustwide/workdir" "--user" "0:0" "17dc353d0df25f61eac009a3c407cdcf6ed80619618bc43105d01b3af4ecbfaa" "/opt/rustwide/cargo-home/bin/cargo" "+1.99.0-beta.1" "test" "--frozen" "--no-run" "--message-format=json" "--release", kill_on_drop: false }`
[INFO] [stderr] warning: Cargo.toml: `lints.rust.unused-lifetimes` is deprecated in favor of `lints.rust.unused_lifetimes` and will not work in a future edition
[INFO] [stderr] warning: Cargo.toml: `lints.rust.unused-macro-rules` is deprecated in favor of `lints.rust.unused_macro_rules` and will not work in a future edition
[INFO] [stderr] warning: `wasmtime-internal-error` (manifest) generated 2 warnings
[INFO] [stderr]    Compiling wasmtime-internal-error v41.0.4 (/opt/rustwide/workdir)
[INFO] [stderr]     Finished `release` profile [optimized] target(s) in 2.15s
[INFO] running `Command { std: "docker" "inspect" "17dc353d0df25f61eac009a3c407cdcf6ed80619618bc43105d01b3af4ecbfaa", kill_on_drop: false }`
[INFO] running `Command { std: "docker" "exec" "-e" "SOURCE_DIR=/opt/rustwide/workdir" "-e" "CARGO_HOME=/opt/rustwide/cargo-home" "-e" "RUSTUP_HOME=/opt/rustwide/rustup-home" "-e" "CARGO_TARGET_DIR=/opt/rustwide/target" "-e" "CARGO_INCREMENTAL=0" "-e" "RUST_BACKTRACE=full" "-e" "RUSTFLAGS=--cap-lints=warn" "-e" "RUSTDOCFLAGS=--cap-lints=warn" "-w" "/opt/rustwide/workdir" "--user" "0:0" "17dc353d0df25f61eac009a3c407cdcf6ed80619618bc43105d01b3af4ecbfaa" "/opt/rustwide/cargo-home/bin/cargo" "+1.99.0-beta.1" "test" "--frozen" "--release", kill_on_drop: false }`
[INFO] [stderr] warning: Cargo.toml: `lints.rust.unused-lifetimes` is deprecated in favor of `lints.rust.unused_lifetimes` and will not work in a future edition
[INFO] [stderr] warning: Cargo.toml: `lints.rust.unused-macro-rules` is deprecated in favor of `lints.rust.unused_macro_rules` and will not work in a future edition
[INFO] [stderr] warning: `wasmtime-internal-error` (manifest) generated 2 warnings
[INFO] [stderr]     Finished `release` profile [optimized] target(s) in 0.03s
[INFO] [stderr]      Running unittests src/lib.rs (/opt/rustwide/target/release/deps/wasmtime_internal_error-61f2e9175641aa79)
[INFO] [stdout] 
[INFO] [stdout] running 2 tests
[INFO] [stdout] test error::tests::dyn_error_and_concrete_error_layouts_are_compatible ... ok
[INFO] [stdout] test error::tests::from_oom ... ok
[INFO] [stdout] 
[INFO] [stdout] test result: ok. 2 passed; 0 failed; 0 ignored; 0 measured; 0 filtered out; finished in 0.00s
[INFO] [stdout] 
[INFO] [stderr]      Running tests/tests.rs (/opt/rustwide/target/release/deps/tests-96eff220872209c9)
[INFO] [stdout] 
[INFO] [stdout] running 39 tests
[INFO] [stdout] test anyhow_macro_core_error ... ok
[INFO] [stdout] test anyhow_macro_core_error_chain ... ok
[INFO] [stdout] test anyhow_macro_format_explicit_args ... ok
[INFO] [stdout] test anyhow_macro_format_implicit_args ... ok
[INFO] [stdout] test anyhow_macro_string_literal ... ok
[INFO] [stdout] test bail_macro ... ok
[INFO] [stdout] test chain ... ok
[INFO] [stdout] test chain_on_error_with_source ... ok
[INFO] [stdout] test chain_with_leaf_sources ... ok
[INFO] [stdout] test context_on_err_result ... ok
[INFO] [stdout] test context_on_none_option ... ok
[INFO] [stdout] test context_on_ok_result ... ok
[INFO] [stdout] test context_on_oom ... ok
[INFO] [stdout] test context_on_some_option ... ok
[INFO] [stdout] test downcast ... ok
[INFO] [stdout] test downcast_drops_everything ... ok
[INFO] [stdout] test downcast_mut ... ok
[INFO] [stdout] test downcast_ref ... ok
[INFO] [stdout] test ensure_macro ... ok
[INFO] [stdout] test fmt_debug ... ok
[INFO] [stdout] test fmt_debug_alternate ... ok
[INFO] [stdout] test fmt_debug_alternate_with_oom ... ok
[INFO] [stdout] test fmt_display ... ok
[INFO] [stdout] test fmt_display_alternate ... ok
[INFO] [stdout] test from_error ... ok
[INFO] [stdout] test from_error_with_large_align ... ok
[INFO] [stdout] test into_boxed_dyn_error ... ok
[INFO] [stdout] test is ... ok
[INFO] [stdout] test is_for_root_cause_with_initial_error_source ... ok
[INFO] [stdout] test msg ... ok
[INFO] [stdout] test msg_drops ... ok
[INFO] [stdout] test new ... ok
[INFO] [stdout] test new_drops ... ok
[INFO] [stdout] test root_cause ... ok
[INFO] [stdout] test with_context_on_err_result ... ok
[INFO] [stdout] test with_context_on_none_option ... ok
[INFO] [stdout] test with_context_on_ok_result ... ok
[INFO] [stdout] test with_context_on_some_option ... ok
[INFO] [stderr]    Doc-tests wasmtime_internal_error
[INFO] [stdout] test anyhow_macro_msg ... ok
[INFO] [stdout] 
[INFO] [stdout] test result: ok. 39 passed; 0 failed; 0 ignored; 0 measured; 0 filtered out; finished in 0.03s
[INFO] [stdout] 
[INFO] [stdout] 
[INFO] [stdout] running 26 tests
[INFO] [stdout] test src/error.rs - error::Error (line 265) ... ok
[INFO] [stdout] test src/error.rs - error::Error (line 243) ... ok
[INFO] [stdout] test src/error.rs - error::Error (line 405) ... ok
[INFO] [stdout] test src/error.rs - error::Error (line 276) ... ok
[INFO] [stdout] test src/error.rs - error::Error::downcast (line 896) ... ok
[INFO] [stdout] test src/error.rs - error::Error (line 313) ... ok
[INFO] [stdout] test src/error.rs - error::Error::downcast_mut (line 1023) ... ok
[INFO] [stdout] test src/error.rs - error::Error::context (line 703) ... ok
[INFO] [stdout] test src/error.rs - error::Error::into_boxed_dyn_error (line 1091) ... ok
[INFO] [stdout] test src/error.rs - error::Error::downcast_ref (line 956) ... ok
[INFO] [stdout] test src/error.rs - error::Error::new (line 578) ... ok
[INFO] [stdout] test src/error.rs - error::Error::from_boxed (line 639) ... ok
[INFO] [stdout] test src/lib.rs - out_of_line_slow_path (line 26) ... ignored
[INFO] [stdout] test src/error.rs - error::Error::msg (line 609) ... ok
[INFO] [stdout] test src/error.rs - error::Error::is (line 846) ... ok
[INFO] [stdout] test src/error.rs - error::Error::root_cause (line 822) ... ok
[INFO] [stdout] test src/macros.rs - macros::ctor_specialization (line 188) ... ignored
[INFO] [stdout] test src/macros.rs - macros::ensure (line 140) ... ignored
[INFO] [stdout] test src/macros.rs - macros::anyhow (line 21) ... ok
[INFO] [stdout] test src/macros.rs - macros::ensure (line 150) ... ok
[INFO] [stdout] test src/macros.rs - macros::anyhow (line 43) ... ok
[INFO] [stdout] test src/macros.rs - macros::bail (line 108) ... ok
[INFO] [stdout] test src/context.rs - context::Context (line 86) ... ok
[INFO] [stdout] test src/error.rs - error::Error::chain (line 799) ... ok
[INFO] [stdout] test src/context.rs - context::Context (line 37) ... FAILED
[INFO] [stdout] test src/error.rs - error::Error (line 378) ... ok
[INFO] [stdout] 
[INFO] [stdout] failures:
[INFO] [stdout] 
[INFO] [stdout] ---- src/context.rs - context::Context (line 37) stdout ----
[INFO] [stdout] Test executable failed (exit status: 101).
[INFO] [stdout] 
[INFO] [stdout] stderr:
[INFO] [stdout] 
[INFO] [stdout] thread 'main' (240) panicked at /tmp/rustdoctestZ4miwL/doctest_bundle_2024.rs:33:1:
[INFO] [stdout] assertion `left == right` failed
[INFO] [stdout]   left: "number too large to fit in target type"
[INFO] [stdout]  right: "out of range integral type conversion attempted"
[INFO] [stdout] stack backtrace:
[INFO] [stdout]    0:     0x570eb68a9901 - std[104cf6e2632825ea]::backtrace_rs::backtrace::libunwind::trace
[INFO] [stdout]                                at /rustc/f47d5bb13648d5c859f5b438eb7dc834b9729961/library/std/src/../../backtrace/src/backtrace/libunwind.rs:117:9
[INFO] [stdout]    1:     0x570eb68a9901 - std[104cf6e2632825ea]::backtrace_rs::backtrace::trace_unsynchronized::<std[104cf6e2632825ea]::sys::backtrace::_print_fmt::{closure#1}>
[INFO] [stdout]                                at /rustc/f47d5bb13648d5c859f5b438eb7dc834b9729961/library/std/src/../../backtrace/src/backtrace/mod.rs:66:14
[INFO] [stdout]    2:     0x570eb68a9901 - std[104cf6e2632825ea]::sys::backtrace::_print_fmt
[INFO] [stdout]                                at /rustc/f47d5bb13648d5c859f5b438eb7dc834b9729961/library/std/src/sys/backtrace.rs:74:9
[INFO] [stdout]    3:     0x570eb68a9901 - <<std[104cf6e2632825ea]::sys::backtrace::BacktraceLock>::print::DisplayBacktrace as core[7c831bd917ebf35f]::fmt::Display>::fmt
[INFO] [stdout]                                at /rustc/f47d5bb13648d5c859f5b438eb7dc834b9729961/library/std/src/sys/backtrace.rs:44:26
[INFO] [stdout]    4:     0x570eb68bde4a - <core[7c831bd917ebf35f]::fmt::rt::Argument>::fmt
[INFO] [stdout]                                at /rustc/f47d5bb13648d5c859f5b438eb7dc834b9729961/library/core/src/fmt/rt.rs:152:76
[INFO] [stdout]    5:     0x570eb68bde4a - core[7c831bd917ebf35f]::fmt::write
[INFO] [stdout]    6:     0x570eb68aecac - core[7c831bd917ebf35f]::io::write::default_write_fmt::<std[104cf6e2632825ea]::sys::stdio::unix::Stderr>
[INFO] [stdout]                                at /rustc/f47d5bb13648d5c859f5b438eb7dc834b9729961/library/core/src/io/write.rs:402:11
[INFO] [stdout]    7:     0x570eb68aecac - <std[104cf6e2632825ea]::sys::stdio::unix::Stderr as core[7c831bd917ebf35f]::io::write::Write>::write_fmt
[INFO] [stdout]                                at /rustc/f47d5bb13648d5c859f5b438eb7dc834b9729961/library/core/src/io/write.rs:335:13
[INFO] [stdout]    8:     0x570eb6885b46 - <std[104cf6e2632825ea]::sys::backtrace::BacktraceLock>::print
[INFO] [stdout]                                at /rustc/f47d5bb13648d5c859f5b438eb7dc834b9729961/library/std/src/sys/backtrace.rs:47:9
[INFO] [stdout]    9:     0x570eb6885b46 - std[104cf6e2632825ea]::panicking::default_hook::{closure#0}
[INFO] [stdout]                                at /rustc/f47d5bb13648d5c859f5b438eb7dc834b9729961/library/std/src/panicking.rs:292:27
[INFO] [stdout]   10:     0x570eb68a1ec1 - std[104cf6e2632825ea]::panicking::default_hook
[INFO] [stdout]                                at /rustc/f47d5bb13648d5c859f5b438eb7dc834b9729961/library/std/src/panicking.rs:319:9
[INFO] [stdout]   11:     0x570eb68a207b - std[104cf6e2632825ea]::panicking::panic_with_hook
[INFO] [stdout]                                at /rustc/f47d5bb13648d5c859f5b438eb7dc834b9729961/library/std/src/panicking.rs:815:13
[INFO] [stdout]   12:     0x570eb6885bf2 - std[104cf6e2632825ea]::panicking::panic_handler::{closure#0}
[INFO] [stdout]                                at /rustc/f47d5bb13648d5c859f5b438eb7dc834b9729961/library/std/src/panicking.rs:688:13
[INFO] [stdout]   13:     0x570eb687e4e9 - std[104cf6e2632825ea]::sys::backtrace::__rust_end_short_backtrace::<std[104cf6e2632825ea]::panicking::panic_handler::{closure#0}, !>
[INFO] [stdout]                                at /rustc/f47d5bb13648d5c859f5b438eb7dc834b9729961/library/std/src/sys/backtrace.rs:182:18
[INFO] [stdout]   14:     0x570eb688696d - __rustc[b0d56fa5b193ad05]::rust_begin_unwind
[INFO] [stdout]                                at /rustc/f47d5bb13648d5c859f5b438eb7dc834b9729961/library/std/src/panicking.rs:679:5
[INFO] [stdout]   15:     0x570eb68be5bc - core[7c831bd917ebf35f]::panicking::panic_fmt
[INFO] [stdout]                                at /rustc/f47d5bb13648d5c859f5b438eb7dc834b9729961/library/core/src/panicking.rs:80:14
[INFO] [stdout]   16:     0x570eb68be4d3 - core[7c831bd917ebf35f]::panicking::assert_failed_inner
[INFO] [stdout]                                at /rustc/f47d5bb13648d5c859f5b438eb7dc834b9729961/library/core/src/panicking.rs:452:17
[INFO] [stdout]   17:     0x570eb6825c09 - core[7c831bd917ebf35f]::panicking::assert_failed::<alloc[2fdc3f7464fcf288]::string::String, &str>
[INFO] [stdout]   18:     0x570eb6829312 - doctest_bundle_2024[23099591ada481f4]::__doctest_0::main
[INFO] [stdout]   19:     0x570eb6829516 - doctest_bundle_2024[23099591ada481f4]::__doctest_0::__main_fn
[INFO] [stdout]   20:     0x570eb681d250 - doctest_runner_2024[4f9fc72afdcfadc2]::__doctest_0::TEST::{closure#0}
[INFO] [stdout]   21:     0x570eb68228f6 - <doctest_runner_2024[4f9fc72afdcfadc2]::__doctest_0::TEST::{closure#0} as core[7c831bd917ebf35f]::ops::function::FnOnce<()>>::call_once
[INFO] [stdout]   22:     0x570eb681e8f2 - doctest_runner_2024[4f9fc72afdcfadc2]::main
[INFO] [stdout]   23:     0x570eb6822823 - <fn() -> std[104cf6e2632825ea]::process::ExitCode as core[7c831bd917ebf35f]::ops::function::FnOnce<()>>::call_once
[INFO] [stdout]   24:     0x570eb681c84e - std[104cf6e2632825ea]::sys::backtrace::__rust_begin_short_backtrace::<fn() -> std[104cf6e2632825ea]::process::ExitCode, std[104cf6e2632825ea]::process::ExitCode>
[INFO] [stdout]   25:     0x570eb681d089 - std[104cf6e2632825ea]::rt::lang_start::<std[104cf6e2632825ea]::process::ExitCode>::{closure#0}
[INFO] [stdout]   26:     0x570eb68a0e49 - <&dyn core[7c831bd917ebf35f]::ops::function::Fn<(), Output = i32> + core[7c831bd917ebf35f]::panic::unwind_safe::RefUnwindSafe + core[7c831bd917ebf35f]::marker::Sync as core[7c831bd917ebf35f]::ops::function::FnOnce<()>>::call_once
[INFO] [stdout]                                at /rustc/f47d5bb13648d5c859f5b438eb7dc834b9729961/library/core/src/ops/function.rs:287:21
[INFO] [stdout]   27:     0x570eb68a0e49 - std[104cf6e2632825ea]::panicking::catch_unwind::do_call::<&dyn core[7c831bd917ebf35f]::ops::function::Fn<(), Output = i32> + core[7c831bd917ebf35f]::panic::unwind_safe::RefUnwindSafe + core[7c831bd917ebf35f]::marker::Sync, i32>
[INFO] [stdout]                                at /rustc/f47d5bb13648d5c859f5b438eb7dc834b9729961/library/std/src/panicking.rs:576:43
[INFO] [stdout]   28:     0x570eb68a0e49 - std[104cf6e2632825ea]::panicking::catch_unwind::<i32, &dyn core[7c831bd917ebf35f]::ops::function::Fn<(), Output = i32> + core[7c831bd917ebf35f]::panic::unwind_safe::RefUnwindSafe + core[7c831bd917ebf35f]::marker::Sync>
[INFO] [stdout]                                at /rustc/f47d5bb13648d5c859f5b438eb7dc834b9729961/library/std/src/panicking.rs:544:19
[INFO] [stdout]   29:     0x570eb68a0e49 - std[104cf6e2632825ea]::panic::catch_unwind::<&dyn core[7c831bd917ebf35f]::ops::function::Fn<(), Output = i32> + core[7c831bd917ebf35f]::panic::unwind_safe::RefUnwindSafe + core[7c831bd917ebf35f]::marker::Sync, i32>
[INFO] [stdout]                                at /rustc/f47d5bb13648d5c859f5b438eb7dc834b9729961/library/std/src/panic.rs:359:14
[INFO] [stdout]   30:     0x570eb68a0e49 - std[104cf6e2632825ea]::rt::lang_start_internal::{closure#0}
[INFO] [stdout]                                at /rustc/f47d5bb13648d5c859f5b438eb7dc834b9729961/library/std/src/rt.rs:175:24
[INFO] [stdout]   31:     0x570eb68a0e49 - std[104cf6e2632825ea]::panicking::catch_unwind::do_call::<std[104cf6e2632825ea]::rt::lang_start_internal::{closure#0}, isize>
[INFO] [stdout]                                at /rustc/f47d5bb13648d5c859f5b438eb7dc834b9729961/library/std/src/panicking.rs:576:43
[INFO] [stdout]   32:     0x570eb68a0e49 - std[104cf6e2632825ea]::panicking::catch_unwind::<isize, std[104cf6e2632825ea]::rt::lang_start_internal::{closure#0}>
[INFO] [stdout]                                at /rustc/f47d5bb13648d5c859f5b438eb7dc834b9729961/library/std/src/panicking.rs:544:19
[INFO] [stdout]   33:     0x570eb68a0e49 - std[104cf6e2632825ea]::panic::catch_unwind::<std[104cf6e2632825ea]::rt::lang_start_internal::{closure#0}, isize>
[INFO] [stdout]                                at /rustc/f47d5bb13648d5c859f5b438eb7dc834b9729961/library/std/src/panic.rs:359:14
[INFO] [stdout]   34:     0x570eb68a0e49 - std[104cf6e2632825ea]::rt::lang_start_internal
[INFO] [stdout]                                at /rustc/f47d5bb13648d5c859f5b438eb7dc834b9729961/library/std/src/rt.rs:171:5
[INFO] [stdout]   35:     0x570eb681bbc1 - std[104cf6e2632825ea]::rt::lang_start::<std[104cf6e2632825ea]::process::ExitCode>
[INFO] [stdout]   36:     0x570eb6822ed5 - main
[INFO] [stdout]   37:     0x71272b4c8601 - <unknown>
[INFO] [stdout]   38:     0x71272b4c8718 - __libc_start_main
[INFO] [stdout]   39:     0x570eb681ad45 - _start
[INFO] [stdout]   40:                0x0 - <unknown>
[INFO] [stdout] 
[INFO] [stdout] 
[INFO] [stdout] 
[INFO] [stdout] failures:
[INFO] [stdout]     src/context.rs - context::Context (line 37)
[INFO] [stdout] 
[INFO] [stdout] test result: FAILED. 22 passed; 1 failed; 3 ignored; 0 measured; 0 filtered out; finished in 0.05s
[INFO] [stdout] 
[INFO] [stdout] all doctests ran in 0.72s; merged doctests compilation took 0.67s
[INFO] [stderr] error: doctest failed, to rerun pass `--doc`
[INFO] running `Command { std: "docker" "inspect" "17dc353d0df25f61eac009a3c407cdcf6ed80619618bc43105d01b3af4ecbfaa", kill_on_drop: false }`
[INFO] running `Command { std: "docker" "rm" "-f" "17dc353d0df25f61eac009a3c407cdcf6ed80619618bc43105d01b3af4ecbfaa", kill_on_drop: false }`
[INFO] [stdout] 17dc353d0df25f61eac009a3c407cdcf6ed80619618bc43105d01b3af4ecbfaa
