[INFO] cloning repository https://github.com/kopiano/rust-app
[INFO] running `Command { std: "git" "-c" "credential.helper=" "-c" "credential.helper=/workspace/cargo-home/bin/git-credential-null" "clone" "--bare" "https://github.com/kopiano/rust-app" "/workspace/cache/git-repos/https%3A%2F%2Fgithub.com%2Fkopiano%2Frust-app", kill_on_drop: false }`
[INFO] [stderr] Cloning into bare repository '/workspace/cache/git-repos/https%3A%2F%2Fgithub.com%2Fkopiano%2Frust-app'...
[INFO] running `Command { std: "git" "rev-parse" "HEAD", kill_on_drop: false }`
[INFO] [stdout] fe9ffb0beb9db256ce52d54c50790001395e8ab0
[INFO] testing kopiano/rust-app against 1.99.0-beta.1+cargoflags=--release for beta-release-1.99-2
[INFO] running `Command { std: "git" "clone" "/workspace/cache/git-repos/https%3A%2F%2Fgithub.com%2Fkopiano%2Frust-app" "/workspace/builds/worker-3-tc2/source", kill_on_drop: false }`
[INFO] [stderr] Cloning into '/workspace/builds/worker-3-tc2/source'...
[INFO] [stderr] done.
[INFO] started tweaking git repo https://github.com/kopiano/rust-app
[INFO] finished tweaking git repo https://github.com/kopiano/rust-app
[INFO] tweaked toml for git repo https://github.com/kopiano/rust-app written to /workspace/builds/worker-3-tc2/source/Cargo.toml
[INFO] validating manifest of git repo https://github.com/kopiano/rust-app on toolchain 1.99.0-beta.1
[INFO] running `Command { std: CARGO_HOME="/workspace/cargo-home" RUSTUP_HOME="/workspace/rustup-home" "/workspace/cargo-home/bin/cargo" "+1.99.0-beta.1" "metadata" "--manifest-path" "Cargo.toml" "--no-deps", kill_on_drop: false }`
[INFO] crate git repo https://github.com/kopiano/rust-app already has a lockfile, it will not be regenerated
[INFO] running `Command { std: CARGO_HOME="/workspace/cargo-home" RUSTUP_HOME="/workspace/rustup-home" "/workspace/cargo-home/bin/cargo" "+1.99.0-beta.1" "fetch" "--manifest-path" "Cargo.toml", kill_on_drop: false }`
[INFO] [stderr]     Blocking waiting for file lock on package cache
[INFO] [stderr]     Blocking waiting for file lock on package cache
[INFO] [stderr]  Downloading crates ...
[INFO] [stderr]   Downloaded zip v4.6.1
[INFO] [stderr]   Downloaded quick-error v2.0.1
[INFO] [stderr]   Downloaded color_quant v1.1.0
[INFO] [stderr]   Downloaded arbitrary v1.4.2
[INFO] [stderr]   Downloaded zopfli v0.8.3
[INFO] [stderr]   Downloaded wasm-bindgen-shared v0.2.126
[INFO] [stderr]   Downloaded derive_arbitrary v1.4.2
[INFO] [stderr]   Downloaded wasm-bindgen-macro v0.2.126
[INFO] [stderr]   Downloaded libredox v0.1.18
[INFO] [stderr]   Downloaded sha1 v0.10.7
[INFO] [stderr]   Downloaded block-padding v0.4.2
[INFO] [stderr]   Downloaded cpubits v0.1.1
[INFO] [stderr]   Downloaded bcrypt v0.16.0
[INFO] [stderr]   Downloaded ncm2mp3-core v0.3.1
[INFO] [stderr]   Downloaded inout v0.2.2
[INFO] [stderr]   Downloaded urlencoding v2.1.3
[INFO] [stderr]   Downloaded num-iter v0.1.46
[INFO] [stderr]   Downloaded system-configuration v0.7.0
[INFO] [stderr]   Downloaded quote v1.0.46
[INFO] [stderr]   Downloaded ecb v0.2.0
[INFO] [stderr]   Downloaded wasm-bindgen-futures v0.4.76
[INFO] [stderr]   Downloaded image-webp v0.2.4
[INFO] [stderr]   Downloaded tokio-tungstenite v0.29.0
[INFO] [stderr]   Downloaded flate2 v1.1.9
[INFO] [stderr]   Downloaded redox_syscall v0.9.0
[INFO] [stderr]   Downloaded displaydoc v0.2.6
[INFO] [stderr]   Downloaded zune-core v0.5.1
[INFO] [stderr]   Downloaded cipher v0.5.2
[INFO] [stderr]   Downloaded simple_asn1 v0.6.4
[INFO] [stderr]   Downloaded pem v3.0.6
[INFO] [stderr]   Downloaded gif v0.14.2
[INFO] [stderr]   Downloaded crossbeam-queue v0.3.13
[INFO] [stderr]   Downloaded bytemuck v1.25.1
[INFO] [stderr]   Downloaded blowfish v0.9.1
[INFO] [stderr]   Downloaded weezl v0.1.12
[INFO] [stderr]   Downloaded sha1_smol v1.0.1
[INFO] [stderr]   Downloaded native-tls v0.2.18
[INFO] [stderr]   Downloaded fastrand v2.4.1
[INFO] [stderr]   Downloaded glob v0.3.4
[INFO] [stderr]   Downloaded hybrid-array v0.4.13
[INFO] [stderr]   Downloaded data-encoding v2.11.0
[INFO] [stderr]   Downloaded bitflags v2.13.0
[INFO] [stderr]   Downloaded rustls-pki-types v1.15.0
[INFO] [stderr]   Downloaded time-macros v0.2.31
[INFO] [stderr]   Downloaded jsonwebtoken v9.3.1
[INFO] [stderr]   Downloaded wasm-bindgen v0.2.126
[INFO] [stderr]   Downloaded socket2 v0.6.4
[INFO] [stderr]   Downloaded openssl-sys v0.9.117
[INFO] [stderr]   Downloaded arc-swap v1.9.2
[INFO] [stderr]   Downloaded axum-extra v0.10.3
[INFO] [stderr]   Downloaded tungstenite v0.29.0
[INFO] [stderr]   Downloaded cc v1.2.66
[INFO] [stderr]   Downloaded wasm-bindgen-macro-support v0.2.126
[INFO] [stderr]   Downloaded uuid v1.23.4
[INFO] [stderr]   Downloaded zune-jpeg v0.5.15
[INFO] [stderr]   Downloaded mio v1.2.1
[INFO] [stderr]   Downloaded zerocopy-derive v0.8.54
[INFO] [stderr]   Downloaded js-sys v0.3.103
[INFO] [stderr]   Downloaded num-bigint v0.4.8
[INFO] [stderr]   Downloaded http v1.4.2
[INFO] [stderr]   Downloaded png v0.18.1
[INFO] [stderr]   Downloaded aes v0.9.1
[INFO] [stderr]   Downloaded wasip2 v1.0.4+wasi-0.2.12
[INFO] [stderr]   Downloaded zlib-rs v0.6.6
[INFO] [stderr]   Downloaded hyper v1.10.1
[INFO] [stderr]   Downloaded h2 v0.4.15
[INFO] [stderr]   Downloaded moxcms v0.8.1
[INFO] [stderr]   Downloaded time v0.3.53
[INFO] [stderr]   Downloaded webpki-roots v1.0.8
[INFO] [stderr]   Downloaded zerocopy v0.8.54
[INFO] [stderr]   Downloaded openssl v0.10.81
[INFO] [stderr]   Downloaded redis v0.28.2
[INFO] [stderr]   Downloaded syn v2.0.118
[INFO] [stderr]   Downloaded image v0.25.10
[INFO] [stderr]   Downloaded rustls v0.23.42
[INFO] [stderr]   Downloaded web-sys v0.3.103
[INFO] [stderr]   Downloaded regex-automata v0.4.15
[INFO] [stderr]   Downloaded pxfm v0.1.30
[INFO] [stderr]   Downloaded tokio v1.52.3
[INFO] [stderr]   Downloaded webp v0.3.1
[INFO] [stderr]   Downloaded libwebp-sys v0.9.6
[INFO] running `Command { std: "docker" "create" "-v" "/var/lib/crater-agent-workspace/builds/worker-3-tc2/source:/opt/rustwide/workdir:ro,Z" "-v" "/var/lib/crater-agent-workspace/builds/worker-3-tc2/target:/opt/rustwide/target:rw,Z" "-v" "/var/lib/crater-agent-workspace/cargo-home:/opt/rustwide/cargo-home:ro,Z" "-v" "/var/lib/crater-agent-workspace/rustup-home:/opt/rustwide/rustup-home:ro,Z" "-m" "1610612736" "--network" "none" "ghcr.io/rust-lang/crates-build-env/linux@sha256:8683fc1fc2eb5c9ac98e0d076ab094b2ffac7f99da555d2b6a2e27f346de2ec7" "sleep" "infinity", kill_on_drop: false }`
[INFO] [stdout] 2a62f0cfc69717e7698f4cb6bc28e9685e3a9bf470be95c127158394cb58515d
[INFO] running `Command { std: "docker" "start" "2a62f0cfc69717e7698f4cb6bc28e9685e3a9bf470be95c127158394cb58515d", kill_on_drop: false }`
[INFO] running `Command { std: "docker" "inspect" "2a62f0cfc69717e7698f4cb6bc28e9685e3a9bf470be95c127158394cb58515d", kill_on_drop: false }`
[INFO] running `Command { std: "docker" "exec" "-e" "SOURCE_DIR=/opt/rustwide/workdir" "-e" "CARGO_HOME=/opt/rustwide/cargo-home" "-e" "RUSTUP_HOME=/opt/rustwide/rustup-home" "-e" "CARGO_TARGET_DIR=/opt/rustwide/target" "-w" "/opt/rustwide/workdir" "--user" "0:0" "2a62f0cfc69717e7698f4cb6bc28e9685e3a9bf470be95c127158394cb58515d" "/opt/rustwide/cargo-home/bin/cargo" "+1.99.0-beta.1" "metadata" "--no-deps" "--format-version=1", kill_on_drop: false }`
[INFO] running `Command { std: "docker" "inspect" "2a62f0cfc69717e7698f4cb6bc28e9685e3a9bf470be95c127158394cb58515d", kill_on_drop: false }`
[INFO] running `Command { std: "docker" "exec" "-e" "SOURCE_DIR=/opt/rustwide/workdir" "-e" "CARGO_HOME=/opt/rustwide/cargo-home" "-e" "RUSTUP_HOME=/opt/rustwide/rustup-home" "-e" "CARGO_TARGET_DIR=/opt/rustwide/target" "-e" "CARGO_INCREMENTAL=0" "-e" "RUST_BACKTRACE=full" "-e" "RUSTFLAGS=--cap-lints=warn" "-e" "RUSTDOCFLAGS=--cap-lints=warn" "-w" "/opt/rustwide/workdir" "--user" "0:0" "2a62f0cfc69717e7698f4cb6bc28e9685e3a9bf470be95c127158394cb58515d" "/opt/rustwide/cargo-home/bin/cargo" "+1.99.0-beta.1" "build" "--frozen" "--message-format=json" "--release", kill_on_drop: false }`
[INFO] [stderr]    Compiling quote v1.0.46
[INFO] [stderr]    Compiling serde v1.0.228
[INFO] [stderr]    Compiling serde_core v1.0.228
[INFO] [stderr]    Compiling libc v0.2.186
[INFO] [stderr]    Compiling pin-project-lite v0.2.17
[INFO] [stderr]    Compiling typenum v1.20.1
[INFO] [stderr]    Compiling bytes v1.12.1
[INFO] [stderr]    Compiling futures-core v0.3.32
[INFO] [stderr]    Compiling autocfg v1.5.1
[INFO] [stderr]    Compiling find-msvc-tools v0.1.9
[INFO] [stderr]    Compiling shlex v2.0.1
[INFO] [stderr]    Compiling log v0.4.33
[INFO] [stderr]    Compiling mio v1.2.1
[INFO] [stderr]    Compiling socket2 v0.6.4
[INFO] [stderr]    Compiling syn v2.0.118
[INFO] [stderr]    Compiling icu_normalizer_data v2.2.0
[INFO] [stderr]    Compiling icu_properties_data v2.2.0
[INFO] [stderr]    Compiling memchr v2.8.3
[INFO] [stderr]    Compiling jobserver v0.1.35
[INFO] [stderr]    Compiling futures-sink v0.3.32
[INFO] [stderr]    Compiling zerocopy v0.8.54
[INFO] [stderr]    Compiling cc v1.2.66
[INFO] [stderr]    Compiling once_cell v1.21.4
[INFO] [stderr]    Compiling generic-array v0.14.7
[INFO] [stderr]    Compiling stable_deref_trait v1.2.1
[INFO] [stderr]    Compiling zmij v1.0.21
[INFO] [stderr]    Compiling tracing-core v0.1.36
[INFO] [stderr]    Compiling slab v0.4.12
[INFO] [stderr]    Compiling thiserror v2.0.18
[INFO] [stderr]    Compiling crossbeam-utils v0.8.22
[INFO] [stderr]    Compiling serde_json v1.0.150
[INFO] [stderr]    Compiling crypto-common v0.1.7
[INFO] [stderr]    Compiling http v1.4.2
[INFO] [stderr]    Compiling futures-task v0.3.32
[INFO] [stderr]    Compiling percent-encoding v2.3.2
[INFO] [stderr]    Compiling futures-io v0.3.32
[INFO] [stderr]    Compiling num-traits v0.2.19
[INFO] [stderr]    Compiling cfg-if v1.0.4
[INFO] [stderr]    Compiling block-buffer v0.10.4
[INFO] [stderr]    Compiling getrandom v0.2.17
[INFO] [stderr]    Compiling hashbrown v0.17.1
[INFO] [stderr]    Compiling writeable v0.6.3
[INFO] [stderr]    Compiling synstructure v0.13.2
[INFO] [stderr]    Compiling litemap v0.8.2
[INFO] [stderr]    Compiling indexmap v2.14.0
[INFO] [stderr]    Compiling digest v0.10.7
[INFO] [stderr]    Compiling httparse v1.10.1
[INFO] [stderr]    Compiling bitflags v2.13.0
[INFO] [stderr]    Compiling http-body v1.0.1
[INFO] [stderr]    Compiling utf8_iter v1.0.4
[INFO] [stderr]    Compiling form_urlencoded v1.2.2
[INFO] [stderr]    Compiling pkg-config v0.3.33
[INFO] [stderr]    Compiling vcpkg v0.2.15
[INFO] [stderr]    Compiling tower-service v0.3.3
[INFO] [stderr]    Compiling serde_derive v1.0.228
[INFO] [stderr]    Compiling zerofrom-derive v0.1.7
[INFO] [stderr]    Compiling yoke-derive v0.8.2
[INFO] [stderr]    Compiling zerovec-derive v0.11.3
[INFO] [stderr]    Compiling displaydoc v0.2.6
[INFO] [stderr]    Compiling tokio-macros v2.7.0
[INFO] [stderr]    Compiling tracing-attributes v0.1.31
[INFO] [stderr]    Compiling thiserror-impl v2.0.18
[INFO] [stderr]    Compiling futures-macro v0.3.32
[INFO] [stderr]    Compiling subtle v2.6.1
[INFO] [stderr]    Compiling zerofrom v0.1.8
[INFO] [stderr]    Compiling yoke v0.8.3
[INFO] [stderr]    Compiling zerovec v0.11.6
[INFO] [stderr]    Compiling zerotrie v0.2.4
[INFO] [stderr]    Compiling futures-util v0.3.32
[INFO] [stderr]    Compiling tinystr v0.8.3
[INFO] [stderr]    Compiling potential_utf v0.1.5
[INFO] [stderr]    Compiling icu_locale_core v2.2.0
[INFO] [stderr]    Compiling icu_collections v2.2.0
[INFO] [stderr]    Compiling tracing v0.1.44
[INFO] [stderr]    Compiling openssl-sys v0.9.117
[INFO] [stderr]    Compiling icu_provider v2.2.0
[INFO] [stderr]    Compiling smallvec v1.15.2
[INFO] [stderr]    Compiling ring v0.17.14
[INFO] [stderr]    Compiling futures-channel v0.3.32
[INFO] [stderr]    Compiling parking_lot_core v0.9.12
[INFO] [stderr]    Compiling getrandom v0.3.4
[INFO] [stderr]    Compiling parking_lot v0.12.5
[INFO] [stderr]    Compiling tokio v1.52.3
[INFO] [stderr]    Compiling ppv-lite86 v0.2.21
[INFO] [stderr]    Compiling icu_properties v2.2.0
[INFO] [stderr]    Compiling icu_normalizer v2.2.0
[INFO] [stderr]    Compiling idna_adapter v1.2.2
[INFO] [stderr]    Compiling zeroize v1.9.0
[INFO] [stderr]    Compiling fnv v1.0.7
[INFO] [stderr]    Compiling equivalent v1.0.2
[INFO] [stderr]    Compiling simd-adler32 v0.3.10
[INFO] [stderr]    Compiling httpdate v1.0.3
[INFO] [stderr]    Compiling scopeguard v1.2.0
[INFO] [stderr]    Compiling atomic-waker v1.1.2
[INFO] [stderr]    Compiling crc32fast v1.5.0
[INFO] [stderr]    Compiling try-lock v0.2.5
[INFO] [stderr]    Compiling want v0.3.1
[INFO] [stderr]    Compiling lock_api v0.4.14
[INFO] [stderr]    Compiling idna v1.1.0
[INFO] [stderr]    Compiling hybrid-array v0.4.13
[INFO] [stderr]    Compiling tinyvec_macros v0.1.1
[INFO] [stderr]    Compiling foldhash v0.1.5
[INFO] [stderr]    Compiling num-conv v0.2.2
[INFO] [stderr]    Compiling allocator-api2 v0.2.21
[INFO] [stderr]    Compiling time-core v0.1.9
[INFO] [stderr]    Compiling tower-layer v0.3.3
[INFO] [stderr]    Compiling mime v0.3.17
[INFO] [stderr]    Compiling time-macros v0.2.31
[INFO] [stderr]    Compiling hashbrown v0.15.5
[INFO] [stderr]    Compiling tinyvec v1.11.0
[INFO] [stderr]    Compiling url v2.5.8
[INFO] [stderr]    Compiling rand_core v0.6.4
[INFO] [stderr]    Compiling rand_core v0.9.5
[INFO] [stderr]    Compiling rustls-pki-types v1.15.0
[INFO] [stderr]    Compiling concurrent-queue v2.5.0
[INFO] [stderr]    Compiling http-body-util v0.1.3
[INFO] [stderr]    Compiling sync_wrapper v1.0.2
[INFO] [stderr]    Compiling openssl v0.10.81
[INFO] [stderr]    Compiling deranged v0.5.8
[INFO] [stderr]    Compiling itoa v1.0.18
[INFO] [stderr]    Compiling tokio-util v0.7.18
[INFO] [stderr]    Compiling getrandom v0.4.3
[INFO] [stderr]    Compiling h2 v0.4.15
[INFO] [stderr]    Compiling ipnet v2.12.0
[INFO] [stderr]    Compiling crc-catalog v2.5.0
[INFO] [stderr]    Compiling parking v2.2.1
[INFO] [stderr]    Compiling iana-time-zone v0.1.65
[INFO] [stderr]    Compiling cpufeatures v0.2.17
[INFO] [stderr]    Compiling foreign-types-shared v0.1.1
[INFO] [stderr]    Compiling adler2 v2.0.1
[INFO] [stderr]    Compiling miniz_oxide v0.8.9
[INFO] [stderr]    Compiling tokio-stream v0.1.18
[INFO] [stderr]    Compiling time v0.3.53
[INFO] [stderr]    Compiling foreign-types v0.3.2
[INFO] [stderr]    Compiling sha2 v0.10.9
[INFO] [stderr]    Compiling chrono v0.4.45
[INFO] [stderr]    Compiling event-listener v5.4.1
[INFO] [stderr]    Compiling rand_chacha v0.3.1
[INFO] [stderr]    Compiling crc v3.4.0
[INFO] [stderr]    Compiling futures-intrusive v0.5.0
[INFO] [stderr]    Compiling rand_chacha v0.9.0
[INFO] [stderr]    Compiling unicode-normalization v0.1.25
[INFO] [stderr]    Compiling hashlink v0.10.0
[INFO] [stderr]    Compiling block-padding v0.4.2
[INFO] [stderr]    Compiling crossbeam-queue v0.3.13
[INFO] [stderr]    Compiling either v1.16.0
[INFO] [stderr]    Compiling hmac v0.12.1
[INFO] [stderr]    Compiling openssl-macros v0.1.1
[INFO] [stderr]    Compiling sha1_smol v1.0.1
[INFO] [stderr]    Compiling base64 v0.22.1
[INFO] [stderr]    Compiling rustls v0.23.42
[INFO] [stderr]    Compiling unicase v2.9.0
[INFO] [stderr]    Compiling native-tls v0.2.18
[INFO] [stderr]    Compiling uuid v1.23.4
[INFO] [stderr]    Compiling zlib-rs v0.6.6
[INFO] [stderr]    Compiling rustversion v1.0.23
[INFO] [stderr]    Compiling hyper v1.10.1
[INFO] [stderr]    Compiling unicode-properties v0.1.4
[INFO] [stderr]    Compiling unicode-bidi v0.3.18
[INFO] [stderr]    Compiling sqlx-core v0.8.6
[INFO] [stderr]    Compiling stringprep v0.1.5
[INFO] [stderr]    Compiling rustls-webpki v0.103.13
[INFO] [stderr]    Compiling hyper-util v0.1.20
[INFO] [stderr]    Compiling flate2 v1.1.9
[INFO] [stderr]    Compiling mime_guess v2.0.5
[INFO] [stderr]    Compiling hkdf v0.12.4
[INFO] [stderr]    Compiling inout v0.2.2
[INFO] [stderr]    Compiling rand v0.9.5
[INFO] [stderr]    Compiling rand v0.8.6
[INFO] [stderr]    Compiling tower v0.5.3
[INFO] [stderr]    Compiling crypto-common v0.2.2
[INFO] [stderr]    Compiling atoi v2.0.0
[INFO] [stderr]    Compiling sha1 v0.10.7
[INFO] [stderr]    Compiling md-5 v0.10.6
[INFO] [stderr]    Compiling num-integer v0.1.46
[INFO] [stderr]    Compiling encoding_rs v0.8.35
[INFO] [stderr]    Compiling multer v3.1.0
[INFO] [stderr]    Compiling byteorder v1.5.0
[INFO] [stderr]    Compiling home v0.5.12
[INFO] [stderr]    Compiling openssl-probe v0.2.1
[INFO] [stderr]    Compiling whoami v1.6.1
[INFO] [stderr]    Compiling data-encoding v2.11.0
[INFO] [stderr]    Compiling dotenvy v0.15.7
[INFO] [stderr]    Compiling hex v0.4.3
[INFO] [stderr]    Compiling glob v0.3.4
[INFO] [stderr]    Compiling sqlx-postgres v0.8.6
[INFO] [stderr]    Compiling cipher v0.5.2
[INFO] [stderr]    Compiling libwebp-sys v0.9.6
[INFO] [stderr]    Compiling tungstenite v0.29.0
[INFO] [stderr]    Compiling num-bigint v0.4.8
[INFO] [stderr]    Compiling serde_urlencoded v0.7.1
[INFO] [stderr]    Compiling fdeflate v0.3.7
[INFO] [stderr]    Compiling inout v0.1.4
[INFO] [stderr]    Compiling cookie v0.18.1
[INFO] [stderr]    Compiling pxfm v0.1.30
[INFO] [stderr]    Compiling spin v0.9.8
[INFO] [stderr]    Compiling color_quant v1.1.0
[INFO] [stderr]    Compiling zune-core v0.5.1
[INFO] [stderr]    Compiling weezl v0.1.12
[INFO] [stderr]    Compiling quick-error v2.0.1
[INFO] [stderr]    Compiling byteorder-lite v0.1.0
[INFO] [stderr]    Compiling regex-syntax v0.8.11
[INFO] [stderr]    Compiling image-webp v0.2.4
[INFO] [stderr]    Compiling gif v0.14.2
[INFO] [stderr]    Compiling tokio-rustls v0.26.4
[INFO] [stderr]    Compiling sqlx-macros-core v0.8.6
[INFO] [stderr]    Compiling zune-jpeg v0.5.15
[INFO] [stderr]    Compiling regex-automata v0.4.15
[INFO] [stderr]    Compiling moxcms v0.8.1
[INFO] [stderr]    Compiling cipher v0.4.4
[INFO] [stderr]    Compiling png v0.18.1
[INFO] [stderr]    Compiling tokio-tungstenite v0.29.0
[INFO] [stderr]    Compiling tokio-native-tls v0.3.1
[INFO] [stderr]    Compiling axum-core v0.5.6
[INFO] [stderr]    Compiling webpki-roots v1.0.8
[INFO] [stderr]    Compiling serde_path_to_error v0.1.20
[INFO] [stderr]    Compiling bytemuck v1.25.1
[INFO] [stderr]    Compiling cpufeatures v0.3.0
[INFO] [stderr]    Compiling bumpalo v3.20.3
[INFO] [stderr]    Compiling cpubits v0.1.1
[INFO] [stderr]    Compiling lazy_static v1.5.0
[INFO] [stderr]    Compiling matchit v0.8.4
[INFO] [stderr]    Compiling axum v0.8.9
[INFO] [stderr]    Compiling sharded-slab v0.1.7
[INFO] [stderr]    Compiling aes v0.9.1
[INFO] [stderr]    Compiling zopfli v0.8.3
[INFO] [stderr]    Compiling image v0.25.10
[INFO] [stderr]    Compiling hyper-rustls v0.27.9
[INFO] [stderr]    Compiling hyper-tls v0.6.0
[INFO] [stderr]    Compiling matchers v0.2.0
[INFO] [stderr]    Compiling blowfish v0.9.1
[INFO] [stderr]    Compiling sqlx-macros v0.8.6
[INFO] [stderr]    Compiling arc-swap v1.9.2
[INFO] [stderr]    Compiling simple_asn1 v0.6.4
[INFO] [stderr]    Compiling ecb v0.2.0
[INFO] [stderr]    Compiling tower-http v0.6.11
[INFO] [stderr]    Compiling combine v4.6.7
[INFO] [stderr]    Compiling tracing-serde v0.2.0
[INFO] [stderr]    Compiling pem v3.0.6
[INFO] [stderr]    Compiling tracing-log v0.2.0
[INFO] [stderr]    Compiling socket2 v0.5.10
[INFO] [stderr]    Compiling thread_local v1.1.10
[INFO] [stderr]    Compiling nu-ansi-term v0.50.3
[INFO] [stderr]    Compiling http-range-header v0.4.2
[INFO] [stderr]    Compiling tracing-subscriber v0.3.23
[INFO] [stderr]    Compiling tower-http v0.7.0
[INFO] [stderr]    Compiling jsonwebtoken v9.3.1
[INFO] [stderr]    Compiling reqwest v0.12.28
[INFO] [stderr]    Compiling ncm2mp3-core v0.3.1
[INFO] [stderr]    Compiling sqlx v0.8.6
[INFO] [stderr]    Compiling redis v0.28.2
[INFO] [stderr]    Compiling axum-extra v0.10.3
[INFO] [stderr]    Compiling bcrypt v0.16.0
[INFO] [stderr]    Compiling zip v4.6.1
[INFO] [stderr]    Compiling urlencoding v2.1.3
[INFO] [stderr]    Compiling webp v0.3.1
[INFO] [stderr]    Compiling rust-app v0.4.0 (/opt/rustwide/workdir)
[INFO] [stdout] warning: function `load_view_state` is never used
[INFO] [stdout]     --> src/handles/video.rs:2125:10
[INFO] [stdout]      |
[INFO] [stdout] 2125 | async fn load_view_state(
[INFO] [stdout]      |          ^^^^^^^^^^^^^^^
[INFO] [stdout]      |
[INFO] [stdout] note: the lint level is defined here
[INFO] [stdout]     --> src/handles/video.rs:2124:8
[INFO] [stdout]      |
[INFO] [stdout] 2124 | #[warn(dead_code)]
[INFO] [stdout]      |        ^^^^^^^^^
[INFO] [stdout] 
[INFO] [stdout] 
[INFO] [stderr]     Finished `release` profile [optimized] target(s) in 4m 15s
[INFO] [stderr] warning: the following packages contain code that will be rejected by a future version of Rust: redis v0.28.2
[INFO] [stderr] note: to see what the problems were, use the option `--future-incompat-report`, or run `cargo report future-incompatibilities --id 1`
[INFO] running `Command { std: "docker" "inspect" "2a62f0cfc69717e7698f4cb6bc28e9685e3a9bf470be95c127158394cb58515d", kill_on_drop: false }`
[INFO] running `Command { std: "docker" "exec" "-e" "SOURCE_DIR=/opt/rustwide/workdir" "-e" "CARGO_HOME=/opt/rustwide/cargo-home" "-e" "RUSTUP_HOME=/opt/rustwide/rustup-home" "-e" "CARGO_TARGET_DIR=/opt/rustwide/target" "-e" "CARGO_INCREMENTAL=0" "-e" "RUST_BACKTRACE=full" "-e" "RUSTFLAGS=--cap-lints=warn" "-e" "RUSTDOCFLAGS=--cap-lints=warn" "-w" "/opt/rustwide/workdir" "--user" "0:0" "2a62f0cfc69717e7698f4cb6bc28e9685e3a9bf470be95c127158394cb58515d" "/opt/rustwide/cargo-home/bin/cargo" "+1.99.0-beta.1" "test" "--frozen" "--no-run" "--message-format=json" "--release", kill_on_drop: false }`
[INFO] [stderr]    Compiling rust-app v0.4.0 (/opt/rustwide/workdir)
[INFO] [stdout] warning: function `load_view_state` is never used
[INFO] [stdout]     --> src/handles/video.rs:2125:10
[INFO] [stdout]      |
[INFO] [stdout] 2125 | async fn load_view_state(
[INFO] [stdout]      |          ^^^^^^^^^^^^^^^
[INFO] [stdout]      |
[INFO] [stdout] note: the lint level is defined here
[INFO] [stdout]     --> src/handles/video.rs:2124:8
[INFO] [stdout]      |
[INFO] [stdout] 2124 | #[warn(dead_code)]
[INFO] [stdout]      |        ^^^^^^^^^
[INFO] [stdout] 
[INFO] [stdout] 
[INFO] [stderr]     Finished `release` profile [optimized] target(s) in 16.62s
[INFO] [stderr] warning: the following packages contain code that will be rejected by a future version of Rust: redis v0.28.2
[INFO] [stderr] note: to see what the problems were, use the option `--future-incompat-report`, or run `cargo report future-incompatibilities --id 1`
[INFO] running `Command { std: "docker" "inspect" "2a62f0cfc69717e7698f4cb6bc28e9685e3a9bf470be95c127158394cb58515d", kill_on_drop: false }`
[INFO] running `Command { std: "docker" "exec" "-e" "SOURCE_DIR=/opt/rustwide/workdir" "-e" "CARGO_HOME=/opt/rustwide/cargo-home" "-e" "RUSTUP_HOME=/opt/rustwide/rustup-home" "-e" "CARGO_TARGET_DIR=/opt/rustwide/target" "-e" "CARGO_INCREMENTAL=0" "-e" "RUST_BACKTRACE=full" "-e" "RUSTFLAGS=--cap-lints=warn" "-e" "RUSTDOCFLAGS=--cap-lints=warn" "-w" "/opt/rustwide/workdir" "--user" "0:0" "2a62f0cfc69717e7698f4cb6bc28e9685e3a9bf470be95c127158394cb58515d" "/opt/rustwide/cargo-home/bin/cargo" "+1.99.0-beta.1" "test" "--frozen" "--release", kill_on_drop: false }`
[INFO] [stderr] warning: function `load_view_state` is never used
[INFO] [stderr]     --> src/handles/video.rs:2125:10
[INFO] [stderr]      |
[INFO] [stderr] 2125 | async fn load_view_state(
[INFO] [stderr]      |          ^^^^^^^^^^^^^^^
[INFO] [stderr]      |
[INFO] [stderr] note: the lint level is defined here
[INFO] [stderr]     --> src/handles/video.rs:2124:8
[INFO] [stderr]      |
[INFO] [stderr] 2124 | #[warn(dead_code)]
[INFO] [stderr]      |        ^^^^^^^^^
[INFO] [stderr] 
[INFO] [stderr] warning: `rust-app` (bin "rust-app" test) generated 1 warning
[INFO] [stderr]     Finished `release` profile [optimized] target(s) in 0.17s
[INFO] [stderr] warning: the following packages contain code that will be rejected by a future version of Rust: redis v0.28.2
[INFO] [stderr] note: to see what the problems were, use the option `--future-incompat-report`, or run `cargo report future-incompatibilities --id 1`
[INFO] [stderr]      Running unittests src/main.rs (/opt/rustwide/target/release/deps/rust_app-85419d46e65777bf)
[INFO] [stdout] 
[INFO] [stdout] running 64 tests
[INFO] [stdout] test common::assets::tests::creates_date_username_uuid_directory_name ... ok
[INFO] [stdout] test common::assets::tests::creates_short_video_directory_name ... ok
[INFO] [stdout] test common::assets::tests::sanitizes_username_for_a_single_path_component ... ok
[INFO] [stdout] test config::logger::tests::abbreviates_paths_ids_and_sql ... ok
[INFO] [stdout] test config::logger::tests::applies_status_and_duration_threshold_colors ... ok
[INFO] [stdout] test config::logger::tests::keeps_fields_on_one_bounded_line ... ok
[INFO] [stdout] test config::logger::tests::left_aligns_and_abbreviates_detail_values ... ok
[INFO] [stdout] test config::logger::tests::preserves_complete_values_for_file_logs ... ok
[INFO] [stdout] test config::logger::tests::right_aligns_status_and_duration_columns ... ok
[INFO] [stdout] test handles::character::tests::limits_tts_chunks_without_punctuation ... ok
[INFO] [stdout] test handles::character::tests::splits_tts_text_at_sentence_boundaries ... ok
[INFO] [stdout] test handles::message::tests::decodes_group_avatar_data_url ... ok
[INFO] [stdout] test handles::message::tests::names_group_avatar_with_creator_and_timestamp ... ok
[INFO] [stdout] test handles::message::tests::sanitizes_username_for_image_filename ... ok
[INFO] [stdout] test config::logger::tests::creates_parent_directory_and_appends_log_lines ... FAILED
[INFO] [stdout] test handles::moment::tests::resolves_safe_moment_media_cleanup_paths ... ok
[INFO] [stdout] test handles::moment::tests::parses_ffmpeg_progress_time ... ok
[INFO] [stdout] test handles::moment::tests::sanitizes_username_for_moment_filename ... ok
[INFO] [stdout] test handles::moment::tests::reads_display_metadata_from_ffprobe_output ... ok
[INFO] [stdout] test handles::music::music_list_query_tests::pagination_uses_defaults_and_clamps_limits ... ok
[INFO] [stdout] test handles::music::music_list_query_tests::playlist_name_is_stable_and_contains_two_words ... ok
[INFO] [stdout] test handles::moment::tests::resets_moment_view_day_at_shanghai_midnight ... ok
[INFO] [stdout] test handles::moment::tests::validates_video_content_type_and_extension ... ok
[INFO] [stdout] test handles::music::tests::creates_a_stable_sha256_file_hash ... ok
[INFO] [stdout] test handles::music::tests::derives_a_readable_title_from_filename ... ok
[INFO] [stdout] test handles::music::tests::normalizes_music_metadata_for_duplicate_checks ... ok
[INFO] [stdout] test handles::music::tests::validates_supported_audio_extensions_case_insensitively ... ok
[INFO] [stdout] test handles::music::tests::reads_audio_metadata_from_ffprobe_output ... ok
[INFO] [stdout] test handles::music::tests::extracts_an_embedded_cover_instead_of_using_fallback ... FAILED
[INFO] [stdout] test handles::subscription::tests::billing_cycle_is_limited_to_checkout_options ... ok
[INFO] [stdout] test handles::subscription::tests::contact_email_is_optional_and_validated ... ok
[INFO] [stdout] test handles::subscription::tests::currency_is_limited_to_checkout_options ... ok
[INFO] [stdout] test handles::subscription::tests::order_number_has_a_conservative_character_set ... ok
[INFO] [stdout] test handles::subscription::tests::plans_are_short_lowercase_identifiers ... ok
[INFO] [stdout] test handles::subscription::tests::payment_method_is_limited_to_supported_channels ... ok
[INFO] [stdout] test handles::subscription::tests::pro_activation_requires_super_admin_review ... ok
[INFO] [stdout] test handles::subscription::tests::return_path_rejects_external_urls ... ok
[INFO] [stdout] test handles::music::tests::transcodes_audio_and_generates_runtime_assets ... FAILED
[INFO] [stdout] test handles::video::tests::normalizes_video_categories ... ok
[INFO] [stdout] test handles::voice::tests::chat_payload_limits_output_and_enables_streaming ... ok
[INFO] [stdout] test handles::video::tests::formats_upload_title_and_frame_rate ... ok
[INFO] [stdout] test handles::video::tests::parses_video_probe_metadata ... ok
[INFO] [stdout] test handles::voice::tests::extracts_provider_error_messages ... ok
[INFO] [stdout] test handles::voice::tests::preserves_explicit_llm_endpoint ... ok
[INFO] [stdout] test handles::voice::tests::rejects_private_network_addresses ... ok
[INFO] [stdout] test handles::voice::tests::rejects_unapproved_or_insecure_llm_urls ... ok
[INFO] [stdout] test middleware::logger::tests::leaves_other_paths_unchanged ... ok
[INFO] [stdout] test handles::voice::tests::keeps_configured_model_for_low_latency_auto_replies ... ok
[INFO] [stdout] test handles::voice::tests::normalizes_llm_base_urls ... ok
[INFO] [stdout] test middleware::logger::tests::replaces_avatar_timestamp_in_log_path ... ok
[INFO] [stdout] test middleware::plan::tests::library_owner_is_read_from_query ... ok
[INFO] [stdout] test models::music::tests::processing_event_does_not_serialize_audio_urls ... ok
[INFO] [stdout] test middleware::logger::tests::replaces_music_uuid_in_log_path ... ok
[INFO] [stdout] test middleware::plan::tests::library_access_requires_an_active_pro_plan ... ok
[INFO] [stdout] test services::message_hub::tests::removes_connections_with_full_queues ... ok
[INFO] [stdout] test services::ncm::tests::rejects_invalid_ncm_without_leaving_decrypted_files ... ok
[INFO] [stdout] test services::ncm::tests::detects_ncm_magic_instead_of_trusting_the_extension ... ok
[INFO] [stdout] test services::ncm::tests::skips_unused_cover_reservation_before_audio_payload ... ok
[INFO] [stdout] test services::message_hub::tests::dispatches_only_to_registered_recipients ... ok
[INFO] [stdout] test handles::music::tests::creates_a_webp_fallback_cover ... ok
[INFO] [stdout] test handles::video::tests::encodes_video_cover_as_640_by_360_lossless_webp ... ok
[INFO] [stdout] test handles::message::tests::encodes_uploaded_image_as_resized_webp ... ok
[INFO] [stdout] test handles::moment::tests::encodes_moment_image_as_resized_webp ... ok
[INFO] [stdout] test handles::moment::tests::encodes_video_poster_as_resized_webp ... ok
[INFO] [stdout] 
[INFO] [stdout] failures:
[INFO] [stdout] 
[INFO] [stdout] ---- config::logger::tests::creates_parent_directory_and_appends_log_lines stdout ----
[INFO] [stdout] 
[INFO] [stdout] thread 'config::logger::tests::creates_parent_directory_and_appends_log_lines' (5490) panicked at src/config/logger.rs:732:44:
[INFO] [stdout] called `Result::unwrap()` on an `Err` value: Os { code: 30, kind: ReadOnlyFilesystem, message: "Read-only file system" }
[INFO] [stdout] stack backtrace:
[INFO] [stdout]    0:     0x5ea2e07b5ca1 - <<std[104cf6e2632825ea]::sys::backtrace::BacktraceLock>::print::DisplayBacktrace as core[7c831bd917ebf35f]::fmt::Display>::fmt
[INFO] [stdout]    1:     0x5ea2e07cd44a - core[7c831bd917ebf35f]::fmt::write
[INFO] [stdout]    2:     0x5ea2e07ba55c - <alloc[2fdc3f7464fcf288]::vec::Vec<u8> as core[7c831bd917ebf35f]::io::write::Write>::write_fmt
[INFO] [stdout]    3:     0x5ea2e078f6c6 - std[104cf6e2632825ea]::panicking::default_hook::{closure#0}
[INFO] [stdout]    4:     0x5ea2e07ace69 - std[104cf6e2632825ea]::panicking::default_hook
[INFO] [stdout]    5:     0x5ea2e05a99c0 - test[73009c9f9aebf890]::test_main_inner::<test[73009c9f9aebf890]::test_main_static::{closure#0}>::{closure#0}
[INFO] [stdout]    6:     0x5ea2e07ad192 - std[104cf6e2632825ea]::panicking::panic_with_hook
[INFO] [stdout]    7:     0x5ea2e078f772 - std[104cf6e2632825ea]::panicking::panic_handler::{closure#0}
[INFO] [stdout]    8:     0x5ea2e0787a49 - std[104cf6e2632825ea]::sys::backtrace::__rust_end_short_backtrace::<std[104cf6e2632825ea]::panicking::panic_handler::{closure#0}, !>
[INFO] [stdout]    9:     0x5ea2e079045d - __rustc[b0d56fa5b193ad05]::rust_begin_unwind
[INFO] [stdout]   10:     0x5ea2e07cdbac - core[7c831bd917ebf35f]::panicking::panic_fmt
[INFO] [stdout]   11:     0x5ea2e07cd982 - core[7c831bd917ebf35f]::result::unwrap_failed
[INFO] [stdout]   12:     0x5ea2e057bf04 - rust_app[56e8f09432b75731]::config::logger::tests::creates_parent_directory_and_appends_log_lines
[INFO] [stdout]   13:     0x5ea2e05694f9 - <rust_app[56e8f09432b75731]::config::logger::tests::creates_parent_directory_and_appends_log_lines::{closure#0} as core[7c831bd917ebf35f]::ops::function::FnOnce<()>>::call_once
[INFO] [stdout]   14:     0x5ea2e059ccab - test[73009c9f9aebf890]::__rust_begin_short_backtrace::<core[7c831bd917ebf35f]::result::Result<(), alloc[2fdc3f7464fcf288]::string::String>, fn() -> core[7c831bd917ebf35f]::result::Result<(), alloc[2fdc3f7464fcf288]::string::String>>
[INFO] [stdout]   15:     0x5ea2e05aa315 - test[73009c9f9aebf890]::run_test::{closure#0}
[INFO] [stdout]   16:     0x5ea2e05a36d4 - std[104cf6e2632825ea]::sys::backtrace::__rust_begin_short_backtrace::<test[73009c9f9aebf890]::run_test::{closure#1}, ()>
[INFO] [stdout]   17:     0x5ea2e05ad472 - <std[104cf6e2632825ea]::thread::lifecycle::spawn_unchecked<test[73009c9f9aebf890]::run_test::{closure#1}, ()>::{closure#1} as core[7c831bd917ebf35f]::ops::function::FnOnce<()>>::call_once::{shim:vtable#0}
[INFO] [stdout]   18:     0x5ea2e07b4cb9 - <std[104cf6e2632825ea]::sys::thread::unix::Thread>::new::thread_start
[INFO] [stdout]   19:     0x78c559ee107a - <unknown>
[INFO] [stdout]   20:     0x78c559f74534 - clone
[INFO] [stdout]   21:                0x0 - <unknown>
[INFO] [stdout] 
[INFO] [stdout] ---- handles::music::tests::extracts_an_embedded_cover_instead_of_using_fallback stdout ----
[INFO] [stdout] 
[INFO] [stdout] thread 'handles::music::tests::extracts_an_embedded_cover_instead_of_using_fallback' (5514) panicked at src/handles/music.rs:2140:14:
[INFO] [stdout] called `Result::unwrap()` on an `Err` value: Os { code: 2, kind: NotFound, message: "No such file or directory" }
[INFO] [stdout] stack backtrace:
[INFO] [stdout]    0:     0x5ea2e07b5ca1 - <<std[104cf6e2632825ea]::sys::backtrace::BacktraceLock>::print::DisplayBacktrace as core[7c831bd917ebf35f]::fmt::Display>::fmt
[INFO] [stdout]    1:     0x5ea2e07cd44a - core[7c831bd917ebf35f]::fmt::write
[INFO] [stdout]    2:     0x5ea2e07ba55c - <alloc[2fdc3f7464fcf288]::vec::Vec<u8> as core[7c831bd917ebf35f]::io::write::Write>::write_fmt
[INFO] [stdout]    3:     0x5ea2e078f6c6 - std[104cf6e2632825ea]::panicking::default_hook::{closure#0}
[INFO] [stdout]    4:     0x5ea2e07ace69 - std[104cf6e2632825ea]::panicking::default_hook
[INFO] [stdout]    5:     0x5ea2e05a99c0 - test[73009c9f9aebf890]::test_main_inner::<test[73009c9f9aebf890]::test_main_static::{closure#0}>::{closure#0}
[INFO] [stdout]    6:     0x5ea2e07ad192 - std[104cf6e2632825ea]::panicking::panic_with_hook
[INFO] [stdout]    7:     0x5ea2e078f772 - std[104cf6e2632825ea]::panicking::panic_handler::{closure#0}
[INFO] [stdout]    8:     0x5ea2e0787a49 - std[104cf6e2632825ea]::sys::backtrace::__rust_end_short_backtrace::<std[104cf6e2632825ea]::panicking::panic_handler::{closure#0}, !>
[INFO] [stdout]    9:     0x5ea2e079045d - __rustc[b0d56fa5b193ad05]::rust_begin_unwind
[INFO] [stdout]   10:     0x5ea2e07cdbac - core[7c831bd917ebf35f]::panicking::panic_fmt
[INFO] [stdout]   11:     0x5ea2e07cd982 - core[7c831bd917ebf35f]::result::unwrap_failed
[INFO] [stdout]   12:     0x5ea2e055e0da - rust_app[56e8f09432b75731]::handles::music::tests::extracts_an_embedded_cover_instead_of_using_fallback::{closure#0}
[INFO] [stdout]   13:     0x5ea2e0537d73 - <tokio[117cff24250d2f0d]::runtime::scheduler::current_thread::Context>::enter::<core[7c831bd917ebf35f]::task::poll::Poll<()>, <tokio[117cff24250d2f0d]::runtime::scheduler::current_thread::CoreGuard>::block_on<core[7c831bd917ebf35f]::pin::Pin<&mut core[7c831bd917ebf35f]::pin::Pin<&mut dyn core[7c831bd917ebf35f]::future::future::Future<Output = ()>>>>::{closure#0}::{closure#0}>
[INFO] [stdout]   14:     0x5ea2e0520549 - <std[104cf6e2632825ea]::thread::local::LocalKey<tokio[117cff24250d2f0d]::runtime::context::Context>>::with::<tokio[117cff24250d2f0d]::runtime::context::set_scheduler<(alloc[2fdc3f7464fcf288]::boxed::Box<tokio[117cff24250d2f0d]::runtime::scheduler::current_thread::Core>, core[7c831bd917ebf35f]::option::Option<()>), <tokio[117cff24250d2f0d]::runtime::scheduler::current_thread::CoreGuard>::enter<<tokio[117cff24250d2f0d]::runtime::scheduler::current_thread::CoreGuard>::block_on<core[7c831bd917ebf35f]::pin::Pin<&mut core[7c831bd917ebf35f]::pin::Pin<&mut dyn core[7c831bd917ebf35f]::future::future::Future<Output = ()>>>>::{closure#0}, core[7c831bd917ebf35f]::option::Option<()>>::{closure#0}>::{closure#0}, (alloc[2fdc3f7464fcf288]::boxed::Box<tokio[117cff24250d2f0d]::runtime::scheduler::current_thread::Core>, core[7c831bd917ebf35f]::option::Option<()>)>
[INFO] [stdout]   15:     0x5ea2e05378af - <tokio[117cff24250d2f0d]::runtime::runtime::Runtime>::block_on::<core[7c831bd917ebf35f]::pin::Pin<&mut dyn core[7c831bd917ebf35f]::future::future::Future<Output = ()>>>
[INFO] [stdout]   16:     0x5ea2e056a71e - <rust_app[56e8f09432b75731]::handles::music::tests::extracts_an_embedded_cover_instead_of_using_fallback::{closure#0} as core[7c831bd917ebf35f]::ops::function::FnOnce<()>>::call_once
[INFO] [stdout]   17:     0x5ea2e059ccab - test[73009c9f9aebf890]::__rust_begin_short_backtrace::<core[7c831bd917ebf35f]::result::Result<(), alloc[2fdc3f7464fcf288]::string::String>, fn() -> core[7c831bd917ebf35f]::result::Result<(), alloc[2fdc3f7464fcf288]::string::String>>
[INFO] [stdout]   18:     0x5ea2e05aa315 - test[73009c9f9aebf890]::run_test::{closure#0}
[INFO] [stdout]   19:     0x5ea2e05a36d4 - std[104cf6e2632825ea]::sys::backtrace::__rust_begin_short_backtrace::<test[73009c9f9aebf890]::run_test::{closure#1}, ()>
[INFO] [stdout]   20:     0x5ea2e05ad472 - <std[104cf6e2632825ea]::thread::lifecycle::spawn_unchecked<test[73009c9f9aebf890]::run_test::{closure#1}, ()>::{closure#1} as core[7c831bd917ebf35f]::ops::function::FnOnce<()>>::call_once::{shim:vtable#0}
[INFO] [stdout]   21:     0x5ea2e07b4cb9 - <std[104cf6e2632825ea]::sys::thread::unix::Thread>::new::thread_start
[INFO] [stdout]   22:     0x78c559ee107a - <unknown>
[INFO] [stdout]   23:     0x78c559f74534 - clone
[INFO] [stdout]   24:                0x0 - <unknown>
[INFO] [stdout] 
[INFO] [stdout] ---- handles::music::tests::transcodes_audio_and_generates_runtime_assets stdout ----
[INFO] [stdout] 
[INFO] [stdout] thread 'handles::music::tests::transcodes_audio_and_generates_runtime_assets' (5518) panicked at src/handles/music.rs:2077:14:
[INFO] [stdout] called `Result::unwrap()` on an `Err` value: Os { code: 2, kind: NotFound, message: "No such file or directory" }
[INFO] [stdout] stack backtrace:
[INFO] [stdout]    0:     0x5ea2e07b5ca1 - <<std[104cf6e2632825ea]::sys::backtrace::BacktraceLock>::print::DisplayBacktrace as core[7c831bd917ebf35f]::fmt::Display>::fmt
[INFO] [stdout]    1:     0x5ea2e07cd44a - core[7c831bd917ebf35f]::fmt::write
[INFO] [stdout]    2:     0x5ea2e07ba55c - <alloc[2fdc3f7464fcf288]::vec::Vec<u8> as core[7c831bd917ebf35f]::io::write::Write>::write_fmt
[INFO] [stdout]    3:     0x5ea2e078f6c6 - std[104cf6e2632825ea]::panicking::default_hook::{closure#0}
[INFO] [stdout]    4:     0x5ea2e07ace69 - std[104cf6e2632825ea]::panicking::default_hook
[INFO] [stdout]    5:     0x5ea2e05a99c0 - test[73009c9f9aebf890]::test_main_inner::<test[73009c9f9aebf890]::test_main_static::{closure#0}>::{closure#0}
[INFO] [stdout]    6:     0x5ea2e07ad192 - std[104cf6e2632825ea]::panicking::panic_with_hook
[INFO] [stdout]    7:     0x5ea2e078f772 - std[104cf6e2632825ea]::panicking::panic_handler::{closure#0}
[INFO] [stdout]    8:     0x5ea2e0787a49 - std[104cf6e2632825ea]::sys::backtrace::__rust_end_short_backtrace::<std[104cf6e2632825ea]::panicking::panic_handler::{closure#0}, !>
[INFO] [stdout]    9:     0x5ea2e079045d - __rustc[b0d56fa5b193ad05]::rust_begin_unwind
[INFO] [stdout]   10:     0x5ea2e07cdbac - core[7c831bd917ebf35f]::panicking::panic_fmt
[INFO] [stdout]   11:     0x5ea2e07cd982 - core[7c831bd917ebf35f]::result::unwrap_failed
[INFO] [stdout]   12:     0x5ea2e055ce09 - rust_app[56e8f09432b75731]::handles::music::tests::transcodes_audio_and_generates_runtime_assets::{closure#0}
[INFO] [stdout]   13:     0x5ea2e0537d73 - <tokio[117cff24250d2f0d]::runtime::scheduler::current_thread::Context>::enter::<core[7c831bd917ebf35f]::task::poll::Poll<()>, <tokio[117cff24250d2f0d]::runtime::scheduler::current_thread::CoreGuard>::block_on<core[7c831bd917ebf35f]::pin::Pin<&mut core[7c831bd917ebf35f]::pin::Pin<&mut dyn core[7c831bd917ebf35f]::future::future::Future<Output = ()>>>>::{closure#0}::{closure#0}>
[INFO] [stdout]   14:     0x5ea2e0520549 - <std[104cf6e2632825ea]::thread::local::LocalKey<tokio[117cff24250d2f0d]::runtime::context::Context>>::with::<tokio[117cff24250d2f0d]::runtime::context::set_scheduler<(alloc[2fdc3f7464fcf288]::boxed::Box<tokio[117cff24250d2f0d]::runtime::scheduler::current_thread::Core>, core[7c831bd917ebf35f]::option::Option<()>), <tokio[117cff24250d2f0d]::runtime::scheduler::current_thread::CoreGuard>::enter<<tokio[117cff24250d2f0d]::runtime::scheduler::current_thread::CoreGuard>::block_on<core[7c831bd917ebf35f]::pin::Pin<&mut core[7c831bd917ebf35f]::pin::Pin<&mut dyn core[7c831bd917ebf35f]::future::future::Future<Output = ()>>>>::{closure#0}, core[7c831bd917ebf35f]::option::Option<()>>::{closure#0}>::{closure#0}, (alloc[2fdc3f7464fcf288]::boxed::Box<tokio[117cff24250d2f0d]::runtime::scheduler::current_thread::Core>, core[7c831bd917ebf35f]::option::Option<()>)>
[INFO] [stdout]   15:     0x5ea2e05378af - <tokio[117cff24250d2f0d]::runtime::runtime::Runtime>::block_on::<core[7c831bd917ebf35f]::pin::Pin<&mut dyn core[7c831bd917ebf35f]::future::future::Future<Output = ()>>>
[INFO] [stdout]   16:     0x5ea2e056a48e - <rust_app[56e8f09432b75731]::handles::music::tests::transcodes_audio_and_generates_runtime_assets::{closure#0} as core[7c831bd917ebf35f]::ops::function::FnOnce<()>>::call_once
[INFO] [stdout]   17:     0x5ea2e059ccab - test[73009c9f9aebf890]::__rust_begin_short_backtrace::<core[7c831bd917ebf35f]::result::Result<(), alloc[2fdc3f7464fcf288]::string::String>, fn() -> core[7c831bd917ebf35f]::result::Result<(), alloc[2fdc3f7464fcf288]::string::String>>
[INFO] [stdout]   18:     0x5ea2e05aa315 - test[73009c9f9aebf890]::run_test::{closure#0}
[INFO] [stdout]   19:     0x5ea2e05a36d4 - std[104cf6e2632825ea]::sys::backtrace::__rust_begin_short_backtrace::<test[73009c9f9aebf890]::run_test::{closure#1}, ()>
[INFO] [stdout]   20:     0x5ea2e05ad472 - <std[104cf6e2632825ea]::thread::lifecycle::spawn_unchecked<test[73009c9f9aebf890]::run_test::{closure#1}, ()>::{closure#1} as core[7c831bd917ebf35f]::ops::function::FnOnce<()>>::call_once::{shim:vtable#0}
[INFO] [stdout]   21:     0x5ea2e07b4cb9 - <std[104cf6e2632825ea]::sys::thread::unix::Thread>::new::thread_start
[INFO] [stdout]   22:     0x78c559ee107a - <unknown>
[INFO] [stdout]   23:     0x78c559f74534 - clone
[INFO] [stdout]   24:                0x0 - <unknown>
[INFO] [stdout] 
[INFO] [stdout] 
[INFO] [stdout] failures:
[INFO] [stdout]     config::logger::tests::creates_parent_directory_and_appends_log_lines
[INFO] [stdout]     handles::music::tests::extracts_an_embedded_cover_instead_of_using_fallback
[INFO] [stdout]     handles::music::tests::transcodes_audio_and_generates_runtime_assets
[INFO] [stdout] 
[INFO] [stdout] test result: FAILED. 61 passed; 3 failed; 0 ignored; 0 measured; 0 filtered out; finished in 0.13s
[INFO] [stdout] 
[INFO] [stderr] error: test failed, to rerun pass `--bin rust-app`
[INFO] running `Command { std: "docker" "inspect" "2a62f0cfc69717e7698f4cb6bc28e9685e3a9bf470be95c127158394cb58515d", kill_on_drop: false }`
[INFO] running `Command { std: "docker" "rm" "-f" "2a62f0cfc69717e7698f4cb6bc28e9685e3a9bf470be95c127158394cb58515d", kill_on_drop: false }`
[INFO] [stdout] 2a62f0cfc69717e7698f4cb6bc28e9685e3a9bf470be95c127158394cb58515d
