[INFO] cloning repository https://github.com/kmnkv1/WaveLink3Beta_changeMasterOutput
[INFO] running `Command { std: "git" "-c" "credential.helper=" "-c" "credential.helper=/workspace/cargo-home/bin/git-credential-null" "clone" "--bare" "https://github.com/kmnkv1/WaveLink3Beta_changeMasterOutput" "/workspace/cache/git-repos/https%3A%2F%2Fgithub.com%2Fkmnkv1%2FWaveLink3Beta_changeMasterOutput", kill_on_drop: false }`
[INFO] [stderr] Cloning into bare repository '/workspace/cache/git-repos/https%3A%2F%2Fgithub.com%2Fkmnkv1%2FWaveLink3Beta_changeMasterOutput'...
[INFO] running `Command { std: "git" "rev-parse" "HEAD", kill_on_drop: false }`
[INFO] [stdout] 06f30ed1d90809a06a36954d4b1136699ef1919c
[INFO] testing kmnkv1/WaveLink3Beta_changeMasterOutput against 1.99.0-beta.1+cargoflags=--release for beta-release-1.99-2
[INFO] running `Command { std: "git" "clone" "/workspace/cache/git-repos/https%3A%2F%2Fgithub.com%2Fkmnkv1%2FWaveLink3Beta_changeMasterOutput" "/workspace/builds/worker-3-tc2/source", kill_on_drop: false }`
[INFO] [stderr] Cloning into '/workspace/builds/worker-3-tc2/source'...
[INFO] [stderr] done.
[INFO] started tweaking git repo https://github.com/kmnkv1/WaveLink3Beta_changeMasterOutput
[INFO] finished tweaking git repo https://github.com/kmnkv1/WaveLink3Beta_changeMasterOutput
[INFO] tweaked toml for git repo https://github.com/kmnkv1/WaveLink3Beta_changeMasterOutput written to /workspace/builds/worker-3-tc2/source/Cargo.toml
[INFO] validating manifest of git repo https://github.com/kmnkv1/WaveLink3Beta_changeMasterOutput on toolchain 1.99.0-beta.1
[INFO] running `Command { std: CARGO_HOME="/workspace/cargo-home" RUSTUP_HOME="/workspace/rustup-home" "/workspace/cargo-home/bin/cargo" "+1.99.0-beta.1" "metadata" "--manifest-path" "Cargo.toml" "--no-deps", kill_on_drop: false }`
[INFO] crate git repo https://github.com/kmnkv1/WaveLink3Beta_changeMasterOutput already has a lockfile, it will not be regenerated
[INFO] running `Command { std: CARGO_HOME="/workspace/cargo-home" RUSTUP_HOME="/workspace/rustup-home" "/workspace/cargo-home/bin/cargo" "+1.99.0-beta.1" "fetch" "--manifest-path" "Cargo.toml", kill_on_drop: false }`
[INFO] [stderr]     Blocking waiting for file lock on package cache
[INFO] [stderr]     Blocking waiting for file lock on package cache
[INFO] [stderr]  Downloading crates ...
[INFO] [stderr]   Downloaded proc-macro2 v1.0.104
[INFO] [stderr]   Downloaded tungstenite v0.21.0
[INFO] [stderr]   Downloaded tokio-tungstenite v0.21.0
[INFO] [stderr]   Downloaded zmij v1.0.8
[INFO] [stderr]   Downloaded data-encoding v2.9.0
[INFO] [stderr]   Downloaded url v2.5.7
[INFO] [stderr]   Downloaded serde_json v1.0.148
[INFO] [stderr]   Downloaded syn v2.0.112
[INFO] [stderr]   Downloaded tokio v1.48.0
[INFO] running `Command { std: "docker" "create" "-v" "/var/lib/crater-agent-workspace/builds/worker-3-tc2/source:/opt/rustwide/workdir:ro,Z" "-v" "/var/lib/crater-agent-workspace/builds/worker-3-tc2/target:/opt/rustwide/target:rw,Z" "-v" "/var/lib/crater-agent-workspace/cargo-home:/opt/rustwide/cargo-home:ro,Z" "-v" "/var/lib/crater-agent-workspace/rustup-home:/opt/rustwide/rustup-home:ro,Z" "-m" "1610612736" "--network" "none" "ghcr.io/rust-lang/crates-build-env/linux@sha256:8683fc1fc2eb5c9ac98e0d076ab094b2ffac7f99da555d2b6a2e27f346de2ec7" "sleep" "infinity", kill_on_drop: false }`
[INFO] [stdout] 86cce3b5b30f936e101c3bb7bfc7e534ac14daa0de1f93b492355583a8851864
[INFO] running `Command { std: "docker" "start" "86cce3b5b30f936e101c3bb7bfc7e534ac14daa0de1f93b492355583a8851864", kill_on_drop: false }`
[INFO] running `Command { std: "docker" "inspect" "86cce3b5b30f936e101c3bb7bfc7e534ac14daa0de1f93b492355583a8851864", kill_on_drop: false }`
[INFO] running `Command { std: "docker" "exec" "-e" "SOURCE_DIR=/opt/rustwide/workdir" "-e" "CARGO_HOME=/opt/rustwide/cargo-home" "-e" "RUSTUP_HOME=/opt/rustwide/rustup-home" "-e" "CARGO_TARGET_DIR=/opt/rustwide/target" "-w" "/opt/rustwide/workdir" "--user" "0:0" "86cce3b5b30f936e101c3bb7bfc7e534ac14daa0de1f93b492355583a8851864" "/opt/rustwide/cargo-home/bin/cargo" "+1.99.0-beta.1" "metadata" "--no-deps" "--format-version=1", kill_on_drop: false }`
[INFO] running `Command { std: "docker" "inspect" "86cce3b5b30f936e101c3bb7bfc7e534ac14daa0de1f93b492355583a8851864", kill_on_drop: false }`
[INFO] running `Command { std: "docker" "exec" "-e" "SOURCE_DIR=/opt/rustwide/workdir" "-e" "CARGO_HOME=/opt/rustwide/cargo-home" "-e" "RUSTUP_HOME=/opt/rustwide/rustup-home" "-e" "CARGO_TARGET_DIR=/opt/rustwide/target" "-e" "CARGO_INCREMENTAL=0" "-e" "RUST_BACKTRACE=full" "-e" "RUSTFLAGS=--cap-lints=warn" "-e" "RUSTDOCFLAGS=--cap-lints=warn" "-w" "/opt/rustwide/workdir" "--user" "0:0" "86cce3b5b30f936e101c3bb7bfc7e534ac14daa0de1f93b492355583a8851864" "/opt/rustwide/cargo-home/bin/cargo" "+1.99.0-beta.1" "build" "--frozen" "--message-format=json" "--release", kill_on_drop: false }`
[INFO] [stderr]    Compiling proc-macro2 v1.0.104
[INFO] [stderr]    Compiling writeable v0.6.2
[INFO] [stderr]    Compiling litemap v0.8.1
[INFO] [stderr]    Compiling typenum v1.19.0
[INFO] [stderr]    Compiling libc v0.2.178
[INFO] [stderr]    Compiling smallvec v1.15.1
[INFO] [stderr]    Compiling icu_properties_data v2.1.2
[INFO] [stderr]    Compiling icu_normalizer_data v2.1.1
[INFO] [stderr]    Compiling serde_core v1.0.228
[INFO] [stderr]    Compiling zerocopy v0.8.31
[INFO] [stderr]    Compiling serde v1.0.228
[INFO] [stderr]    Compiling thiserror v1.0.69
[INFO] [stderr]    Compiling itoa v1.0.17
[INFO] [stderr]    Compiling percent-encoding v2.3.2
[INFO] [stderr]    Compiling zmij v1.0.8
[INFO] [stderr]    Compiling pin-project-lite v0.2.16
[INFO] [stderr]    Compiling form_urlencoded v1.2.2
[INFO] [stderr]    Compiling http v1.4.0
[INFO] [stderr]    Compiling slab v0.4.11
[INFO] [stderr]    Compiling quote v1.0.42
[INFO] [stderr]    Compiling futures-sink v0.3.31
[INFO] [stderr]    Compiling utf-8 v0.7.6
[INFO] [stderr]    Compiling serde_json v1.0.148
[INFO] [stderr]    Compiling syn v2.0.112
[INFO] [stderr]    Compiling generic-array v0.14.7
[INFO] [stderr]    Compiling futures-core v0.3.31
[INFO] [stderr]    Compiling data-encoding v2.9.0
[INFO] [stderr]    Compiling pin-utils v0.1.0
[INFO] [stderr]    Compiling futures-task v0.3.31
[INFO] [stderr]    Compiling log v0.4.29
[INFO] [stderr]    Compiling getrandom v0.2.16
[INFO] [stderr]    Compiling rand_core v0.6.4
[INFO] [stderr]    Compiling parking_lot_core v0.9.12
[INFO] [stderr]    Compiling errno v0.3.14
[INFO] [stderr]    Compiling signal-hook-registry v1.4.8
[INFO] [stderr]    Compiling parking_lot v0.12.5
[INFO] [stderr]    Compiling block-buffer v0.10.4
[INFO] [stderr]    Compiling crypto-common v0.1.7
[INFO] [stderr]    Compiling digest v0.10.7
[INFO] [stderr]    Compiling mio v1.1.1
[INFO] [stderr]    Compiling sha1 v0.10.6
[INFO] [stderr]    Compiling socket2 v0.6.1
[INFO] [stderr]    Compiling memchr v2.7.6
[INFO] [stderr]    Compiling ppv-lite86 v0.2.21
[INFO] [stderr]    Compiling rand_chacha v0.3.1
[INFO] [stderr]    Compiling rand v0.8.5
[INFO] [stderr]    Compiling synstructure v0.13.2
[INFO] [stderr]    Compiling zerofrom-derive v0.1.6
[INFO] [stderr]    Compiling yoke-derive v0.8.1
[INFO] [stderr]    Compiling zerovec-derive v0.11.2
[INFO] [stderr]    Compiling displaydoc v0.2.5
[INFO] [stderr]    Compiling serde_derive v1.0.228
[INFO] [stderr]    Compiling thiserror-impl v1.0.69
[INFO] [stderr]    Compiling futures-macro v0.3.31
[INFO] [stderr]    Compiling tokio-macros v2.6.0
[INFO] [stderr]    Compiling tokio v1.48.0
[INFO] [stderr]    Compiling futures-util v0.3.31
[INFO] [stderr]    Compiling zerofrom v0.1.6
[INFO] [stderr]    Compiling yoke v0.8.1
[INFO] [stderr]    Compiling zerovec v0.11.5
[INFO] [stderr]    Compiling zerotrie v0.2.3
[INFO] [stderr]    Compiling tinystr v0.8.2
[INFO] [stderr]    Compiling potential_utf v0.1.4
[INFO] [stderr]    Compiling icu_collections v2.1.1
[INFO] [stderr]    Compiling icu_locale_core v2.1.1
[INFO] [stderr]    Compiling icu_provider v2.1.1
[INFO] [stderr]    Compiling icu_normalizer v2.1.1
[INFO] [stderr]    Compiling icu_properties v2.1.2
[INFO] [stderr]    Compiling idna_adapter v1.2.1
[INFO] [stderr]    Compiling idna v1.1.0
[INFO] [stderr]    Compiling url v2.5.7
[INFO] [stderr]    Compiling tungstenite v0.21.0
[INFO] [stderr]    Compiling tokio-tungstenite v0.21.0
[INFO] [stderr]    Compiling wavelink_switcher v0.1.0 (/opt/rustwide/workdir)
[INFO] [stdout] error[E0433]: cannot find `windows` in `os`
[INFO] [stdout]  --> src/main.rs:8:14
[INFO] [stdout]   |
[INFO] [stdout] 8 | use std::os::windows::process::CommandExt;
[INFO] [stdout]   |              ^^^^^^^ could not find `windows` in `os`
[INFO] [stdout] 
[INFO] [stdout] 
[INFO] [stdout] error[E0599]: no method named `creation_flags` found for struct `std::process::Command` in the current scope
[INFO] [stdout]    --> src/main.rs:172:10
[INFO] [stdout]     |
[INFO] [stdout] 171 |       let output = std::process::Command::new("pwsh")
[INFO] [stdout]     |  __________________-
[INFO] [stdout] 172 | |         .creation_flags(0x08000000) // CREATE_NO_WINDOW
[INFO] [stdout]     | |         -^^^^^^^^^^^^^^ method not found in `std::process::Command`
[INFO] [stdout]     | |_________|
[INFO] [stdout]     |
[INFO] [stdout] 
[INFO] [stdout] 
[INFO] [stdout] error[E0599]: no method named `creation_flags` found for struct `std::process::Command` in the current scope
[INFO] [stdout]    --> src/main.rs:194:10
[INFO] [stdout]     |
[INFO] [stdout] 193 |       let _ = std::process::Command::new("pwsh")
[INFO] [stdout]     |  _____________-
[INFO] [stdout] 194 | |         .creation_flags(0x08000000)
[INFO] [stdout]     | |         -^^^^^^^^^^^^^^ method not found in `std::process::Command`
[INFO] [stdout]     | |_________|
[INFO] [stdout]     |
[INFO] [stdout] 
[INFO] [stdout] 
[INFO] [stdout] Some errors have detailed explanations: E0433, E0599.
[INFO] [stdout] 
[INFO] [stdout] For more information about an error, try `rustc --explain E0433`.
[INFO] [stdout] 
[INFO] [stderr] error: could not compile `wavelink_switcher` (bin "wavelink_switcher") due to 3 previous errors
[INFO] running `Command { std: "docker" "inspect" "86cce3b5b30f936e101c3bb7bfc7e534ac14daa0de1f93b492355583a8851864", kill_on_drop: false }`
[INFO] running `Command { std: "docker" "rm" "-f" "86cce3b5b30f936e101c3bb7bfc7e534ac14daa0de1f93b492355583a8851864", kill_on_drop: false }`
[INFO] [stdout] 86cce3b5b30f936e101c3bb7bfc7e534ac14daa0de1f93b492355583a8851864
