[INFO] cloning repository https://github.com/kjruan/prawl
[INFO] running `Command { std: "git" "-c" "credential.helper=" "-c" "credential.helper=/workspace/cargo-home/bin/git-credential-null" "clone" "--bare" "https://github.com/kjruan/prawl" "/workspace/cache/git-repos/https%3A%2F%2Fgithub.com%2Fkjruan%2Fprawl", kill_on_drop: false }`
[INFO] [stderr] Cloning into bare repository '/workspace/cache/git-repos/https%3A%2F%2Fgithub.com%2Fkjruan%2Fprawl'...
[INFO] running `Command { std: "git" "rev-parse" "HEAD", kill_on_drop: false }`
[INFO] [stdout] e83a17935048f5865bfa42ba1cbb98f490751e3c
[INFO] testing kjruan/prawl/e83a17935048f5865bfa42ba1cbb98f490751e3c against 1.99.0-beta.1+cargoflags=--release for beta-release-1.99-2
[INFO] running `Command { std: "git" "clone" "/workspace/cache/git-repos/https%3A%2F%2Fgithub.com%2Fkjruan%2Fprawl" "/workspace/builds/worker-7-tc2/source", kill_on_drop: false }`
[INFO] [stderr] Cloning into '/workspace/builds/worker-7-tc2/source'...
[INFO] [stderr] done.
[INFO] started tweaking git repo https://github.com/kjruan/prawl
[INFO] finished tweaking git repo https://github.com/kjruan/prawl
[INFO] tweaked toml for git repo https://github.com/kjruan/prawl written to /workspace/builds/worker-7-tc2/source/Cargo.toml
[INFO] validating manifest of git repo https://github.com/kjruan/prawl on toolchain 1.99.0-beta.1
[INFO] running `Command { std: CARGO_HOME="/workspace/cargo-home" RUSTUP_HOME="/workspace/rustup-home" "/workspace/cargo-home/bin/cargo" "+1.99.0-beta.1" "metadata" "--manifest-path" "Cargo.toml" "--no-deps", kill_on_drop: false }`
[INFO] crate git repo https://github.com/kjruan/prawl already has a lockfile, it will not be regenerated
[INFO] running `Command { std: CARGO_HOME="/workspace/cargo-home" RUSTUP_HOME="/workspace/rustup-home" "/workspace/cargo-home/bin/cargo" "+1.99.0-beta.1" "fetch" "--manifest-path" "Cargo.toml", kill_on_drop: false }`
[INFO] [stderr]     Blocking waiting for file lock on package cache
[INFO] [stderr]     Blocking waiting for file lock on package cache
[INFO] [stderr]  Downloading crates ...
[INFO] [stderr]   Downloaded quote v1.0.42
[INFO] [stderr]   Downloaded socket2 v0.6.1
[INFO] [stderr]   Downloaded proc-macro2 v1.0.104
[INFO] [stderr]   Downloaded wasm-bindgen-macro v0.2.106
[INFO] [stderr]   Downloaded lru v0.12.5
[INFO] [stderr]   Downloaded macaddr v1.0.1
[INFO] [stderr]   Downloaded wasm-bindgen-shared v0.2.106
[INFO] [stderr]   Downloaded ctrlc v3.5.1
[INFO] [stderr]   Downloaded clap_lex v0.7.6
[INFO] [stderr]   Downloaded instability v0.3.10
[INFO] [stderr]   Downloaded errno v0.2.8
[INFO] [stderr]   Downloaded strum v0.26.3
[INFO] [stderr]   Downloaded libwifi_macros v0.0.2
[INFO] [stderr]   Downloaded cassowary v0.3.0
[INFO] [stderr]   Downloaded unicode-truncate v1.1.0
[INFO] [stderr]   Downloaded thiserror-impl v2.0.17
[INFO] [stderr]   Downloaded enum_dispatch v0.3.13
[INFO] [stderr]   Downloaded gpsd_proto v1.0.0
[INFO] [stderr]   Downloaded thiserror v2.0.17
[INFO] [stderr]   Downloaded find-msvc-tools v0.1.6
[INFO] [stderr]   Downloaded env_logger v0.11.8
[INFO] [stderr]   Downloaded strum_macros v0.26.4
[INFO] [stderr]   Downloaded libwifi v0.4.6
[INFO] [stderr]   Downloaded clap_derive v4.5.49
[INFO] [stderr]   Downloaded zmij v1.0.0
[INFO] [stderr]   Downloaded wasm-bindgen v0.2.106
[INFO] [stderr]   Downloaded js-sys v0.3.83
[INFO] [stderr]   Downloaded wasm-bindgen-macro-support v0.2.106
[INFO] [stderr]   Downloaded portable-atomic-util v0.2.4
[INFO] [stderr]   Downloaded ryu v1.0.22
[INFO] [stderr]   Downloaded dispatch2 v0.3.0
[INFO] [stderr]   Downloaded pcap v2.4.0
[INFO] [stderr]   Downloaded compact_str v0.8.1
[INFO] [stderr]   Downloaded clap v4.5.53
[INFO] [stderr]   Downloaded zerocopy-derive v0.8.31
[INFO] [stderr]   Downloaded jiff-static v0.2.17
[INFO] [stderr]   Downloaded cc v1.2.51
[INFO] [stderr]   Downloaded crossterm v0.28.1
[INFO] [stderr]   Downloaded nom v8.0.0
[INFO] [stderr]   Downloaded serde_json v1.0.148
[INFO] [stderr]   Downloaded clap_builder v4.5.53
[INFO] [stderr]   Downloaded syn v2.0.111
[INFO] [stderr]   Downloaded zerocopy v0.8.31
[INFO] [stderr]   Downloaded unicode-width v0.2.0
[INFO] [stderr]   Downloaded objc2 v0.6.3
[INFO] [stderr]   Downloaded nix v0.30.1
[INFO] [stderr]   Downloaded ratatui v0.29.0
[INFO] [stderr]   Downloaded tokio v1.48.0
[INFO] [stderr]   Downloaded jiff v0.2.17
[INFO] [stderr]   Downloaded libc v0.2.178
[INFO] running `Command { std: "docker" "create" "-v" "/var/lib/crater-agent-workspace/builds/worker-7-tc2/source:/opt/rustwide/workdir:ro,Z" "-v" "/var/lib/crater-agent-workspace/builds/worker-7-tc2/target:/opt/rustwide/target:rw,Z" "-v" "/var/lib/crater-agent-workspace/cargo-home:/opt/rustwide/cargo-home:ro,Z" "-v" "/var/lib/crater-agent-workspace/rustup-home:/opt/rustwide/rustup-home:ro,Z" "-m" "1610612736" "--network" "none" "ghcr.io/rust-lang/crates-build-env/linux@sha256:8683fc1fc2eb5c9ac98e0d076ab094b2ffac7f99da555d2b6a2e27f346de2ec7" "sleep" "infinity", kill_on_drop: false }`
[INFO] [stdout] daba70ba390277ce1bc5e136c7590454cac4aec3474b9979be34f6894d1cd30b
[INFO] running `Command { std: "docker" "start" "daba70ba390277ce1bc5e136c7590454cac4aec3474b9979be34f6894d1cd30b", kill_on_drop: false }`
[INFO] running `Command { std: "docker" "inspect" "daba70ba390277ce1bc5e136c7590454cac4aec3474b9979be34f6894d1cd30b", kill_on_drop: false }`
[INFO] running `Command { std: "docker" "exec" "-e" "SOURCE_DIR=/opt/rustwide/workdir" "-e" "CARGO_HOME=/opt/rustwide/cargo-home" "-e" "RUSTUP_HOME=/opt/rustwide/rustup-home" "-e" "CARGO_TARGET_DIR=/opt/rustwide/target" "-w" "/opt/rustwide/workdir" "--user" "0:0" "daba70ba390277ce1bc5e136c7590454cac4aec3474b9979be34f6894d1cd30b" "/opt/rustwide/cargo-home/bin/cargo" "+1.99.0-beta.1" "metadata" "--no-deps" "--format-version=1", kill_on_drop: false }`
[INFO] running `Command { std: "docker" "inspect" "daba70ba390277ce1bc5e136c7590454cac4aec3474b9979be34f6894d1cd30b", kill_on_drop: false }`
[INFO] running `Command { std: "docker" "exec" "-e" "SOURCE_DIR=/opt/rustwide/workdir" "-e" "CARGO_HOME=/opt/rustwide/cargo-home" "-e" "RUSTUP_HOME=/opt/rustwide/rustup-home" "-e" "CARGO_TARGET_DIR=/opt/rustwide/target" "-e" "CARGO_INCREMENTAL=0" "-e" "RUST_BACKTRACE=full" "-e" "RUSTFLAGS=--cap-lints=warn" "-e" "RUSTDOCFLAGS=--cap-lints=warn" "-w" "/opt/rustwide/workdir" "--user" "0:0" "daba70ba390277ce1bc5e136c7590454cac4aec3474b9979be34f6894d1cd30b" "/opt/rustwide/cargo-home/bin/cargo" "+1.99.0-beta.1" "build" "--frozen" "--message-format=json" "--release", kill_on_drop: false }`
[INFO] [stderr]    Compiling proc-macro2 v1.0.104
[INFO] [stderr]    Compiling unicode-ident v1.0.22
[INFO] [stderr]    Compiling quote v1.0.42
[INFO] [stderr]    Compiling libc v0.2.178
[INFO] [stderr]    Compiling cfg-if v1.0.4
[INFO] [stderr]    Compiling zerocopy v0.8.31
[INFO] [stderr]    Compiling memchr v2.7.6
[INFO] [stderr]    Compiling log v0.4.29
[INFO] [stderr]    Compiling pkg-config v0.3.32
[INFO] [stderr]    Compiling heck v0.5.0
[INFO] [stderr]    Compiling serde_core v1.0.228
[INFO] [stderr]    Compiling rustversion v1.0.22
[INFO] [stderr]    Compiling bitflags v2.10.0
[INFO] [stderr]    Compiling getrandom v0.3.4
[INFO] [stderr]    Compiling version_check v0.9.5
[INFO] [stderr]    Compiling find-msvc-tools v0.1.6
[INFO] [stderr]    Compiling regex-syntax v0.8.8
[INFO] [stderr]    Compiling ident_case v1.0.1
[INFO] [stderr]    Compiling utf8parse v0.2.2
[INFO] [stderr]    Compiling ahash v0.8.12
[INFO] [stderr]    Compiling serde v1.0.228
[INFO] [stderr]    Compiling strsim v0.11.1
[INFO] [stderr]    Compiling fnv v1.0.7
[INFO] [stderr]    Compiling smallvec v1.15.1
[INFO] [stderr]    Compiling parking_lot_core v0.9.12
[INFO] [stderr]    Compiling shlex v1.3.0
[INFO] [stderr]    Compiling signal-hook v0.3.18
[INFO] [stderr]    Compiling anstyle-parse v0.2.7
[INFO] [stderr]    Compiling scopeguard v1.2.0
[INFO] [stderr]    Compiling cc v1.2.51
[INFO] [stderr]    Compiling cfg_aliases v0.2.1
[INFO] [stderr]    Compiling vcpkg v0.2.15
[INFO] [stderr]    Compiling is_terminal_polyfill v1.70.2
[INFO] [stderr]    Compiling anstyle-query v1.1.5
[INFO] [stderr]    Compiling once_cell v1.21.3
[INFO] [stderr]    Compiling itoa v1.0.17
[INFO] [stderr]    Compiling syn v1.0.109
[INFO] [stderr]    Compiling colorchoice v1.0.4
[INFO] [stderr]    Compiling rustix v0.38.44
[INFO] [stderr]    Compiling aho-corasick v1.1.4
[INFO] [stderr]    Compiling anstyle v1.0.13
[INFO] [stderr]    Compiling autocfg v1.5.0
[INFO] [stderr]    Compiling radium v0.7.0
[INFO] [stderr]    Compiling libloading v0.8.9
[INFO] [stderr]    Compiling nix v0.30.1
[INFO] [stderr]    Compiling lock_api v0.4.14
[INFO] [stderr]    Compiling anstream v0.6.21
[INFO] [stderr]    Compiling num-traits v0.2.19
[INFO] [stderr]    Compiling syn v2.0.111
[INFO] [stderr]    Compiling foldhash v0.1.5
[INFO] [stderr]    Compiling equivalent v1.0.2
[INFO] [stderr]    Compiling either v1.15.0
[INFO] [stderr]    Compiling serde_json v1.0.148
[INFO] [stderr]    Compiling linux-raw-sys v0.4.15
[INFO] [stderr]    Compiling thiserror v2.0.17
[INFO] [stderr]    Compiling paste v1.0.15
[INFO] [stderr]    Compiling allocator-api2 v0.2.21
[INFO] [stderr]    Compiling libsqlite3-sys v0.28.0
[INFO] [stderr]    Compiling errno v0.2.8
[INFO] [stderr]    Compiling signal-hook-registry v1.4.8
[INFO] [stderr]    Compiling mio v1.1.1
[INFO] [stderr]    Compiling rand_core v0.9.3
[INFO] [stderr]    Compiling instability v0.3.10
[INFO] [stderr]    Compiling tap v1.0.1
[INFO] [stderr]    Compiling wyz v0.5.1
[INFO] [stderr]    Compiling hashbrown v0.15.5
[INFO] [stderr]    Compiling parking_lot v0.12.5
[INFO] [stderr]    Compiling itertools v0.13.0
[INFO] [stderr]    Compiling signal-hook-mio v0.2.5
[INFO] [stderr]    Compiling castaway v0.2.4
[INFO] [stderr]    Compiling futures-core v0.3.31
[INFO] [stderr]    Compiling unicode-segmentation v1.12.0
[INFO] [stderr]    Compiling thiserror v1.0.69
[INFO] [stderr]    Compiling funty v2.0.0
[INFO] [stderr]    Compiling regex-automata v0.4.13
[INFO] [stderr]    Compiling static_assertions v1.1.0
[INFO] [stderr]    Compiling indoc v2.0.7
[INFO] [stderr]    Compiling zmij v1.0.0
[INFO] [stderr]    Compiling ppv-lite86 v0.2.21
[INFO] [stderr]    Compiling ryu v1.0.22
[INFO] [stderr]    Compiling unicode-width v0.1.14
[INFO] [stderr]    Compiling anyhow v1.0.100
[INFO] [stderr]    Compiling clap_lex v0.7.6
[INFO] [stderr]    Compiling hashbrown v0.14.5
[INFO] [stderr]    Compiling crc-catalog v2.4.0
[INFO] [stderr]    Compiling crc v3.4.0
[INFO] [stderr]    Compiling rand_chacha v0.9.0
[INFO] [stderr]    Compiling clap_builder v4.5.53
[INFO] [stderr]    Compiling compact_str v0.8.1
[INFO] [stderr]    Compiling bitvec v1.0.1
[INFO] [stderr]    Compiling rand v0.9.2
[INFO] [stderr]    Compiling lru v0.12.5
[INFO] [stderr]    Compiling crossterm v0.28.1
[INFO] [stderr]    Compiling hashlink v0.9.1
[INFO] [stderr]    Compiling unicode-truncate v1.1.0
[INFO] [stderr]    Compiling socket2 v0.6.1
[INFO] [stderr]    Compiling nom v8.0.0
[INFO] [stderr]    Compiling darling_core v0.20.11
[INFO] [stderr]    Compiling byteorder v1.5.0
[INFO] [stderr]    Compiling bytes v1.11.0
[INFO] [stderr]    Compiling libwifi_macros v0.0.2
[INFO] [stderr]    Compiling bitflags v1.3.2
[INFO] [stderr]    Compiling cassowary v0.3.0
[INFO] [stderr]    Compiling fallible-streaming-iterator v0.1.9
[INFO] [stderr]    Compiling fallible-iterator v0.3.0
[INFO] [stderr]    Compiling jiff v0.2.17
[INFO] [stderr]    Compiling iana-time-zone v0.1.64
[INFO] [stderr]    Compiling unicode-width v0.2.0
[INFO] [stderr]    Compiling pin-project-lite v0.2.16
[INFO] [stderr]    Compiling ctrlc v3.5.1
[INFO] [stderr]    Compiling regex v1.12.2
[INFO] [stderr]    Compiling serde_derive v1.0.228
[INFO] [stderr]    Compiling thiserror-impl v2.0.17
[INFO] [stderr]    Compiling strum_macros v0.26.4
[INFO] [stderr]    Compiling env_filter v0.1.4
[INFO] [stderr]    Compiling enum_dispatch v0.3.13
[INFO] [stderr]    Compiling tokio-macros v2.6.0
[INFO] [stderr]    Compiling strum_macros v0.27.2
[INFO] [stderr]    Compiling thiserror-impl v1.0.69
[INFO] [stderr]    Compiling clap_derive v4.5.49
[INFO] [stderr]    Compiling tokio v1.48.0
[INFO] [stderr]    Compiling pcap v2.4.0
[INFO] [stderr]    Compiling darling_macro v0.20.11
[INFO] [stderr]    Compiling strum v0.26.3
[INFO] [stderr]    Compiling darling v0.20.11
[INFO] [stderr]    Compiling ratatui v0.29.0
[INFO] [stderr]    Compiling clap v4.5.53
[INFO] [stderr]    Compiling libwifi v0.4.6
[INFO] [stderr]    Compiling gpsd_proto v1.0.0
[INFO] [stderr]    Compiling chrono v0.4.42
[INFO] [stderr]    Compiling macaddr v1.0.1
[INFO] [stderr]    Compiling env_logger v0.11.8
[INFO] [stderr]    Compiling rusqlite v0.31.0
[INFO] [stderr]    Compiling prowl v0.1.0 (/opt/rustwide/workdir)
[INFO] [stderr]     Finished `release` profile [optimized] target(s) in 1m 57s
[INFO] [stderr] warning: the following packages contain code that will be rejected by a future version of Rust: nix v0.30.1
[INFO] [stderr] note: to see what the problems were, use the option `--future-incompat-report`, or run `cargo report future-incompatibilities --id 2`
[INFO] running `Command { std: "docker" "inspect" "daba70ba390277ce1bc5e136c7590454cac4aec3474b9979be34f6894d1cd30b", kill_on_drop: false }`
[INFO] running `Command { std: "docker" "exec" "-e" "SOURCE_DIR=/opt/rustwide/workdir" "-e" "CARGO_HOME=/opt/rustwide/cargo-home" "-e" "RUSTUP_HOME=/opt/rustwide/rustup-home" "-e" "CARGO_TARGET_DIR=/opt/rustwide/target" "-e" "CARGO_INCREMENTAL=0" "-e" "RUST_BACKTRACE=full" "-e" "RUSTFLAGS=--cap-lints=warn" "-e" "RUSTDOCFLAGS=--cap-lints=warn" "-w" "/opt/rustwide/workdir" "--user" "0:0" "daba70ba390277ce1bc5e136c7590454cac4aec3474b9979be34f6894d1cd30b" "/opt/rustwide/cargo-home/bin/cargo" "+1.99.0-beta.1" "test" "--frozen" "--no-run" "--message-format=json" "--release", kill_on_drop: false }`
[INFO] [stderr]    Compiling prowl v0.1.0 (/opt/rustwide/workdir)
[INFO] [stderr]     Finished `release` profile [optimized] target(s) in 9.71s
[INFO] [stderr] warning: the following packages contain code that will be rejected by a future version of Rust: nix v0.30.1
[INFO] [stderr] note: to see what the problems were, use the option `--future-incompat-report`, or run `cargo report future-incompatibilities --id 2`
[INFO] running `Command { std: "docker" "inspect" "daba70ba390277ce1bc5e136c7590454cac4aec3474b9979be34f6894d1cd30b", kill_on_drop: false }`
[INFO] running `Command { std: "docker" "exec" "-e" "SOURCE_DIR=/opt/rustwide/workdir" "-e" "CARGO_HOME=/opt/rustwide/cargo-home" "-e" "RUSTUP_HOME=/opt/rustwide/rustup-home" "-e" "CARGO_TARGET_DIR=/opt/rustwide/target" "-e" "CARGO_INCREMENTAL=0" "-e" "RUST_BACKTRACE=full" "-e" "RUSTFLAGS=--cap-lints=warn" "-e" "RUSTDOCFLAGS=--cap-lints=warn" "-w" "/opt/rustwide/workdir" "--user" "0:0" "daba70ba390277ce1bc5e136c7590454cac4aec3474b9979be34f6894d1cd30b" "/opt/rustwide/cargo-home/bin/cargo" "+1.99.0-beta.1" "test" "--frozen" "--release", kill_on_drop: false }`
[INFO] [stderr]     Finished `release` profile [optimized] target(s) in 0.09s
[INFO] [stderr] warning: the following packages contain code that will be rejected by a future version of Rust: nix v0.30.1
[INFO] [stderr] note: to see what the problems were, use the option `--future-incompat-report`, or run `cargo report future-incompatibilities --id 2`
[INFO] [stderr]      Running unittests src/lib.rs (/opt/rustwide/target/release/deps/prowl-975a49806f160e49)
[INFO] [stdout] 
[INFO] [stdout] running 14 tests
[INFO] [stdout] test distance::tests::test_calibration ... ok
[INFO] [stdout] test distance::tests::test_distance_category ... ok
[INFO] [stdout] test distance::tests::test_estimate_distance ... ok
[INFO] [stdout] test distance::tests::test_distance_range ... ok
[INFO] [stdout] test distance::tests::test_invalid_inputs ... ok
[INFO] [stdout] test distance::tests::test_rssi_tracker ... ok
[INFO] [stdout] test distance::tests::test_wifi_gen_tx_power ... ok
[INFO] [stdout] test gps::tests::test_parse_gpsd_json ... ok
[INFO] [stdout] test gps::tests::test_parse_gpsd_json_non_tpv ... ok
[INFO] [stdout] test ignore::tests::test_mac_normalization ... ok
[INFO] [stdout] test ignore::tests::test_ssid_matching ... ok
[INFO] [stdout] test oui::tests::test_randomized_mac ... ok
[INFO] [stdout] test parser::tests::test_format_mac ... ok
[INFO] [stdout] test oui::tests::test_vendor_lookup ... FAILED
[INFO] [stdout] 
[INFO] [stdout] failures:
[INFO] [stdout] 
[INFO] [stdout] ---- oui::tests::test_vendor_lookup stdout ----
[INFO] [stdout] 
[INFO] [stdout] thread 'oui::tests::test_vendor_lookup' (2633) panicked at src/oui.rs:462:9:
[INFO] [stdout] assertion `left == right` failed
[INFO] [stdout]   left: None
[INFO] [stdout]  right: Some("Apple")
[INFO] [stdout] stack backtrace:
[INFO] [stdout]    0:     0x637403d03237 - <unknown>
[INFO] [stdout]    1:     0x637403ce0e6a - <unknown>
[INFO] [stdout]    2:     0x637403d027eb - <unknown>
[INFO] [stdout]    3:     0x637403d022cf - <unknown>
[INFO] [stdout]    4:     0x637403d01efa - <unknown>
[INFO] [stdout]    5:     0x637403d01a32 - <unknown>
[INFO] [stdout]    6:     0x637403d28da1 - <unknown>
[INFO] [stdout]    7:     0x637403d28d59 - <unknown>
[INFO] [stdout]    8:     0x637403d2926c - <unknown>
[INFO] [stdout]    9:     0x637403ce0cfb - <unknown>
[INFO] [stdout]   10:     0x637403ce0c22 - <unknown>
[INFO] [stdout]   11:     0x637403cfbaa5 - <unknown>
[INFO] [stdout]   12:     0x637403cf68c7 - <unknown>
[INFO] [stdout]   13:     0x637403d40dfb - <unknown>
[INFO] [stdout]   14:     0x637403d3c3ef - <unknown>
[INFO] [stdout]   15:     0x637403d3be6c - <unknown>
[INFO] [stdout]   16:     0x637403d5904c - <unknown>
[INFO] [stdout]   17:     0x637403d2a622 - <unknown>
[INFO] [stdout]   18:     0x75ed140b107a - <unknown>
[INFO] [stdout]   19:     0x75ed14144534 - clone
[INFO] [stdout]   20:                0x0 - <unknown>
[INFO] [stdout] 
[INFO] [stdout] 
[INFO] [stdout] failures:
[INFO] [stdout]     oui::tests::test_vendor_lookup
[INFO] [stdout] 
[INFO] [stdout] test result: FAILED. 13 passed; 1 failed; 0 ignored; 0 measured; 0 filtered out; finished in 0.00s
[INFO] [stdout] 
[INFO] [stderr] error: test failed, to rerun pass `--lib`
[INFO] running `Command { std: "docker" "inspect" "daba70ba390277ce1bc5e136c7590454cac4aec3474b9979be34f6894d1cd30b", kill_on_drop: false }`
[INFO] running `Command { std: "docker" "rm" "-f" "daba70ba390277ce1bc5e136c7590454cac4aec3474b9979be34f6894d1cd30b", kill_on_drop: false }`
[INFO] [stdout] daba70ba390277ce1bc5e136c7590454cac4aec3474b9979be34f6894d1cd30b
