[INFO] cloning repository https://github.com/jisef/solaredge_api
[INFO] running `Command { std: "git" "-c" "credential.helper=" "-c" "credential.helper=/workspace/cargo-home/bin/git-credential-null" "clone" "--bare" "https://github.com/jisef/solaredge_api" "/workspace/cache/git-repos/https%3A%2F%2Fgithub.com%2Fjisef%2Fsolaredge_api", kill_on_drop: false }`
[INFO] [stderr] Cloning into bare repository '/workspace/cache/git-repos/https%3A%2F%2Fgithub.com%2Fjisef%2Fsolaredge_api'...
[INFO] running `Command { std: "git" "rev-parse" "HEAD", kill_on_drop: false }`
[INFO] [stdout] ab60fbe33ee37c0fe857786467d5d901aa760ed4
[INFO] testing jisef/solaredge_api/ab60fbe33ee37c0fe857786467d5d901aa760ed4 against 1.99.0-beta.1+cargoflags=--release for beta-release-1.99-2
[INFO] running `Command { std: "git" "clone" "/workspace/cache/git-repos/https%3A%2F%2Fgithub.com%2Fjisef%2Fsolaredge_api" "/workspace/builds/worker-6-tc2/source", kill_on_drop: false }`
[INFO] [stderr] Cloning into '/workspace/builds/worker-6-tc2/source'...
[INFO] [stderr] done.
[INFO] started tweaking git repo https://github.com/jisef/solaredge_api
[INFO] finished tweaking git repo https://github.com/jisef/solaredge_api
[INFO] tweaked toml for git repo https://github.com/jisef/solaredge_api written to /workspace/builds/worker-6-tc2/source/Cargo.toml
[INFO] validating manifest of git repo https://github.com/jisef/solaredge_api on toolchain 1.99.0-beta.1
[INFO] running `Command { std: CARGO_HOME="/workspace/cargo-home" RUSTUP_HOME="/workspace/rustup-home" "/workspace/cargo-home/bin/cargo" "+1.99.0-beta.1" "metadata" "--manifest-path" "Cargo.toml" "--no-deps", kill_on_drop: false }`
[INFO] crate git repo https://github.com/jisef/solaredge_api already has a lockfile, it will not be regenerated
[INFO] running `Command { std: CARGO_HOME="/workspace/cargo-home" RUSTUP_HOME="/workspace/rustup-home" "/workspace/cargo-home/bin/cargo" "+1.99.0-beta.1" "fetch" "--manifest-path" "Cargo.toml", kill_on_drop: false }`
[INFO] [stderr]     Blocking waiting for file lock on package cache
[INFO] [stderr]     Blocking waiting for file lock on package cache
[INFO] [stderr]  Downloading crates ...
[INFO] [stderr]   Downloaded http-adapter v0.2.0
[INFO] [stderr]   Downloaded windows-strings v0.4.0
[INFO] [stderr]   Downloaded http-adapter-reqwest v0.3.0
[INFO] [stderr]   Downloaded cc v1.2.20
[INFO] [stderr]   Downloaded windows-core v0.61.0
[INFO] [stderr]   Downloaded tokio-util v0.7.15
[INFO] [stderr]   Downloaded h2 v0.4.9
[INFO] running `Command { std: "docker" "create" "-v" "/var/lib/crater-agent-workspace/builds/worker-6-tc2/source:/opt/rustwide/workdir:ro,Z" "-v" "/var/lib/crater-agent-workspace/builds/worker-6-tc2/target:/opt/rustwide/target:rw,Z" "-v" "/var/lib/crater-agent-workspace/cargo-home:/opt/rustwide/cargo-home:ro,Z" "-v" "/var/lib/crater-agent-workspace/rustup-home:/opt/rustwide/rustup-home:ro,Z" "-m" "1610612736" "--network" "none" "ghcr.io/rust-lang/crates-build-env/linux@sha256:8683fc1fc2eb5c9ac98e0d076ab094b2ffac7f99da555d2b6a2e27f346de2ec7" "sleep" "infinity", kill_on_drop: false }`
[INFO] [stdout] d93cb5fdb0e1d181fc96e1b36379eaa88f189ccda90e5acbb684057fb81616ec
[INFO] running `Command { std: "docker" "start" "d93cb5fdb0e1d181fc96e1b36379eaa88f189ccda90e5acbb684057fb81616ec", kill_on_drop: false }`
[INFO] running `Command { std: "docker" "inspect" "d93cb5fdb0e1d181fc96e1b36379eaa88f189ccda90e5acbb684057fb81616ec", kill_on_drop: false }`
[INFO] running `Command { std: "docker" "exec" "-e" "SOURCE_DIR=/opt/rustwide/workdir" "-e" "CARGO_HOME=/opt/rustwide/cargo-home" "-e" "RUSTUP_HOME=/opt/rustwide/rustup-home" "-e" "CARGO_TARGET_DIR=/opt/rustwide/target" "-w" "/opt/rustwide/workdir" "--user" "0:0" "d93cb5fdb0e1d181fc96e1b36379eaa88f189ccda90e5acbb684057fb81616ec" "/opt/rustwide/cargo-home/bin/cargo" "+1.99.0-beta.1" "metadata" "--no-deps" "--format-version=1", kill_on_drop: false }`
[INFO] running `Command { std: "docker" "inspect" "d93cb5fdb0e1d181fc96e1b36379eaa88f189ccda90e5acbb684057fb81616ec", kill_on_drop: false }`
[INFO] running `Command { std: "docker" "exec" "-e" "SOURCE_DIR=/opt/rustwide/workdir" "-e" "CARGO_HOME=/opt/rustwide/cargo-home" "-e" "RUSTUP_HOME=/opt/rustwide/rustup-home" "-e" "CARGO_TARGET_DIR=/opt/rustwide/target" "-e" "CARGO_INCREMENTAL=0" "-e" "RUST_BACKTRACE=full" "-e" "RUSTFLAGS=--cap-lints=warn" "-e" "RUSTDOCFLAGS=--cap-lints=warn" "-w" "/opt/rustwide/workdir" "--user" "0:0" "d93cb5fdb0e1d181fc96e1b36379eaa88f189ccda90e5acbb684057fb81616ec" "/opt/rustwide/cargo-home/bin/cargo" "+1.99.0-beta.1" "build" "--frozen" "--message-format=json" "--release", kill_on_drop: false }`
[INFO] [stderr]    Compiling libc v0.2.172
[INFO] [stderr]    Compiling bytes v1.10.1
[INFO] [stderr]    Compiling stable_deref_trait v1.2.0
[INFO] [stderr]    Compiling autocfg v1.4.0
[INFO] [stderr]    Compiling itoa v1.0.15
[INFO] [stderr]    Compiling vcpkg v0.2.15
[INFO] [stderr]    Compiling once_cell v1.21.3
[INFO] [stderr]    Compiling litemap v0.7.5
[INFO] [stderr]    Compiling writeable v0.5.5
[INFO] [stderr]    Compiling cc v1.2.20
[INFO] [stderr]    Compiling icu_locid_transform_data v1.5.1
[INFO] [stderr]    Compiling icu_properties_data v1.5.1
[INFO] [stderr]    Compiling smallvec v1.15.0
[INFO] [stderr]    Compiling icu_normalizer_data v1.5.1
[INFO] [stderr]    Compiling syn v2.0.101
[INFO] [stderr]    Compiling openssl v0.10.72
[INFO] [stderr]    Compiling futures-sink v0.3.31
[INFO] [stderr]    Compiling futures-task v0.3.31
[INFO] [stderr]    Compiling serde v1.0.219
[INFO] [stderr]    Compiling hashbrown v0.15.2
[INFO] [stderr]    Compiling tracing-core v0.1.33
[INFO] [stderr]    Compiling futures-util v0.3.31
[INFO] [stderr]    Compiling try-lock v0.2.5
[INFO] [stderr]    Compiling native-tls v0.2.14
[INFO] [stderr]    Compiling write16 v1.0.0
[INFO] [stderr]    Compiling utf8_iter v1.0.4
[INFO] [stderr]    Compiling utf16_iter v1.0.5
[INFO] [stderr]    Compiling bitflags v2.9.0
[INFO] [stderr]    Compiling want v0.3.1
[INFO] [stderr]    Compiling futures-channel v0.3.31
[INFO] [stderr]    Compiling openssl-probe v0.1.6
[INFO] [stderr]    Compiling slab v0.4.9
[INFO] [stderr]    Compiling log v0.4.27
[INFO] [stderr]    Compiling percent-encoding v2.3.1
[INFO] [stderr]    Compiling ryu v1.0.20
[INFO] [stderr]    Compiling serde_json v1.0.140
[INFO] [stderr]    Compiling form_urlencoded v1.2.1
[INFO] [stderr]    Compiling num-traits v0.2.19
[INFO] [stderr]    Compiling sync_wrapper v1.0.2
[INFO] [stderr]    Compiling rustls-pki-types v1.11.0
[INFO] [stderr]    Compiling memchr v2.7.4
[INFO] [stderr]    Compiling encoding_rs v0.8.35
[INFO] [stderr]    Compiling tracing v0.1.41
[INFO] [stderr]    Compiling http v1.3.1
[INFO] [stderr]    Compiling ipnet v2.11.0
[INFO] [stderr]    Compiling base64 v0.22.1
[INFO] [stderr]    Compiling iana-time-zone v0.1.63
[INFO] [stderr]    Compiling socket2 v0.5.9
[INFO] [stderr]    Compiling mio v1.0.3
[INFO] [stderr]    Compiling indexmap v2.9.0
[INFO] [stderr]    Compiling rustls-pemfile v2.2.0
[INFO] [stderr]    Compiling openssl-sys v0.9.107
[INFO] [stderr]    Compiling http-body v1.0.1
[INFO] [stderr]    Compiling http-body-util v0.1.3
[INFO] [stderr]    Compiling synstructure v0.13.1
[INFO] [stderr]    Compiling zerofrom-derive v0.1.6
[INFO] [stderr]    Compiling yoke-derive v0.7.5
[INFO] [stderr]    Compiling zerovec-derive v0.10.3
[INFO] [stderr]    Compiling displaydoc v0.2.5
[INFO] [stderr]    Compiling tokio-macros v2.5.0
[INFO] [stderr]    Compiling icu_provider_macros v1.5.0
[INFO] [stderr]    Compiling serde_derive v1.0.219
[INFO] [stderr]    Compiling openssl-macros v0.1.1
[INFO] [stderr]    Compiling async-trait v0.1.88
[INFO] [stderr]    Compiling tokio v1.44.2
[INFO] [stderr]    Compiling http-adapter v0.2.0
[INFO] [stderr]    Compiling zerofrom v0.1.6
[INFO] [stderr]    Compiling yoke v0.7.5
[INFO] [stderr]    Compiling zerovec v0.10.4
[INFO] [stderr]    Compiling tinystr v0.7.6
[INFO] [stderr]    Compiling icu_collections v1.5.0
[INFO] [stderr]    Compiling icu_locid v1.5.0
[INFO] [stderr]    Compiling icu_provider v1.5.0
[INFO] [stderr]    Compiling icu_locid_transform v1.5.0
[INFO] [stderr]    Compiling icu_properties v1.5.1
[INFO] [stderr]    Compiling tokio-util v0.7.15
[INFO] [stderr]    Compiling tokio-native-tls v0.3.1
[INFO] [stderr]    Compiling tower v0.5.2
[INFO] [stderr]    Compiling serde_urlencoded v0.7.1
[INFO] [stderr]    Compiling chrono v0.4.41
[INFO] [stderr]    Compiling h2 v0.4.9
[INFO] [stderr]    Compiling icu_normalizer v1.5.0
[INFO] [stderr]    Compiling idna_adapter v1.2.0
[INFO] [stderr]    Compiling idna v1.0.3
[INFO] [stderr]    Compiling url v2.5.4
[INFO] [stderr]    Compiling hyper v1.6.0
[INFO] [stderr]    Compiling hyper-util v0.1.11
[INFO] [stderr]    Compiling hyper-tls v0.6.0
[INFO] [stderr]    Compiling reqwest v0.12.15
[INFO] [stderr]    Compiling http-adapter-reqwest v0.3.0
[INFO] [stderr]    Compiling solaredge_api v0.1.0 (/opt/rustwide/workdir)
[INFO] [stdout] warning: unused imports: `NaiveDateTime`, `NaiveDate`, and `NaiveTime`
[INFO] [stdout]  --> src/lib.rs:2:34
[INFO] [stdout]   |
[INFO] [stdout] 2 | use chrono::{DateTime, Duration, NaiveDate, NaiveDateTime, NaiveTime, Utc};
[INFO] [stdout]   |                                  ^^^^^^^^^  ^^^^^^^^^^^^^  ^^^^^^^^^
[INFO] [stdout]   |
[INFO] [stdout]   = note: `#[warn(unused_imports)]` (part of `#[warn(unused)]`) on by default
[INFO] [stdout] 
[INFO] [stdout] 
[INFO] [stdout] warning: unused import: `reqwest::Error`
[INFO] [stdout]  --> src/energy.rs:1:5
[INFO] [stdout]   |
[INFO] [stdout] 1 | use reqwest::Error;
[INFO] [stdout]   |     ^^^^^^^^^^^^^^
[INFO] [stdout] 
[INFO] [stdout] 
[INFO] [stdout] warning: unused import: `meters_to_string`
[INFO] [stdout]  --> src/energy.rs:2:21
[INFO] [stdout]   |
[INFO] [stdout] 2 | use crate::meters::{meters_to_string, Meters};
[INFO] [stdout]   |                     ^^^^^^^^^^^^^^^^
[INFO] [stdout] 
[INFO] [stdout] 
[INFO] [stdout] warning: unused imports: `DateTime` and `Utc`
[INFO] [stdout]  --> src/energy.rs:4:14
[INFO] [stdout]   |
[INFO] [stdout] 4 | use chrono::{DateTime, Utc};
[INFO] [stdout]   |              ^^^^^^^^  ^^^
[INFO] [stdout] 
[INFO] [stdout] 
[INFO] [stdout] warning: variant `QUARTER_OF_AN_HOUR` should have an upper camel case name
[INFO] [stdout]   --> src/energy.rs:12:5
[INFO] [stdout]    |
[INFO] [stdout] 12 |     QUARTER_OF_AN_HOUR,
[INFO] [stdout]    |     ^^^^^^^^^^^^^^^^^^ help: convert the identifier to upper camel case: `QuarterOfAnHour`
[INFO] [stdout]    |
[INFO] [stdout]    = note: `#[warn(non_camel_case_types)]` (part of `#[warn(nonstandard_style)]`) on by default
[INFO] [stdout] 
[INFO] [stdout] 
[INFO] [stdout] warning: variable `count` is assigned to, but never used
[INFO] [stdout]   --> src/energy.rs:38:13
[INFO] [stdout]    |
[INFO] [stdout] 38 |         let mut count =0;
[INFO] [stdout]    |             ^^^^^^^^^
[INFO] [stdout]    |
[INFO] [stdout]    = note: consider using `_count` instead
[INFO] [stdout]    = note: `#[warn(unused_variables)]` (part of `#[warn(unused)]`) on by default
[INFO] [stdout] 
[INFO] [stdout] 
[INFO] [stdout] warning: value assigned to `count` is never read
[INFO] [stdout]   --> src/energy.rs:44:25
[INFO] [stdout]    |
[INFO] [stdout] 44 |                         count += 1;
[INFO] [stdout]    |                         ^^^^^^^^^^
[INFO] [stdout]    |
[INFO] [stdout]    = help: maybe it is overwritten before being read?
[INFO] [stdout]    = note: `#[warn(unused_assignments)]` (part of `#[warn(unused)]`) on by default
[INFO] [stdout] 
[INFO] [stdout] 
[INFO] [stdout] warning: struct `SiteCurrentPowerFlow` is never constructed
[INFO] [stdout]    --> src/lib.rs:101:8
[INFO] [stdout]     |
[INFO] [stdout] 101 | struct SiteCurrentPowerFlow {
[INFO] [stdout]     |        ^^^^^^^^^^^^^^^^^^^^
[INFO] [stdout]     |
[INFO] [stdout]     = note: `#[warn(dead_code)]` (part of `#[warn(unused)]`) on by default
[INFO] [stdout] 
[INFO] [stdout] 
[INFO] [stdout] warning: struct `Connection` is never constructed
[INFO] [stdout]    --> src/lib.rs:117:8
[INFO] [stdout]     |
[INFO] [stdout] 117 | struct Connection {
[INFO] [stdout]     |        ^^^^^^^^^^
[INFO] [stdout] 
[INFO] [stdout] 
[INFO] [stdout] warning: struct `Component` is never constructed
[INFO] [stdout]    --> src/lib.rs:123:8
[INFO] [stdout]     |
[INFO] [stdout] 123 | struct Component {
[INFO] [stdout]     |        ^^^^^^^^^
[INFO] [stdout] 
[INFO] [stdout] 
[INFO] [stdout] warning: struct `Storage` is never constructed
[INFO] [stdout]    --> src/lib.rs:130:8
[INFO] [stdout]     |
[INFO] [stdout] 130 | struct Storage {
[INFO] [stdout]     |        ^^^^^^^
[INFO] [stdout] 
[INFO] [stdout] 
[INFO] [stdout] warning: unused import: `reqwest::Error`
[INFO] [stdout]  --> src/energy.rs:1:5
[INFO] [stdout]   |
[INFO] [stdout] 1 | use reqwest::Error;
[INFO] [stdout]   |     ^^^^^^^^^^^^^^
[INFO] [stdout]   |
[INFO] [stdout]   = note: `#[warn(unused_imports)]` (part of `#[warn(unused)]`) on by default
[INFO] [stdout] 
[INFO] [stdout] 
[INFO] [stdout] warning: unused import: `meters_to_string`
[INFO] [stdout]  --> src/energy.rs:2:21
[INFO] [stdout]   |
[INFO] [stdout] 2 | use crate::meters::{meters_to_string, Meters};
[INFO] [stdout]   |                     ^^^^^^^^^^^^^^^^
[INFO] [stdout] 
[INFO] [stdout] 
[INFO] [stdout] warning: unused imports: `DateTime` and `Utc`
[INFO] [stdout]  --> src/energy.rs:4:14
[INFO] [stdout]   |
[INFO] [stdout] 4 | use chrono::{DateTime, Utc};
[INFO] [stdout]   |              ^^^^^^^^  ^^^
[INFO] [stdout] 
[INFO] [stdout] 
[INFO] [stdout] warning: variant `QUARTER_OF_AN_HOUR` should have an upper camel case name
[INFO] [stdout]   --> src/energy.rs:12:5
[INFO] [stdout]    |
[INFO] [stdout] 12 |     QUARTER_OF_AN_HOUR,
[INFO] [stdout]    |     ^^^^^^^^^^^^^^^^^^ help: convert the identifier to upper camel case: `QuarterOfAnHour`
[INFO] [stdout]    |
[INFO] [stdout]    = note: `#[warn(non_camel_case_types)]` (part of `#[warn(nonstandard_style)]`) on by default
[INFO] [stdout] 
[INFO] [stdout] 
[INFO] [stdout] warning: unused import: `crate::energy::TimeUnit`
[INFO] [stdout]  --> src/main.rs:5:5
[INFO] [stdout]   |
[INFO] [stdout] 5 | use crate::energy::TimeUnit;
[INFO] [stdout]   |     ^^^^^^^^^^^^^^^^^^^^^^^
[INFO] [stdout] 
[INFO] [stdout] 
[INFO] [stdout] warning: unused imports: `DateTime`, `NaiveDateTime`, `NaiveDate`, `NaiveTime`, and `Utc`
[INFO] [stdout]  --> src/main.rs:6:14
[INFO] [stdout]   |
[INFO] [stdout] 6 | use chrono::{DateTime, NaiveDate, NaiveDateTime, NaiveTime, Utc};
[INFO] [stdout]   |              ^^^^^^^^  ^^^^^^^^^  ^^^^^^^^^^^^^  ^^^^^^^^^  ^^^
[INFO] [stdout] 
[INFO] [stdout] 
[INFO] [stdout] warning: unused import: `reqwest::Error`
[INFO] [stdout]  --> src/main.rs:8:5
[INFO] [stdout]   |
[INFO] [stdout] 8 | use reqwest::Error;
[INFO] [stdout]   |     ^^^^^^^^^^^^^^
[INFO] [stdout] 
[INFO] [stdout] 
[INFO] [stdout] warning: unused import: `serde::de::DeserializeOwned`
[INFO] [stdout]  --> src/main.rs:9:5
[INFO] [stdout]   |
[INFO] [stdout] 9 | use serde::de::DeserializeOwned;
[INFO] [stdout]   |     ^^^^^^^^^^^^^^^^^^^^^^^^^^^
[INFO] [stdout] 
[INFO] [stdout] 
[INFO] [stdout] warning: unused import: `crate::meters::Meters`
[INFO] [stdout]   --> src/main.rs:12:5
[INFO] [stdout]    |
[INFO] [stdout] 12 | use crate::meters::Meters;
[INFO] [stdout]    |     ^^^^^^^^^^^^^^^^^^^^^
[INFO] [stdout] 
[INFO] [stdout] 
[INFO] [stdout] warning: variable `count` is assigned to, but never used
[INFO] [stdout]   --> src/energy.rs:38:13
[INFO] [stdout]    |
[INFO] [stdout] 38 |         let mut count =0;
[INFO] [stdout]    |             ^^^^^^^^^
[INFO] [stdout]    |
[INFO] [stdout]    = note: consider using `_count` instead
[INFO] [stdout]    = note: `#[warn(unused_variables)]` (part of `#[warn(unused)]`) on by default
[INFO] [stdout] 
[INFO] [stdout] 
[INFO] [stdout] warning: value assigned to `count` is never read
[INFO] [stdout]   --> src/energy.rs:44:25
[INFO] [stdout]    |
[INFO] [stdout] 44 |                         count += 1;
[INFO] [stdout]    |                         ^^^^^^^^^^
[INFO] [stdout]    |
[INFO] [stdout]    = help: maybe it is overwritten before being read?
[INFO] [stdout]    = note: `#[warn(unused_assignments)]` (part of `#[warn(unused)]`) on by default
[INFO] [stdout] 
[INFO] [stdout] 
[INFO] [stdout] warning: function `get_average_power` is never used
[INFO] [stdout]   --> src/main.rs:29:10
[INFO] [stdout]    |
[INFO] [stdout] 29 | async fn get_average_power(api_key: String, site_id: String) -> (HashMap<String, f64>, String) {
[INFO] [stdout]    |          ^^^^^^^^^^^^^^^^^
[INFO] [stdout]    |
[INFO] [stdout]    = note: `#[warn(dead_code)]` (part of `#[warn(unused)]`) on by default
[INFO] [stdout] 
[INFO] [stdout] 
[INFO] [stdout] warning: struct `SiteCurrentPowerFlow` is never constructed
[INFO] [stdout]   --> src/main.rs:95:8
[INFO] [stdout]    |
[INFO] [stdout] 95 | struct SiteCurrentPowerFlow {
[INFO] [stdout]    |        ^^^^^^^^^^^^^^^^^^^^
[INFO] [stdout] 
[INFO] [stdout] 
[INFO] [stdout] warning: struct `Connection` is never constructed
[INFO] [stdout]    --> src/main.rs:111:8
[INFO] [stdout]     |
[INFO] [stdout] 111 | struct Connection {
[INFO] [stdout]     |        ^^^^^^^^^^
[INFO] [stdout] 
[INFO] [stdout] 
[INFO] [stdout] warning: struct `Component` is never constructed
[INFO] [stdout]    --> src/main.rs:117:8
[INFO] [stdout]     |
[INFO] [stdout] 117 | struct Component {
[INFO] [stdout]     |        ^^^^^^^^^
[INFO] [stdout] 
[INFO] [stdout] 
[INFO] [stdout] warning: struct `Storage` is never constructed
[INFO] [stdout]    --> src/main.rs:124:8
[INFO] [stdout]     |
[INFO] [stdout] 124 | struct Storage {
[INFO] [stdout]     |        ^^^^^^^
[INFO] [stdout] 
[INFO] [stdout] 
[INFO] [stdout] warning: enum `Meters` is never used
[INFO] [stdout]  --> src/meters.rs:7:10
[INFO] [stdout]   |
[INFO] [stdout] 7 | pub enum Meters {
[INFO] [stdout]   |          ^^^^^^
[INFO] [stdout] 
[INFO] [stdout] 
[INFO] [stdout] warning: function `meters_to_string` is never used
[INFO] [stdout]   --> src/meters.rs:21:8
[INFO] [stdout]    |
[INFO] [stdout] 21 | pub fn meters_to_string(meters: Vec<Meters>) -> String {
[INFO] [stdout]    |        ^^^^^^^^^^^^^^^^
[INFO] [stdout] 
[INFO] [stdout] 
[INFO] [stdout] warning: struct `Meter` is never constructed
[INFO] [stdout]   --> src/meters.rs:39:12
[INFO] [stdout]    |
[INFO] [stdout] 39 | pub struct Meter {
[INFO] [stdout]    |            ^^^^^
[INFO] [stdout] 
[INFO] [stdout] 
[INFO] [stdout] warning: struct `PowerDetails` is never constructed
[INFO] [stdout]  --> src/power.rs:6:12
[INFO] [stdout]   |
[INFO] [stdout] 6 | pub struct PowerDetails {
[INFO] [stdout]   |            ^^^^^^^^^^^^
[INFO] [stdout] 
[INFO] [stdout] 
[INFO] [stdout] warning: struct `PowerDetailsWrapper` is never constructed
[INFO] [stdout]   --> src/power.rs:15:12
[INFO] [stdout]    |
[INFO] [stdout] 15 | pub struct PowerDetailsWrapper {
[INFO] [stdout]    |            ^^^^^^^^^^^^^^^^^^^
[INFO] [stdout] 
[INFO] [stdout] 
[INFO] [stdout] warning: method `get_unit` is never used
[INFO] [stdout]   --> src/power.rs:22:12
[INFO] [stdout]    |
[INFO] [stdout] 21 | impl PowerDetailsWrapper {
[INFO] [stdout]    | ------------------------ method in this implementation
[INFO] [stdout] 22 |     pub fn get_unit(&self) -> &str {
[INFO] [stdout]    |            ^^^^^^^^
[INFO] [stdout] 
[INFO] [stdout] 
[INFO] [stdout] warning: enum `TimeUnit` is never used
[INFO] [stdout]   --> src/energy.rs:11:10
[INFO] [stdout]    |
[INFO] [stdout] 11 | pub enum TimeUnit {
[INFO] [stdout]    |          ^^^^^^^^
[INFO] [stdout] 
[INFO] [stdout] 
[INFO] [stdout] warning: struct `EnergyDetailsResponse` is never constructed
[INFO] [stdout]   --> src/energy.rs:26:12
[INFO] [stdout]    |
[INFO] [stdout] 26 | pub struct EnergyDetailsResponse {
[INFO] [stdout]    |            ^^^^^^^^^^^^^^^^^^^^^
[INFO] [stdout] 
[INFO] [stdout] 
[INFO] [stdout] warning: methods `get_unit` and `get_average_for_meter` are never used
[INFO] [stdout]   --> src/energy.rs:32:12
[INFO] [stdout]    |
[INFO] [stdout] 30 | impl EnergyDetailsResponse {
[INFO] [stdout]    | -------------------------- methods in this implementation
[INFO] [stdout] 31 |     /// gets the unit of the response
[INFO] [stdout] 32 |     pub fn get_unit(&self) -> &str{ 
[INFO] [stdout]    |            ^^^^^^^^
[INFO] [stdout] ...
[INFO] [stdout] 36 |     pub fn get_average_for_meter(self, meter: Meters) -> f64 {
[INFO] [stdout]    |            ^^^^^^^^^^^^^^^^^^^^^
[INFO] [stdout] 
[INFO] [stdout] 
[INFO] [stderr]     Finished `release` profile [optimized] target(s) in 14.26s
[INFO] running `Command { std: "docker" "inspect" "d93cb5fdb0e1d181fc96e1b36379eaa88f189ccda90e5acbb684057fb81616ec", kill_on_drop: false }`
[INFO] running `Command { std: "docker" "exec" "-e" "SOURCE_DIR=/opt/rustwide/workdir" "-e" "CARGO_HOME=/opt/rustwide/cargo-home" "-e" "RUSTUP_HOME=/opt/rustwide/rustup-home" "-e" "CARGO_TARGET_DIR=/opt/rustwide/target" "-e" "CARGO_INCREMENTAL=0" "-e" "RUST_BACKTRACE=full" "-e" "RUSTFLAGS=--cap-lints=warn" "-e" "RUSTDOCFLAGS=--cap-lints=warn" "-w" "/opt/rustwide/workdir" "--user" "0:0" "d93cb5fdb0e1d181fc96e1b36379eaa88f189ccda90e5acbb684057fb81616ec" "/opt/rustwide/cargo-home/bin/cargo" "+1.99.0-beta.1" "test" "--frozen" "--no-run" "--message-format=json" "--release", kill_on_drop: false }`
[INFO] [stderr]    Compiling dotenvy v0.15.7
[INFO] [stdout] warning: unused imports: `NaiveDateTime`, `NaiveDate`, and `NaiveTime`
[INFO] [stdout]  --> src/lib.rs:2:34
[INFO] [stdout]   |
[INFO] [stdout] 2 | use chrono::{DateTime, Duration, NaiveDate, NaiveDateTime, NaiveTime, Utc};
[INFO] [stdout]   |                                  ^^^^^^^^^  ^^^^^^^^^^^^^  ^^^^^^^^^
[INFO] [stdout]   |
[INFO] [stdout]   = note: `#[warn(unused_imports)]` (part of `#[warn(unused)]`) on by default
[INFO] [stdout] 
[INFO] [stdout] 
[INFO] [stdout] warning: unused import: `reqwest::Error`
[INFO] [stdout]  --> src/energy.rs:1:5
[INFO] [stdout]   |
[INFO] [stdout] 1 | use reqwest::Error;
[INFO] [stdout]   |     ^^^^^^^^^^^^^^
[INFO] [stdout] 
[INFO] [stdout] 
[INFO] [stdout] warning: unused import: `meters_to_string`
[INFO] [stdout]  --> src/energy.rs:2:21
[INFO] [stdout]   |
[INFO] [stdout] 2 | use crate::meters::{meters_to_string, Meters};
[INFO] [stdout]   |                     ^^^^^^^^^^^^^^^^
[INFO] [stdout] 
[INFO] [stdout] 
[INFO] [stdout] warning: unused imports: `DateTime` and `Utc`
[INFO] [stdout]  --> src/energy.rs:4:14
[INFO] [stdout]   |
[INFO] [stdout] 4 | use chrono::{DateTime, Utc};
[INFO] [stdout]   |              ^^^^^^^^  ^^^
[INFO] [stdout] 
[INFO] [stdout] 
[INFO] [stdout] warning: variant `QUARTER_OF_AN_HOUR` should have an upper camel case name
[INFO] [stdout]   --> src/energy.rs:12:5
[INFO] [stdout]    |
[INFO] [stdout] 12 |     QUARTER_OF_AN_HOUR,
[INFO] [stdout]    |     ^^^^^^^^^^^^^^^^^^ help: convert the identifier to upper camel case: `QuarterOfAnHour`
[INFO] [stdout]    |
[INFO] [stdout]    = note: `#[warn(non_camel_case_types)]` (part of `#[warn(nonstandard_style)]`) on by default
[INFO] [stdout] 
[INFO] [stdout] 
[INFO] [stdout] warning: variable `count` is assigned to, but never used
[INFO] [stdout]   --> src/energy.rs:38:13
[INFO] [stdout]    |
[INFO] [stdout] 38 |         let mut count =0;
[INFO] [stdout]    |             ^^^^^^^^^
[INFO] [stdout]    |
[INFO] [stdout]    = note: consider using `_count` instead
[INFO] [stdout]    = note: `#[warn(unused_variables)]` (part of `#[warn(unused)]`) on by default
[INFO] [stdout] 
[INFO] [stdout] 
[INFO] [stdout] warning: value assigned to `count` is never read
[INFO] [stdout]   --> src/energy.rs:44:25
[INFO] [stdout]    |
[INFO] [stdout] 44 |                         count += 1;
[INFO] [stdout]    |                         ^^^^^^^^^^
[INFO] [stdout]    |
[INFO] [stdout]    = help: maybe it is overwritten before being read?
[INFO] [stdout]    = note: `#[warn(unused_assignments)]` (part of `#[warn(unused)]`) on by default
[INFO] [stdout] 
[INFO] [stdout] 
[INFO] [stdout] warning: struct `SiteCurrentPowerFlow` is never constructed
[INFO] [stdout]    --> src/lib.rs:101:8
[INFO] [stdout]     |
[INFO] [stdout] 101 | struct SiteCurrentPowerFlow {
[INFO] [stdout]     |        ^^^^^^^^^^^^^^^^^^^^
[INFO] [stdout]     |
[INFO] [stdout]     = note: `#[warn(dead_code)]` (part of `#[warn(unused)]`) on by default
[INFO] [stdout] 
[INFO] [stdout] 
[INFO] [stdout] warning: struct `Connection` is never constructed
[INFO] [stdout]    --> src/lib.rs:117:8
[INFO] [stdout]     |
[INFO] [stdout] 117 | struct Connection {
[INFO] [stdout]     |        ^^^^^^^^^^
[INFO] [stdout] 
[INFO] [stdout] 
[INFO] [stdout] warning: struct `Component` is never constructed
[INFO] [stdout]    --> src/lib.rs:123:8
[INFO] [stdout]     |
[INFO] [stdout] 123 | struct Component {
[INFO] [stdout]     |        ^^^^^^^^^
[INFO] [stdout] 
[INFO] [stdout] 
[INFO] [stdout] warning: struct `Storage` is never constructed
[INFO] [stdout]    --> src/lib.rs:130:8
[INFO] [stdout]     |
[INFO] [stdout] 130 | struct Storage {
[INFO] [stdout]     |        ^^^^^^^
[INFO] [stdout] 
[INFO] [stdout] 
[INFO] [stderr]    Compiling solaredge_api v0.1.0 (/opt/rustwide/workdir)
[INFO] [stdout] warning: unused import: `reqwest::Error`
[INFO] [stdout]  --> src/energy.rs:1:5
[INFO] [stdout]   |
[INFO] [stdout] 1 | use reqwest::Error;
[INFO] [stdout]   |     ^^^^^^^^^^^^^^
[INFO] [stdout]   |
[INFO] [stdout]   = note: `#[warn(unused_imports)]` (part of `#[warn(unused)]`) on by default
[INFO] [stdout] 
[INFO] [stdout] 
[INFO] [stdout] warning: unused import: `meters_to_string`
[INFO] [stdout]  --> src/energy.rs:2:21
[INFO] [stdout]   |
[INFO] [stdout] 2 | use crate::meters::{meters_to_string, Meters};
[INFO] [stdout]   |                     ^^^^^^^^^^^^^^^^
[INFO] [stdout] 
[INFO] [stdout] 
[INFO] [stdout] warning: unused imports: `DateTime` and `Utc`
[INFO] [stdout]  --> src/energy.rs:4:14
[INFO] [stdout]   |
[INFO] [stdout] 4 | use chrono::{DateTime, Utc};
[INFO] [stdout]   |              ^^^^^^^^  ^^^
[INFO] [stdout] 
[INFO] [stdout] 
[INFO] [stdout] warning: variant `QUARTER_OF_AN_HOUR` should have an upper camel case name
[INFO] [stdout]   --> src/energy.rs:12:5
[INFO] [stdout]    |
[INFO] [stdout] 12 |     QUARTER_OF_AN_HOUR,
[INFO] [stdout]    |     ^^^^^^^^^^^^^^^^^^ help: convert the identifier to upper camel case: `QuarterOfAnHour`
[INFO] [stdout]    |
[INFO] [stdout]    = note: `#[warn(non_camel_case_types)]` (part of `#[warn(nonstandard_style)]`) on by default
[INFO] [stdout] 
[INFO] [stdout] 
[INFO] [stdout] warning: unused import: `reqwest::Error`
[INFO] [stdout]  --> src/energy.rs:1:5
[INFO] [stdout]   |
[INFO] [stdout] 1 | use reqwest::Error;
[INFO] [stdout]   |     ^^^^^^^^^^^^^^
[INFO] [stdout]   |
[INFO] [stdout]   = note: `#[warn(unused_imports)]` (part of `#[warn(unused)]`) on by default
[INFO] [stdout] 
[INFO] [stdout] 
[INFO] [stdout] warning: unused import: `meters_to_string`
[INFO] [stdout]  --> src/energy.rs:2:21
[INFO] [stdout]   |
[INFO] [stdout] 2 | use crate::meters::{meters_to_string, Meters};
[INFO] [stdout]   |                     ^^^^^^^^^^^^^^^^
[INFO] [stdout] 
[INFO] [stdout] 
[INFO] [stdout] warning: unused imports: `DateTime` and `Utc`
[INFO] [stdout]  --> src/energy.rs:4:14
[INFO] [stdout]   |
[INFO] [stdout] 4 | use chrono::{DateTime, Utc};
[INFO] [stdout]   |              ^^^^^^^^  ^^^
[INFO] [stdout] 
[INFO] [stdout] 
[INFO] [stdout] warning: variant `QUARTER_OF_AN_HOUR` should have an upper camel case name
[INFO] [stdout]   --> src/energy.rs:12:5
[INFO] [stdout]    |
[INFO] [stdout] 12 |     QUARTER_OF_AN_HOUR,
[INFO] [stdout]    |     ^^^^^^^^^^^^^^^^^^ help: convert the identifier to upper camel case: `QuarterOfAnHour`
[INFO] [stdout]    |
[INFO] [stdout]    = note: `#[warn(non_camel_case_types)]` (part of `#[warn(nonstandard_style)]`) on by default
[INFO] [stdout] 
[INFO] [stdout] 
[INFO] [stdout] warning: unused import: `crate::energy::TimeUnit`
[INFO] [stdout]  --> src/main.rs:5:5
[INFO] [stdout]   |
[INFO] [stdout] 5 | use crate::energy::TimeUnit;
[INFO] [stdout]   |     ^^^^^^^^^^^^^^^^^^^^^^^
[INFO] [stdout] 
[INFO] [stdout] 
[INFO] [stdout] warning: unused imports: `DateTime`, `NaiveDateTime`, `NaiveDate`, `NaiveTime`, and `Utc`
[INFO] [stdout]  --> src/main.rs:6:14
[INFO] [stdout]   |
[INFO] [stdout] 6 | use chrono::{DateTime, NaiveDate, NaiveDateTime, NaiveTime, Utc};
[INFO] [stdout]   |              ^^^^^^^^  ^^^^^^^^^  ^^^^^^^^^^^^^  ^^^^^^^^^  ^^^
[INFO] [stdout] 
[INFO] [stdout] 
[INFO] [stdout] warning: unused import: `reqwest::Error`
[INFO] [stdout]  --> src/main.rs:8:5
[INFO] [stdout]   |
[INFO] [stdout] 8 | use reqwest::Error;
[INFO] [stdout]   |     ^^^^^^^^^^^^^^
[INFO] [stdout] 
[INFO] [stdout] 
[INFO] [stdout] warning: unused import: `serde::de::DeserializeOwned`
[INFO] [stdout]  --> src/main.rs:9:5
[INFO] [stdout]   |
[INFO] [stdout] 9 | use serde::de::DeserializeOwned;
[INFO] [stdout]   |     ^^^^^^^^^^^^^^^^^^^^^^^^^^^
[INFO] [stdout] 
[INFO] [stdout] 
[INFO] [stdout] warning: unused import: `crate::meters::Meters`
[INFO] [stdout]   --> src/main.rs:12:5
[INFO] [stdout]    |
[INFO] [stdout] 12 | use crate::meters::Meters;
[INFO] [stdout]    |     ^^^^^^^^^^^^^^^^^^^^^
[INFO] [stdout] 
[INFO] [stdout] 
[INFO] [stdout] warning: variable `count` is assigned to, but never used
[INFO] [stdout]   --> src/energy.rs:38:13
[INFO] [stdout]    |
[INFO] [stdout] 38 |         let mut count =0;
[INFO] [stdout]    |             ^^^^^^^^^
[INFO] [stdout]    |
[INFO] [stdout]    = note: consider using `_count` instead
[INFO] [stdout]    = note: `#[warn(unused_variables)]` (part of `#[warn(unused)]`) on by default
[INFO] [stdout] 
[INFO] [stdout] 
[INFO] [stdout] warning: value assigned to `count` is never read
[INFO] [stdout]   --> src/energy.rs:44:25
[INFO] [stdout]    |
[INFO] [stdout] 44 |                         count += 1;
[INFO] [stdout]    |                         ^^^^^^^^^^
[INFO] [stdout]    |
[INFO] [stdout]    = help: maybe it is overwritten before being read?
[INFO] [stdout]    = note: `#[warn(unused_assignments)]` (part of `#[warn(unused)]`) on by default
[INFO] [stdout] 
[INFO] [stdout] 
[INFO] [stdout] warning: variable `count` is assigned to, but never used
[INFO] [stdout]   --> src/energy.rs:38:13
[INFO] [stdout]    |
[INFO] [stdout] 38 |         let mut count =0;
[INFO] [stdout]    |             ^^^^^^^^^
[INFO] [stdout]    |
[INFO] [stdout]    = note: consider using `_count` instead
[INFO] [stdout]    = note: `#[warn(unused_variables)]` (part of `#[warn(unused)]`) on by default
[INFO] [stdout] 
[INFO] [stdout] 
[INFO] [stdout] warning: value assigned to `count` is never read
[INFO] [stdout]   --> src/energy.rs:44:25
[INFO] [stdout]    |
[INFO] [stdout] 44 |                         count += 1;
[INFO] [stdout]    |                         ^^^^^^^^^^
[INFO] [stdout]    |
[INFO] [stdout]    = help: maybe it is overwritten before being read?
[INFO] [stdout]    = note: `#[warn(unused_assignments)]` (part of `#[warn(unused)]`) on by default
[INFO] [stdout] 
[INFO] [stdout] 
[INFO] [stdout] warning: struct `SiteCurrentPowerFlow` is never constructed
[INFO] [stdout]    --> src/lib.rs:101:8
[INFO] [stdout]     |
[INFO] [stdout] 101 | struct SiteCurrentPowerFlow {
[INFO] [stdout]     |        ^^^^^^^^^^^^^^^^^^^^
[INFO] [stdout]     |
[INFO] [stdout]     = note: `#[warn(dead_code)]` (part of `#[warn(unused)]`) on by default
[INFO] [stdout] 
[INFO] [stdout] 
[INFO] [stdout] warning: struct `Connection` is never constructed
[INFO] [stdout]    --> src/lib.rs:117:8
[INFO] [stdout]     |
[INFO] [stdout] 117 | struct Connection {
[INFO] [stdout]     |        ^^^^^^^^^^
[INFO] [stdout] 
[INFO] [stdout] 
[INFO] [stdout] warning: struct `Component` is never constructed
[INFO] [stdout]    --> src/lib.rs:123:8
[INFO] [stdout]     |
[INFO] [stdout] 123 | struct Component {
[INFO] [stdout]     |        ^^^^^^^^^
[INFO] [stdout] 
[INFO] [stdout] 
[INFO] [stdout] warning: struct `Storage` is never constructed
[INFO] [stdout]    --> src/lib.rs:130:8
[INFO] [stdout]     |
[INFO] [stdout] 130 | struct Storage {
[INFO] [stdout]     |        ^^^^^^^
[INFO] [stdout] 
[INFO] [stdout] 
[INFO] [stdout] warning: function `get_average_power` is never used
[INFO] [stdout]   --> src/main.rs:29:10
[INFO] [stdout]    |
[INFO] [stdout] 29 | async fn get_average_power(api_key: String, site_id: String) -> (HashMap<String, f64>, String) {
[INFO] [stdout]    |          ^^^^^^^^^^^^^^^^^
[INFO] [stdout]    |
[INFO] [stdout]    = note: `#[warn(dead_code)]` (part of `#[warn(unused)]`) on by default
[INFO] [stdout] 
[INFO] [stdout] 
[INFO] [stdout] warning: struct `SiteCurrentPowerFlow` is never constructed
[INFO] [stdout]   --> src/main.rs:95:8
[INFO] [stdout]    |
[INFO] [stdout] 95 | struct SiteCurrentPowerFlow {
[INFO] [stdout]    |        ^^^^^^^^^^^^^^^^^^^^
[INFO] [stdout] 
[INFO] [stdout] 
[INFO] [stdout] warning: struct `Connection` is never constructed
[INFO] [stdout]    --> src/main.rs:111:8
[INFO] [stdout]     |
[INFO] [stdout] 111 | struct Connection {
[INFO] [stdout]     |        ^^^^^^^^^^
[INFO] [stdout] 
[INFO] [stdout] 
[INFO] [stdout] warning: struct `Component` is never constructed
[INFO] [stdout]    --> src/main.rs:117:8
[INFO] [stdout]     |
[INFO] [stdout] 117 | struct Component {
[INFO] [stdout]     |        ^^^^^^^^^
[INFO] [stdout] 
[INFO] [stdout] 
[INFO] [stdout] warning: struct `Storage` is never constructed
[INFO] [stdout]    --> src/main.rs:124:8
[INFO] [stdout]     |
[INFO] [stdout] 124 | struct Storage {
[INFO] [stdout]     |        ^^^^^^^
[INFO] [stdout] 
[INFO] [stdout] 
[INFO] [stdout] warning: enum `Meters` is never used
[INFO] [stdout]  --> src/meters.rs:7:10
[INFO] [stdout]   |
[INFO] [stdout] 7 | pub enum Meters {
[INFO] [stdout]   |          ^^^^^^
[INFO] [stdout] 
[INFO] [stdout] 
[INFO] [stdout] warning: function `meters_to_string` is never used
[INFO] [stdout]   --> src/meters.rs:21:8
[INFO] [stdout]    |
[INFO] [stdout] 21 | pub fn meters_to_string(meters: Vec<Meters>) -> String {
[INFO] [stdout]    |        ^^^^^^^^^^^^^^^^
[INFO] [stdout] 
[INFO] [stdout] 
[INFO] [stdout] warning: struct `Meter` is never constructed
[INFO] [stdout]   --> src/meters.rs:39:12
[INFO] [stdout]    |
[INFO] [stdout] 39 | pub struct Meter {
[INFO] [stdout]    |            ^^^^^
[INFO] [stdout] 
[INFO] [stdout] 
[INFO] [stdout] warning: struct `PowerDetails` is never constructed
[INFO] [stdout]  --> src/power.rs:6:12
[INFO] [stdout]   |
[INFO] [stdout] 6 | pub struct PowerDetails {
[INFO] [stdout]   |            ^^^^^^^^^^^^
[INFO] [stdout] 
[INFO] [stdout] 
[INFO] [stdout] warning: struct `PowerDetailsWrapper` is never constructed
[INFO] [stdout]   --> src/power.rs:15:12
[INFO] [stdout]    |
[INFO] [stdout] 15 | pub struct PowerDetailsWrapper {
[INFO] [stdout]    |            ^^^^^^^^^^^^^^^^^^^
[INFO] [stdout] 
[INFO] [stdout] 
[INFO] [stdout] warning: method `get_unit` is never used
[INFO] [stdout]   --> src/power.rs:22:12
[INFO] [stdout]    |
[INFO] [stdout] 21 | impl PowerDetailsWrapper {
[INFO] [stdout]    | ------------------------ method in this implementation
[INFO] [stdout] 22 |     pub fn get_unit(&self) -> &str {
[INFO] [stdout]    |            ^^^^^^^^
[INFO] [stdout] 
[INFO] [stdout] 
[INFO] [stdout] warning: enum `TimeUnit` is never used
[INFO] [stdout]   --> src/energy.rs:11:10
[INFO] [stdout]    |
[INFO] [stdout] 11 | pub enum TimeUnit {
[INFO] [stdout]    |          ^^^^^^^^
[INFO] [stdout] 
[INFO] [stdout] 
[INFO] [stdout] warning: struct `EnergyDetailsResponse` is never constructed
[INFO] [stdout]   --> src/energy.rs:26:12
[INFO] [stdout]    |
[INFO] [stdout] 26 | pub struct EnergyDetailsResponse {
[INFO] [stdout]    |            ^^^^^^^^^^^^^^^^^^^^^
[INFO] [stdout] 
[INFO] [stdout] 
[INFO] [stdout] warning: methods `get_unit` and `get_average_for_meter` are never used
[INFO] [stdout]   --> src/energy.rs:32:12
[INFO] [stdout]    |
[INFO] [stdout] 30 | impl EnergyDetailsResponse {
[INFO] [stdout]    | -------------------------- methods in this implementation
[INFO] [stdout] 31 |     /// gets the unit of the response
[INFO] [stdout] 32 |     pub fn get_unit(&self) -> &str{ 
[INFO] [stdout]    |            ^^^^^^^^
[INFO] [stdout] ...
[INFO] [stdout] 36 |     pub fn get_average_for_meter(self, meter: Meters) -> f64 {
[INFO] [stdout]    |            ^^^^^^^^^^^^^^^^^^^^^
[INFO] [stdout] 
[INFO] [stdout] 
[INFO] [stderr]     Finished `release` profile [optimized] target(s) in 1.19s
[INFO] running `Command { std: "docker" "inspect" "d93cb5fdb0e1d181fc96e1b36379eaa88f189ccda90e5acbb684057fb81616ec", kill_on_drop: false }`
[INFO] running `Command { std: "docker" "exec" "-e" "SOURCE_DIR=/opt/rustwide/workdir" "-e" "CARGO_HOME=/opt/rustwide/cargo-home" "-e" "RUSTUP_HOME=/opt/rustwide/rustup-home" "-e" "CARGO_TARGET_DIR=/opt/rustwide/target" "-e" "CARGO_INCREMENTAL=0" "-e" "RUST_BACKTRACE=full" "-e" "RUSTFLAGS=--cap-lints=warn" "-e" "RUSTDOCFLAGS=--cap-lints=warn" "-w" "/opt/rustwide/workdir" "--user" "0:0" "d93cb5fdb0e1d181fc96e1b36379eaa88f189ccda90e5acbb684057fb81616ec" "/opt/rustwide/cargo-home/bin/cargo" "+1.99.0-beta.1" "test" "--frozen" "--release", kill_on_drop: false }`
[INFO] [stderr] warning: unused imports: `NaiveDateTime`, `NaiveDate`, and `NaiveTime`
[INFO] [stderr]  --> src/lib.rs:2:34
[INFO] [stderr]   |
[INFO] [stderr] 2 | use chrono::{DateTime, Duration, NaiveDate, NaiveDateTime, NaiveTime, Utc};
[INFO] [stderr]   |                                  ^^^^^^^^^  ^^^^^^^^^^^^^  ^^^^^^^^^
[INFO] [stderr]   |
[INFO] [stderr]   = note: `#[warn(unused_imports)]` (part of `#[warn(unused)]`) on by default
[INFO] [stderr] 
[INFO] [stderr] warning: unused import: `reqwest::Error`
[INFO] [stderr]  --> src/energy.rs:1:5
[INFO] [stderr]   |
[INFO] [stderr] 1 | use reqwest::Error;
[INFO] [stderr]   |     ^^^^^^^^^^^^^^
[INFO] [stderr] 
[INFO] [stderr] warning: unused import: `meters_to_string`
[INFO] [stderr]  --> src/energy.rs:2:21
[INFO] [stderr]   |
[INFO] [stderr] 2 | use crate::meters::{meters_to_string, Meters};
[INFO] [stderr]   |                     ^^^^^^^^^^^^^^^^
[INFO] [stderr] 
[INFO] [stderr] warning: unused imports: `DateTime` and `Utc`
[INFO] [stderr]  --> src/energy.rs:4:14
[INFO] [stderr]   |
[INFO] [stderr] 4 | use chrono::{DateTime, Utc};
[INFO] [stderr]   |              ^^^^^^^^  ^^^
[INFO] [stderr] 
[INFO] [stderr] warning: variant `QUARTER_OF_AN_HOUR` should have an upper camel case name
[INFO] [stderr]   --> src/energy.rs:12:5
[INFO] [stderr]    |
[INFO] [stderr] 12 |     QUARTER_OF_AN_HOUR,
[INFO] [stderr]    |     ^^^^^^^^^^^^^^^^^^ help: convert the identifier to upper camel case: `QuarterOfAnHour`
[INFO] [stderr]    |
[INFO] [stderr]    = note: `#[warn(non_camel_case_types)]` (part of `#[warn(nonstandard_style)]`) on by default
[INFO] [stderr] 
[INFO] [stderr] warning: variable `count` is assigned to, but never used
[INFO] [stderr]   --> src/energy.rs:38:13
[INFO] [stderr]    |
[INFO] [stderr] 38 |         let mut count =0;
[INFO] [stderr]    |             ^^^^^^^^^
[INFO] [stderr]    |
[INFO] [stderr]    = note: consider using `_count` instead
[INFO] [stderr]    = note: `#[warn(unused_variables)]` (part of `#[warn(unused)]`) on by default
[INFO] [stderr] 
[INFO] [stderr] warning: value assigned to `count` is never read
[INFO] [stderr]   --> src/energy.rs:44:25
[INFO] [stderr]    |
[INFO] [stderr] 44 |                         count += 1;
[INFO] [stderr]    |                         ^^^^^^^^^^
[INFO] [stderr]    |
[INFO] [stderr]    = help: maybe it is overwritten before being read?
[INFO] [stderr]    = note: `#[warn(unused_assignments)]` (part of `#[warn(unused)]`) on by default
[INFO] [stderr] 
[INFO] [stderr] warning: struct `SiteCurrentPowerFlow` is never constructed
[INFO] [stderr]    --> src/lib.rs:101:8
[INFO] [stderr]     |
[INFO] [stderr] 101 | struct SiteCurrentPowerFlow {
[INFO] [stderr]     |        ^^^^^^^^^^^^^^^^^^^^
[INFO] [stderr]     |
[INFO] [stderr]     = note: `#[warn(dead_code)]` (part of `#[warn(unused)]`) on by default
[INFO] [stderr] 
[INFO] [stderr] warning: struct `Connection` is never constructed
[INFO] [stderr]    --> src/lib.rs:117:8
[INFO] [stderr]     |
[INFO] [stderr] 117 | struct Connection {
[INFO] [stderr]     |        ^^^^^^^^^^
[INFO] [stderr] 
[INFO] [stderr] warning: struct `Component` is never constructed
[INFO] [stderr]    --> src/lib.rs:123:8
[INFO] [stderr]     |
[INFO] [stderr] 123 | struct Component {
[INFO] [stderr]     |        ^^^^^^^^^
[INFO] [stderr] 
[INFO] [stderr] warning: struct `Storage` is never constructed
[INFO] [stderr]    --> src/lib.rs:130:8
[INFO] [stderr]     |
[INFO] [stderr] 130 | struct Storage {
[INFO] [stderr]     |        ^^^^^^^
[INFO] [stderr] 
[INFO] [stderr] warning: unused import: `reqwest::Error`
[INFO] [stderr]  --> src/energy.rs:1:5
[INFO] [stderr]   |
[INFO] [stderr] 1 | use reqwest::Error;
[INFO] [stderr]   |     ^^^^^^^^^^^^^^
[INFO] [stderr]   |
[INFO] [stderr]   = note: `#[warn(unused_imports)]` (part of `#[warn(unused)]`) on by default
[INFO] [stderr] 
[INFO] [stderr] warning: `solaredge_api` (lib) generated 11 warnings (run `cargo fix --lib -p solaredge_api` to apply 4 suggestions)
[INFO] [stderr] warning: `solaredge_api` (lib test) generated 10 warnings (9 duplicates) (run `cargo fix --lib -p solaredge_api --tests` to apply 1 suggestion)
[INFO] [stderr] warning: unused import: `crate::energy::TimeUnit`
[INFO] [stderr]  --> src/main.rs:5:5
[INFO] [stderr]   |
[INFO] [stderr] 5 | use crate::energy::TimeUnit;
[INFO] [stderr]   |     ^^^^^^^^^^^^^^^^^^^^^^^
[INFO] [stderr] 
[INFO] [stderr] warning: unused imports: `DateTime`, `NaiveDateTime`, `NaiveDate`, `NaiveTime`, and `Utc`
[INFO] [stderr]  --> src/main.rs:6:14
[INFO] [stderr]   |
[INFO] [stderr] 6 | use chrono::{DateTime, NaiveDate, NaiveDateTime, NaiveTime, Utc};
[INFO] [stderr]   |              ^^^^^^^^  ^^^^^^^^^  ^^^^^^^^^^^^^  ^^^^^^^^^  ^^^
[INFO] [stderr] 
[INFO] [stderr] warning: unused import: `reqwest::Error`
[INFO] [stderr]  --> src/main.rs:8:5
[INFO] [stderr]   |
[INFO] [stderr] 8 | use reqwest::Error;
[INFO] [stderr]   |     ^^^^^^^^^^^^^^
[INFO] [stderr] 
[INFO] [stderr] warning: unused import: `serde::de::DeserializeOwned`
[INFO] [stderr]  --> src/main.rs:9:5
[INFO] [stderr]   |
[INFO] [stderr] 9 | use serde::de::DeserializeOwned;
[INFO] [stderr]   |     ^^^^^^^^^^^^^^^^^^^^^^^^^^^
[INFO] [stderr] 
[INFO] [stderr] warning: unused import: `crate::meters::Meters`
[INFO] [stderr]   --> src/main.rs:12:5
[INFO] [stderr]    |
[INFO] [stderr] 12 | use crate::meters::Meters;
[INFO] [stderr]    |     ^^^^^^^^^^^^^^^^^^^^^
[INFO] [stderr] 
[INFO] [stderr] warning: function `get_average_power` is never used
[INFO] [stderr]   --> src/main.rs:29:10
[INFO] [stderr]    |
[INFO] [stderr] 29 | async fn get_average_power(api_key: String, site_id: String) -> (HashMap<String, f64>, String) {
[INFO] [stderr]    |          ^^^^^^^^^^^^^^^^^
[INFO] [stderr]    |
[INFO] [stderr]    = note: `#[warn(dead_code)]` (part of `#[warn(unused)]`) on by default
[INFO] [stderr] 
[INFO] [stderr] warning: struct `SiteCurrentPowerFlow` is never constructed
[INFO] [stderr]   --> src/main.rs:95:8
[INFO] [stderr]    |
[INFO] [stderr] 95 | struct SiteCurrentPowerFlow {
[INFO] [stderr]    |        ^^^^^^^^^^^^^^^^^^^^
[INFO] [stderr] 
[INFO] [stderr] warning: struct `Connection` is never constructed
[INFO] [stderr]    --> src/main.rs:111:8
[INFO] [stderr]     |
[INFO] [stderr] 111 | struct Connection {
[INFO] [stderr]     |        ^^^^^^^^^^
[INFO] [stderr] 
[INFO] [stderr] warning: struct `Component` is never constructed
[INFO] [stderr]    --> src/main.rs:117:8
[INFO] [stderr]     |
[INFO] [stderr] 117 | struct Component {
[INFO] [stderr]     |        ^^^^^^^^^
[INFO] [stderr] 
[INFO] [stderr] warning: struct `Storage` is never constructed
[INFO] [stderr]    --> src/main.rs:124:8
[INFO] [stderr]     |
[INFO] [stderr] 124 | struct Storage {
[INFO] [stderr]     |        ^^^^^^^
[INFO] [stderr] 
[INFO] [stderr] warning: enum `Meters` is never used
[INFO] [stderr]  --> src/meters.rs:7:10
[INFO] [stderr]   |
[INFO] [stderr] 7 | pub enum Meters {
[INFO] [stderr]   |          ^^^^^^
[INFO] [stderr] 
[INFO] [stderr] warning: function `meters_to_string` is never used
[INFO] [stderr]   --> src/meters.rs:21:8
[INFO] [stderr]    |
[INFO] [stderr] 21 | pub fn meters_to_string(meters: Vec<Meters>) -> String {
[INFO] [stderr]    |        ^^^^^^^^^^^^^^^^
[INFO] [stderr] 
[INFO] [stderr] warning: struct `Meter` is never constructed
[INFO] [stderr]   --> src/meters.rs:39:12
[INFO] [stderr]    |
[INFO] [stderr] 39 | pub struct Meter {
[INFO] [stderr]    |            ^^^^^
[INFO] [stderr] 
[INFO] [stderr] warning: struct `PowerDetails` is never constructed
[INFO] [stderr]  --> src/power.rs:6:12
[INFO] [stderr]   |
[INFO] [stderr] 6 | pub struct PowerDetails {
[INFO] [stderr]   |            ^^^^^^^^^^^^
[INFO] [stderr] 
[INFO] [stderr] warning: struct `PowerDetailsWrapper` is never constructed
[INFO] [stderr]   --> src/power.rs:15:12
[INFO] [stderr]    |
[INFO] [stderr] 15 | pub struct PowerDetailsWrapper {
[INFO] [stderr]    |            ^^^^^^^^^^^^^^^^^^^
[INFO] [stderr] 
[INFO] [stderr] warning: method `get_unit` is never used
[INFO] [stderr]   --> src/power.rs:22:12
[INFO] [stderr]    |
[INFO] [stderr] 21 | impl PowerDetailsWrapper {
[INFO] [stderr]    | ------------------------ method in this implementation
[INFO] [stderr] 22 |     pub fn get_unit(&self) -> &str {
[INFO] [stderr]    |            ^^^^^^^^
[INFO] [stderr] 
[INFO] [stderr] warning: enum `TimeUnit` is never used
[INFO] [stderr]   --> src/energy.rs:11:10
[INFO] [stderr]    |
[INFO] [stderr] 11 | pub enum TimeUnit {
[INFO] [stderr]    |          ^^^^^^^^
[INFO] [stderr] 
[INFO] [stderr] warning: struct `EnergyDetailsResponse` is never constructed
[INFO] [stderr]   --> src/energy.rs:26:12
[INFO] [stderr]    |
[INFO] [stderr] 26 | pub struct EnergyDetailsResponse {
[INFO] [stderr]    |            ^^^^^^^^^^^^^^^^^^^^^
[INFO] [stderr] 
[INFO] [stderr] warning: methods `get_unit` and `get_average_for_meter` are never used
[INFO] [stderr]   --> src/energy.rs:32:12
[INFO] [stderr]    |
[INFO] [stderr] 30 | impl EnergyDetailsResponse {
[INFO] [stderr]    | -------------------------- methods in this implementation
[INFO] [stderr] 31 |     /// gets the unit of the response
[INFO] [stderr] 32 |     pub fn get_unit(&self) -> &str{ 
[INFO] [stderr]    |            ^^^^^^^^
[INFO] [stderr] ...
[INFO] [stderr] 36 |     pub fn get_average_for_meter(self, meter: Meters) -> f64 {
[INFO] [stderr]    |            ^^^^^^^^^^^^^^^^^^^^^
[INFO] [stderr] 
[INFO] [stderr] warning: `solaredge_api` (bin "solaredge_api" test) generated 25 warnings (6 duplicates) (run `cargo fix --bin "solaredge_api" -p solaredge_api --tests` to apply 5 suggestions)
[INFO] [stderr]     Finished `release` profile [optimized] target(s) in 0.08s
[INFO] [stderr]      Running unittests src/lib.rs (/opt/rustwide/target/release/deps/solaredge_api-304cae074f67381b)
[INFO] [stdout] 
[INFO] [stdout] running 1 test
[INFO] [stdout] test main ... FAILED
[INFO] [stdout] 
[INFO] [stdout] failures:
[INFO] [stdout] 
[INFO] [stdout] ---- main stdout ----
[INFO] [stdout] 
[INFO] [stdout] thread 'main' (1938) panicked at src/lib.rs:16:54:
[INFO] [stdout] called `Result::unwrap()` on an `Err` value: EnvVar(NotPresent)
[INFO] [stdout] stack backtrace:
[INFO] [stdout]    0:     0x5f9b531d7951 - <<std[104cf6e2632825ea]::sys::backtrace::BacktraceLock>::print::DisplayBacktrace as core[7c831bd917ebf35f]::fmt::Display>::fmt
[INFO] [stdout]    1:     0x5f9b531ee0ba - core[7c831bd917ebf35f]::fmt::write
[INFO] [stdout]    2:     0x5f9b531dc44c - <alloc[2fdc3f7464fcf288]::vec::Vec<u8> as core[7c831bd917ebf35f]::io::write::Write>::write_fmt
[INFO] [stdout]    3:     0x5f9b531b29b6 - std[104cf6e2632825ea]::panicking::default_hook::{closure#0}
[INFO] [stdout]    4:     0x5f9b531cf819 - std[104cf6e2632825ea]::panicking::default_hook
[INFO] [stdout]    5:     0x5f9b53039b50 - test[73009c9f9aebf890]::test_main_inner::<test[73009c9f9aebf890]::test_main_static::{closure#0}>::{closure#0}
[INFO] [stdout]    6:     0x5f9b531cfb42 - std[104cf6e2632825ea]::panicking::panic_with_hook
[INFO] [stdout]    7:     0x5f9b531b2a62 - std[104cf6e2632825ea]::panicking::panic_handler::{closure#0}
[INFO] [stdout]    8:     0x5f9b531ab0e9 - std[104cf6e2632825ea]::sys::backtrace::__rust_end_short_backtrace::<std[104cf6e2632825ea]::panicking::panic_handler::{closure#0}, !>
[INFO] [stdout]    9:     0x5f9b531b38ed - __rustc[b0d56fa5b193ad05]::rust_begin_unwind
[INFO] [stdout]   10:     0x5f9b531ee81c - core[7c831bd917ebf35f]::panicking::panic_fmt
[INFO] [stdout]   11:     0x5f9b531ee5f2 - core[7c831bd917ebf35f]::result::unwrap_failed
[INFO] [stdout]   12:     0x5f9b5301f15f - solaredge_api[2e6f9912e935b22e]::main::{closure#0}
[INFO] [stdout]   13:     0x5f9b530244e3 - <tokio[92354943ef66c948]::runtime::scheduler::current_thread::Context>::enter::<core[7c831bd917ebf35f]::task::poll::Poll<()>, <tokio[92354943ef66c948]::runtime::scheduler::current_thread::CoreGuard>::block_on<core[7c831bd917ebf35f]::pin::Pin<&mut core[7c831bd917ebf35f]::pin::Pin<&mut dyn core[7c831bd917ebf35f]::future::future::Future<Output = ()>>>>::{closure#0}::{closure#0}>
[INFO] [stdout]   14:     0x5f9b53018772 - <tokio[92354943ef66c948]::runtime::context::scoped::Scoped<tokio[92354943ef66c948]::runtime::scheduler::Context>>::set::<<tokio[92354943ef66c948]::runtime::scheduler::current_thread::CoreGuard>::enter<<tokio[92354943ef66c948]::runtime::scheduler::current_thread::CoreGuard>::block_on<core[7c831bd917ebf35f]::pin::Pin<&mut core[7c831bd917ebf35f]::pin::Pin<&mut dyn core[7c831bd917ebf35f]::future::future::Future<Output = ()>>>>::{closure#0}, core[7c831bd917ebf35f]::option::Option<()>>::{closure#0}, (alloc[2fdc3f7464fcf288]::boxed::Box<tokio[92354943ef66c948]::runtime::scheduler::current_thread::Core>, core[7c831bd917ebf35f]::option::Option<()>)>
[INFO] [stdout]   15:     0x5f9b53024837 - <tokio[92354943ef66c948]::runtime::scheduler::current_thread::CoreGuard>::block_on::<core[7c831bd917ebf35f]::pin::Pin<&mut core[7c831bd917ebf35f]::pin::Pin<&mut dyn core[7c831bd917ebf35f]::future::future::Future<Output = ()>>>>
[INFO] [stdout]   16:     0x5f9b53019920 - tokio[92354943ef66c948]::runtime::context::runtime::enter_runtime::<<tokio[92354943ef66c948]::runtime::scheduler::current_thread::CurrentThread>::block_on<core[7c831bd917ebf35f]::pin::Pin<&mut dyn core[7c831bd917ebf35f]::future::future::Future<Output = ()>>>::{closure#0}, ()>
[INFO] [stdout]   17:     0x5f9b5301851a - <tokio[92354943ef66c948]::runtime::runtime::Runtime>::block_on::<core[7c831bd917ebf35f]::pin::Pin<&mut dyn core[7c831bd917ebf35f]::future::future::Future<Output = ()>>>
[INFO] [stdout]   18:     0x5f9b5302019e - <solaredge_api[2e6f9912e935b22e]::main::{closure#0} as core[7c831bd917ebf35f]::ops::function::FnOnce<()>>::call_once
[INFO] [stdout]   19:     0x5f9b5302ce3b - test[73009c9f9aebf890]::__rust_begin_short_backtrace::<core[7c831bd917ebf35f]::result::Result<(), alloc[2fdc3f7464fcf288]::string::String>, fn() -> core[7c831bd917ebf35f]::result::Result<(), alloc[2fdc3f7464fcf288]::string::String>>
[INFO] [stdout]   20:     0x5f9b5303a4a5 - test[73009c9f9aebf890]::run_test::{closure#0}
[INFO] [stdout]   21:     0x5f9b53033864 - std[104cf6e2632825ea]::sys::backtrace::__rust_begin_short_backtrace::<test[73009c9f9aebf890]::run_test::{closure#1}, ()>
[INFO] [stdout]   22:     0x5f9b5303d602 - <std[104cf6e2632825ea]::thread::lifecycle::spawn_unchecked<test[73009c9f9aebf890]::run_test::{closure#1}, ()>::{closure#1} as core[7c831bd917ebf35f]::ops::function::FnOnce<()>>::call_once::{shim:vtable#0}
[INFO] [stdout]   23:     0x5f9b531d6e79 - <std[104cf6e2632825ea]::sys::thread::unix::Thread>::new::thread_start
[INFO] [stdout]   24:     0x77621024607a - <unknown>
[INFO] [stdout]   25:     0x7762102d9534 - clone
[INFO] [stdout]   26:                0x0 - <unknown>
[INFO] [stdout] 
[INFO] [stdout] 
[INFO] [stdout] failures:
[INFO] [stdout]     main
[INFO] [stdout] 
[INFO] [stdout] test result: FAILED. 0 passed; 1 failed; 0 ignored; 0 measured; 0 filtered out; finished in 0.00s
[INFO] [stdout] 
[INFO] [stderr] error: test failed, to rerun pass `--lib`
[INFO] running `Command { std: "docker" "inspect" "d93cb5fdb0e1d181fc96e1b36379eaa88f189ccda90e5acbb684057fb81616ec", kill_on_drop: false }`
[INFO] running `Command { std: "docker" "rm" "-f" "d93cb5fdb0e1d181fc96e1b36379eaa88f189ccda90e5acbb684057fb81616ec", kill_on_drop: false }`
[INFO] [stdout] d93cb5fdb0e1d181fc96e1b36379eaa88f189ccda90e5acbb684057fb81616ec
