[INFO] cloning repository https://github.com/asavs/snakecharmer
[INFO] running `Command { std: "git" "-c" "credential.helper=" "-c" "credential.helper=/workspace/cargo-home/bin/git-credential-null" "clone" "--bare" "https://github.com/asavs/snakecharmer" "/workspace/cache/git-repos/https%3A%2F%2Fgithub.com%2Fasavs%2Fsnakecharmer", kill_on_drop: false }`
[INFO] [stderr] Cloning into bare repository '/workspace/cache/git-repos/https%3A%2F%2Fgithub.com%2Fasavs%2Fsnakecharmer'...
[INFO] running `Command { std: "git" "rev-parse" "HEAD", kill_on_drop: false }`
[INFO] [stdout] 426cff64747c5a4ad211c533a9cd7d48ea1da3b7
[INFO] testing asavs/snakecharmer against 1.99.0-beta.1+cargoflags=--release for beta-release-1.99-2
[INFO] running `Command { std: "git" "clone" "/workspace/cache/git-repos/https%3A%2F%2Fgithub.com%2Fasavs%2Fsnakecharmer" "/workspace/builds/worker-3-tc2/source", kill_on_drop: false }`
[INFO] [stderr] Cloning into '/workspace/builds/worker-3-tc2/source'...
[INFO] [stderr] done.
[INFO] started tweaking git repo https://github.com/asavs/snakecharmer
[INFO] finished tweaking git repo https://github.com/asavs/snakecharmer
[INFO] tweaked toml for git repo https://github.com/asavs/snakecharmer written to /workspace/builds/worker-3-tc2/source/Cargo.toml
[INFO] validating manifest of git repo https://github.com/asavs/snakecharmer on toolchain 1.99.0-beta.1
[INFO] running `Command { std: CARGO_HOME="/workspace/cargo-home" RUSTUP_HOME="/workspace/rustup-home" "/workspace/cargo-home/bin/cargo" "+1.99.0-beta.1" "metadata" "--manifest-path" "Cargo.toml" "--no-deps", kill_on_drop: false }`
[INFO] crate git repo https://github.com/asavs/snakecharmer already has a lockfile, it will not be regenerated
[INFO] running `Command { std: CARGO_HOME="/workspace/cargo-home" RUSTUP_HOME="/workspace/rustup-home" "/workspace/cargo-home/bin/cargo" "+1.99.0-beta.1" "fetch" "--manifest-path" "Cargo.toml", kill_on_drop: false }`
[INFO] [stderr]     Blocking waiting for file lock on package cache
[INFO] [stderr]     Blocking waiting for file lock on package cache
[INFO] [stderr]  Downloading crates ...
[INFO] [stderr]   Downloaded hidapi v2.6.6
[INFO] running `Command { std: "docker" "create" "-v" "/var/lib/crater-agent-workspace/builds/worker-3-tc2/source:/opt/rustwide/workdir:ro,Z" "-v" "/var/lib/crater-agent-workspace/builds/worker-3-tc2/target:/opt/rustwide/target:rw,Z" "-v" "/var/lib/crater-agent-workspace/cargo-home:/opt/rustwide/cargo-home:ro,Z" "-v" "/var/lib/crater-agent-workspace/rustup-home:/opt/rustwide/rustup-home:ro,Z" "-m" "1610612736" "--network" "none" "ghcr.io/rust-lang/crates-build-env/linux@sha256:8683fc1fc2eb5c9ac98e0d076ab094b2ffac7f99da555d2b6a2e27f346de2ec7" "sleep" "infinity", kill_on_drop: false }`
[INFO] [stdout] 4ae1df4ad993fc1b99fd522bd4df87d3a287f6a9ed7a367e632c1c4b507cccfe
[INFO] running `Command { std: "docker" "start" "4ae1df4ad993fc1b99fd522bd4df87d3a287f6a9ed7a367e632c1c4b507cccfe", kill_on_drop: false }`
[INFO] running `Command { std: "docker" "inspect" "4ae1df4ad993fc1b99fd522bd4df87d3a287f6a9ed7a367e632c1c4b507cccfe", kill_on_drop: false }`
[INFO] running `Command { std: "docker" "exec" "-e" "SOURCE_DIR=/opt/rustwide/workdir" "-e" "CARGO_HOME=/opt/rustwide/cargo-home" "-e" "RUSTUP_HOME=/opt/rustwide/rustup-home" "-e" "CARGO_TARGET_DIR=/opt/rustwide/target" "-w" "/opt/rustwide/workdir" "--user" "0:0" "4ae1df4ad993fc1b99fd522bd4df87d3a287f6a9ed7a367e632c1c4b507cccfe" "/opt/rustwide/cargo-home/bin/cargo" "+1.99.0-beta.1" "metadata" "--no-deps" "--format-version=1", kill_on_drop: false }`
[INFO] running `Command { std: "docker" "inspect" "4ae1df4ad993fc1b99fd522bd4df87d3a287f6a9ed7a367e632c1c4b507cccfe", kill_on_drop: false }`
[INFO] running `Command { std: "docker" "exec" "-e" "SOURCE_DIR=/opt/rustwide/workdir" "-e" "CARGO_HOME=/opt/rustwide/cargo-home" "-e" "RUSTUP_HOME=/opt/rustwide/rustup-home" "-e" "CARGO_TARGET_DIR=/opt/rustwide/target" "-e" "CARGO_INCREMENTAL=0" "-e" "RUST_BACKTRACE=full" "-e" "RUSTFLAGS=--cap-lints=warn" "-e" "RUSTDOCFLAGS=--cap-lints=warn" "-w" "/opt/rustwide/workdir" "--user" "0:0" "4ae1df4ad993fc1b99fd522bd4df87d3a287f6a9ed7a367e632c1c4b507cccfe" "/opt/rustwide/cargo-home/bin/cargo" "+1.99.0-beta.1" "build" "--frozen" "--message-format=json" "--release", kill_on_drop: false }`
[INFO] [stderr]    Compiling proc-macro2 v1.0.106
[INFO] [stderr]    Compiling quote v1.0.46
[INFO] [stderr]    Compiling serde_core v1.0.228
[INFO] [stderr]    Compiling shlex v2.0.1
[INFO] [stderr]    Compiling find-msvc-tools v0.1.9
[INFO] [stderr]    Compiling typenum v1.20.1
[INFO] [stderr]    Compiling libc v0.2.186
[INFO] [stderr]    Compiling cfg-if v1.0.4
[INFO] [stderr]    Compiling hashbrown v0.17.1
[INFO] [stderr]    Compiling equivalent v1.0.2
[INFO] [stderr]    Compiling zmij v1.0.21
[INFO] [stderr]    Compiling winnow v0.7.15
[INFO] [stderr]    Compiling serde v1.0.228
[INFO] [stderr]    Compiling serde_json v1.0.150
[INFO] [stderr]    Compiling toml_write v0.1.2
[INFO] [stderr]    Compiling windows-link v0.2.1
[INFO] [stderr]    Compiling platform v0.8.0 (/opt/rustwide/workdir/crates/platform)
[INFO] [stderr]    Compiling windows-sys v0.61.2
[INFO] [stderr]    Compiling memchr v2.8.3
[INFO] [stderr]    Compiling snakecharmer v0.8.0 (/opt/rustwide/workdir)
[INFO] [stderr]    Compiling itoa v1.0.18
[INFO] [stderr]    Compiling razer-proto v0.8.0 (/opt/rustwide/workdir/crates/razer-proto)
[INFO] [stderr]    Compiling cc v1.2.66
[INFO] [stderr]    Compiling indexmap v2.14.0
[INFO] [stderr]    Compiling syn v2.0.118
[INFO] [stderr]    Compiling generic-array v0.14.7
[INFO] [stderr]    Compiling hidapi v2.6.6
[INFO] [stderr]    Compiling block-buffer v0.10.4
[INFO] [stderr]    Compiling crypto-common v0.1.7
[INFO] [stderr]    Compiling digest v0.10.7
[INFO] [stderr]    Compiling sha2 v0.10.9
[INFO] [stderr]    Compiling razer-hid v0.8.0 (/opt/rustwide/workdir/crates/razer-hid)
[INFO] [stderr]    Compiling serde_derive v1.0.228
[INFO] [stderr]    Compiling toml_datetime v0.6.11
[INFO] [stderr]    Compiling serde_spanned v0.6.9
[INFO] [stderr]    Compiling toml_edit v0.22.27
[INFO] [stdout] error[E0433]: cannot find `windows` in `os`
[INFO] [stdout]   --> crates/platform/src/lib.rs:21:14
[INFO] [stdout]    |
[INFO] [stdout] 21 | use std::os::windows::ffi::OsStrExt;
[INFO] [stdout]    |              ^^^^^^^ could not find `windows` in `os`
[INFO] [stdout] 
[INFO] [stdout] 
[INFO] [stdout] error[E0599]: no method named `encode_wide` found for reference `&OsStr` in the current scope
[INFO] [stdout]    --> crates/platform/src/lib.rs:150:43
[INFO] [stdout]     |
[INFO] [stdout] 150 |     let wide: Vec<u16> = OsStr::new(name).encode_wide().chain(std::iter::once(0)).collect();
[INFO] [stdout]     |                                           ^^^^^^^^^^^ method not found in `&OsStr`
[INFO] [stdout] 
[INFO] [stdout] 
[INFO] [stdout] error[E0599]: no method named `encode_wide` found for reference `&OsStr` in the current scope
[INFO] [stdout]    --> crates/platform/src/lib.rs:229:47
[INFO] [stdout]     |
[INFO] [stdout] 229 |     let source: Vec<u16> = source.as_os_str().encode_wide().chain(Some(0)).collect();
[INFO] [stdout]     |                                               ^^^^^^^^^^^ method not found in `&OsStr`
[INFO] [stdout] 
[INFO] [stdout] 
[INFO] [stdout] error[E0599]: no method named `encode_wide` found for reference `&OsStr` in the current scope
[INFO] [stdout]    --> crates/platform/src/lib.rs:232:10
[INFO] [stdout]     |
[INFO] [stdout] 230 |       let destination: Vec<u16> = destination
[INFO] [stdout]     |  _________________________________-
[INFO] [stdout] 231 | |         .as_os_str()
[INFO] [stdout] 232 | |         .encode_wide()
[INFO] [stdout]     | |         -^^^^^^^^^^^ method not found in `&OsStr`
[INFO] [stdout]     | |_________|
[INFO] [stdout]     |
[INFO] [stdout] 
[INFO] [stdout] 
[INFO] [stdout] Some errors have detailed explanations: E0433, E0599.
[INFO] [stdout] 
[INFO] [stdout] For more information about an error, try `rustc --explain E0433`.
[INFO] [stdout] 
[INFO] [stderr] error: could not compile `platform` (lib) due to 4 previous errors
[INFO] [stderr] warning: build failed, waiting for other jobs to finish...
[INFO] running `Command { std: "docker" "inspect" "4ae1df4ad993fc1b99fd522bd4df87d3a287f6a9ed7a367e632c1c4b507cccfe", kill_on_drop: false }`
[INFO] running `Command { std: "docker" "rm" "-f" "4ae1df4ad993fc1b99fd522bd4df87d3a287f6a9ed7a367e632c1c4b507cccfe", kill_on_drop: false }`
[INFO] [stdout] 4ae1df4ad993fc1b99fd522bd4df87d3a287f6a9ed7a367e632c1c4b507cccfe
