[INFO] cloning repository https://github.com/DavidVonDerau/merged_lands
[INFO] running `Command { std: "git" "-c" "credential.helper=" "-c" "credential.helper=/workspace/cargo-home/bin/git-credential-null" "clone" "--bare" "https://github.com/DavidVonDerau/merged_lands" "/workspace/cache/git-repos/https%3A%2F%2Fgithub.com%2FDavidVonDerau%2Fmerged_lands", kill_on_drop: false }`
[INFO] [stderr] Cloning into bare repository '/workspace/cache/git-repos/https%3A%2F%2Fgithub.com%2FDavidVonDerau%2Fmerged_lands'...
[INFO] running `Command { std: "git" "rev-parse" "HEAD", kill_on_drop: false }`
[INFO] [stdout] 794cf7a42da7333b0120d0817b9fe2adfcb2f778
[INFO] testing DavidVonDerau/merged_lands/794cf7a42da7333b0120d0817b9fe2adfcb2f778 against 1.98.0-beta.8+cargoflags=--release for beta-release-1.99-2
[INFO] running `Command { std: "git" "clone" "/workspace/cache/git-repos/https%3A%2F%2Fgithub.com%2FDavidVonDerau%2Fmerged_lands" "/workspace/builds/worker-4-tc1/source", kill_on_drop: false }`
[INFO] [stderr] Cloning into '/workspace/builds/worker-4-tc1/source'...
[INFO] [stderr] done.
[INFO] removed /workspace/builds/worker-4-tc1/source/rust-toolchain.toml
[INFO] started tweaking git repo https://github.com/DavidVonDerau/merged_lands
[INFO] finished tweaking git repo https://github.com/DavidVonDerau/merged_lands
[INFO] tweaked toml for git repo https://github.com/DavidVonDerau/merged_lands written to /workspace/builds/worker-4-tc1/source/Cargo.toml
[INFO] validating manifest of git repo https://github.com/DavidVonDerau/merged_lands on toolchain 1.98.0-beta.8
[INFO] running `Command { std: CARGO_HOME="/workspace/cargo-home" RUSTUP_HOME="/workspace/rustup-home" "/workspace/cargo-home/bin/cargo" "+1.98.0-beta.8" "metadata" "--manifest-path" "Cargo.toml" "--no-deps", kill_on_drop: false }`
[INFO] crate git repo https://github.com/DavidVonDerau/merged_lands already has a lockfile, it will not be regenerated
[INFO] running `Command { std: CARGO_HOME="/workspace/cargo-home" RUSTUP_HOME="/workspace/rustup-home" "/workspace/cargo-home/bin/cargo" "+1.98.0-beta.8" "fetch" "--manifest-path" "Cargo.toml", kill_on_drop: false }`
[INFO] [stderr]     Updating crates.io index
[INFO] [stderr]     Updating git repository `https://github.com/Greatness7/tes3`
[INFO] [stderr]  Downloading crates ...
[INFO] [stderr]   Downloaded wild v2.1.0
[INFO] [stderr]   Downloaded serde v1.0.143
[INFO] [stderr]   Downloaded serde_derive v1.0.143
[INFO] [stderr]   Downloaded bytemuck_derive v1.2.0
[INFO] [stderr]   Downloaded either v1.7.0
[INFO] [stderr]   Downloaded copyless v0.1.5
[INFO] [stderr]   Downloaded unicode-xid v0.2.3
[INFO] [stderr]   Downloaded iana-time-zone v0.1.44
[INFO] [stderr]   Downloaded is_debug v1.0.1
[INFO] [stderr]   Downloaded phf_shared v0.11.1
[INFO] [stderr]   Downloaded unicode-ident v1.0.3
[INFO] [stderr]   Downloaded owo-colors v3.4.0
[INFO] [stderr]   Downloaded siphasher v0.3.10
[INFO] [stderr]   Downloaded proc-macro-crate v1.2.1
[INFO] [stderr]   Downloaded simplelog v0.12.0
[INFO] [stderr]   Downloaded shadow-rs v0.16.2
[INFO] [stderr]   Downloaded filetime v0.2.17
[INFO] [stderr]   Downloaded const-default v1.0.0
[INFO] [stderr]   Downloaded const-default-derive v0.2.0
[INFO] [stderr]   Downloaded num_threads v0.1.6
[INFO] [stderr]   Downloaded filesize v0.2.0
[INFO] [stderr]   Downloaded lebe v0.5.1
[INFO] [stderr]   Downloaded semver v1.0.13
[INFO] [stderr]   Downloaded utcnow v0.2.0
[INFO] [stderr]   Downloaded phf v0.11.1
[INFO] [stderr]   Downloaded crossbeam-utils v0.8.11
[INFO] [stderr]   Downloaded bit_field v0.10.1
[INFO] [stderr]   Downloaded futures-core v0.3.23
[INFO] [stderr]   Downloaded thiserror-impl v1.0.32
[INFO] [stderr]   Downloaded const_format_proc_macros v0.2.22
[INFO] [stderr]   Downloaded time-macros v0.2.4
[INFO] [stderr]   Downloaded crossbeam-epoch v0.9.10
[INFO] [stderr]   Downloaded thiserror v1.0.32
[INFO] [stderr]   Downloaded clap_derive v3.2.17
[INFO] [stderr]   Downloaded rayon-core v1.9.3
[INFO] [stderr]   Downloaded tz-rs v0.6.14
[INFO] [stderr]   Downloaded inflate v0.4.5
[INFO] [stderr]   Downloaded bytemuck v1.12.0
[INFO] [stderr]   Downloaded deflate v1.0.0
[INFO] [stderr]   Downloaded bumpalo v3.10.0
[INFO] [stderr]   Downloaded smallvec v1.9.0
[INFO] [stderr]   Downloaded pin-project-internal v1.0.11
[INFO] [stderr]   Downloaded anyhow v1.0.61
[INFO] [stderr]   Downloaded io-lifetimes v0.7.2
[INFO] [stderr]   Downloaded miniz_oxide v0.5.3
[INFO] [stderr]   Downloaded pin-project v1.0.11
[INFO] [stderr]   Downloaded flate2 v1.0.24
[INFO] [stderr]   Downloaded png v0.17.5
[INFO] [stderr]   Downloaded const_format v0.2.26
[INFO] [stderr]   Downloaded time v0.3.13
[INFO] [stderr]   Downloaded itertools v0.10.3
[INFO] [stderr]   Downloaded rayon v1.5.3
[INFO] [stderr]   Downloaded exr v1.4.2
[INFO] [stderr]   Downloaded clap v3.2.17
[INFO] [stderr]   Downloaded image v0.24.3
[INFO] [stderr]   Downloaded tzdb v0.4.3
[INFO] [stderr]   Downloaded rustix v0.35.7
[INFO] [stderr]   Downloaded libc v0.2.131
[INFO] [stderr]   Downloaded jpeg-decoder v0.2.6
[INFO] [stderr]   Downloaded tiff v0.7.3
[INFO] running `Command { std: "docker" "create" "-v" "/var/lib/crater-agent-workspace/builds/worker-4-tc1/source:/opt/rustwide/workdir:ro,Z" "-v" "/var/lib/crater-agent-workspace/builds/worker-4-tc1/target:/opt/rustwide/target:rw,Z" "-v" "/var/lib/crater-agent-workspace/cargo-home:/opt/rustwide/cargo-home:ro,Z" "-v" "/var/lib/crater-agent-workspace/rustup-home:/opt/rustwide/rustup-home:ro,Z" "-m" "1610612736" "--network" "none" "ghcr.io/rust-lang/crates-build-env/linux@sha256:8683fc1fc2eb5c9ac98e0d076ab094b2ffac7f99da555d2b6a2e27f346de2ec7" "sleep" "infinity", kill_on_drop: false }`
[INFO] [stdout] fa16b04af225d9187ab83bd266c8e899789f7a104cd4fe6fd83c4497d292f72b
[INFO] running `Command { std: "docker" "start" "fa16b04af225d9187ab83bd266c8e899789f7a104cd4fe6fd83c4497d292f72b", kill_on_drop: false }`
[INFO] running `Command { std: "docker" "inspect" "fa16b04af225d9187ab83bd266c8e899789f7a104cd4fe6fd83c4497d292f72b", kill_on_drop: false }`
[INFO] running `Command { std: "docker" "exec" "-e" "SOURCE_DIR=/opt/rustwide/workdir" "-e" "CARGO_HOME=/opt/rustwide/cargo-home" "-e" "RUSTUP_HOME=/opt/rustwide/rustup-home" "-e" "CARGO_TARGET_DIR=/opt/rustwide/target" "-w" "/opt/rustwide/workdir" "--user" "0:0" "fa16b04af225d9187ab83bd266c8e899789f7a104cd4fe6fd83c4497d292f72b" "/opt/rustwide/cargo-home/bin/cargo" "+1.98.0-beta.8" "metadata" "--no-deps" "--format-version=1", kill_on_drop: false }`
[INFO] running `Command { std: "docker" "inspect" "fa16b04af225d9187ab83bd266c8e899789f7a104cd4fe6fd83c4497d292f72b", kill_on_drop: false }`
[INFO] running `Command { std: "docker" "exec" "-e" "SOURCE_DIR=/opt/rustwide/workdir" "-e" "CARGO_HOME=/opt/rustwide/cargo-home" "-e" "RUSTUP_HOME=/opt/rustwide/rustup-home" "-e" "CARGO_TARGET_DIR=/opt/rustwide/target" "-e" "CARGO_INCREMENTAL=0" "-e" "RUST_BACKTRACE=full" "-e" "RUSTFLAGS=--cap-lints=warn" "-e" "RUSTDOCFLAGS=--cap-lints=warn" "-w" "/opt/rustwide/workdir" "--user" "0:0" "fa16b04af225d9187ab83bd266c8e899789f7a104cd4fe6fd83c4497d292f72b" "/opt/rustwide/cargo-home/bin/cargo" "+1.98.0-beta.8" "build" "--frozen" "--message-format=json" "--release", kill_on_drop: false }`
[INFO] [stderr]    Compiling libc v0.2.131
[INFO] [stderr]    Compiling proc-macro2 v1.0.43
[INFO] [stderr]    Compiling unicode-ident v1.0.3
[INFO] [stderr]    Compiling quote v1.0.21
[INFO] [stderr]    Compiling syn v1.0.99
[INFO] [stderr]    Compiling scopeguard v1.1.0
[INFO] [stderr]    Compiling crossbeam-utils v0.8.11
[INFO] [stderr]    Compiling rayon-core v1.9.3
[INFO] [stderr]    Compiling either v1.7.0
[INFO] [stderr]    Compiling const_fn v0.4.9
[INFO] [stderr]    Compiling memchr v2.5.0
[INFO] [stderr]    Compiling memoffset v0.6.5
[INFO] [stderr]    Compiling crossbeam-epoch v0.9.10
[INFO] [stderr]    Compiling rayon v1.5.3
[INFO] [stderr]    Compiling ahash v0.7.6
[INFO] [stderr]    Compiling tinyvec_macros v0.1.0
[INFO] [stderr]    Compiling matches v0.1.9
[INFO] [stderr]    Compiling unicode-xid v0.2.3
[INFO] [stderr]    Compiling tinyvec v1.6.0
[INFO] [stderr]    Compiling lock_api v0.4.7
[INFO] [stderr]    Compiling serde v1.0.143
[INFO] [stderr]    Compiling siphasher v0.3.10
[INFO] [stderr]    Compiling unicode-bidi v0.3.8
[INFO] [stderr]    Compiling percent-encoding v2.1.0
[INFO] [stderr]    Compiling log v0.4.17
[INFO] [stderr]    Compiling num-traits v0.2.15
[INFO] [stderr]    Compiling encoding_rs v0.8.31
[INFO] [stderr]    Compiling adler32 v1.2.0
[INFO] [stderr]    Compiling cfg-if v1.0.0
[INFO] [stderr]    Compiling futures-core v0.3.23
[INFO] [stderr]    Compiling form_urlencoded v1.0.1
[INFO] [stderr]    Compiling miniz_oxide v0.5.3
[INFO] [stderr]    Compiling crossbeam-channel v0.5.6
[INFO] [stderr]    Compiling num_threads v0.1.6
[INFO] [stderr]    Compiling crossbeam-deque v0.8.2
[INFO] [stderr]    Compiling phf_shared v0.11.1
[INFO] [stderr]    Compiling itoa v1.0.3
[INFO] [stderr]    Compiling tz-rs v0.6.14
[INFO] [stderr]    Compiling bitflags v1.3.2
[INFO] [stderr]    Compiling iana-time-zone v0.1.44
[INFO] [stderr]    Compiling serde_derive v1.0.143
[INFO] [stderr]    Compiling jobserver v0.1.24
[INFO] [stderr]    Compiling time v0.3.13
[INFO] [stderr]    Compiling phf v0.11.1
[INFO] [stderr]    Compiling spin v0.9.4
[INFO] [stderr]    Compiling deflate v1.0.0
[INFO] [stderr]    Compiling num_cpus v1.13.1
[INFO] [stderr]    Compiling cc v1.0.73
[INFO] [stderr]    Compiling getrandom v0.2.7
[INFO] [stderr]    Compiling const_format_proc_macros v0.2.22
[INFO] [stderr]    Compiling proc-macro-error-attr v1.0.4
[INFO] [stderr]    Compiling unicode-normalization v0.1.21
[INFO] [stderr]    Compiling bstr v0.2.17
[INFO] [stderr]    Compiling nanorand v0.7.0
[INFO] [stderr]    Compiling tzdb v0.4.3
[INFO] [stderr]    Compiling num-rational v0.4.1
[INFO] [stderr]    Compiling idna v0.2.3
[INFO] [stderr]    Compiling indexmap v1.9.1
[INFO] [stderr]    Compiling futures-sink v0.3.23
[INFO] [stderr]    Compiling libz-sys v1.1.8
[INFO] [stderr]    Compiling libgit2-sys v0.14.0+1.5.0
[INFO] [stderr]    Compiling is_debug v1.0.1
[INFO] [stderr]    Compiling const_format v0.2.26
[INFO] [stderr]    Compiling copyless v0.1.5
[INFO] [stderr]    Compiling weezl v0.1.7
[INFO] [stderr]    Compiling time-macros v0.2.4
[INFO] [stderr]    Compiling once_cell v1.13.0
[INFO] [stderr]    Compiling num-integer v0.1.45
[INFO] [stderr]    Compiling threadpool v1.8.1
[INFO] [stderr]    Compiling url v2.2.2
[INFO] [stderr]    Compiling flate2 v1.0.24
[INFO] [stderr]    Compiling inflate v0.4.5
[INFO] [stderr]    Compiling smallvec v1.9.0
[INFO] [stderr]    Compiling color_quant v1.1.0
[INFO] [stderr]    Compiling os_str_bytes v6.3.0
[INFO] [stderr]    Compiling half v1.8.2
[INFO] [stderr]    Compiling bit_field v0.10.1
[INFO] [stderr]    Compiling anyhow v1.0.61
[INFO] [stderr]    Compiling toml v0.5.9
[INFO] [stderr]    Compiling lebe v0.5.1
[INFO] [stderr]    Compiling gif v0.11.4
[INFO] [stderr]    Compiling clap_lex v0.2.4
[INFO] [stderr]    Compiling png v0.17.5
[INFO] [stderr]    Compiling aho-corasick v0.7.18
[INFO] [stderr]    Compiling atty v0.2.14
[INFO] [stderr]    Compiling regex-syntax v0.6.27
[INFO] [stderr]    Compiling textwrap v0.15.0
[INFO] [stderr]    Compiling scoped_threadpool v0.1.9
[INFO] [stderr]    Compiling byteorder v1.4.3
[INFO] [stderr]    Compiling hashbrown v0.12.3
[INFO] [stderr]    Compiling jpeg-decoder v0.2.6
[INFO] [stderr]    Compiling filetime v0.2.17
[INFO] [stderr]    Compiling simplelog v0.12.0
[INFO] [stderr]    Compiling itertools v0.10.3
[INFO] [stderr]    Compiling wild v2.1.0
[INFO] [stderr]    Compiling owo-colors v3.4.0
[INFO] [stderr]    Compiling filesize v0.2.0
[INFO] [stderr]    Compiling proc-macro-error v1.0.4
[INFO] [stderr]    Compiling tiff v0.7.3
[INFO] [stderr]    Compiling regex v1.6.0
[INFO] [stderr]    Compiling bytemuck_derive v1.2.0
[INFO] [stderr]    Compiling pin-project-internal v1.0.11
[INFO] [stderr]    Compiling thiserror-impl v1.0.32
[INFO] [stderr]    Compiling smart-default v0.6.0
[INFO] [stderr]    Compiling bytes_io_macros v0.0.0 (https://github.com/Greatness7/tes3#c5dd8d26)
[INFO] [stderr]    Compiling esp_macros v0.0.0 (https://github.com/Greatness7/tes3#c5dd8d26)
[INFO] [stderr]    Compiling derive_more v0.99.17
[INFO] [stderr]    Compiling clap_derive v3.2.17
[INFO] [stderr]    Compiling bytemuck v1.12.0
[INFO] [stderr]    Compiling bytes_io v0.0.0 (https://github.com/Greatness7/tes3#c5dd8d26)
[INFO] [stderr]    Compiling pin-project v1.0.11
[INFO] [stderr]    Compiling flume v0.10.14
[INFO] [stderr]    Compiling thiserror v1.0.32
[INFO] [stderr]    Compiling proc-macro-crate v1.2.1
[INFO] [stderr]    Compiling exr v1.4.2
[INFO] [stderr]    Compiling const-default-derive v0.2.0
[INFO] [stderr]    Compiling const-default v1.0.0
[INFO] [stderr]    Compiling clap v3.2.17
[INFO] [stderr]    Compiling esp v0.0.0 (https://github.com/Greatness7/tes3#c5dd8d26)
[INFO] [stderr]    Compiling image v0.24.3
[INFO] [stderr]    Compiling tes3 v0.0.1 (https://github.com/Greatness7/tes3#c5dd8d26)
[INFO] [stderr]    Compiling git2 v0.15.0
[INFO] [stderr]    Compiling shadow-rs v0.16.2
[INFO] [stderr]    Compiling merged_lands v0.1.4 (/opt/rustwide/workdir)
[INFO] [stdout] error[E0432]: unresolved import `std::default::default`
[INFO] [stdout]  --> src/io/meta_schema.rs:2:5
[INFO] [stdout]   |
[INFO] [stdout] 2 | use std::default::default;
[INFO] [stdout]   |     ^^^^^^^^^^^^^^-------
[INFO] [stdout]   |                   |
[INFO] [stdout]   |                   no `default` in `default`
[INFO] [stdout]   |
[INFO] [stdout] help: a similar name exists in the module
[INFO] [stdout]   |
[INFO] [stdout] 2 - use std::default::default;
[INFO] [stdout] 2 + use std::default::Default;
[INFO] [stdout]   |
[INFO] [stdout] help: consider importing this module instead
[INFO] [stdout]   |
[INFO] [stdout] 2 - use std::default::default;
[INFO] [stdout] 2 + use std::default;
[INFO] [stdout]   |
[INFO] [stdout] 
[INFO] [stdout] 
[INFO] [stdout] error[E0432]: unresolved import `std::default::default`
[INFO] [stdout]  --> src/io/parsed_plugins.rs:9:5
[INFO] [stdout]   |
[INFO] [stdout] 9 | use std::default::default;
[INFO] [stdout]   |     ^^^^^^^^^^^^^^-------
[INFO] [stdout]   |                   |
[INFO] [stdout]   |                   no `default` in `default`
[INFO] [stdout]   |
[INFO] [stdout] help: a similar name exists in the module
[INFO] [stdout]   |
[INFO] [stdout] 9 - use std::default::default;
[INFO] [stdout] 9 + use std::default::Default;
[INFO] [stdout]   |
[INFO] [stdout] help: consider importing this module instead
[INFO] [stdout]   |
[INFO] [stdout] 9 - use std::default::default;
[INFO] [stdout] 9 + use std::default;
[INFO] [stdout]   |
[INFO] [stdout] 
[INFO] [stdout] 
[INFO] [stdout] error[E0432]: unresolved import `std::default::default`
[INFO] [stdout]   --> src/io/save_to_image.rs:14:5
[INFO] [stdout]    |
[INFO] [stdout] 14 | use std::default::default;
[INFO] [stdout]    |     ^^^^^^^^^^^^^^-------
[INFO] [stdout]    |                   |
[INFO] [stdout]    |                   no `default` in `default`
[INFO] [stdout]    |
[INFO] [stdout] help: a similar name exists in the module
[INFO] [stdout]    |
[INFO] [stdout] 14 - use std::default::default;
[INFO] [stdout] 14 + use std::default::Default;
[INFO] [stdout]    |
[INFO] [stdout] help: consider importing this module instead
[INFO] [stdout]    |
[INFO] [stdout] 14 - use std::default::default;
[INFO] [stdout] 14 + use std::default;
[INFO] [stdout]    |
[INFO] [stdout] 
[INFO] [stdout] 
[INFO] [stdout] error[E0432]: unresolved import `std::default::default`
[INFO] [stdout]   --> src/io/save_to_plugin.rs:19:5
[INFO] [stdout]    |
[INFO] [stdout] 19 | use std::default::default;
[INFO] [stdout]    |     ^^^^^^^^^^^^^^-------
[INFO] [stdout]    |                   |
[INFO] [stdout]    |                   no `default` in `default`
[INFO] [stdout]    |
[INFO] [stdout] help: a similar name exists in the module
[INFO] [stdout]    |
[INFO] [stdout] 19 - use std::default::default;
[INFO] [stdout] 19 + use std::default::Default;
[INFO] [stdout]    |
[INFO] [stdout] help: consider importing this module instead
[INFO] [stdout]    |
[INFO] [stdout] 19 - use std::default::default;
[INFO] [stdout] 19 + use std::default;
[INFO] [stdout]    |
[INFO] [stdout] 
[INFO] [stdout] 
[INFO] [stdout] error[E0432]: unresolved import `std::default::default`
[INFO] [stdout]  --> src/land/conversions.rs:4:5
[INFO] [stdout]   |
[INFO] [stdout] 4 | use std::default::default;
[INFO] [stdout]   |     ^^^^^^^^^^^^^^-------
[INFO] [stdout]   |                   |
[INFO] [stdout]   |                   no `default` in `default`
[INFO] [stdout]   |
[INFO] [stdout] help: a similar name exists in the module
[INFO] [stdout]   |
[INFO] [stdout] 4 - use std::default::default;
[INFO] [stdout] 4 + use std::default::Default;
[INFO] [stdout]   |
[INFO] [stdout] help: consider importing this module instead
[INFO] [stdout]   |
[INFO] [stdout] 4 - use std::default::default;
[INFO] [stdout] 4 + use std::default;
[INFO] [stdout]   |
[INFO] [stdout] 
[INFO] [stdout] 
[INFO] [stdout] error[E0432]: unresolved import `std::default::default`
[INFO] [stdout]  --> src/land/height_map.rs:6:5
[INFO] [stdout]   |
[INFO] [stdout] 6 | use std::default::default;
[INFO] [stdout]   |     ^^^^^^^^^^^^^^-------
[INFO] [stdout]   |                   |
[INFO] [stdout]   |                   no `default` in `default`
[INFO] [stdout]   |
[INFO] [stdout] help: a similar name exists in the module
[INFO] [stdout]   |
[INFO] [stdout] 6 - use std::default::default;
[INFO] [stdout] 6 + use std::default::Default;
[INFO] [stdout]   |
[INFO] [stdout] help: consider importing this module instead
[INFO] [stdout]   |
[INFO] [stdout] 6 - use std::default::default;
[INFO] [stdout] 6 + use std::default;
[INFO] [stdout]   |
[INFO] [stdout] 
[INFO] [stdout] 
[INFO] [stdout] error[E0432]: unresolved import `std::default::default`
[INFO] [stdout]   --> src/land/landscape_diff.rs:11:5
[INFO] [stdout]    |
[INFO] [stdout] 11 | use std::default::default;
[INFO] [stdout]    |     ^^^^^^^^^^^^^^-------
[INFO] [stdout]    |                   |
[INFO] [stdout]    |                   no `default` in `default`
[INFO] [stdout]    |
[INFO] [stdout] help: a similar name exists in the module
[INFO] [stdout]    |
[INFO] [stdout] 11 - use std::default::default;
[INFO] [stdout] 11 + use std::default::Default;
[INFO] [stdout]    |
[INFO] [stdout] help: consider importing this module instead
[INFO] [stdout]    |
[INFO] [stdout] 11 - use std::default::default;
[INFO] [stdout] 11 + use std::default;
[INFO] [stdout]    |
[INFO] [stdout] 
[INFO] [stdout] 
[INFO] [stdout] error[E0432]: unresolved import `std::default::default`
[INFO] [stdout]  --> src/land/terrain_map.rs:4:5
[INFO] [stdout]   |
[INFO] [stdout] 4 | use std::default::default;
[INFO] [stdout]   |     ^^^^^^^^^^^^^^-------
[INFO] [stdout]   |                   |
[INFO] [stdout]   |                   no `default` in `default`
[INFO] [stdout]   |
[INFO] [stdout] help: a similar name exists in the module
[INFO] [stdout]   |
[INFO] [stdout] 4 - use std::default::default;
[INFO] [stdout] 4 + use std::default::Default;
[INFO] [stdout]   |
[INFO] [stdout] help: consider importing this module instead
[INFO] [stdout]   |
[INFO] [stdout] 4 - use std::default::default;
[INFO] [stdout] 4 + use std::default;
[INFO] [stdout]   |
[INFO] [stdout] 
[INFO] [stdout] 
[INFO] [stdout] error[E0432]: unresolved import `std::default::default`
[INFO] [stdout]  --> src/land/textures.rs:8:5
[INFO] [stdout]   |
[INFO] [stdout] 8 | use std::default::default;
[INFO] [stdout]   |     ^^^^^^^^^^^^^^-------
[INFO] [stdout]   |                   |
[INFO] [stdout]   |                   no `default` in `default`
[INFO] [stdout]   |
[INFO] [stdout] help: a similar name exists in the module
[INFO] [stdout]   |
[INFO] [stdout] 8 - use std::default::default;
[INFO] [stdout] 8 + use std::default::Default;
[INFO] [stdout]   |
[INFO] [stdout] help: consider importing this module instead
[INFO] [stdout]   |
[INFO] [stdout] 8 - use std::default::default;
[INFO] [stdout] 8 + use std::default;
[INFO] [stdout]   |
[INFO] [stdout] 
[INFO] [stdout] 
[INFO] [stdout] error[E0432]: unresolved import `std::default::default`
[INFO] [stdout]  --> src/merge/cells.rs:5:5
[INFO] [stdout]   |
[INFO] [stdout] 5 | use std::default::default;
[INFO] [stdout]   |     ^^^^^^^^^^^^^^-------
[INFO] [stdout]   |                   |
[INFO] [stdout]   |                   no `default` in `default`
[INFO] [stdout]   |
[INFO] [stdout] help: a similar name exists in the module
[INFO] [stdout]   |
[INFO] [stdout] 5 - use std::default::default;
[INFO] [stdout] 5 + use std::default::Default;
[INFO] [stdout]   |
[INFO] [stdout] help: consider importing this module instead
[INFO] [stdout]   |
[INFO] [stdout] 5 - use std::default::default;
[INFO] [stdout] 5 + use std::default;
[INFO] [stdout]   |
[INFO] [stdout] 
[INFO] [stdout] 
[INFO] [stdout] error[E0432]: unresolved import `std::default::default`
[INFO] [stdout]  --> src/merge/ignore_strategy.rs:8:5
[INFO] [stdout]   |
[INFO] [stdout] 8 | use std::default::default;
[INFO] [stdout]   |     ^^^^^^^^^^^^^^-------
[INFO] [stdout]   |                   |
[INFO] [stdout]   |                   no `default` in `default`
[INFO] [stdout]   |
[INFO] [stdout] help: a similar name exists in the module
[INFO] [stdout]   |
[INFO] [stdout] 8 - use std::default::default;
[INFO] [stdout] 8 + use std::default::Default;
[INFO] [stdout]   |
[INFO] [stdout] help: consider importing this module instead
[INFO] [stdout]   |
[INFO] [stdout] 8 - use std::default::default;
[INFO] [stdout] 8 + use std::default;
[INFO] [stdout]   |
[INFO] [stdout] 
[INFO] [stdout] 
[INFO] [stdout] error[E0432]: unresolved import `std::default::default`
[INFO] [stdout]   --> src/merge/merge_strategy.rs:11:5
[INFO] [stdout]    |
[INFO] [stdout] 11 | use std::default::default;
[INFO] [stdout]    |     ^^^^^^^^^^^^^^-------
[INFO] [stdout]    |                   |
[INFO] [stdout]    |                   no `default` in `default`
[INFO] [stdout]    |
[INFO] [stdout] help: a similar name exists in the module
[INFO] [stdout]    |
[INFO] [stdout] 11 - use std::default::default;
[INFO] [stdout] 11 + use std::default::Default;
[INFO] [stdout]    |
[INFO] [stdout] help: consider importing this module instead
[INFO] [stdout]    |
[INFO] [stdout] 11 - use std::default::default;
[INFO] [stdout] 11 + use std::default;
[INFO] [stdout]    |
[INFO] [stdout] 
[INFO] [stdout] 
[INFO] [stdout] error[E0432]: unresolved import `std::default::default`
[INFO] [stdout]  --> src/merge/overwrite_strategy.rs:8:5
[INFO] [stdout]   |
[INFO] [stdout] 8 | use std::default::default;
[INFO] [stdout]   |     ^^^^^^^^^^^^^^-------
[INFO] [stdout]   |                   |
[INFO] [stdout]   |                   no `default` in `default`
[INFO] [stdout]   |
[INFO] [stdout] help: a similar name exists in the module
[INFO] [stdout]   |
[INFO] [stdout] 8 - use std::default::default;
[INFO] [stdout] 8 + use std::default::Default;
[INFO] [stdout]   |
[INFO] [stdout] help: consider importing this module instead
[INFO] [stdout]   |
[INFO] [stdout] 8 - use std::default::default;
[INFO] [stdout] 8 + use std::default;
[INFO] [stdout]   |
[INFO] [stdout] 
[INFO] [stdout] 
[INFO] [stdout] error[E0432]: unresolved import `std::default::default`
[INFO] [stdout]  --> src/merge/relative_terrain_map.rs:6:5
[INFO] [stdout]   |
[INFO] [stdout] 6 | use std::default::default;
[INFO] [stdout]   |     ^^^^^^^^^^^^^^-------
[INFO] [stdout]   |                   |
[INFO] [stdout]   |                   no `default` in `default`
[INFO] [stdout]   |
[INFO] [stdout] help: a similar name exists in the module
[INFO] [stdout]   |
[INFO] [stdout] 6 - use std::default::default;
[INFO] [stdout] 6 + use std::default::Default;
[INFO] [stdout]   |
[INFO] [stdout] help: consider importing this module instead
[INFO] [stdout]   |
[INFO] [stdout] 6 - use std::default::default;
[INFO] [stdout] 6 + use std::default;
[INFO] [stdout]   |
[INFO] [stdout] 
[INFO] [stdout] 
[INFO] [stdout] error[E0432]: unresolved import `std::default::default`
[INFO] [stdout]  --> src/merge/resolve_conflict_strategy.rs:8:5
[INFO] [stdout]   |
[INFO] [stdout] 8 | use std::default::default;
[INFO] [stdout]   |     ^^^^^^^^^^^^^^-------
[INFO] [stdout]   |                   |
[INFO] [stdout]   |                   no `default` in `default`
[INFO] [stdout]   |
[INFO] [stdout] help: a similar name exists in the module
[INFO] [stdout]   |
[INFO] [stdout] 8 - use std::default::default;
[INFO] [stdout] 8 + use std::default::Default;
[INFO] [stdout]   |
[INFO] [stdout] help: consider importing this module instead
[INFO] [stdout]   |
[INFO] [stdout] 8 - use std::default::default;
[INFO] [stdout] 8 + use std::default;
[INFO] [stdout]   |
[INFO] [stdout] 
[INFO] [stdout] 
[INFO] [stdout] error[E0432]: unresolved import `std::default::default`
[INFO] [stdout]   --> src/repair/cleaning.rs:12:5
[INFO] [stdout]    |
[INFO] [stdout] 12 | use std::default::default;
[INFO] [stdout]    |     ^^^^^^^^^^^^^^-------
[INFO] [stdout]    |                   |
[INFO] [stdout]    |                   no `default` in `default`
[INFO] [stdout]    |
[INFO] [stdout] help: a similar name exists in the module
[INFO] [stdout]    |
[INFO] [stdout] 12 - use std::default::default;
[INFO] [stdout] 12 + use std::default::Default;
[INFO] [stdout]    |
[INFO] [stdout] help: consider importing this module instead
[INFO] [stdout]    |
[INFO] [stdout] 12 - use std::default::default;
[INFO] [stdout] 12 + use std::default;
[INFO] [stdout]    |
[INFO] [stdout] 
[INFO] [stdout] 
[INFO] [stdout] error[E0432]: unresolved import `std::default::default`
[INFO] [stdout]  --> src/repair/debugging.rs:8:5
[INFO] [stdout]   |
[INFO] [stdout] 8 | use std::default::default;
[INFO] [stdout]   |     ^^^^^^^^^^^^^^-------
[INFO] [stdout]   |                   |
[INFO] [stdout]   |                   no `default` in `default`
[INFO] [stdout]   |
[INFO] [stdout] help: a similar name exists in the module
[INFO] [stdout]   |
[INFO] [stdout] 8 - use std::default::default;
[INFO] [stdout] 8 + use std::default::Default;
[INFO] [stdout]   |
[INFO] [stdout] help: consider importing this module instead
[INFO] [stdout]   |
[INFO] [stdout] 8 - use std::default::default;
[INFO] [stdout] 8 + use std::default;
[INFO] [stdout]   |
[INFO] [stdout] 
[INFO] [stdout] 
[INFO] [stdout] error[E0554]: `#![feature]` may not be used on the beta release channel
[INFO] [stdout]  --> src/main.rs:1:1
[INFO] [stdout]   |
[INFO] [stdout] 1 | #![feature(slice_flatten)]
[INFO] [stdout]   | ^^^^^^^^^^^^^^^^^^^^^^^^^^
[INFO] [stdout]   |
[INFO] [stdout]   = help: the feature `let_else` has been stable since `1.65.0` and no longer requires an attribute to enable
[INFO] [stdout] 
[INFO] [stdout] 
[INFO] [stdout] warning: the feature `let_else` has been stable since 1.65.0 and no longer requires an attribute to enable
[INFO] [stdout]  --> src/main.rs:2:12
[INFO] [stdout]   |
[INFO] [stdout] 2 | #![feature(let_else)]
[INFO] [stdout]   |            ^^^^^^^^
[INFO] [stdout]   |
[INFO] [stdout]   = note: `#[warn(stable_features)]` on by default
[INFO] [stdout] 
[INFO] [stdout] 
[INFO] [stdout] warning: the feature `map_many_mut` has been stable since 1.86.0 and no longer requires an attribute to enable
[INFO] [stdout]  --> src/main.rs:6:12
[INFO] [stdout]   |
[INFO] [stdout] 6 | #![feature(map_many_mut)]
[INFO] [stdout]   |            ^^^^^^^^^^^^
[INFO] [stdout] 
[INFO] [stdout] 
[INFO] [stdout] warning: the feature `slice_flatten` has been stable since 1.80.0 and no longer requires an attribute to enable
[INFO] [stdout]  --> src/main.rs:1:12
[INFO] [stdout]   |
[INFO] [stdout] 1 | #![feature(slice_flatten)]
[INFO] [stdout]   |            ^^^^^^^^^^^^^
[INFO] [stdout] 
[INFO] [stdout] 
[INFO] [stdout] error[E0635]: unknown feature `default_free_fn`
[INFO] [stdout]  --> src/main.rs:3:12
[INFO] [stdout]   |
[INFO] [stdout] 3 | #![feature(default_free_fn)]
[INFO] [stdout]   |            ^^^^^^^^^^^^^^^
[INFO] [stdout] 
[INFO] [stdout] 
[INFO] [stdout] error[E0599]: no method named `flatten_mut` found for array `[[IndexVTEX; 16]; 16]` in the current scope
[INFO] [stdout]   --> src/io/save_to_plugin.rs:86:36
[INFO] [stdout]    |
[INFO] [stdout] 86 |         for idx in texture_indices.flatten_mut() {
[INFO] [stdout]    |                                    ^^^^^^^^^^^
[INFO] [stdout]    |
[INFO] [stdout] help: there is a method `as_flattened_mut` with a similar name
[INFO] [stdout]    |
[INFO] [stdout] 86 -         for idx in texture_indices.flatten_mut() {
[INFO] [stdout] 86 +         for idx in texture_indices.as_flattened_mut() {
[INFO] [stdout]    |
[INFO] [stdout] 
[INFO] [stdout] 
[INFO] [stdout] error[E0599]: no method named `flatten_mut` found for array `[[bool; T]; T]` in the current scope
[INFO] [stdout]    --> src/merge/relative_terrain_map.rs:122:38
[INFO] [stdout]     |
[INFO] [stdout] 122 |         for v in self.has_difference.flatten_mut() {
[INFO] [stdout]     |                                      ^^^^^^^^^^^
[INFO] [stdout]     |
[INFO] [stdout] help: there is a method `as_flattened_mut` with a similar name
[INFO] [stdout]     |
[INFO] [stdout] 122 -         for v in self.has_difference.flatten_mut() {
[INFO] [stdout] 122 +         for v in self.has_difference.as_flattened_mut() {
[INFO] [stdout]     |
[INFO] [stdout] 
[INFO] [stdout] 
[INFO] [stdout] error[E0599]: no method named `flatten_mut` found for array `[[<U as RelativeTo>::Delta; T]; T]` in the current scope
[INFO] [stdout]    --> src/merge/relative_terrain_map.rs:126:32
[INFO] [stdout]     |
[INFO] [stdout] 126 |         for v in self.relative.flatten_mut() {
[INFO] [stdout]     |                                ^^^^^^^^^^^
[INFO] [stdout]     |
[INFO] [stdout] help: there is a method `as_flattened_mut` with a similar name
[INFO] [stdout]     |
[INFO] [stdout] 126 -         for v in self.relative.flatten_mut() {
[INFO] [stdout] 126 +         for v in self.relative.as_flattened_mut() {
[INFO] [stdout]     |
[INFO] [stdout] 
[INFO] [stdout] 
[INFO] [stdout] error[E0599]: `[[bool; T]; T]` is not an iterator
[INFO] [stdout]    --> src/merge/relative_terrain_map.rs:162:29
[INFO] [stdout]     |
[INFO] [stdout] 162 |         self.has_difference.flatten().contains(&true)
[INFO] [stdout]     |                             ^^^^^^^ `[[bool; T]; T]` is not an iterator
[INFO] [stdout]     |
[INFO] [stdout]     = note: the following trait bounds were not satisfied:
[INFO] [stdout]             `[[bool; T]; T]: Iterator`
[INFO] [stdout]             which is required by `&mut [[bool; T]; T]: Iterator`
[INFO] [stdout]             `[[bool; T]]: Iterator`
[INFO] [stdout]             which is required by `&mut [[bool; T]]: Iterator`
[INFO] [stdout] 
[INFO] [stdout] 
[INFO] [stdout] error[E0599]: `[[bool; T]; T]` is not an iterator
[INFO] [stdout]    --> src/merge/relative_terrain_map.rs:166:29
[INFO] [stdout]     |
[INFO] [stdout] 166 |         self.has_difference.flatten().iter().filter(|v| **v).count()
[INFO] [stdout]     |                             ^^^^^^^ `[[bool; T]; T]` is not an iterator
[INFO] [stdout]     |
[INFO] [stdout]     = note: the following trait bounds were not satisfied:
[INFO] [stdout]             `[[bool; T]; T]: Iterator`
[INFO] [stdout]             which is required by `&mut [[bool; T]; T]: Iterator`
[INFO] [stdout]             `[[bool; T]]: Iterator`
[INFO] [stdout]             which is required by `&mut [[bool; T]]: Iterator`
[INFO] [stdout] 
[INFO] [stdout] 
[INFO] [stdout] error[E0599]: no method named `flatten_mut` found for struct `Box<[[u16; 16]; 16]>` in the current scope
[INFO] [stdout]    --> src/main.rs:527:45
[INFO] [stdout]     |
[INFO] [stdout] 527 |             for idx in texture_indices.data.flatten_mut() {
[INFO] [stdout]     |                                             ^^^^^^^^^^^
[INFO] [stdout]     |
[INFO] [stdout] help: there is a method `as_flattened_mut` with a similar name
[INFO] [stdout]     |
[INFO] [stdout] 527 -             for idx in texture_indices.data.flatten_mut() {
[INFO] [stdout] 527 +             for idx in texture_indices.data.as_flattened_mut() {
[INFO] [stdout]     |
[INFO] [stdout] 
[INFO] [stdout] 
[INFO] [stdout] Some errors have detailed explanations: E0432, E0554, E0599, E0635.
[INFO] [stdout] 
[INFO] [stdout] For more information about an error, try `rustc --explain E0432`.
[INFO] [stdout] 
[INFO] [stderr] error: could not compile `merged_lands` (bin "merged_lands") due to 25 previous errors; 3 warnings emitted
[INFO] running `Command { std: "docker" "inspect" "fa16b04af225d9187ab83bd266c8e899789f7a104cd4fe6fd83c4497d292f72b", kill_on_drop: false }`
[INFO] running `Command { std: "docker" "rm" "-f" "fa16b04af225d9187ab83bd266c8e899789f7a104cd4fe6fd83c4497d292f72b", kill_on_drop: false }`
[INFO] [stdout] fa16b04af225d9187ab83bd266c8e899789f7a104cd4fe6fd83c4497d292f72b
