[INFO] fetching crate mana-pool 0.1.1...
[INFO] testing mana-pool-0.1.1 against 1.98.0-beta.8+cargoflags=--release for beta-release-1.99-2
[INFO] extracting crate mana-pool 0.1.1 into /workspace/builds/worker-6-tc1/source
[INFO] started tweaking crates.io crate mana-pool 0.1.1
[INFO] finished tweaking crates.io crate mana-pool 0.1.1
[INFO] tweaked toml for crates.io crate mana-pool 0.1.1 written to /workspace/builds/worker-6-tc1/source/Cargo.toml
[INFO] validating manifest of crates.io crate mana-pool 0.1.1 on toolchain 1.98.0-beta.8
[INFO] running `Command { std: CARGO_HOME="/workspace/cargo-home" RUSTUP_HOME="/workspace/rustup-home" "/workspace/cargo-home/bin/cargo" "+1.98.0-beta.8" "metadata" "--manifest-path" "Cargo.toml" "--no-deps", kill_on_drop: false }`
[INFO] crate crates.io crate mana-pool 0.1.1 already has a lockfile, it will not be regenerated
[INFO] running `Command { std: CARGO_HOME="/workspace/cargo-home" RUSTUP_HOME="/workspace/rustup-home" "/workspace/cargo-home/bin/cargo" "+1.98.0-beta.8" "fetch" "--manifest-path" "Cargo.toml", kill_on_drop: false }`
[INFO] [stderr]     Updating crates.io index
[INFO] [stderr]  Downloading crates ...
[INFO] [stderr]   Downloaded shell-escape v0.1.5
[INFO] [stderr]   Downloaded serde_yml v0.0.12
[INFO] [stderr]   Downloaded libyml v0.0.5
[INFO] [stderr]   Downloaded sysinfo v0.33.1
[INFO] [stderr]   Downloaded mana-core v0.3.2
[INFO] running `Command { std: "docker" "create" "-v" "/var/lib/crater-agent-workspace/builds/worker-6-tc1/source:/opt/rustwide/workdir:ro,Z" "-v" "/var/lib/crater-agent-workspace/builds/worker-6-tc1/target:/opt/rustwide/target:rw,Z" "-v" "/var/lib/crater-agent-workspace/cargo-home:/opt/rustwide/cargo-home:ro,Z" "-v" "/var/lib/crater-agent-workspace/rustup-home:/opt/rustwide/rustup-home:ro,Z" "-m" "1610612736" "--network" "none" "ghcr.io/rust-lang/crates-build-env/linux@sha256:8683fc1fc2eb5c9ac98e0d076ab094b2ffac7f99da555d2b6a2e27f346de2ec7" "sleep" "infinity", kill_on_drop: false }`
[INFO] [stdout] a08b94b85c318dd7a01cc752845a4fd5afc1455780d28b794d75f82c0a797dcc
[INFO] running `Command { std: "docker" "start" "a08b94b85c318dd7a01cc752845a4fd5afc1455780d28b794d75f82c0a797dcc", kill_on_drop: false }`
[INFO] running `Command { std: "docker" "inspect" "a08b94b85c318dd7a01cc752845a4fd5afc1455780d28b794d75f82c0a797dcc", kill_on_drop: false }`
[INFO] running `Command { std: "docker" "exec" "-e" "SOURCE_DIR=/opt/rustwide/workdir" "-e" "CARGO_HOME=/opt/rustwide/cargo-home" "-e" "RUSTUP_HOME=/opt/rustwide/rustup-home" "-e" "CARGO_TARGET_DIR=/opt/rustwide/target" "-w" "/opt/rustwide/workdir" "--user" "0:0" "a08b94b85c318dd7a01cc752845a4fd5afc1455780d28b794d75f82c0a797dcc" "/opt/rustwide/cargo-home/bin/cargo" "+1.98.0-beta.8" "metadata" "--no-deps" "--format-version=1", kill_on_drop: false }`
[INFO] running `Command { std: "docker" "inspect" "a08b94b85c318dd7a01cc752845a4fd5afc1455780d28b794d75f82c0a797dcc", kill_on_drop: false }`
[INFO] running `Command { std: "docker" "exec" "-e" "SOURCE_DIR=/opt/rustwide/workdir" "-e" "CARGO_HOME=/opt/rustwide/cargo-home" "-e" "RUSTUP_HOME=/opt/rustwide/rustup-home" "-e" "CARGO_TARGET_DIR=/opt/rustwide/target" "-e" "CARGO_INCREMENTAL=0" "-e" "RUST_BACKTRACE=full" "-e" "RUSTFLAGS=--cap-lints=warn" "-e" "RUSTDOCFLAGS=--cap-lints=warn" "-w" "/opt/rustwide/workdir" "--user" "0:0" "a08b94b85c318dd7a01cc752845a4fd5afc1455780d28b794d75f82c0a797dcc" "/opt/rustwide/cargo-home/bin/cargo" "+1.98.0-beta.8" "build" "--frozen" "--message-format=json" "--release", kill_on_drop: false }`
[INFO] [stderr]    Compiling cc v1.2.61
[INFO] [stderr]    Compiling bitflags v2.11.1
[INFO] [stderr]    Compiling rayon-core v1.13.0
[INFO] [stderr]    Compiling hashbrown v0.16.1
[INFO] [stderr]    Compiling serde_yml v0.0.12
[INFO] [stderr]    Compiling hashbrown v0.17.0
[INFO] [stderr]    Compiling syn v2.0.117
[INFO] [stderr]    Compiling dirs-sys v0.5.0
[INFO] [stderr]    Compiling libyml v0.0.5
[INFO] [stderr]    Compiling either v1.15.0
[INFO] [stderr]    Compiling serde_json v1.0.149
[INFO] [stderr]    Compiling sha2 v0.10.9
[INFO] [stderr]    Compiling fs2 v0.4.3
[INFO] [stderr]    Compiling shell-escape v0.1.5
[INFO] [stderr]    Compiling once_cell v1.21.4
[INFO] [stderr]    Compiling dirs v6.0.0
[INFO] [stderr]    Compiling rustix v1.1.4
[INFO] [stderr]    Compiling rayon v1.12.0
[INFO] [stderr]    Compiling indexmap v2.14.0
[INFO] [stderr]    Compiling hashlink v0.11.0
[INFO] [stderr]    Compiling libsqlite3-sys v0.37.0
[INFO] [stderr]    Compiling serde_derive v1.0.228
[INFO] [stderr]    Compiling thiserror-impl v2.0.18
[INFO] [stderr]    Compiling tempfile v3.27.0
[INFO] [stderr]    Compiling thiserror v2.0.18
[INFO] [stderr]    Compiling sysinfo v0.33.1
[INFO] [stderr]    Compiling serde v1.0.228
[INFO] [stderr]    Compiling chrono v0.4.44
[INFO] [stderr]    Compiling rusqlite v0.39.0
[INFO] [stderr]    Compiling mana-core v0.3.2
[INFO] [stderr]    Compiling mana-pool v0.1.1 (/opt/rustwide/workdir)
[INFO] [stderr]     Finished `release` profile [optimized] target(s) in 1m 54s
[INFO] running `Command { std: "docker" "inspect" "a08b94b85c318dd7a01cc752845a4fd5afc1455780d28b794d75f82c0a797dcc", kill_on_drop: false }`
[INFO] running `Command { std: "docker" "exec" "-e" "SOURCE_DIR=/opt/rustwide/workdir" "-e" "CARGO_HOME=/opt/rustwide/cargo-home" "-e" "RUSTUP_HOME=/opt/rustwide/rustup-home" "-e" "CARGO_TARGET_DIR=/opt/rustwide/target" "-e" "CARGO_INCREMENTAL=0" "-e" "RUST_BACKTRACE=full" "-e" "RUSTFLAGS=--cap-lints=warn" "-e" "RUSTDOCFLAGS=--cap-lints=warn" "-w" "/opt/rustwide/workdir" "--user" "0:0" "a08b94b85c318dd7a01cc752845a4fd5afc1455780d28b794d75f82c0a797dcc" "/opt/rustwide/cargo-home/bin/cargo" "+1.98.0-beta.8" "test" "--frozen" "--no-run" "--message-format=json" "--release", kill_on_drop: false }`
[INFO] [stderr]    Compiling mana-pool v0.1.1 (/opt/rustwide/workdir)
[INFO] [stderr]     Finished `release` profile [optimized] target(s) in 1.89s
[INFO] running `Command { std: "docker" "inspect" "a08b94b85c318dd7a01cc752845a4fd5afc1455780d28b794d75f82c0a797dcc", kill_on_drop: false }`
[INFO] running `Command { std: "docker" "exec" "-e" "SOURCE_DIR=/opt/rustwide/workdir" "-e" "CARGO_HOME=/opt/rustwide/cargo-home" "-e" "RUSTUP_HOME=/opt/rustwide/rustup-home" "-e" "CARGO_TARGET_DIR=/opt/rustwide/target" "-e" "CARGO_INCREMENTAL=0" "-e" "RUST_BACKTRACE=full" "-e" "RUSTFLAGS=--cap-lints=warn" "-e" "RUSTDOCFLAGS=--cap-lints=warn" "-w" "/opt/rustwide/workdir" "--user" "0:0" "a08b94b85c318dd7a01cc752845a4fd5afc1455780d28b794d75f82c0a797dcc" "/opt/rustwide/cargo-home/bin/cargo" "+1.98.0-beta.8" "test" "--frozen" "--release", kill_on_drop: false }`
[INFO] [stderr]     Finished `release` profile [optimized] target(s) in 0.06s
[INFO] [stderr]      Running unittests src/lib.rs (/opt/rustwide/target/release/deps/mana_pool-0f52df7c6fc18b26)
[INFO] [stdout] 
[INFO] [stdout] running 30 tests
[INFO] [stdout] test dispatch::tests::dedup_verify_attributes_failure_to_all ... ok
[INFO] [stdout] test dispatch::tests::dedup_verify_groups_identical_commands ... ok
[INFO] [stdout] test dispatch::tests::downstream_weights ... ok
[INFO] [stdout] test dispatch::tests::dedup_verify_runs_once_per_group ... ok
[INFO] [stdout] test dispatch::tests::is_ready_dep_met ... ok
[INFO] [stdout] test dispatch::tests::is_ready_dep_not_met ... ok
[INFO] [stdout] test dispatch::tests::budget_circuit_breaker_stops_new_spawns_after_failure ... ok
[INFO] [stdout] test dispatch::tests::first_attempt_has_zero_attempts ... ok
[INFO] [stdout] test dispatch::tests::is_ready_no_deps ... ok
[INFO] [stdout] test dispatch::tests::no_progress_channel_still_works ... ok
[INFO] [stdout] test dispatch::tests::progress_events_forwarded ... ok
[INFO] [stdout] test dispatch::tests::spawner_receives_attempt_count ... ok
[INFO] [stdout] test dispatch::tests::spawner_receives_previous_failure_and_notes ... ok
[INFO] [stdout] test memory::tests::allows_when_enough_memory ... ok
[INFO] [stdout] test memory::tests::allows_when_unavailable ... ok
[INFO] [stdout] test memory::tests::available_memory_returns_something ... ok
[INFO] [stdout] test memory::tests::disabled_when_reserve_is_zero ... ok
[INFO] [stdout] test memory::tests::blocks_when_memory_low ... ok
[INFO] [stdout] test dispatch::tests::stops_on_failure_without_keep_going ... ok
[INFO] [stdout] test dispatch::tests::respects_max_concurrent ... ok
[INFO] [stdout] test dispatch::tests::respects_dependencies ... ok
[INFO] [stdout] test dispatch::tests::layered_verify_fast_fails_skips_full ... ok
[INFO] [stdout] test dispatch::tests::layered_verify_no_fast_runs_full_directly ... ok
[INFO] [stdout] test dispatch::tests::layered_verify_fast_passes_runs_full ... ok
[INFO] [stdout] test dispatch::tests::dedup_verify_run_dispatch_marks_shared_failures ... FAILED
[INFO] [stdout] test dispatch::tests::budget_enforces_max_concurrent_limit ... ok
[INFO] [stdout] test dispatch::tests::heartbeat_timeout_detects_stuck_agent ... ok
[INFO] [stdout] test dispatch::tests::worktree_cleanup_on_failure ... ok
[INFO] [stdout] test dispatch::tests::worktree_spawner_receives_worktree_path ... ok
[INFO] [stdout] test dispatch::tests::worktree_fallback_when_disabled ... ok
[INFO] [stdout] 
[INFO] [stdout] failures:
[INFO] [stdout] 
[INFO] [stdout] ---- dispatch::tests::dedup_verify_run_dispatch_marks_shared_failures stdout ----
[INFO] [stdout] 
[INFO] [stdout] thread 'dispatch::tests::dedup_verify_run_dispatch_marks_shared_failures' (857) panicked at src/dispatch.rs:1121:9:
[INFO] [stdout] assertion `left == right` failed
[INFO] [stdout]   left: ["2", "1"]
[INFO] [stdout]  right: ["1", "2"]
[INFO] [stdout] stack backtrace:
[INFO] [stdout]    0:     0x63a41b1f93d1 - <<std[97b98282bc616a66]::sys::backtrace::BacktraceLock>::print::DisplayBacktrace as core[832e9a552fc17241]::fmt::Display>::fmt
[INFO] [stdout]    1:     0x63a41b20e0ea - core[832e9a552fc17241]::fmt::write
[INFO] [stdout]    2:     0x63a41b1fe0bc - <alloc[3ecab9f82c41dc7d]::vec::Vec<u8> as std[97b98282bc616a66]::io::Write>::write_fmt
[INFO] [stdout]    3:     0x63a41b1d5826 - std[97b98282bc616a66]::panicking::default_hook::{closure#0}
[INFO] [stdout]    4:     0x63a41b1f0b19 - std[97b98282bc616a66]::panicking::default_hook
[INFO] [stdout]    5:     0x63a41b17a960 - test[39766f3d73431624]::test_main_inner::<test[39766f3d73431624]::test_main_static::{closure#0}>::{closure#0}
[INFO] [stdout]    6:     0x63a41b1f0cd2 - std[97b98282bc616a66]::panicking::panic_with_hook
[INFO] [stdout]    7:     0x63a41b1d58d2 - std[97b98282bc616a66]::panicking::panic_handler::{closure#0}
[INFO] [stdout]    8:     0x63a41b1ccb69 - std[97b98282bc616a66]::sys::backtrace::__rust_end_short_backtrace::<std[97b98282bc616a66]::panicking::panic_handler::{closure#0}, !>
[INFO] [stdout]    9:     0x63a41b1d65dd - __rustc[e3d8617bb01b7f69]::rust_begin_unwind
[INFO] [stdout]   10:     0x63a41b20e81c - core[832e9a552fc17241]::panicking::panic_fmt
[INFO] [stdout]   11:     0x63a41b20e733 - core[832e9a552fc17241]::panicking::assert_failed_inner
[INFO] [stdout]   12:     0x63a41b160f1f - core[832e9a552fc17241]::panicking::assert_failed::<alloc[3ecab9f82c41dc7d]::vec::Vec<alloc[3ecab9f82c41dc7d]::string::String>, alloc[3ecab9f82c41dc7d]::vec::Vec<alloc[3ecab9f82c41dc7d]::string::String>>
[INFO] [stdout]   13:     0x63a41b13dae8 - mana_pool[37c546438c09d93b]::dispatch::tests::dedup_verify_run_dispatch_marks_shared_failures
[INFO] [stdout]   14:     0x63a41b162cc9 - <mana_pool[37c546438c09d93b]::dispatch::tests::dedup_verify_run_dispatch_marks_shared_failures::{closure#0} as core[832e9a552fc17241]::ops::function::FnOnce<()>>::call_once
[INFO] [stdout]   15:     0x63a41b16dc9b - test[39766f3d73431624]::__rust_begin_short_backtrace::<core[832e9a552fc17241]::result::Result<(), alloc[3ecab9f82c41dc7d]::string::String>, fn() -> core[832e9a552fc17241]::result::Result<(), alloc[3ecab9f82c41dc7d]::string::String>>
[INFO] [stdout]   16:     0x63a41b17b2e5 - test[39766f3d73431624]::run_test::{closure#0}
[INFO] [stdout]   17:     0x63a41b175d94 - std[97b98282bc616a66]::sys::backtrace::__rust_begin_short_backtrace::<test[39766f3d73431624]::run_test::{closure#1}, ()>
[INFO] [stdout]   18:     0x63a41b17e432 - <std[97b98282bc616a66]::thread::lifecycle::spawn_unchecked<test[39766f3d73431624]::run_test::{closure#1}, ()>::{closure#1} as core[832e9a552fc17241]::ops::function::FnOnce<()>>::call_once::{shim:vtable#0}
[INFO] [stdout]   19:     0x63a41b1f8a5f - <std[97b98282bc616a66]::sys::thread::unix::Thread>::new::thread_start
[INFO] [stdout]   20:     0x7c9d5009f07a - <unknown>
[INFO] [stdout]   21:     0x7c9d50132534 - clone
[INFO] [stdout]   22:                0x0 - <unknown>
[INFO] [stdout] 
[INFO] [stdout] 
[INFO] [stdout] failures:
[INFO] [stdout]     dispatch::tests::dedup_verify_run_dispatch_marks_shared_failures
[INFO] [stdout] 
[INFO] [stdout] test result: FAILED. 29 passed; 1 failed; 0 ignored; 0 measured; 0 filtered out; finished in 0.17s
[INFO] [stdout] 
[INFO] [stderr] error: test failed, to rerun pass `--lib`
[INFO] running `Command { std: "docker" "inspect" "a08b94b85c318dd7a01cc752845a4fd5afc1455780d28b794d75f82c0a797dcc", kill_on_drop: false }`
[INFO] running `Command { std: "docker" "rm" "-f" "a08b94b85c318dd7a01cc752845a4fd5afc1455780d28b794d75f82c0a797dcc", kill_on_drop: false }`
[INFO] [stdout] a08b94b85c318dd7a01cc752845a4fd5afc1455780d28b794d75f82c0a797dcc
