[INFO] fetching crate leakferret-core 0.1.3...
[INFO] testing leakferret-core-0.1.3 against 1.98.0-beta.8+cargoflags=--release for beta-release-1.99-2
[INFO] extracting crate leakferret-core 0.1.3 into /workspace/builds/worker-7-tc1/source
[INFO] started tweaking crates.io crate leakferret-core 0.1.3
[INFO] removed 0 missing tests
[INFO] finished tweaking crates.io crate leakferret-core 0.1.3
[INFO] tweaked toml for crates.io crate leakferret-core 0.1.3 written to /workspace/builds/worker-7-tc1/source/Cargo.toml
[INFO] validating manifest of crates.io crate leakferret-core 0.1.3 on toolchain 1.98.0-beta.8
[INFO] running `Command { std: CARGO_HOME="/workspace/cargo-home" RUSTUP_HOME="/workspace/rustup-home" "/workspace/cargo-home/bin/cargo" "+1.98.0-beta.8" "metadata" "--manifest-path" "Cargo.toml" "--no-deps", kill_on_drop: false }`
[INFO] crate crates.io crate leakferret-core 0.1.3 already has a lockfile, it will not be regenerated
[INFO] running `Command { std: CARGO_HOME="/workspace/cargo-home" RUSTUP_HOME="/workspace/rustup-home" "/workspace/cargo-home/bin/cargo" "+1.98.0-beta.8" "fetch" "--manifest-path" "Cargo.toml", kill_on_drop: false }`
[INFO] [stderr]     Blocking waiting for file lock on package cache
[INFO] [stderr]     Updating crates.io index
[INFO] [stderr]     Blocking waiting for file lock on package cache
[INFO] [stderr]  Downloading crates ...
[INFO] [stderr]   Downloaded windows-link v0.2.1
[INFO] [stderr]   Downloaded walkdir v2.5.0
[INFO] [stderr]   Downloaded same-file v1.0.6
[INFO] [stderr]   Downloaded winapi-util v0.1.11
[INFO] [stderr]   Downloaded rand_xorshift v0.4.0
[INFO] [stderr]   Downloaded darling_macro v0.23.0
[INFO] [stderr]   Downloaded rand_core v0.9.5
[INFO] [stderr]   Downloaded r-efi v5.3.0
[INFO] [stderr]   Downloaded futures-core v0.3.32
[INFO] [stderr]   Downloaded wit-bindgen-rust-macro v0.51.0
[INFO] [stderr]   Downloaded futures-macro v0.3.32
[INFO] [stderr]   Downloaded futures-io v0.3.32
[INFO] [stderr]   Downloaded getrandom v0.3.4
[INFO] [stderr]   Downloaded ed25519 v2.2.3
[INFO] [stderr]   Downloaded pem-rfc7468 v0.7.0
[INFO] [stderr]   Downloaded futures-sink v0.3.32
[INFO] [stderr]   Downloaded leb128fmt v0.1.0
[INFO] [stderr]   Downloaded hex v0.4.3
[INFO] [stderr]   Downloaded assert-json-diff v2.0.2
[INFO] [stderr]   Downloaded console v0.16.3
[INFO] [stderr]   Downloaded ignore v0.4.25
[INFO] [stderr]   Downloaded futures-task v0.3.32
[INFO] [stderr]   Downloaded id-arena v2.3.0
[INFO] [stderr]   Downloaded dyn-clone v1.0.20
[INFO] [stderr]   Downloaded version_check v0.9.5
[INFO] [stderr]   Downloaded windows-strings v0.5.1
[INFO] [stderr]   Downloaded windows-result v0.4.1
[INFO] [stderr]   Downloaded android_system_properties v0.1.5
[INFO] [stderr]   Downloaded redox_users v0.4.6
[INFO] [stderr]   Downloaded libredox v0.1.17
[INFO] [stderr]   Downloaded der v0.7.10
[INFO] [stderr]   Downloaded encode_unicode v1.0.0
[INFO] [stderr]   Downloaded windows-implement v0.60.2
[INFO] [stderr]   Downloaded bit-set v0.8.0
[INFO] [stderr]   Downloaded ref-cast v1.0.25
[INFO] [stderr]   Downloaded iana-time-zone-haiku v0.1.2
[INFO] [stderr]   Downloaded signature v2.2.0
[INFO] [stderr]   Downloaded windows-targets v0.48.5
[INFO] [stderr]   Downloaded dirs-sys v0.4.1
[INFO] [stderr]   Downloaded ref-cast-impl v1.0.25
[INFO] [stderr]   Downloaded proc-macro-crate v3.5.0
[INFO] [stderr]   Downloaded time-core v0.1.8
[INFO] [stderr]   Downloaded rustc_version v0.4.1
[INFO] [stderr]   Downloaded toml_datetime v1.1.1+spec-1.1.0
[INFO] [stderr]   Downloaded dirs v5.0.1
[INFO] [stderr]   Downloaded wasm-bindgen-macro v0.2.122
[INFO] [stderr]   Downloaded ident_case v1.0.1
[INFO] [stderr]   Downloaded curve25519-dalek-derive v0.1.1
[INFO] [stderr]   Downloaded num-traits v0.2.19
[INFO] [stderr]   Downloaded bs58 v0.5.1
[INFO] [stderr]   Downloaded futures-executor v0.3.32
[INFO] [stderr]   Downloaded option-ext v0.2.0
[INFO] [stderr]   Downloaded unicode-xid v0.2.6
[INFO] [stderr]   Downloaded lazy_static v1.5.0
[INFO] [stderr]   Downloaded num-conv v0.2.2
[INFO] [stderr]   Downloaded windows-interface v0.59.3
[INFO] [stderr]   Downloaded matchers v0.2.0
[INFO] [stderr]   Downloaded generic-array v0.14.7
[INFO] [stderr]   Downloaded tokio-macros v2.7.0
[INFO] [stderr]   Downloaded powerfmt v0.2.0
[INFO] [stderr]   Downloaded cpufeatures v0.2.17
[INFO] [stderr]   Downloaded wasm-bindgen-futures v0.4.72
[INFO] [stderr]   Downloaded scopeguard v1.2.0
[INFO] [stderr]   Downloaded block-buffer v0.10.4
[INFO] [stderr]   Downloaded spki v0.7.3
[INFO] [stderr]   Downloaded httpdate v1.0.3
[INFO] [stderr]   Downloaded find-msvc-tools v0.1.9
[INFO] [stderr]   Downloaded displaydoc v0.2.6
[INFO] [stderr]   Downloaded rand_chacha v0.9.0
[INFO] [stderr]   Downloaded owo-colors v4.3.0
[INFO] [stderr]   Downloaded base64ct v1.8.3
[INFO] [stderr]   Downloaded shlex v1.3.0
[INFO] [stderr]   Downloaded relative-path v1.9.3
[INFO] [stderr]   Downloaded yoke v0.8.2
[INFO] [stderr]   Downloaded bit-vec v0.8.0
[INFO] [stderr]   Downloaded pkcs8 v0.10.2
[INFO] [stderr]   Downloaded futures-timer v3.0.4
[INFO] [stderr]   Downloaded zerovec-derive v0.11.3
[INFO] [stderr]   Downloaded crypto-common v0.1.7
[INFO] [stderr]   Downloaded compression-codecs v0.4.38
[INFO] [stderr]   Downloaded unarray v0.1.4
[INFO] [stderr]   Downloaded potential_utf v0.1.5
[INFO] [stderr]   Downloaded iana-time-zone v0.1.65
[INFO] [stderr]   Downloaded hyper-tls v0.6.0
[INFO] [stderr]   Downloaded either v1.16.0
[INFO] [stderr]   Downloaded diff v0.1.13
[INFO] [stderr]   Downloaded hmac v0.12.1
[INFO] [stderr]   Downloaded const-oid v0.9.6
[INFO] [stderr]   Downloaded autocfg v1.5.1
[INFO] [stderr]   Downloaded windows-core v0.62.2
[INFO] [stderr]   Downloaded core-foundation-sys v0.8.7
[INFO] [stderr]   Downloaded rstest v0.21.0
[INFO] [stderr]   Downloaded toml_parser v1.1.2+spec-1.1.0
[INFO] [stderr]   Downloaded glob v0.3.3
[INFO] [stderr]   Downloaded globset v0.4.18
[INFO] [stderr]   Downloaded async-trait v0.1.89
[INFO] [stderr]   Downloaded compression-core v0.4.32
[INFO] [stderr]   Downloaded mockito v1.7.2
[INFO] [stderr]   Downloaded ed25519-dalek v2.2.0
[INFO] [stderr]   Downloaded quick-error v1.2.3
[INFO] [stderr]   Downloaded wasm-bindgen-shared v0.2.122
[INFO] [stderr]   Downloaded tinystr v0.8.3
[INFO] [stderr]   Downloaded tinyvec v1.11.0
[INFO] [stderr]   Downloaded crc32fast v1.5.0
[INFO] [stderr]   Downloaded crossbeam-utils v0.8.21
[INFO] [stderr]   Downloaded similar v2.7.0
[INFO] [stderr]   Downloaded futures-channel v0.3.32
[INFO] [stderr]   Downloaded foldhash v0.1.5
[INFO] [stderr]   Downloaded zmij v1.0.21
[INFO] [stderr]   Downloaded wasm-metadata v0.244.0
[INFO] [stderr]   Downloaded schemars v0.9.0
[INFO] [stderr]   Downloaded indexmap v1.9.3
[INFO] [stderr]   Downloaded rstest_macros v0.21.0
[INFO] [stderr]   Downloaded futures v0.3.32
[INFO] [stderr]   Downloaded icu_properties v2.2.0
[INFO] [stderr]   Downloaded zerotrie v0.2.4
[INFO] [stderr]   Downloaded icu_normalizer v2.2.0
[INFO] [stderr]   Downloaded icu_normalizer_data v2.2.0
[INFO] [stderr]   Downloaded schannel v0.1.29
[INFO] [stderr]   Downloaded pkg-config v0.3.33
[INFO] [stderr]   Downloaded foreign-types v0.3.2
[INFO] [stderr]   Downloaded pretty_assertions v1.4.1
[INFO] [stderr]   Downloaded yansi v1.0.1
[INFO] [stderr]   Downloaded quote v1.0.45
[INFO] [stderr]   Downloaded cc v1.2.62
[INFO] [stderr]   Downloaded toml_edit v0.25.12+spec-1.1.0
[INFO] [stderr]   Downloaded signal-hook-registry v1.4.8
[INFO] [stderr]   Downloaded lock_api v0.4.14
[INFO] [stderr]   Downloaded wasi v0.11.1+wasi-snapshot-preview1
[INFO] [stderr]   Downloaded ppv-lite86 v0.2.21
[INFO] [stderr]   Downloaded darling_core v0.23.0
[INFO] [stderr]   Downloaded http-body v1.0.1
[INFO] [stderr]   Downloaded foreign-types-shared v0.1.1
[INFO] [stderr]   Downloaded serde_urlencoded v0.7.1
[INFO] [stderr]   Downloaded ryu v1.0.23
[INFO] [stderr]   Downloaded zeroize v1.8.2
[INFO] [stderr]   Downloaded ipnet v2.12.0
[INFO] [stderr]   Downloaded rayon-core v1.13.0
[INFO] [stderr]   Downloaded crossbeam-deque v0.8.6
[INFO] [stderr]   Downloaded crossbeam-epoch v0.9.18
[INFO] [stderr]   Downloaded rand v0.9.4
[INFO] [stderr]   Downloaded insta v1.47.2
[INFO] [stderr]   Downloaded zerovec v0.11.6
[INFO] [stderr]   Downloaded tokio-native-tls v0.3.1
[INFO] [stderr]   Downloaded native-tls v0.2.18
[INFO] [stderr]   Downloaded rand_core v0.6.4
[INFO] [stderr]   Downloaded schemars v1.2.1
[INFO] [stderr]   Downloaded icu_collections v2.2.0
[INFO] [stderr]   Downloaded http-body-util v0.1.3
[INFO] [stderr]   Downloaded simd-adler32 v0.3.9
[INFO] [stderr]   Downloaded tracing-log v0.2.0
[INFO] [stderr]   Downloaded valuable v0.1.1
[INFO] [stderr]   Downloaded thiserror-impl v1.0.69
[INFO] [stderr]   Downloaded sha2 v0.10.9
[INFO] [stderr]   Downloaded miniz_oxide v0.8.9
[INFO] [stderr]   Downloaded rand v0.8.6
[INFO] [stderr]   Downloaded hashbrown v0.12.3
[INFO] [stderr]   Downloaded reqwest v0.12.28
[INFO] [stderr]   Downloaded flate2 v1.1.9
[INFO] [stderr]   Downloaded async-compression v0.4.42
[INFO] [stderr]   Downloaded nu-ansi-term v0.50.3
[INFO] [stderr]   Downloaded rustversion v1.0.22
[INFO] [stderr]   Downloaded time-macros v0.2.27
[INFO] [stderr]   Downloaded thiserror v1.0.69
[INFO] [stderr]   Downloaded regex v1.12.3
[INFO] [stderr]   Downloaded winnow v1.0.3
[INFO] [stderr]   Downloaded icu_properties_data v2.2.0
[INFO] [stderr]   Downloaded http v1.4.1
[INFO] [stderr]   Downloaded rayon v1.12.0
[INFO] [stderr]   Downloaded wait-timeout v0.2.1
[INFO] [stderr]   Downloaded anyhow v1.0.102
[INFO] [stderr]   Downloaded redox_syscall v0.5.18
[INFO] [stderr]   Downloaded chrono v0.4.44
[INFO] [stderr]   Downloaded hyper v1.10.0
[INFO] [stderr]   Downloaded curve25519-dalek v4.1.3
[INFO] [stderr]   Downloaded semver v1.0.28
[INFO] [stderr]   Downloaded tracing-attributes v0.1.31
[INFO] [stderr]   Downloaded parking_lot v0.12.5
[INFO] [stderr]   Downloaded parking_lot_core v0.9.12
[INFO] [stderr]   Downloaded deranged v0.5.8
[INFO] [stderr]   Downloaded fastrand v2.4.1
[INFO] [stderr]   Downloaded digest v0.10.7
[INFO] [stderr]   Downloaded thread_local v1.1.9
[INFO] [stderr]   Downloaded smallvec v1.15.1
[INFO] [stderr]   Downloaded serde_with_macros v3.20.0
[INFO] [stderr]   Downloaded darling v0.23.0
[INFO] [stderr]   Downloaded litemap v0.8.2
[INFO] [stderr]   Downloaded writeable v0.6.3
[INFO] [stderr]   Downloaded serde_derive v1.0.228
[INFO] [stderr]   Downloaded bitflags v2.11.1
[INFO] [stderr]   Downloaded openssl v0.10.80
[INFO] [stderr]   Downloaded bstr v1.12.1
[INFO] [stderr]   Downloaded log v0.4.30
[INFO] [stderr]   Downloaded openssl-macros v0.1.1
[INFO] [stderr]   Downloaded rustls-pki-types v1.14.1
[INFO] [stderr]   Downloaded rand_chacha v0.3.1
[INFO] [stderr]   Downloaded windows_x86_64_gnullvm v0.48.5
[INFO] [stderr]   Downloaded windows_aarch64_gnullvm v0.48.5
[INFO] [stderr]   Downloaded core-foundation v0.10.1
[INFO] [stderr]   Downloaded serde_core v1.0.228
[INFO] [stderr]   Downloaded wit-bindgen-core v0.51.0
[INFO] [stderr]   Downloaded r-efi v6.0.0
[INFO] [stderr]   Downloaded fiat-crypto v0.2.9
[INFO] [stderr]   Downloaded web-sys v0.3.99
[INFO] [stderr]   Downloaded windows_aarch64_msvc v0.48.5
[INFO] [stderr]   Downloaded windows_x86_64_msvc v0.48.5
[INFO] [stderr]   Downloaded windows_x86_64_gnu v0.48.5
[INFO] [stderr]   Downloaded windows_i686_gnu v0.48.5
[INFO] [stderr]   Downloaded windows_i686_msvc v0.48.5
[INFO] [stderr]   Downloaded proc-macro2 v1.0.106
[INFO] [stderr]   Downloaded wit-bindgen-rust v0.51.0
[INFO] [stderr]   Downloaded icu_provider v2.2.0
[INFO] [stderr]   Downloaded security-framework-sys v2.17.0
[INFO] [stderr]   Downloaded wit-bindgen v0.51.0
[INFO] [stderr]   Downloaded rusty-fork v0.3.1
[INFO] [stderr]   Downloaded getrandom v0.4.2
[INFO] [stderr]   Downloaded sharded-slab v0.1.7
[INFO] [stderr]   Downloaded socket2 v0.6.3
[INFO] [stderr]   Downloaded uuid v1.23.1
[INFO] [stderr]   Downloaded wasm-bindgen v0.2.122
[INFO] [stderr]   Downloaded bytes v1.11.1
[INFO] [stderr]   Downloaded serde v1.0.228
[INFO] [stderr]   Downloaded wasm-bindgen-macro-support v0.2.122
[INFO] [stderr]   Downloaded wit-bindgen v0.57.1
[INFO] [stderr]   Downloaded windows-sys v0.48.0
[INFO] [stderr]   Downloaded memchr v2.8.1
[INFO] [stderr]   Downloaded indexmap v2.14.0
[INFO] [stderr]   Downloaded security-framework v3.7.0
[INFO] [stderr]   Downloaded wasm-encoder v0.244.0
[INFO] [stderr]   Downloaded prettyplease v0.2.37
[INFO] [stderr]   Downloaded typenum v1.20.0
[INFO] [stderr]   Downloaded icu_locale_core v2.2.0
[INFO] [stderr]   Downloaded openssl-sys v0.9.116
[INFO] [stderr]   Downloaded wasip3 v0.4.0+wasi-0.3.0-rc-2026-01-06
[INFO] [stderr]   Downloaded js-sys v0.3.99
[INFO] [stderr]   Downloaded mio v1.2.0
[INFO] [stderr]   Downloaded bumpalo v3.20.3
[INFO] [stderr]   Downloaded zerocopy-derive v0.8.49
[INFO] [stderr]   Downloaded hashbrown v0.15.5
[INFO] [stderr]   Downloaded wasip2 v1.0.3+wasi-0.2.9
[INFO] [stderr]   Downloaded serde_json v1.0.150
[INFO] [stderr]   Downloaded futures-util v0.3.32
[INFO] [stderr]   Downloaded wit-parser v0.244.0
[INFO] [stderr]   Downloaded aho-corasick v1.1.4
[INFO] [stderr]   Downloaded tokio-util v0.7.18
[INFO] [stderr]   Downloaded tracing-subscriber v0.3.23
[INFO] [stderr]   Downloaded serde_with v3.20.0
[INFO] [stderr]   Downloaded h2 v0.4.14
[INFO] [stderr]   Downloaded time v0.3.47
[INFO] [stderr]   Downloaded wasmparser v0.244.0
[INFO] [stderr]   Downloaded wit-component v0.244.0
[INFO] [stderr]   Downloaded vcpkg v0.2.15
[INFO] [stderr]   Downloaded proptest v1.11.0
[INFO] [stderr]   Downloaded syn v2.0.117
[INFO] [stderr]   Downloaded zerocopy v0.8.49
[INFO] [stderr]   Downloaded regex-syntax v0.8.10
[INFO] [stderr]   Downloaded regex-automata v0.4.14
[INFO] [stderr]   Downloaded libc v0.2.186
[INFO] [stderr]   Downloaded tokio v1.52.3
[INFO] [stderr]   Downloaded windows-sys v0.61.2
[INFO] running `Command { std: "docker" "create" "-v" "/var/lib/crater-agent-workspace/builds/worker-7-tc1/source:/opt/rustwide/workdir:ro,Z" "-v" "/var/lib/crater-agent-workspace/builds/worker-7-tc1/target:/opt/rustwide/target:rw,Z" "-v" "/var/lib/crater-agent-workspace/cargo-home:/opt/rustwide/cargo-home:ro,Z" "-v" "/var/lib/crater-agent-workspace/rustup-home:/opt/rustwide/rustup-home:ro,Z" "-m" "1610612736" "--network" "none" "ghcr.io/rust-lang/crates-build-env/linux@sha256:8683fc1fc2eb5c9ac98e0d076ab094b2ffac7f99da555d2b6a2e27f346de2ec7" "sleep" "infinity", kill_on_drop: false }`
[INFO] [stdout] d60cae8aab4c7e5dcb33d8e2c0fffa534ea996a3750a4b7e3473f7b913c20751
[INFO] running `Command { std: "docker" "start" "d60cae8aab4c7e5dcb33d8e2c0fffa534ea996a3750a4b7e3473f7b913c20751", kill_on_drop: false }`
[INFO] running `Command { std: "docker" "inspect" "d60cae8aab4c7e5dcb33d8e2c0fffa534ea996a3750a4b7e3473f7b913c20751", kill_on_drop: false }`
[INFO] running `Command { std: "docker" "exec" "-e" "SOURCE_DIR=/opt/rustwide/workdir" "-e" "CARGO_HOME=/opt/rustwide/cargo-home" "-e" "RUSTUP_HOME=/opt/rustwide/rustup-home" "-e" "CARGO_TARGET_DIR=/opt/rustwide/target" "-w" "/opt/rustwide/workdir" "--user" "0:0" "d60cae8aab4c7e5dcb33d8e2c0fffa534ea996a3750a4b7e3473f7b913c20751" "/opt/rustwide/cargo-home/bin/cargo" "+1.98.0-beta.8" "metadata" "--no-deps" "--format-version=1", kill_on_drop: false }`
[INFO] running `Command { std: "docker" "inspect" "d60cae8aab4c7e5dcb33d8e2c0fffa534ea996a3750a4b7e3473f7b913c20751", kill_on_drop: false }`
[INFO] running `Command { std: "docker" "exec" "-e" "SOURCE_DIR=/opt/rustwide/workdir" "-e" "CARGO_HOME=/opt/rustwide/cargo-home" "-e" "RUSTUP_HOME=/opt/rustwide/rustup-home" "-e" "CARGO_TARGET_DIR=/opt/rustwide/target" "-e" "CARGO_INCREMENTAL=0" "-e" "RUST_BACKTRACE=full" "-e" "RUSTFLAGS=--cap-lints=warn" "-e" "RUSTDOCFLAGS=--cap-lints=warn" "-w" "/opt/rustwide/workdir" "--user" "0:0" "d60cae8aab4c7e5dcb33d8e2c0fffa534ea996a3750a4b7e3473f7b913c20751" "/opt/rustwide/cargo-home/bin/cargo" "+1.98.0-beta.8" "build" "--frozen" "--message-format=json" "--release", kill_on_drop: false }`
[INFO] [stderr]    Compiling proc-macro2 v1.0.106
[INFO] [stderr]    Compiling quote v1.0.45
[INFO] [stderr]    Compiling unicode-ident v1.0.24
[INFO] [stderr]    Compiling libc v0.2.186
[INFO] [stderr]    Compiling cfg-if v1.0.4
[INFO] [stderr]    Compiling memchr v2.8.1
[INFO] [stderr]    Compiling pin-project-lite v0.2.17
[INFO] [stderr]    Compiling stable_deref_trait v1.2.1
[INFO] [stderr]    Compiling bytes v1.11.1
[INFO] [stderr]    Compiling futures-core v0.3.32
[INFO] [stderr]    Compiling serde_core v1.0.228
[INFO] [stderr]    Compiling shlex v1.3.0
[INFO] [stderr]    Compiling futures-sink v0.3.32
[INFO] [stderr]    Compiling itoa v1.0.18
[INFO] [stderr]    Compiling find-msvc-tools v0.1.9
[INFO] [stderr]    Compiling smallvec v1.15.1
[INFO] [stderr]    Compiling pkg-config v0.3.33
[INFO] [stderr]    Compiling vcpkg v0.2.15
[INFO] [stderr]    Compiling version_check v0.9.5
[INFO] [stderr]    Compiling writeable v0.6.3
[INFO] [stderr]    Compiling litemap v0.8.2
[INFO] [stderr]    Compiling futures-channel v0.3.32
[INFO] [stderr]    Compiling cc v1.2.62
[INFO] [stderr]    Compiling zeroize v1.8.2
[INFO] [stderr]    Compiling utf8_iter v1.0.4
[INFO] [stderr]    Compiling icu_properties_data v2.2.0
[INFO] [stderr]    Compiling futures-io v0.3.32
[INFO] [stderr]    Compiling slab v0.4.12
[INFO] [stderr]    Compiling icu_normalizer_data v2.2.0
[INFO] [stderr]    Compiling generic-array v0.14.7
[INFO] [stderr]    Compiling typenum v1.20.0
[INFO] [stderr]    Compiling futures-task v0.3.32
[INFO] [stderr]    Compiling crossbeam-utils v0.8.21
[INFO] [stderr]    Compiling percent-encoding v2.3.2
[INFO] [stderr]    Compiling crc32fast v1.5.0
[INFO] [stderr]    Compiling bitflags v2.11.1
[INFO] [stderr]    Compiling base64ct v1.8.3
[INFO] [stderr]    Compiling openssl v0.10.80
[INFO] [stderr]    Compiling log v0.4.30
[INFO] [stderr]    Compiling simd-adler32 v0.3.9
[INFO] [stderr]    Compiling adler2 v2.0.1
[INFO] [stderr]    Compiling foreign-types-shared v0.1.1
[INFO] [stderr]    Compiling httparse v1.10.1
[INFO] [stderr]    Compiling http v1.4.1
[INFO] [stderr]    Compiling miniz_oxide v0.8.9
[INFO] [stderr]    Compiling foreign-types v0.3.2
[INFO] [stderr]    Compiling pem-rfc7468 v0.7.0
[INFO] [stderr]    Compiling try-lock v0.2.5
[INFO] [stderr]    Compiling ident_case v1.0.1
[INFO] [stderr]    Compiling const-oid v0.9.6
[INFO] [stderr]    Compiling serde v1.0.228
[INFO] [stderr]    Compiling strsim v0.11.1
[INFO] [stderr]    Compiling syn v2.0.117
[INFO] [stderr]    Compiling subtle v2.6.1
[INFO] [stderr]    Compiling once_cell v1.21.4
[INFO] [stderr]    Compiling semver v1.0.28
[INFO] [stderr]    Compiling tower-service v0.3.3
[INFO] [stderr]    Compiling native-tls v0.2.18
[INFO] [stderr]    Compiling zerocopy v0.8.49
[INFO] [stderr]    Compiling flate2 v1.1.9
[INFO] [stderr]    Compiling tracing-core v0.1.36
[INFO] [stderr]    Compiling crossbeam-epoch v0.9.18
[INFO] [stderr]    Compiling errno v0.3.14
[INFO] [stderr]    Compiling mio v1.2.0
[INFO] [stderr]    Compiling socket2 v0.6.3
[INFO] [stderr]    Compiling rustc_version v0.4.1
[INFO] [stderr]    Compiling der v0.7.10
[INFO] [stderr]    Compiling http-body v1.0.1
[INFO] [stderr]    Compiling signal-hook-registry v1.4.8
[INFO] [stderr]    Compiling block-buffer v0.10.4
[INFO] [stderr]    Compiling crypto-common v0.1.7
[INFO] [stderr]    Compiling openssl-sys v0.9.116
[INFO] [stderr]    Compiling digest v0.10.7
[INFO] [stderr]    Compiling want v0.3.1
[INFO] [stderr]    Compiling aho-corasick v1.1.4
[INFO] [stderr]    Compiling form_urlencoded v1.2.2
[INFO] [stderr]    Compiling openssl-probe v0.2.1
[INFO] [stderr]    Compiling zmij v1.0.21
[INFO] [stderr]    Compiling atomic-waker v1.1.2
[INFO] [stderr]    Compiling regex-syntax v0.8.10
[INFO] [stderr]    Compiling autocfg v1.5.1
[INFO] [stderr]    Compiling compression-core v0.4.32
[INFO] [stderr]    Compiling curve25519-dalek v4.1.3
[INFO] [stderr]    Compiling crossbeam-deque v0.8.6
[INFO] [stderr]    Compiling http-body-util v0.1.3
[INFO] [stderr]    Compiling compression-codecs v0.4.38
[INFO] [stderr]    Compiling getrandom v0.2.17
[INFO] [stderr]    Compiling sync_wrapper v1.0.2
[INFO] [stderr]    Compiling cpufeatures v0.2.17
[INFO] [stderr]    Compiling ipnet v2.12.0
[INFO] [stderr]    Compiling parking_lot_core v0.9.12
[INFO] [stderr]    Compiling spki v0.7.3
[INFO] [stderr]    Compiling base64 v0.22.1
[INFO] [stderr]    Compiling num-traits v0.2.19
[INFO] [stderr]    Compiling getrandom v0.4.2
[INFO] [stderr]    Compiling serde_json v1.0.150
[INFO] [stderr]    Compiling tower-layer v0.3.3
[INFO] [stderr]    Compiling rayon-core v1.13.0
[INFO] [stderr]    Compiling pkcs8 v0.10.2
[INFO] [stderr]    Compiling rand_core v0.6.4
[INFO] [stderr]    Compiling bstr v1.12.1
[INFO] [stderr]    Compiling option-ext v0.2.0
[INFO] [stderr]    Compiling ryu v1.0.23
[INFO] [stderr]    Compiling signature v2.2.0
[INFO] [stderr]    Compiling scopeguard v1.2.0
[INFO] [stderr]    Compiling owo-colors v4.3.0
[INFO] [stderr]    Compiling num-conv v0.2.2
[INFO] [stderr]    Compiling powerfmt v0.2.0
[INFO] [stderr]    Compiling thiserror v1.0.69
[INFO] [stderr]    Compiling same-file v1.0.6
[INFO] [stderr]    Compiling time-core v0.1.8
[INFO] [stderr]    Compiling lock_api v0.4.14
[INFO] [stderr]    Compiling ed25519 v2.2.3
[INFO] [stderr]    Compiling time-macros v0.2.27
[INFO] [stderr]    Compiling deranged v0.5.8
[INFO] [stderr]    Compiling walkdir v2.5.0
[INFO] [stderr]    Compiling dirs-sys v0.4.1
[INFO] [stderr]    Compiling sha2 v0.10.9
[INFO] [stderr]    Compiling rustls-pki-types v1.14.1
[INFO] [stderr]    Compiling iana-time-zone v0.1.65
[INFO] [stderr]    Compiling either v1.16.0
[INFO] [stderr]    Compiling equivalent v1.0.2
[INFO] [stderr]    Compiling hashbrown v0.17.1
[INFO] [stderr]    Compiling uuid v1.23.1
[INFO] [stderr]    Compiling rayon v1.12.0
[INFO] [stderr]    Compiling parking_lot v0.12.5
[INFO] [stderr]    Compiling dirs v5.0.1
[INFO] [stderr]    Compiling hmac v0.12.1
[INFO] [stderr]    Compiling hex v0.4.3
[INFO] [stderr]    Compiling regex-automata v0.4.14
[INFO] [stderr]    Compiling indexmap v2.14.0
[INFO] [stderr]    Compiling time v0.3.47
[INFO] [stderr]    Compiling synstructure v0.13.2
[INFO] [stderr]    Compiling darling_core v0.23.0
[INFO] [stderr]    Compiling ppv-lite86 v0.2.21
[INFO] [stderr]    Compiling zerofrom-derive v0.1.7
[INFO] [stderr]    Compiling yoke-derive v0.8.2
[INFO] [stderr]    Compiling zerovec-derive v0.11.3
[INFO] [stderr]    Compiling displaydoc v0.2.6
[INFO] [stderr]    Compiling tokio-macros v2.7.0
[INFO] [stderr]    Compiling futures-macro v0.3.32
[INFO] [stderr]    Compiling openssl-macros v0.1.1
[INFO] [stderr]    Compiling tracing-attributes v0.1.31
[INFO] [stderr]    Compiling serde_derive v1.0.228
[INFO] [stderr]    Compiling curve25519-dalek-derive v0.1.1
[INFO] [stderr]    Compiling rand_chacha v0.3.1
[INFO] [stderr]    Compiling thiserror-impl v1.0.69
[INFO] [stderr]    Compiling tokio v1.52.3
[INFO] [stderr]    Compiling rand v0.8.6
[INFO] [stderr]    Compiling async-trait v0.1.89
[INFO] [stderr]    Compiling futures-util v0.3.32
[INFO] [stderr]    Compiling zerofrom v0.1.8
[INFO] [stderr]    Compiling yoke v0.8.2
[INFO] [stderr]    Compiling zerovec v0.11.6
[INFO] [stderr]    Compiling zerotrie v0.2.4
[INFO] [stderr]    Compiling tracing v0.1.44
[INFO] [stderr]    Compiling globset v0.4.18
[INFO] [stderr]    Compiling regex v1.12.3
[INFO] [stderr]    Compiling ed25519-dalek v2.2.0
[INFO] [stderr]    Compiling darling_macro v0.23.0
[INFO] [stderr]    Compiling tinystr v0.8.3
[INFO] [stderr]    Compiling potential_utf v0.1.5
[INFO] [stderr]    Compiling icu_collections v2.2.0
[INFO] [stderr]    Compiling darling v0.23.0
[INFO] [stderr]    Compiling serde_with_macros v3.20.0
[INFO] [stderr]    Compiling icu_locale_core v2.2.0
[INFO] [stderr]    Compiling ignore v0.4.25
[INFO] [stderr]    Compiling serde_with v3.20.0
[INFO] [stderr]    Compiling icu_provider v2.2.0
[INFO] [stderr]    Compiling serde_urlencoded v0.7.1
[INFO] [stderr]    Compiling icu_normalizer v2.2.0
[INFO] [stderr]    Compiling icu_properties v2.2.0
[INFO] [stderr]    Compiling futures-executor v0.3.32
[INFO] [stderr]    Compiling chrono v0.4.44
[INFO] [stderr]    Compiling futures v0.3.32
[INFO] [stderr]    Compiling idna_adapter v1.2.2
[INFO] [stderr]    Compiling idna v1.1.0
[INFO] [stderr]    Compiling url v2.5.8
[INFO] [stderr]    Compiling hyper v1.10.0
[INFO] [stderr]    Compiling async-compression v0.4.42
[INFO] [stderr]    Compiling tokio-util v0.7.18
[INFO] [stderr]    Compiling tower v0.5.3
[INFO] [stderr]    Compiling tokio-native-tls v0.3.1
[INFO] [stderr]    Compiling tower-http v0.6.11
[INFO] [stderr]    Compiling hyper-util v0.1.20
[INFO] [stderr]    Compiling hyper-tls v0.6.0
[INFO] [stderr]    Compiling reqwest v0.12.28
[INFO] [stderr]    Compiling leakferret-core v0.1.3 (/opt/rustwide/workdir)
[INFO] [stderr]     Finished `release` profile [optimized] target(s) in 1m 30s
[INFO] running `Command { std: "docker" "inspect" "d60cae8aab4c7e5dcb33d8e2c0fffa534ea996a3750a4b7e3473f7b913c20751", kill_on_drop: false }`
[INFO] running `Command { std: "docker" "exec" "-e" "SOURCE_DIR=/opt/rustwide/workdir" "-e" "CARGO_HOME=/opt/rustwide/cargo-home" "-e" "RUSTUP_HOME=/opt/rustwide/rustup-home" "-e" "CARGO_TARGET_DIR=/opt/rustwide/target" "-e" "CARGO_INCREMENTAL=0" "-e" "RUST_BACKTRACE=full" "-e" "RUSTFLAGS=--cap-lints=warn" "-e" "RUSTDOCFLAGS=--cap-lints=warn" "-w" "/opt/rustwide/workdir" "--user" "0:0" "d60cae8aab4c7e5dcb33d8e2c0fffa534ea996a3750a4b7e3473f7b913c20751" "/opt/rustwide/cargo-home/bin/cargo" "+1.98.0-beta.8" "test" "--frozen" "--no-run" "--message-format=json" "--release", kill_on_drop: false }`
[INFO] [stderr]    Compiling slab v0.4.12
[INFO] [stderr]    Compiling bitflags v2.11.1
[INFO] [stderr]    Compiling tracing-core v0.1.36
[INFO] [stderr]    Compiling log v0.4.30
[INFO] [stderr]    Compiling fnv v1.0.7
[INFO] [stderr]    Compiling tokio v1.52.3
[INFO] [stderr]    Compiling getrandom v0.3.4
[INFO] [stderr]    Compiling regex-automata v0.4.14
[INFO] [stderr]    Compiling rustix v1.1.4
[INFO] [stderr]    Compiling httpdate v1.0.3
[INFO] [stderr]    Compiling num-traits v0.2.19
[INFO] [stderr]    Compiling hashbrown v0.17.1
[INFO] [stderr]    Compiling linux-raw-sys v0.12.1
[INFO] [stderr]    Compiling winnow v1.0.3
[INFO] [stderr]    Compiling memchr v2.8.1
[INFO] [stderr]    Compiling equivalent v1.0.2
[INFO] [stderr]    Compiling fastrand v2.4.1
[INFO] [stderr]    Compiling futures-util v0.3.32
[INFO] [stderr]    Compiling toml_datetime v1.1.1+spec-1.1.0
[INFO] [stderr]    Compiling regex-syntax v0.8.10
[INFO] [stderr]    Compiling rstest_macros v0.21.0
[INFO] [stderr]    Compiling tracing v0.1.44
[INFO] [stderr]    Compiling rand_core v0.9.5
[INFO] [stderr]    Compiling openssl v0.10.80
[INFO] [stderr]    Compiling wait-timeout v0.2.1
[INFO] [stderr]    Compiling lazy_static v1.5.0
[INFO] [stderr]    Compiling cfg-if v1.0.4
[INFO] [stderr]    Compiling indexmap v2.14.0
[INFO] [stderr]    Compiling rand_chacha v0.9.0
[INFO] [stderr]    Compiling bit-vec v0.8.0
[INFO] [stderr]    Compiling glob v0.3.3
[INFO] [stderr]    Compiling aho-corasick v1.1.4
[INFO] [stderr]    Compiling rand v0.9.4
[INFO] [stderr]    Compiling relative-path v1.9.3
[INFO] [stderr]    Compiling similar v2.7.0
[INFO] [stderr]    Compiling quick-error v1.2.3
[INFO] [stderr]    Compiling bit-set v0.8.0
[INFO] [stderr]    Compiling sharded-slab v0.1.7
[INFO] [stderr]    Compiling rand_xorshift v0.4.0
[INFO] [stderr]    Compiling chrono v0.4.44
[INFO] [stderr]    Compiling tracing-log v0.2.0
[INFO] [stderr]    Compiling assert-json-diff v2.0.2
[INFO] [stderr]    Compiling console v0.16.3
[INFO] [stderr]    Compiling toml_parser v1.1.2+spec-1.1.0
[INFO] [stderr]    Compiling thread_local v1.1.9
[INFO] [stderr]    Compiling diff v0.1.13
[INFO] [stderr]    Compiling futures-timer v3.0.4
[INFO] [stderr]    Compiling toml_edit v0.25.12+spec-1.1.0
[INFO] [stderr]    Compiling nu-ansi-term v0.50.3
[INFO] [stderr]    Compiling colored v3.1.1
[INFO] [stderr]    Compiling yansi v1.0.1
[INFO] [stderr]    Compiling unarray v0.1.4
[INFO] [stderr]    Compiling pretty_assertions v1.4.1
[INFO] [stderr]    Compiling proc-macro-crate v3.5.0
[INFO] [stderr]    Compiling tempfile v3.27.0
[INFO] [stderr]    Compiling rusty-fork v0.3.1
[INFO] [stderr]    Compiling insta v1.47.2
[INFO] [stderr]    Compiling proptest v1.11.0
[INFO] [stderr]    Compiling regex v1.12.3
[INFO] [stderr]    Compiling globset v0.4.18
[INFO] [stderr]    Compiling matchers v0.2.0
[INFO] [stderr]    Compiling tracing-subscriber v0.3.23
[INFO] [stderr]    Compiling futures-executor v0.3.32
[INFO] [stderr]    Compiling native-tls v0.2.18
[INFO] [stderr]    Compiling futures v0.3.32
[INFO] [stderr]    Compiling ignore v0.4.25
[INFO] [stderr]    Compiling tokio-util v0.7.18
[INFO] [stderr]    Compiling tower v0.5.3
[INFO] [stderr]    Compiling tokio-native-tls v0.3.1
[INFO] [stderr]    Compiling async-compression v0.4.42
[INFO] [stderr]    Compiling h2 v0.4.14
[INFO] [stderr]    Compiling tower-http v0.6.11
[INFO] [stderr]    Compiling rstest v0.21.0
[INFO] [stderr]    Compiling hyper v1.10.0
[INFO] [stderr]    Compiling hyper-util v0.1.20
[INFO] [stderr]    Compiling hyper-tls v0.6.0
[INFO] [stderr]    Compiling mockito v1.7.2
[INFO] [stderr]    Compiling reqwest v0.12.28
[INFO] [stderr]    Compiling leakferret-core v0.1.3 (/opt/rustwide/workdir)
[INFO] [stderr]     Finished `release` profile [optimized] target(s) in 1m 15s
[INFO] running `Command { std: "docker" "inspect" "d60cae8aab4c7e5dcb33d8e2c0fffa534ea996a3750a4b7e3473f7b913c20751", kill_on_drop: false }`
[INFO] running `Command { std: "docker" "exec" "-e" "SOURCE_DIR=/opt/rustwide/workdir" "-e" "CARGO_HOME=/opt/rustwide/cargo-home" "-e" "RUSTUP_HOME=/opt/rustwide/rustup-home" "-e" "CARGO_TARGET_DIR=/opt/rustwide/target" "-e" "CARGO_INCREMENTAL=0" "-e" "RUST_BACKTRACE=full" "-e" "RUSTFLAGS=--cap-lints=warn" "-e" "RUSTDOCFLAGS=--cap-lints=warn" "-w" "/opt/rustwide/workdir" "--user" "0:0" "d60cae8aab4c7e5dcb33d8e2c0fffa534ea996a3750a4b7e3473f7b913c20751" "/opt/rustwide/cargo-home/bin/cargo" "+1.98.0-beta.8" "test" "--frozen" "--release", kill_on_drop: false }`
[INFO] [stderr]     Finished `release` profile [optimized] target(s) in 0.46s
[INFO] [stderr]      Running unittests src/lib.rs (/opt/rustwide/target/release/deps/leakferret_core-e77c97df2f1a83c9)
[INFO] [stdout] 
[INFO] [stdout] running 102 tests
[INFO] [stdout] test baseline::history::tests::append_creates_then_appends ... ok
[INFO] [stdout] test baseline::store::tests::load_returns_default_when_missing ... ok
[INFO] [stdout] test catalog::lookup::tests::hash_match ... ok
[INFO] [stdout] test baseline::store::tests::save_then_load_roundtrip ... ok
[INFO] [stdout] test classifier::offline::tests::bcrypt_and_dollar_literals_are_not_suppressed ... ok
[INFO] [stdout] test classifier::offline::tests::dummy_marker_overrides_to_fixture ... ok
[INFO] [stdout] test catalog::signature::tests::verify_rejects_wrong_key ... ok
[INFO] [stdout] test classifier::offline::tests::dummy_name_markers_are_fixture ... ok
[INFO] [stdout] test catalog::signature::tests::sign_then_verify_roundtrip ... ok
[INFO] [stdout] test catalog::signature::tests::embedded_key_is_none_until_keypair_is_generated ... ok
[INFO] [stdout] test classifier::offline::tests::env_var_reference_is_not_a_secret ... ok
[INFO] [stdout] test catalog::lookup::tests::regex_match ... ok
[INFO] [stdout] test classifier::offline::tests::honeytoken_catalog_hit_is_critical_even_when_pattern_was_low ... ok
[INFO] [stdout] test classifier::offline::tests::honeytoken_critical_when_pattern_was_unknown ... ok
[INFO] [stdout] test classifier::offline::tests::low_diversity_values_are_placeholders ... ok
[INFO] [stdout] test classifier::offline::tests::marks_fixture_path_as_fixture ... ok
[INFO] [stdout] test classifier::offline::tests::marks_high_sev_in_app_path_as_real ... ok
[INFO] [stdout] test classifier::offline::tests::real_looking_key_in_app_path_is_still_real ... ok
[INFO] [stdout] test classifier::offline::tests::secret_store_references_are_not_secrets ... ok
[INFO] [stdout] test catalog::lookup::tests::exact_match ... ok
[INFO] [stdout] test classifier::offline::tests::template_placeholder_is_not_a_secret ... ok
[INFO] [stdout] test classifier::offline::tests::unverified_outcome_reports_inconclusive_not_run_a_verifier ... ok
[INFO] [stdout] test classifier::prompt::tests::prompt_excludes_raw_match ... ok
[INFO] [stdout] test classifier::tests::apply_verdicts_parses_host_response ... ok
[INFO] [stdout] test finding::fingerprint::tests::different_salt_different_fingerprint ... ok
[INFO] [stdout] test finding::fingerprint::tests::same_value_same_salt_same_fingerprint ... ok
[INFO] [stdout] test finding::tests::cache_key_differs_with_pattern ... ok
[INFO] [stdout] test finding::tests::cache_key_is_stable_over_identical_inputs ... ok
[INFO] [stdout] test finding::tests::finding_view_strips_raw_match ... ok
[INFO] [stdout] test finding::tests::redacts_long_secrets_to_first4_dots_last4 ... ok
[INFO] [stdout] test finding::tests::keeps_short_secrets_intact_for_redaction ... ok
[INFO] [stdout] test finding::fingerprint::tests::salt_file_is_created_then_reused ... ok
[INFO] [stdout] test patterns::tests::fixture_path_hints_hit_spec_and_examples ... ok
[INFO] [stdout] test patterns::tests::normalises_windows_backslashes ... ok
[INFO] [stdout] test patterns::tests::app_path_prefixes_hit_lib_and_app ... ok
[INFO] [stdout] test rewriter::language::tests::detects_ruby ... ok
[INFO] [stdout] test rewriter::language::tests::rust_env_call_uses_std_env ... ok
[INFO] [stdout] test rewriter::language::tests::detects_dotenv ... ok
[INFO] [stdout] test rewriter::tests::returns_none_for_non_real ... ok
[INFO] [stdout] test rewriter::language::tests::returns_none_for_unknown_ext ... ok
[INFO] [stdout] test rewriter::tests::rewrites_python_dict ... ok
[INFO] [stdout] test rewriter::tests::rewrites_when_match_is_not_centered_in_context ... ok
[INFO] [stdout] test scanner::allowlist::tests::same_line_pragma_suppresses_finding ... ok
[INFO] [stdout] test scanner::allowlist::tests::generic_pragma_suppresses_all_patterns ... ok
[INFO] [stdout] test scanner::allowlist::tests::pattern_specific_pragma_only_suppresses_that_pattern ... ok
[INFO] [stdout] test scanner::allowlist::tests::slash_slash_and_block_comment_pragmas_work ... ok
[INFO] [stdout] test scanner::allowlist::tests::preceding_line_pragma_suppresses_next_line ... ok
[INFO] [stdout] test scanner::allowlist::tests::pragma_with_reason_parses ... ok
[INFO] [stdout] test scanner::allowlist::tests::multiple_pragmas_on_same_line_or_in_a_row ... ok
[INFO] [stdout] test rewriter::tests::rewrites_ruby_constant ... ok
[INFO] [stdout] test classifier::offline::tests::known_leaked_catalog_hit_is_real_high ... ok
[INFO] [stdout] test scanner::context::tests::returns_centered_window ... ok
[INFO] [stdout] test scanner::context::tests::clamps_at_start_and_end ... ok
[INFO] [stdout] test scanner::allowlist::tests::no_pragma_means_no_suppression ... ok
[INFO] [stdout] test patterns::registry::tests::secret_assignment_covers_widened_keywords ... ok
[INFO] [stdout] test scanner::walker::tests::excludes_claude_worktrees_but_still_scans_claude_config ... ok
[INFO] [stdout] test scanner::walker::tests::includes_dotenv_even_without_extension ... ok
[INFO] [stdout] test patterns::registry::tests::detects_aws_access_key ... ok
[INFO] [stdout] test patterns::registry::tests::pem_header_matches_in_all_forms ... ok
[INFO] [stdout] test patterns::registry::tests::detects_github_pat ... ok
[INFO] [stdout] test verifier::aws::tests::extract_xml_value_works ... ok
[INFO] [stdout] test verifier::aws::tests::plan_b_unverified_when_cli_missing ... ok
[INFO] [stdout] test verifier::aws::tests::signing_key_matches_aws_test_vector ... ok
[INFO] [stdout] test scanner::walker::tests::respects_extension_allowlist ... ok
[INFO] [stdout] test patterns::registry::tests::builtin_compiles ... ok
[INFO] [stdout] test verifier::aws::tests::which_on_path_finds_absolute ... ok
[INFO] [stdout] test scanner::walker::tests::respects_gitignore ... ok
[INFO] [stdout] test verifier::aws::tests::plan_b_runs_when_aws_cli_is_on_path ... FAILED
[INFO] [stdout] test patterns::registry::tests::detects_stripe_test_key ... ok
[INFO] [stdout] test scanner::tests::allowlist_pragma_on_preceding_line_drops_finding ... ok
[INFO] [stdout] test scanner::tests::allowlist_pragma_with_pattern_id_only_suppresses_matching ... ok
[INFO] [stdout] test scanner::tests::allowlist_pragma_on_same_line_drops_finding ... ok
[INFO] [stdout] test scanner::tests::ignores_binary_files ... ok
[INFO] [stdout] test scanner::tests::skips_secrets_on_pathologically_long_lines ... ok
[INFO] [stdout] test scanner::tests::finds_aws_key_in_simple_repo ... ok
[INFO] [stdout] test verifier::heroku::tests::invalid_on_401 ... ok
[INFO] [stdout] test verifier::datadog::tests::verifies_on_valid_true ... ok
[INFO] [stdout] test verifier::sendgrid::tests::handles_returns_sendgrid_key ... ok
[INFO] [stdout] test verifier::sendgrid::tests::invalid_on_401 ... ok
[INFO] [stdout] test scanner::git_history::tests::modified_file_only_reports_newly_added_secret ... ok
[INFO] [stdout] test verifier::tests::registry_resolves_by_pattern ... ok
[INFO] [stdout] test scanner::git_history::tests::since_head_minus_one_only_scans_last_commit ... ok
[INFO] [stdout] test verifier::pypi_token::tests::verifies_on_200 ... ok
[INFO] [stdout] test verifier::digitalocean::tests::verifies_on_200 ... ok
[INFO] [stdout] test scanner::git_history::tests::finds_planted_key_in_history_but_not_working_tree ... ok
[INFO] [stdout] test verifier::mailgun::tests::verifies_on_200 ... ok
[INFO] [stdout] test verifier::pypi_token::tests::invalid_on_401 ... ok
[INFO] [stdout] test verifier::datadog::tests::invalid_on_403 ... ok
[INFO] [stdout] test verifier::npm_token::tests::invalid_on_401 ... ok
[INFO] [stdout] test verifier::tests::verify_all_skips_when_no_verifier_handles ... ok
[INFO] [stdout] test verifier::heroku::tests::verifies_on_200 ... ok
[INFO] [stdout] test verifier::sendgrid::tests::verifies_on_200 ... ok
[INFO] [stdout] test scanner::git_history::tests::all_refs_finds_key_on_unmerged_branch ... ok
[INFO] [stdout] test verifier::mailgun::tests::invalid_on_401 ... ok
[INFO] [stdout] test verifier::digitalocean::tests::invalid_on_401 ... ok
[INFO] [stdout] test verifier::npm_token::tests::verifies_on_200 ... ok
[INFO] [stdout] test verifier::pypi_token::tests::unverified_on_403 ... ok
[INFO] [stdout] test verifier::twilio::tests::unverified_without_token ... ok
[INFO] [stdout] test verifier::twilio::tests::verifies_on_200 ... ok
[INFO] [stdout] test verifier::twilio::tests::invalid_on_401 ... ok
[INFO] [stdout] test verifier::trufflehog::tests::unverified_when_trufflehog_not_installed ... ok
[INFO] [stdout] test verifier::trufflehog::tests::verified_when_stub_emits_verified_record ... ok
[INFO] [stdout] 
[INFO] [stdout] failures:
[INFO] [stdout] 
[INFO] [stdout] ---- verifier::aws::tests::plan_b_runs_when_aws_cli_is_on_path stdout ----
[INFO] [stdout] 
[INFO] [stdout] thread 'verifier::aws::tests::plan_b_runs_when_aws_cli_is_on_path' (5381) panicked at src/verifier/aws.rs:417:22:
[INFO] [stdout] expected Verified, got Unverified { provider: "aws", reason: "AWS_SECRET_ACCESS_KEY not paired and `aws` CLI not on $PATH" }
[INFO] [stdout] stack backtrace:
[INFO] [stdout]    0:     0x5e4f72bd9541 - <<std[97b98282bc616a66]::sys::backtrace::BacktraceLock>::print::DisplayBacktrace as core[832e9a552fc17241]::fmt::Display>::fmt
[INFO] [stdout]    1:     0x5e4f72bf14ba - core[832e9a552fc17241]::fmt::write
[INFO] [stdout]    2:     0x5e4f72bde76c - <alloc[3ecab9f82c41dc7d]::vec::Vec<u8> as std[97b98282bc616a66]::io::Write>::write_fmt
[INFO] [stdout]    3:     0x5e4f72bb2dd6 - std[97b98282bc616a66]::panicking::default_hook::{closure#0}
[INFO] [stdout]    4:     0x5e4f72bcf6f9 - std[97b98282bc616a66]::panicking::default_hook
[INFO] [stdout]    5:     0x5e4f729e38d0 - test[39766f3d73431624]::test_main_inner::<test[39766f3d73431624]::test_main_static::{closure#0}>::{closure#0}
[INFO] [stdout]    6:     0x5e4f72bcfa22 - std[97b98282bc616a66]::panicking::panic_with_hook
[INFO] [stdout]    7:     0x5e4f72bb2e82 - std[97b98282bc616a66]::panicking::panic_handler::{closure#0}
[INFO] [stdout]    8:     0x5e4f72baa1b9 - std[97b98282bc616a66]::sys::backtrace::__rust_end_short_backtrace::<std[97b98282bc616a66]::panicking::panic_handler::{closure#0}, !>
[INFO] [stdout]    9:     0x5e4f72bb403d - __rustc[e3d8617bb01b7f69]::rust_begin_unwind
[INFO] [stdout]   10:     0x5e4f72bf1c9c - core[832e9a552fc17241]::panicking::panic_fmt
[INFO] [stdout]   11:     0x5e4f7275d446 - leakferret_core[91a679348909e02]::verifier::aws::tests::plan_b_runs_when_aws_cli_is_on_path::{closure#0}
[INFO] [stdout]   12:     0x5e4f727523a3 - <tokio[52a2a83abad523b]::runtime::scheduler::current_thread::Context>::enter::<core[832e9a552fc17241]::task::poll::Poll<()>, <tokio[52a2a83abad523b]::runtime::scheduler::current_thread::CoreGuard>::block_on<core[832e9a552fc17241]::pin::Pin<&mut core[832e9a552fc17241]::pin::Pin<&mut dyn core[832e9a552fc17241]::future::future::Future<Output = ()>>>>::{closure#0}::{closure#0}>
[INFO] [stdout]   13:     0x5e4f727c10cc - <tokio[52a2a83abad523b]::runtime::context::scoped::Scoped<tokio[52a2a83abad523b]::runtime::scheduler::Context>>::set::<<tokio[52a2a83abad523b]::runtime::scheduler::current_thread::CoreGuard>::enter<<tokio[52a2a83abad523b]::runtime::scheduler::current_thread::CoreGuard>::block_on<core[832e9a552fc17241]::pin::Pin<&mut core[832e9a552fc17241]::pin::Pin<&mut dyn core[832e9a552fc17241]::future::future::Future<Output = ()>>>>::{closure#0}, core[832e9a552fc17241]::option::Option<()>>::{closure#0}, (alloc[3ecab9f82c41dc7d]::boxed::Box<tokio[52a2a83abad523b]::runtime::scheduler::current_thread::Core>, core[832e9a552fc17241]::option::Option<()>)>
[INFO] [stdout]   14:     0x5e4f72751e4a - <tokio[52a2a83abad523b]::runtime::scheduler::current_thread::CurrentThread>::block_on::<core[832e9a552fc17241]::pin::Pin<&mut dyn core[832e9a552fc17241]::future::future::Future<Output = ()>>>
[INFO] [stdout]   15:     0x5e4f72803702 - <tokio[52a2a83abad523b]::runtime::runtime::Runtime>::block_on::<core[832e9a552fc17241]::pin::Pin<&mut dyn core[832e9a552fc17241]::future::future::Future<Output = ()>>>
[INFO] [stdout]   16:     0x5e4f727607fb - leakferret_core[91a679348909e02]::verifier::aws::tests::plan_b_runs_when_aws_cli_is_on_path
[INFO] [stdout]   17:     0x5e4f72795599 - <leakferret_core[91a679348909e02]::verifier::aws::tests::plan_b_runs_when_aws_cli_is_on_path::{closure#0} as core[832e9a552fc17241]::ops::function::FnOnce<()>>::call_once
[INFO] [stdout]   18:     0x5e4f729d6c0b - test[39766f3d73431624]::__rust_begin_short_backtrace::<core[832e9a552fc17241]::result::Result<(), alloc[3ecab9f82c41dc7d]::string::String>, fn() -> core[832e9a552fc17241]::result::Result<(), alloc[3ecab9f82c41dc7d]::string::String>>
[INFO] [stdout]   19:     0x5e4f729e4255 - test[39766f3d73431624]::run_test::{closure#0}
[INFO] [stdout]   20:     0x5e4f729ded04 - std[97b98282bc616a66]::sys::backtrace::__rust_begin_short_backtrace::<test[39766f3d73431624]::run_test::{closure#1}, ()>
[INFO] [stdout]   21:     0x5e4f729e73a2 - <std[97b98282bc616a66]::thread::lifecycle::spawn_unchecked<test[39766f3d73431624]::run_test::{closure#1}, ()>::{closure#1} as core[832e9a552fc17241]::ops::function::FnOnce<()>>::call_once::{shim:vtable#0}
[INFO] [stdout]   22:     0x5e4f72bd818f - <std[97b98282bc616a66]::sys::thread::unix::Thread>::new::thread_start
[INFO] [stdout]   23:     0x7dfbfeea907a - <unknown>
[INFO] [stdout]   24:     0x7dfbfef3c534 - clone
[INFO] [stdout]   25:                0x0 - <unknown>
[INFO] [stdout] 
[INFO] [stdout] 
[INFO] [stdout] failures:
[INFO] [stdout]     verifier::aws::tests::plan_b_runs_when_aws_cli_is_on_path
[INFO] [stdout] 
[INFO] [stdout] test result: FAILED. 101 passed; 1 failed; 0 ignored; 0 measured; 0 filtered out; finished in 0.35s
[INFO] [stdout] 
[INFO] [stderr] error: test failed, to rerun pass `--lib`
[INFO] running `Command { std: "docker" "inspect" "d60cae8aab4c7e5dcb33d8e2c0fffa534ea996a3750a4b7e3473f7b913c20751", kill_on_drop: false }`
[INFO] running `Command { std: "docker" "rm" "-f" "d60cae8aab4c7e5dcb33d8e2c0fffa534ea996a3750a4b7e3473f7b913c20751", kill_on_drop: false }`
[INFO] [stdout] d60cae8aab4c7e5dcb33d8e2c0fffa534ea996a3750a4b7e3473f7b913c20751
