[INFO] fetching crate daedelecs 0.1.0...
[INFO] testing daedelecs-0.1.0 against 1.98.0-beta.8+cargoflags=--release for beta-release-1.99-2
[INFO] extracting crate daedelecs 0.1.0 into /workspace/builds/worker-3-tc1/source
[INFO] started tweaking crates.io crate daedelecs 0.1.0
[INFO] finished tweaking crates.io crate daedelecs 0.1.0
[INFO] tweaked toml for crates.io crate daedelecs 0.1.0 written to /workspace/builds/worker-3-tc1/source/Cargo.toml
[INFO] validating manifest of crates.io crate daedelecs 0.1.0 on toolchain 1.98.0-beta.8
[INFO] running `Command { std: CARGO_HOME="/workspace/cargo-home" RUSTUP_HOME="/workspace/rustup-home" "/workspace/cargo-home/bin/cargo" "+1.98.0-beta.8" "metadata" "--manifest-path" "Cargo.toml" "--no-deps", kill_on_drop: false }`
[INFO] crate crates.io crate daedelecs 0.1.0 already has a lockfile, it will not be regenerated
[INFO] running `Command { std: CARGO_HOME="/workspace/cargo-home" RUSTUP_HOME="/workspace/rustup-home" "/workspace/cargo-home/bin/cargo" "+1.98.0-beta.8" "fetch" "--manifest-path" "Cargo.toml", kill_on_drop: false }`
[INFO] [stderr]     Blocking waiting for file lock on package cache
[INFO] [stderr]     Updating crates.io index
[INFO] [stderr]     Blocking waiting for file lock on package cache
[INFO] [stderr]  Downloading crates ...
[INFO] [stderr]   Downloaded daedelecs-core v0.1.0
[INFO] running `Command { std: "docker" "create" "-v" "/var/lib/crater-agent-workspace/builds/worker-3-tc1/source:/opt/rustwide/workdir:ro,Z" "-v" "/var/lib/crater-agent-workspace/builds/worker-3-tc1/target:/opt/rustwide/target:rw,Z" "-v" "/var/lib/crater-agent-workspace/cargo-home:/opt/rustwide/cargo-home:ro,Z" "-v" "/var/lib/crater-agent-workspace/rustup-home:/opt/rustwide/rustup-home:ro,Z" "-m" "1610612736" "--network" "none" "ghcr.io/rust-lang/crates-build-env/linux@sha256:8683fc1fc2eb5c9ac98e0d076ab094b2ffac7f99da555d2b6a2e27f346de2ec7" "sleep" "infinity", kill_on_drop: false }`
[INFO] [stdout] 139adb9ca9e64b850a38c273ee4206972e6cbb7b3e6837f84878669c1d3d8623
[INFO] running `Command { std: "docker" "start" "139adb9ca9e64b850a38c273ee4206972e6cbb7b3e6837f84878669c1d3d8623", kill_on_drop: false }`
[INFO] running `Command { std: "docker" "inspect" "139adb9ca9e64b850a38c273ee4206972e6cbb7b3e6837f84878669c1d3d8623", kill_on_drop: false }`
[INFO] running `Command { std: "docker" "exec" "-e" "SOURCE_DIR=/opt/rustwide/workdir" "-e" "CARGO_HOME=/opt/rustwide/cargo-home" "-e" "RUSTUP_HOME=/opt/rustwide/rustup-home" "-e" "CARGO_TARGET_DIR=/opt/rustwide/target" "-w" "/opt/rustwide/workdir" "--user" "0:0" "139adb9ca9e64b850a38c273ee4206972e6cbb7b3e6837f84878669c1d3d8623" "/opt/rustwide/cargo-home/bin/cargo" "+1.98.0-beta.8" "metadata" "--no-deps" "--format-version=1", kill_on_drop: false }`
[INFO] running `Command { std: "docker" "inspect" "139adb9ca9e64b850a38c273ee4206972e6cbb7b3e6837f84878669c1d3d8623", kill_on_drop: false }`
[INFO] running `Command { std: "docker" "exec" "-e" "SOURCE_DIR=/opt/rustwide/workdir" "-e" "CARGO_HOME=/opt/rustwide/cargo-home" "-e" "RUSTUP_HOME=/opt/rustwide/rustup-home" "-e" "CARGO_TARGET_DIR=/opt/rustwide/target" "-e" "CARGO_INCREMENTAL=0" "-e" "RUST_BACKTRACE=full" "-e" "RUSTFLAGS=--cap-lints=warn" "-e" "RUSTDOCFLAGS=--cap-lints=warn" "-w" "/opt/rustwide/workdir" "--user" "0:0" "139adb9ca9e64b850a38c273ee4206972e6cbb7b3e6837f84878669c1d3d8623" "/opt/rustwide/cargo-home/bin/cargo" "+1.98.0-beta.8" "build" "--frozen" "--message-format=json" "--release", kill_on_drop: false }`
[INFO] [stderr]    Compiling proc-macro2 v1.0.95
[INFO] [stderr]    Compiling quote v1.0.40
[INFO] [stderr]    Compiling syn v2.0.104
[INFO] [stderr]    Compiling daedelecs-core v0.1.0
[INFO] [stderr]    Compiling daedelecs v0.1.0 (/opt/rustwide/workdir)
[INFO] [stdout] warning: hiding a lifetime that's elided elsewhere is confusing
[INFO] [stdout]   --> src/entity.rs:24:40
[INFO] [stdout]    |
[INFO] [stdout] 24 |     pub fn get_component<C: Component>(&self) -> Option<Ref<C>> {
[INFO] [stdout]    |                                        ^^^^^            ^^^^^^ the same lifetime is hidden here
[INFO] [stdout]    |                                        |
[INFO] [stdout]    |                                        the lifetime is elided here
[INFO] [stdout]    |
[INFO] [stdout]    = help: the same lifetime is referred to in inconsistent ways, making the signature confusing
[INFO] [stdout]    = note: `#[warn(mismatched_lifetime_syntaxes)]` on by default
[INFO] [stdout] help: use `'_` for type paths
[INFO] [stdout]    |
[INFO] [stdout] 24 |     pub fn get_component<C: Component>(&self) -> Option<Ref<'_, C>> {
[INFO] [stdout]    |                                                             +++
[INFO] [stdout] 
[INFO] [stdout] 
[INFO] [stdout] warning: hiding a lifetime that's elided elsewhere is confusing
[INFO] [stdout]   --> src/entity.rs:45:44
[INFO] [stdout]    |
[INFO] [stdout] 45 |     pub fn get_mut_component<C: Component>(&mut self) -> Option<RefMut<C>> {
[INFO] [stdout]    |                                            ^^^^^^^^^            ^^^^^^^^^ the same lifetime is hidden here
[INFO] [stdout]    |                                            |
[INFO] [stdout]    |                                            the lifetime is elided here
[INFO] [stdout]    |
[INFO] [stdout]    = help: the same lifetime is referred to in inconsistent ways, making the signature confusing
[INFO] [stdout] help: use `'_` for type paths
[INFO] [stdout]    |
[INFO] [stdout] 45 |     pub fn get_mut_component<C: Component>(&mut self) -> Option<RefMut<'_, C>> {
[INFO] [stdout]    |                                                                        +++
[INFO] [stdout] 
[INFO] [stdout] 
[INFO] [stderr]     Finished `release` profile [optimized] target(s) in 6.40s
[INFO] running `Command { std: "docker" "inspect" "139adb9ca9e64b850a38c273ee4206972e6cbb7b3e6837f84878669c1d3d8623", kill_on_drop: false }`
[INFO] running `Command { std: "docker" "exec" "-e" "SOURCE_DIR=/opt/rustwide/workdir" "-e" "CARGO_HOME=/opt/rustwide/cargo-home" "-e" "RUSTUP_HOME=/opt/rustwide/rustup-home" "-e" "CARGO_TARGET_DIR=/opt/rustwide/target" "-e" "CARGO_INCREMENTAL=0" "-e" "RUST_BACKTRACE=full" "-e" "RUSTFLAGS=--cap-lints=warn" "-e" "RUSTDOCFLAGS=--cap-lints=warn" "-w" "/opt/rustwide/workdir" "--user" "0:0" "139adb9ca9e64b850a38c273ee4206972e6cbb7b3e6837f84878669c1d3d8623" "/opt/rustwide/cargo-home/bin/cargo" "+1.98.0-beta.8" "test" "--frozen" "--no-run" "--message-format=json" "--release", kill_on_drop: false }`
[INFO] [stdout] warning: hiding a lifetime that's elided elsewhere is confusing
[INFO] [stdout]   --> src/entity.rs:24:40
[INFO] [stdout]    |
[INFO] [stdout] 24 |     pub fn get_component<C: Component>(&self) -> Option<Ref<C>> {
[INFO] [stdout]    |                                        ^^^^^            ^^^^^^ the same lifetime is hidden here
[INFO] [stdout]    |                                        |
[INFO] [stdout]    |                                        the lifetime is elided here
[INFO] [stdout]    |
[INFO] [stdout]    = help: the same lifetime is referred to in inconsistent ways, making the signature confusing
[INFO] [stdout]    = note: `#[warn(mismatched_lifetime_syntaxes)]` on by default
[INFO] [stdout] help: use `'_` for type paths
[INFO] [stdout]    |
[INFO] [stdout] 24 |     pub fn get_component<C: Component>(&self) -> Option<Ref<'_, C>> {
[INFO] [stdout]    |                                                             +++
[INFO] [stdout] 
[INFO] [stdout] 
[INFO] [stdout] warning: hiding a lifetime that's elided elsewhere is confusing
[INFO] [stdout]   --> src/entity.rs:45:44
[INFO] [stdout]    |
[INFO] [stdout] 45 |     pub fn get_mut_component<C: Component>(&mut self) -> Option<RefMut<C>> {
[INFO] [stdout]    |                                            ^^^^^^^^^            ^^^^^^^^^ the same lifetime is hidden here
[INFO] [stdout]    |                                            |
[INFO] [stdout]    |                                            the lifetime is elided here
[INFO] [stdout]    |
[INFO] [stdout]    = help: the same lifetime is referred to in inconsistent ways, making the signature confusing
[INFO] [stdout] help: use `'_` for type paths
[INFO] [stdout]    |
[INFO] [stdout] 45 |     pub fn get_mut_component<C: Component>(&mut self) -> Option<RefMut<'_, C>> {
[INFO] [stdout]    |                                                                        +++
[INFO] [stdout] 
[INFO] [stdout] 
[INFO] [stderr]    Compiling daedelecs v0.1.0 (/opt/rustwide/workdir)
[INFO] [stdout] warning: hiding a lifetime that's elided elsewhere is confusing
[INFO] [stdout]   --> src/entity.rs:24:40
[INFO] [stdout]    |
[INFO] [stdout] 24 |     pub fn get_component<C: Component>(&self) -> Option<Ref<C>> {
[INFO] [stdout]    |                                        ^^^^^            ^^^^^^ the same lifetime is hidden here
[INFO] [stdout]    |                                        |
[INFO] [stdout]    |                                        the lifetime is elided here
[INFO] [stdout]    |
[INFO] [stdout]    = help: the same lifetime is referred to in inconsistent ways, making the signature confusing
[INFO] [stdout]    = note: `#[warn(mismatched_lifetime_syntaxes)]` on by default
[INFO] [stdout] help: use `'_` for type paths
[INFO] [stdout]    |
[INFO] [stdout] 24 |     pub fn get_component<C: Component>(&self) -> Option<Ref<'_, C>> {
[INFO] [stdout]    |                                                             +++
[INFO] [stdout] 
[INFO] [stdout] 
[INFO] [stdout] warning: hiding a lifetime that's elided elsewhere is confusing
[INFO] [stdout]   --> src/entity.rs:45:44
[INFO] [stdout]    |
[INFO] [stdout] 45 |     pub fn get_mut_component<C: Component>(&mut self) -> Option<RefMut<C>> {
[INFO] [stdout]    |                                            ^^^^^^^^^            ^^^^^^^^^ the same lifetime is hidden here
[INFO] [stdout]    |                                            |
[INFO] [stdout]    |                                            the lifetime is elided here
[INFO] [stdout]    |
[INFO] [stdout]    = help: the same lifetime is referred to in inconsistent ways, making the signature confusing
[INFO] [stdout] help: use `'_` for type paths
[INFO] [stdout]    |
[INFO] [stdout] 45 |     pub fn get_mut_component<C: Component>(&mut self) -> Option<RefMut<'_, C>> {
[INFO] [stdout]    |                                                                        +++
[INFO] [stdout] 
[INFO] [stdout] 
[INFO] [stderr]     Finished `release` profile [optimized] target(s) in 2.29s
[INFO] running `Command { std: "docker" "inspect" "139adb9ca9e64b850a38c273ee4206972e6cbb7b3e6837f84878669c1d3d8623", kill_on_drop: false }`
[INFO] running `Command { std: "docker" "exec" "-e" "SOURCE_DIR=/opt/rustwide/workdir" "-e" "CARGO_HOME=/opt/rustwide/cargo-home" "-e" "RUSTUP_HOME=/opt/rustwide/rustup-home" "-e" "CARGO_TARGET_DIR=/opt/rustwide/target" "-e" "CARGO_INCREMENTAL=0" "-e" "RUST_BACKTRACE=full" "-e" "RUSTFLAGS=--cap-lints=warn" "-e" "RUSTDOCFLAGS=--cap-lints=warn" "-w" "/opt/rustwide/workdir" "--user" "0:0" "139adb9ca9e64b850a38c273ee4206972e6cbb7b3e6837f84878669c1d3d8623" "/opt/rustwide/cargo-home/bin/cargo" "+1.98.0-beta.8" "test" "--frozen" "--release", kill_on_drop: false }`
[INFO] [stderr] warning: hiding a lifetime that's elided elsewhere is confusing
[INFO] [stderr]   --> src/entity.rs:24:40
[INFO] [stderr]    |
[INFO] [stderr] 24 |     pub fn get_component<C: Component>(&self) -> Option<Ref<C>> {
[INFO] [stderr]    |                                        ^^^^^            ^^^^^^ the same lifetime is hidden here
[INFO] [stderr]    |                                        |
[INFO] [stderr]    |                                        the lifetime is elided here
[INFO] [stderr]    |
[INFO] [stderr]    = help: the same lifetime is referred to in inconsistent ways, making the signature confusing
[INFO] [stderr]    = note: `#[warn(mismatched_lifetime_syntaxes)]` on by default
[INFO] [stderr] help: use `'_` for type paths
[INFO] [stderr]    |
[INFO] [stderr] 24 |     pub fn get_component<C: Component>(&self) -> Option<Ref<'_, C>> {
[INFO] [stderr]    |                                                             +++
[INFO] [stderr] 
[INFO] [stderr] warning: hiding a lifetime that's elided elsewhere is confusing
[INFO] [stderr]   --> src/entity.rs:45:44
[INFO] [stderr]    |
[INFO] [stderr] 45 |     pub fn get_mut_component<C: Component>(&mut self) -> Option<RefMut<C>> {
[INFO] [stderr]    |                                            ^^^^^^^^^            ^^^^^^^^^ the same lifetime is hidden here
[INFO] [stderr]    |                                            |
[INFO] [stderr]    |                                            the lifetime is elided here
[INFO] [stderr]    |
[INFO] [stderr]    = help: the same lifetime is referred to in inconsistent ways, making the signature confusing
[INFO] [stderr] help: use `'_` for type paths
[INFO] [stderr]    |
[INFO] [stderr] 45 |     pub fn get_mut_component<C: Component>(&mut self) -> Option<RefMut<'_, C>> {
[INFO] [stderr]    |                                                                        +++
[INFO] [stderr] 
[INFO] [stderr] warning: `daedelecs` (lib) generated 2 warnings (run `cargo fix --lib -p daedelecs` to apply 2 suggestions)
[INFO] [stderr] warning: `daedelecs` (lib test) generated 2 warnings (2 duplicates)
[INFO] [stderr]     Finished `release` profile [optimized] target(s) in 0.02s
[INFO] [stderr]      Running unittests src/lib.rs (/opt/rustwide/target/release/deps/daedelecs-d1642d7fa1784736)
[INFO] [stdout] 
[INFO] [stdout] running 4 tests
[INFO] [stdout] test tests::ecs_visual_test ... ok
[INFO] [stdout] test tests::sender_minimal_failing_test ... ok
[INFO] [stdout] test tests::test ... ok
[INFO] [stdout] test tests::entity_eligibility_test ... FAILED
[INFO] [stdout] 
[INFO] [stdout] failures:
[INFO] [stdout] 
[INFO] [stdout] ---- tests::entity_eligibility_test stdout ----
[INFO] [stdout] 
[INFO] [stdout] thread 'tests::entity_eligibility_test' (274) panicked at src/lib.rs:193:9:
[INFO] [stdout] assertion `left == right` failed
[INFO] [stdout]   left: true
[INFO] [stdout]  right: false
[INFO] [stdout] stack backtrace:
[INFO] [stdout]    0:     0x639f11a0e101 - <<std[97b98282bc616a66]::sys::backtrace::BacktraceLock>::print::DisplayBacktrace as core[832e9a552fc17241]::fmt::Display>::fmt
[INFO] [stdout]    1:     0x639f11a21e9a - core[832e9a552fc17241]::fmt::write
[INFO] [stdout]    2:     0x639f11a125bc - <alloc[3ecab9f82c41dc7d]::vec::Vec<u8> as std[97b98282bc616a66]::io::Write>::write_fmt
[INFO] [stdout]    3:     0x639f119ec826 - std[97b98282bc616a66]::panicking::default_hook::{closure#0}
[INFO] [stdout]    4:     0x639f11a06329 - std[97b98282bc616a66]::panicking::default_hook
[INFO] [stdout]    5:     0x639f119a1350 - test[39766f3d73431624]::test_main_inner::<test[39766f3d73431624]::test_main_static::{closure#0}>::{closure#0}
[INFO] [stdout]    6:     0x639f11a064e2 - std[97b98282bc616a66]::panicking::panic_with_hook
[INFO] [stdout]    7:     0x639f119ec8d2 - std[97b98282bc616a66]::panicking::panic_handler::{closure#0}
[INFO] [stdout]    8:     0x639f119e4229 - std[97b98282bc616a66]::sys::backtrace::__rust_end_short_backtrace::<std[97b98282bc616a66]::panicking::panic_handler::{closure#0}, !>
[INFO] [stdout]    9:     0x639f119ed4cd - __rustc[e3d8617bb01b7f69]::rust_begin_unwind
[INFO] [stdout]   10:     0x639f11a225fc - core[832e9a552fc17241]::panicking::panic_fmt
[INFO] [stdout]   11:     0x639f11a22513 - core[832e9a552fc17241]::panicking::assert_failed_inner
[INFO] [stdout]   12:     0x639f1198b78b - core[832e9a552fc17241]::panicking::assert_failed::<bool, bool>
[INFO] [stdout]   13:     0x639f11992b22 - daedelecs[41820e6b2d23cfa3]::tests::entity_eligibility_test
[INFO] [stdout]   14:     0x639f1198c779 - <daedelecs[41820e6b2d23cfa3]::tests::entity_eligibility_test::{closure#0} as core[832e9a552fc17241]::ops::function::FnOnce<()>>::call_once
[INFO] [stdout]   15:     0x639f1199468b - test[39766f3d73431624]::__rust_begin_short_backtrace::<core[832e9a552fc17241]::result::Result<(), alloc[3ecab9f82c41dc7d]::string::String>, fn() -> core[832e9a552fc17241]::result::Result<(), alloc[3ecab9f82c41dc7d]::string::String>>
[INFO] [stderr] error: test failed, to rerun pass `--lib`
[INFO] [stdout]   16:     0x639f119a1cd5 - test[39766f3d73431624]::run_test::{closure#0}
[INFO] [stdout]   17:     0x639f1199c784 - std[97b98282bc616a66]::sys::backtrace::__rust_begin_short_backtrace::<test[39766f3d73431624]::run_test::{closure#1}, ()>
[INFO] [stdout]   18:     0x639f119a4e22 - <std[97b98282bc616a66]::thread::lifecycle::spawn_unchecked<test[39766f3d73431624]::run_test::{closure#1}, ()>::{closure#1} as core[832e9a552fc17241]::ops::function::FnOnce<()>>::call_once::{shim:vtable#0}
[INFO] [stdout]   19:     0x639f11a0d98f - <std[97b98282bc616a66]::sys::thread::unix::Thread>::new::thread_start
[INFO] [stdout]   20:     0x7bded916107a - <unknown>
[INFO] [stdout]   21:     0x7bded91f4534 - clone
[INFO] [stdout]   22:                0x0 - <unknown>
[INFO] [stdout] 
[INFO] [stdout] 
[INFO] [stdout] failures:
[INFO] [stdout]     tests::entity_eligibility_test
[INFO] [stdout] 
[INFO] [stdout] test result: FAILED. 3 passed; 1 failed; 0 ignored; 0 measured; 0 filtered out; finished in 0.00s
[INFO] [stdout] 
[INFO] running `Command { std: "docker" "inspect" "139adb9ca9e64b850a38c273ee4206972e6cbb7b3e6837f84878669c1d3d8623", kill_on_drop: false }`
[INFO] running `Command { std: "docker" "rm" "-f" "139adb9ca9e64b850a38c273ee4206972e6cbb7b3e6837f84878669c1d3d8623", kill_on_drop: false }`
[INFO] [stdout] 139adb9ca9e64b850a38c273ee4206972e6cbb7b3e6837f84878669c1d3d8623
