[INFO] cloning repository https://github.com/schemehcs/rsassa-4096-pss-sha256
[INFO] running `Command { std: "git" "-c" "credential.helper=" "-c" "credential.helper=/workspace/cargo-home/bin/git-credential-null" "clone" "--bare" "https://github.com/schemehcs/rsassa-4096-pss-sha256" "/workspace/cache/git-repos/https%3A%2F%2Fgithub.com%2Fschemehcs%2Frsassa-4096-pss-sha256", kill_on_drop: false }`
[INFO] [stderr] Cloning into bare repository '/workspace/cache/git-repos/https%3A%2F%2Fgithub.com%2Fschemehcs%2Frsassa-4096-pss-sha256'...
[INFO] running `Command { std: "git" "rev-parse" "HEAD", kill_on_drop: false }`
[INFO] [stdout] 469478562251e7a976aa885de99fef9fbcce2d74
[INFO] testing schemehcs/rsassa-4096-pss-sha256 against 1.98.0-beta.8+cargoflags=--release for beta-release-1.99-2
[INFO] running `Command { std: "git" "clone" "/workspace/cache/git-repos/https%3A%2F%2Fgithub.com%2Fschemehcs%2Frsassa-4096-pss-sha256" "/workspace/builds/worker-5-tc1/source", kill_on_drop: false }`
[INFO] [stderr] Cloning into '/workspace/builds/worker-5-tc1/source'...
[INFO] [stderr] done.
[INFO] started tweaking git repo https://github.com/schemehcs/rsassa-4096-pss-sha256
[INFO] finished tweaking git repo https://github.com/schemehcs/rsassa-4096-pss-sha256
[INFO] tweaked toml for git repo https://github.com/schemehcs/rsassa-4096-pss-sha256 written to /workspace/builds/worker-5-tc1/source/Cargo.toml
[INFO] validating manifest of git repo https://github.com/schemehcs/rsassa-4096-pss-sha256 on toolchain 1.98.0-beta.8
[INFO] running `Command { std: CARGO_HOME="/workspace/cargo-home" RUSTUP_HOME="/workspace/rustup-home" "/workspace/cargo-home/bin/cargo" "+1.98.0-beta.8" "metadata" "--manifest-path" "Cargo.toml" "--no-deps", kill_on_drop: false }`
[INFO] crate git repo https://github.com/schemehcs/rsassa-4096-pss-sha256 already has a lockfile, it will not be regenerated
[INFO] running `Command { std: CARGO_HOME="/workspace/cargo-home" RUSTUP_HOME="/workspace/rustup-home" "/workspace/cargo-home/bin/cargo" "+1.98.0-beta.8" "fetch" "--manifest-path" "Cargo.toml", kill_on_drop: false }`
[INFO] [stderr]     Updating git repository `https://github.com/schemehcs/pss-sha256.git`
[INFO] [stderr]     Updating git repository `https://github.com/schemehcs/rsa-4096.git`
[INFO] [stderr]     Updating git repository `https://github.com/schemehcs/mgf1-sha256.git`
[INFO] [stderr]     Updating git repository `https://github.com/schemehcs/sha256.git`
[INFO] [stderr]     Updating crates.io index
[INFO] [stderr]     Blocking waiting for file lock on package cache
[INFO] [stderr]  Downloading crates ...
[INFO] [stderr]   Downloaded cpubits v0.1.1
[INFO] [stderr]   Downloaded crypto-primes v0.7.0
[INFO] [stderr]   Downloaded crypto-bigint v0.7.3
[INFO] running `Command { std: "docker" "create" "-v" "/var/lib/crater-agent-workspace/builds/worker-5-tc1/source:/opt/rustwide/workdir:ro,Z" "-v" "/var/lib/crater-agent-workspace/builds/worker-5-tc1/target:/opt/rustwide/target:rw,Z" "-v" "/var/lib/crater-agent-workspace/cargo-home:/opt/rustwide/cargo-home:ro,Z" "-v" "/var/lib/crater-agent-workspace/rustup-home:/opt/rustwide/rustup-home:ro,Z" "-m" "1610612736" "--network" "none" "ghcr.io/rust-lang/crates-build-env/linux@sha256:8683fc1fc2eb5c9ac98e0d076ab094b2ffac7f99da555d2b6a2e27f346de2ec7" "sleep" "infinity", kill_on_drop: false }`
[INFO] [stdout] daa843d6103baa45ef089aa2a3e4090852ad6fcb03b0ca49c9da9609e96a1302
[INFO] running `Command { std: "docker" "start" "daa843d6103baa45ef089aa2a3e4090852ad6fcb03b0ca49c9da9609e96a1302", kill_on_drop: false }`
[INFO] running `Command { std: "docker" "inspect" "daa843d6103baa45ef089aa2a3e4090852ad6fcb03b0ca49c9da9609e96a1302", kill_on_drop: false }`
[INFO] running `Command { std: "docker" "exec" "-e" "SOURCE_DIR=/opt/rustwide/workdir" "-e" "CARGO_HOME=/opt/rustwide/cargo-home" "-e" "RUSTUP_HOME=/opt/rustwide/rustup-home" "-e" "CARGO_TARGET_DIR=/opt/rustwide/target" "-w" "/opt/rustwide/workdir" "--user" "0:0" "daa843d6103baa45ef089aa2a3e4090852ad6fcb03b0ca49c9da9609e96a1302" "/opt/rustwide/cargo-home/bin/cargo" "+1.98.0-beta.8" "metadata" "--no-deps" "--format-version=1", kill_on_drop: false }`
[INFO] running `Command { std: "docker" "inspect" "daa843d6103baa45ef089aa2a3e4090852ad6fcb03b0ca49c9da9609e96a1302", kill_on_drop: false }`
[INFO] running `Command { std: "docker" "exec" "-e" "SOURCE_DIR=/opt/rustwide/workdir" "-e" "CARGO_HOME=/opt/rustwide/cargo-home" "-e" "RUSTUP_HOME=/opt/rustwide/rustup-home" "-e" "CARGO_TARGET_DIR=/opt/rustwide/target" "-e" "CARGO_INCREMENTAL=0" "-e" "RUST_BACKTRACE=full" "-e" "RUSTFLAGS=--cap-lints=warn" "-e" "RUSTDOCFLAGS=--cap-lints=warn" "-w" "/opt/rustwide/workdir" "--user" "0:0" "daa843d6103baa45ef089aa2a3e4090852ad6fcb03b0ca49c9da9609e96a1302" "/opt/rustwide/cargo-home/bin/cargo" "+1.98.0-beta.8" "build" "--frozen" "--message-format=json" "--release", kill_on_drop: false }`
[INFO] [stderr]    Compiling libc v0.2.186
[INFO] [stderr]    Compiling num-traits v0.2.19
[INFO] [stderr]    Compiling getrandom v0.4.2
[INFO] [stderr]    Compiling libm v0.2.16
[INFO] [stderr]    Compiling cpufeatures v0.3.0
[INFO] [stderr]    Compiling cmov v0.5.3
[INFO] [stderr]    Compiling cpubits v0.1.1
[INFO] [stderr]    Compiling sha256 v0.1.0 (https://github.com/schemehcs/sha256.git#45eb5688)
[INFO] [stderr]    Compiling chacha20 v0.10.0
[INFO] [stderr]    Compiling mgf1-sha256 v0.1.0 (https://github.com/schemehcs/mgf1-sha256.git#87c1f645)
[INFO] [stderr]    Compiling ctutils v0.4.2
[INFO] [stderr]    Compiling crypto-bigint v0.7.3
[INFO] [stderr]    Compiling rand v0.10.1
[INFO] [stderr]    Compiling pss-sha256 v0.1.0 (https://github.com/schemehcs/pss-sha256.git#3e9f1690)
[INFO] [stderr]    Compiling crypto-primes v0.7.0
[INFO] [stderr]    Compiling rsa-4096 v0.1.0 (https://github.com/schemehcs/rsa-4096.git#04cf2ea1)
[INFO] [stderr]    Compiling rsassa-4096-pss-sha256 v0.1.0 (/opt/rustwide/workdir)
[INFO] [stderr]     Finished `release` profile [optimized] target(s) in 9.41s
[INFO] running `Command { std: "docker" "inspect" "daa843d6103baa45ef089aa2a3e4090852ad6fcb03b0ca49c9da9609e96a1302", kill_on_drop: false }`
[INFO] running `Command { std: "docker" "exec" "-e" "SOURCE_DIR=/opt/rustwide/workdir" "-e" "CARGO_HOME=/opt/rustwide/cargo-home" "-e" "RUSTUP_HOME=/opt/rustwide/rustup-home" "-e" "CARGO_TARGET_DIR=/opt/rustwide/target" "-e" "CARGO_INCREMENTAL=0" "-e" "RUST_BACKTRACE=full" "-e" "RUSTFLAGS=--cap-lints=warn" "-e" "RUSTDOCFLAGS=--cap-lints=warn" "-w" "/opt/rustwide/workdir" "--user" "0:0" "daa843d6103baa45ef089aa2a3e4090852ad6fcb03b0ca49c9da9609e96a1302" "/opt/rustwide/cargo-home/bin/cargo" "+1.98.0-beta.8" "test" "--frozen" "--no-run" "--message-format=json" "--release", kill_on_drop: false }`
[INFO] [stderr]    Compiling rsassa-4096-pss-sha256 v0.1.0 (/opt/rustwide/workdir)
[INFO] [stderr]     Finished `release` profile [optimized] target(s) in 0.41s
[INFO] running `Command { std: "docker" "inspect" "daa843d6103baa45ef089aa2a3e4090852ad6fcb03b0ca49c9da9609e96a1302", kill_on_drop: false }`
[INFO] running `Command { std: "docker" "exec" "-e" "SOURCE_DIR=/opt/rustwide/workdir" "-e" "CARGO_HOME=/opt/rustwide/cargo-home" "-e" "RUSTUP_HOME=/opt/rustwide/rustup-home" "-e" "CARGO_TARGET_DIR=/opt/rustwide/target" "-e" "CARGO_INCREMENTAL=0" "-e" "RUST_BACKTRACE=full" "-e" "RUSTFLAGS=--cap-lints=warn" "-e" "RUSTDOCFLAGS=--cap-lints=warn" "-w" "/opt/rustwide/workdir" "--user" "0:0" "daa843d6103baa45ef089aa2a3e4090852ad6fcb03b0ca49c9da9609e96a1302" "/opt/rustwide/cargo-home/bin/cargo" "+1.98.0-beta.8" "test" "--frozen" "--release", kill_on_drop: false }`
[INFO] [stderr]     Finished `release` profile [optimized] target(s) in 0.08s
[INFO] [stderr]      Running unittests src/lib.rs (/opt/rustwide/target/release/deps/rsassa_4096_pss_sha256-1fd041b79aa01789)
[INFO] [stdout] 
[INFO] [stdout] running 3 tests
[INFO] [stdout] test tests::tampered_message ... ok
[INFO] [stdout] test tests::diff_key ... FAILED
[INFO] [stdout] test tests::roundtrip_basic ... ok
[INFO] [stdout] 
[INFO] [stdout] failures:
[INFO] [stdout] 
[INFO] [stdout] ---- tests::diff_key stdout ----
[INFO] [stdout] 
[INFO] [stdout] thread 'tests::diff_key' (476) panicked at src/lib.rs:57:9:
[INFO] [stdout] assertion failed: sign_result.is_ok()
[INFO] [stdout] stack backtrace:
[INFO] [stdout]    0:     0x569f7e1678f1 - <<std[97b98282bc616a66]::sys::backtrace::BacktraceLock>::print::DisplayBacktrace as core[832e9a552fc17241]::fmt::Display>::fmt
[INFO] [stdout]    1:     0x569f7e17b63a - core[832e9a552fc17241]::fmt::write
[INFO] [stdout]    2:     0x569f7e16bdac - <alloc[3ecab9f82c41dc7d]::vec::Vec<u8> as std[97b98282bc616a66]::io::Write>::write_fmt
[INFO] [stdout]    3:     0x569f7e145f56 - std[97b98282bc616a66]::panicking::default_hook::{closure#0}
[INFO] [stdout]    4:     0x569f7e15fa59 - std[97b98282bc616a66]::panicking::default_hook
[INFO] [stdout]    5:     0x569f7e0cc5e0 - test[39766f3d73431624]::test_main_inner::<test[39766f3d73431624]::test_main_static::{closure#0}>::{closure#0}
[INFO] [stdout]    6:     0x569f7e15fc12 - std[97b98282bc616a66]::panicking::panic_with_hook
[INFO] [stdout]    7:     0x569f7e146034 - std[97b98282bc616a66]::panicking::panic_handler::{closure#0}
[INFO] [stdout]    8:     0x569f7e13d959 - std[97b98282bc616a66]::sys::backtrace::__rust_end_short_backtrace::<std[97b98282bc616a66]::panicking::panic_handler::{closure#0}, !>
[INFO] [stdout]    9:     0x569f7e146bfd - __rustc[e3d8617bb01b7f69]::rust_begin_unwind
[INFO] [stdout]   10:     0x569f7e17bd6c - core[832e9a552fc17241]::panicking::panic_fmt
[INFO] [stdout]   11:     0x569f7e17bd32 - core[832e9a552fc17241]::panicking::panic
[INFO] [stdout]   12:     0x569f7e0bcc3b - <rsassa_4096_pss_sha256[564820bb8e5585aa]::tests::diff_key::{closure#0} as core[832e9a552fc17241]::ops::function::FnOnce<()>>::call_once
[INFO] [stdout]   13:     0x569f7e0bf91b - test[39766f3d73431624]::__rust_begin_short_backtrace::<core[832e9a552fc17241]::result::Result<(), alloc[3ecab9f82c41dc7d]::string::String>, fn() -> core[832e9a552fc17241]::result::Result<(), alloc[3ecab9f82c41dc7d]::string::String>>
[INFO] [stdout]   14:     0x569f7e0ccf65 - test[39766f3d73431624]::run_test::{closure#0}
[INFO] [stdout]   15:     0x569f7e0c7a14 - std[97b98282bc616a66]::sys::backtrace::__rust_begin_short_backtrace::<test[39766f3d73431624]::run_test::{closure#1}, ()>
[INFO] [stdout]   16:     0x569f7e0d00b2 - <std[97b98282bc616a66]::thread::lifecycle::spawn_unchecked<test[39766f3d73431624]::run_test::{closure#1}, ()>::{closure#1} as core[832e9a552fc17241]::ops::function::FnOnce<()>>::call_once::{shim:vtable#0}
[INFO] [stdout]   17:     0x569f7e16717f - <std[97b98282bc616a66]::sys::thread::unix::Thread>::new::thread_start
[INFO] [stdout]   18:     0x79167ef7e07a - <unknown>
[INFO] [stdout]   19:     0x79167f011534 - clone
[INFO] [stdout]   20:                0x0 - <unknown>
[INFO] [stdout] 
[INFO] [stdout] 
[INFO] [stdout] failures:
[INFO] [stdout]     tests::diff_key
[INFO] [stdout] 
[INFO] [stdout] test result: FAILED. 2 passed; 1 failed; 0 ignored; 0 measured; 0 filtered out; finished in 10.59s
[INFO] [stdout] 
[INFO] [stderr] error: test failed, to rerun pass `--lib`
[INFO] running `Command { std: "docker" "inspect" "daa843d6103baa45ef089aa2a3e4090852ad6fcb03b0ca49c9da9609e96a1302", kill_on_drop: false }`
[INFO] running `Command { std: "docker" "rm" "-f" "daa843d6103baa45ef089aa2a3e4090852ad6fcb03b0ca49c9da9609e96a1302", kill_on_drop: false }`
[INFO] [stdout] daa843d6103baa45ef089aa2a3e4090852ad6fcb03b0ca49c9da9609e96a1302
