[INFO] cloning repository https://github.com/linnyh/jump
[INFO] running `Command { std: "git" "-c" "credential.helper=" "-c" "credential.helper=/workspace/cargo-home/bin/git-credential-null" "clone" "--bare" "https://github.com/linnyh/jump" "/workspace/cache/git-repos/https%3A%2F%2Fgithub.com%2Flinnyh%2Fjump", kill_on_drop: false }`
[INFO] [stderr] Cloning into bare repository '/workspace/cache/git-repos/https%3A%2F%2Fgithub.com%2Flinnyh%2Fjump'...
[INFO] running `Command { std: "git" "rev-parse" "HEAD", kill_on_drop: false }`
[INFO] [stdout] 1ca72e0fe08715c75ba76f67f481969d5da14e5c
[INFO] testing linnyh/jump against 1.98.0-beta.8+cargoflags=--release for beta-release-1.99-2
[INFO] running `Command { std: "git" "clone" "/workspace/cache/git-repos/https%3A%2F%2Fgithub.com%2Flinnyh%2Fjump" "/workspace/builds/worker-4-tc1/source", kill_on_drop: false }`
[INFO] [stderr] Cloning into '/workspace/builds/worker-4-tc1/source'...
[INFO] [stderr] done.
[INFO] started tweaking git repo https://github.com/linnyh/jump
[INFO] finished tweaking git repo https://github.com/linnyh/jump
[INFO] tweaked toml for git repo https://github.com/linnyh/jump written to /workspace/builds/worker-4-tc1/source/Cargo.toml
[INFO] validating manifest of git repo https://github.com/linnyh/jump on toolchain 1.98.0-beta.8
[INFO] running `Command { std: CARGO_HOME="/workspace/cargo-home" RUSTUP_HOME="/workspace/rustup-home" "/workspace/cargo-home/bin/cargo" "+1.98.0-beta.8" "metadata" "--manifest-path" "Cargo.toml" "--no-deps", kill_on_drop: false }`
[INFO] crate git repo https://github.com/linnyh/jump already has a lockfile, it will not be regenerated
[INFO] running `Command { std: CARGO_HOME="/workspace/cargo-home" RUSTUP_HOME="/workspace/rustup-home" "/workspace/cargo-home/bin/cargo" "+1.98.0-beta.8" "fetch" "--manifest-path" "Cargo.toml", kill_on_drop: false }`
[INFO] [stderr]  Downloading crates ...
[INFO] [stderr]   Downloaded clap_derive v4.4.7
[INFO] [stderr]   Downloaded clap_lex v0.6.0
[INFO] [stderr]   Downloaded clap_builder v4.4.18
[INFO] [stderr]   Downloaded clap v4.4.18
[INFO] running `Command { std: "docker" "create" "-v" "/var/lib/crater-agent-workspace/builds/worker-4-tc1/source:/opt/rustwide/workdir:ro,Z" "-v" "/var/lib/crater-agent-workspace/builds/worker-4-tc1/target:/opt/rustwide/target:rw,Z" "-v" "/var/lib/crater-agent-workspace/cargo-home:/opt/rustwide/cargo-home:ro,Z" "-v" "/var/lib/crater-agent-workspace/rustup-home:/opt/rustwide/rustup-home:ro,Z" "-m" "1610612736" "--network" "none" "ghcr.io/rust-lang/crates-build-env/linux@sha256:8683fc1fc2eb5c9ac98e0d076ab094b2ffac7f99da555d2b6a2e27f346de2ec7" "sleep" "infinity", kill_on_drop: false }`
[INFO] [stdout] 109d4332b59edc81a577adc1d77bdf005638cf6a2f69df0fcc79d8ca5e20484f
[INFO] running `Command { std: "docker" "start" "109d4332b59edc81a577adc1d77bdf005638cf6a2f69df0fcc79d8ca5e20484f", kill_on_drop: false }`
[INFO] running `Command { std: "docker" "inspect" "109d4332b59edc81a577adc1d77bdf005638cf6a2f69df0fcc79d8ca5e20484f", kill_on_drop: false }`
[INFO] running `Command { std: "docker" "exec" "-e" "SOURCE_DIR=/opt/rustwide/workdir" "-e" "CARGO_HOME=/opt/rustwide/cargo-home" "-e" "RUSTUP_HOME=/opt/rustwide/rustup-home" "-e" "CARGO_TARGET_DIR=/opt/rustwide/target" "-w" "/opt/rustwide/workdir" "--user" "0:0" "109d4332b59edc81a577adc1d77bdf005638cf6a2f69df0fcc79d8ca5e20484f" "/opt/rustwide/cargo-home/bin/cargo" "+1.98.0-beta.8" "metadata" "--no-deps" "--format-version=1", kill_on_drop: false }`
[INFO] running `Command { std: "docker" "inspect" "109d4332b59edc81a577adc1d77bdf005638cf6a2f69df0fcc79d8ca5e20484f", kill_on_drop: false }`
[INFO] running `Command { std: "docker" "exec" "-e" "SOURCE_DIR=/opt/rustwide/workdir" "-e" "CARGO_HOME=/opt/rustwide/cargo-home" "-e" "RUSTUP_HOME=/opt/rustwide/rustup-home" "-e" "CARGO_TARGET_DIR=/opt/rustwide/target" "-e" "CARGO_INCREMENTAL=0" "-e" "RUST_BACKTRACE=full" "-e" "RUSTFLAGS=--cap-lints=warn" "-e" "RUSTDOCFLAGS=--cap-lints=warn" "-w" "/opt/rustwide/workdir" "--user" "0:0" "109d4332b59edc81a577adc1d77bdf005638cf6a2f69df0fcc79d8ca5e20484f" "/opt/rustwide/cargo-home/bin/cargo" "+1.98.0-beta.8" "build" "--frozen" "--message-format=json" "--release", kill_on_drop: false }`
[INFO] [stderr]    Compiling libc v0.2.183
[INFO] [stderr]    Compiling clap_lex v0.6.0
[INFO] [stderr]    Compiling syn v2.0.117
[INFO] [stderr]    Compiling anstream v0.6.21
[INFO] [stderr]    Compiling option-ext v0.2.0
[INFO] [stderr]    Compiling thread_local v1.1.9
[INFO] [stderr]    Compiling iana-time-zone v0.1.65
[INFO] [stderr]    Compiling fuzzy-matcher v0.3.7
[INFO] [stderr]    Compiling clap_builder v4.4.18
[INFO] [stderr]    Compiling dirs-sys v0.4.1
[INFO] [stderr]    Compiling dirs v5.0.1
[INFO] [stderr]    Compiling serde_derive v1.0.228
[INFO] [stderr]    Compiling clap_derive v4.4.7
[INFO] [stderr]    Compiling clap v4.4.18
[INFO] [stderr]    Compiling serde v1.0.228
[INFO] [stderr]    Compiling chrono v0.4.44
[INFO] [stderr]    Compiling jump v0.1.1 (/opt/rustwide/workdir)
[INFO] [stderr]     Finished `release` profile [optimized] target(s) in 42.84s
[INFO] running `Command { std: "docker" "inspect" "109d4332b59edc81a577adc1d77bdf005638cf6a2f69df0fcc79d8ca5e20484f", kill_on_drop: false }`
[INFO] running `Command { std: "docker" "exec" "-e" "SOURCE_DIR=/opt/rustwide/workdir" "-e" "CARGO_HOME=/opt/rustwide/cargo-home" "-e" "RUSTUP_HOME=/opt/rustwide/rustup-home" "-e" "CARGO_TARGET_DIR=/opt/rustwide/target" "-e" "CARGO_INCREMENTAL=0" "-e" "RUST_BACKTRACE=full" "-e" "RUSTFLAGS=--cap-lints=warn" "-e" "RUSTDOCFLAGS=--cap-lints=warn" "-w" "/opt/rustwide/workdir" "--user" "0:0" "109d4332b59edc81a577adc1d77bdf005638cf6a2f69df0fcc79d8ca5e20484f" "/opt/rustwide/cargo-home/bin/cargo" "+1.98.0-beta.8" "test" "--frozen" "--no-run" "--message-format=json" "--release", kill_on_drop: false }`
[INFO] [stderr]    Compiling jump v0.1.1 (/opt/rustwide/workdir)
[INFO] [stderr]     Finished `release` profile [optimized] target(s) in 3.61s
[INFO] running `Command { std: "docker" "inspect" "109d4332b59edc81a577adc1d77bdf005638cf6a2f69df0fcc79d8ca5e20484f", kill_on_drop: false }`
[INFO] running `Command { std: "docker" "exec" "-e" "SOURCE_DIR=/opt/rustwide/workdir" "-e" "CARGO_HOME=/opt/rustwide/cargo-home" "-e" "RUSTUP_HOME=/opt/rustwide/rustup-home" "-e" "CARGO_TARGET_DIR=/opt/rustwide/target" "-e" "CARGO_INCREMENTAL=0" "-e" "RUST_BACKTRACE=full" "-e" "RUSTFLAGS=--cap-lints=warn" "-e" "RUSTDOCFLAGS=--cap-lints=warn" "-w" "/opt/rustwide/workdir" "--user" "0:0" "109d4332b59edc81a577adc1d77bdf005638cf6a2f69df0fcc79d8ca5e20484f" "/opt/rustwide/cargo-home/bin/cargo" "+1.98.0-beta.8" "test" "--frozen" "--release", kill_on_drop: false }`
[INFO] [stderr]     Finished `release` profile [optimized] target(s) in 0.06s
[INFO] [stderr]      Running unittests src/main.rs (/opt/rustwide/target/release/deps/j-aa1a84697b93ff67)
[INFO] [stdout] 
[INFO] [stdout] running 20 tests
[INFO] [stdout] test commands::project::tests::test_fuzzy_match_projects ... ok
[INFO] [stdout] test config::tests::test_bookmarks_path ... ok
[INFO] [stdout] test config::tests::test_config_dir ... ok
[INFO] [stdout] test commands::project::tests::test_get_project_name ... ok
[INFO] [stdout] test commands::project::tests::test_find_project_root_no_marker ... ok
[INFO] [stdout] test commands::project::tests::test_project_markers_defined ... ok
[INFO] [stdout] test core::matcher::tests::test_camel_case_match ... ok
[INFO] [stdout] test core::jumper::tests::test_cd_script_format ... ok
[INFO] [stdout] test config::tests::test_history_path ... ok
[INFO] [stdout] test core::storage::tests::test_backup_on_save ... ok
[INFO] [stdout] test core::storage::tests::test_load_nonexistent_history ... ok
[INFO] [stdout] test core::jumper::tests::test_shell_escape_simple ... ok
[INFO] [stdout] test core::jumper::tests::test_shell_escape_with_space ... ok
[INFO] [stdout] test core::matcher::tests::test_exact_match_high_score ... ok
[INFO] [stdout] test core::storage::tests::test_load_nonexistent_file ... FAILED
[INFO] [stdout] test core::storage::tests::test_save_and_load_bookmarks ... ok
[INFO] [stdout] test core::storage::tests::test_save_and_load_history ... ok
[INFO] [stdout] test core::matcher::tests::test_consecutive_match_bonus ... ok
[INFO] [stdout] test core::matcher::tests::test_frequency_bonus ... ok
[INFO] [stdout] test core::matcher::tests::test_no_match ... ok
[INFO] [stdout] 
[INFO] [stdout] failures:
[INFO] [stdout] 
[INFO] [stdout] ---- core::storage::tests::test_load_nonexistent_file stdout ----
[INFO] [stdout] 
[INFO] [stdout] thread 'core::storage::tests::test_load_nonexistent_file' (512) panicked at src/core/storage.rs:224:9:
[INFO] [stdout] assertion failed: result.unwrap().is_empty()
[INFO] [stdout] stack backtrace:
[INFO] [stdout]    0:     0x619a555abae1 - <<std[97b98282bc616a66]::sys::backtrace::BacktraceLock>::print::DisplayBacktrace as core[832e9a552fc17241]::fmt::Display>::fmt
[INFO] [stdout]    1:     0x619a555bffca - core[832e9a552fc17241]::fmt::write
[INFO] [stdout]    2:     0x619a555affbc - <alloc[3ecab9f82c41dc7d]::vec::Vec<u8> as std[97b98282bc616a66]::io::Write>::write_fmt
[INFO] [stdout]    3:     0x619a55587ef6 - std[97b98282bc616a66]::panicking::default_hook::{closure#0}
[INFO] [stdout]    4:     0x619a555a29c9 - std[97b98282bc616a66]::panicking::default_hook
[INFO] [stdout]    5:     0x619a55538b30 - test[39766f3d73431624]::test_main_inner::<test[39766f3d73431624]::test_main_static::{closure#0}>::{closure#0}
[INFO] [stdout]    6:     0x619a555a2b82 - std[97b98282bc616a66]::panicking::panic_with_hook
[INFO] [stdout]    7:     0x619a55587fd4 - std[97b98282bc616a66]::panicking::panic_handler::{closure#0}
[INFO] [stdout]    8:     0x619a5557f649 - std[97b98282bc616a66]::sys::backtrace::__rust_end_short_backtrace::<std[97b98282bc616a66]::panicking::panic_handler::{closure#0}, !>
[INFO] [stdout]    9:     0x619a55588b9d - __rustc[e3d8617bb01b7f69]::rust_begin_unwind
[INFO] [stdout]   10:     0x619a555c06fc - core[832e9a552fc17241]::panicking::panic_fmt
[INFO] [stdout]   11:     0x619a555c06c2 - core[832e9a552fc17241]::panicking::panic
[INFO] [stdout]   12:     0x619a55520005 - j[d6845fc8263ab0ec]::core::storage::tests::test_load_nonexistent_file
[INFO] [stdout]   13:     0x619a5551e4e9 - <j[d6845fc8263ab0ec]::core::storage::tests::test_load_nonexistent_file::{closure#0} as core[832e9a552fc17241]::ops::function::FnOnce<()>>::call_once
[INFO] [stdout]   14:     0x619a5552be6b - test[39766f3d73431624]::__rust_begin_short_backtrace::<core[832e9a552fc17241]::result::Result<(), alloc[3ecab9f82c41dc7d]::string::String>, fn() -> core[832e9a552fc17241]::result::Result<(), alloc[3ecab9f82c41dc7d]::string::String>>
[INFO] [stdout]   15:     0x619a555394b5 - test[39766f3d73431624]::run_test::{closure#0}
[INFO] [stdout]   16:     0x619a55533f64 - std[97b98282bc616a66]::sys::backtrace::__rust_begin_short_backtrace::<test[39766f3d73431624]::run_test::{closure#1}, ()>
[INFO] [stdout]   17:     0x619a5553c602 - <std[97b98282bc616a66]::thread::lifecycle::spawn_unchecked<test[39766f3d73431624]::run_test::{closure#1}, ()>::{closure#1} as core[832e9a552fc17241]::ops::function::FnOnce<()>>::call_once::{shim:vtable#0}
[INFO] [stdout]   18:     0x619a555aad3f - <std[97b98282bc616a66]::sys::thread::unix::Thread>::new::thread_start
[INFO] [stdout]   19:     0x7247434ac07a - <unknown>
[INFO] [stdout]   20:     0x72474353f534 - clone
[INFO] [stdout]   21:                0x0 - <unknown>
[INFO] [stdout] 
[INFO] [stdout] 
[INFO] [stdout] failures:
[INFO] [stdout]     core::storage::tests::test_load_nonexistent_file
[INFO] [stdout] 
[INFO] [stdout] test result: FAILED. 19 passed; 1 failed; 0 ignored; 0 measured; 0 filtered out; finished in 0.01s
[INFO] [stdout] 
[INFO] [stderr] error: test failed, to rerun pass `--bin j`
[INFO] running `Command { std: "docker" "inspect" "109d4332b59edc81a577adc1d77bdf005638cf6a2f69df0fcc79d8ca5e20484f", kill_on_drop: false }`
[INFO] running `Command { std: "docker" "rm" "-f" "109d4332b59edc81a577adc1d77bdf005638cf6a2f69df0fcc79d8ca5e20484f", kill_on_drop: false }`
[INFO] [stdout] 109d4332b59edc81a577adc1d77bdf005638cf6a2f69df0fcc79d8ca5e20484f
