[INFO] cloning repository https://github.com/kcosr/shell-command-guard
[INFO] running `Command { std: "git" "-c" "credential.helper=" "-c" "credential.helper=/workspace/cargo-home/bin/git-credential-null" "clone" "--bare" "https://github.com/kcosr/shell-command-guard" "/workspace/cache/git-repos/https%3A%2F%2Fgithub.com%2Fkcosr%2Fshell-command-guard", kill_on_drop: false }`
[INFO] [stderr] Cloning into bare repository '/workspace/cache/git-repos/https%3A%2F%2Fgithub.com%2Fkcosr%2Fshell-command-guard'...
[INFO] running `Command { std: "git" "rev-parse" "HEAD", kill_on_drop: false }`
[INFO] [stdout] f446ab1f6273576ecb400d9dc5b5d1b625b63ebf
[INFO] testing kcosr/shell-command-guard against 1.98.0-beta.8+cargoflags=--release for beta-release-1.99-2
[INFO] running `Command { std: "git" "clone" "/workspace/cache/git-repos/https%3A%2F%2Fgithub.com%2Fkcosr%2Fshell-command-guard" "/workspace/builds/worker-6-tc1/source", kill_on_drop: false }`
[INFO] [stderr] Cloning into '/workspace/builds/worker-6-tc1/source'...
[INFO] [stderr] done.
[INFO] started tweaking git repo https://github.com/kcosr/shell-command-guard
[INFO] finished tweaking git repo https://github.com/kcosr/shell-command-guard
[INFO] tweaked toml for git repo https://github.com/kcosr/shell-command-guard written to /workspace/builds/worker-6-tc1/source/Cargo.toml
[INFO] validating manifest of git repo https://github.com/kcosr/shell-command-guard on toolchain 1.98.0-beta.8
[INFO] running `Command { std: CARGO_HOME="/workspace/cargo-home" RUSTUP_HOME="/workspace/rustup-home" "/workspace/cargo-home/bin/cargo" "+1.98.0-beta.8" "metadata" "--manifest-path" "Cargo.toml" "--no-deps", kill_on_drop: false }`
[INFO] crate git repo https://github.com/kcosr/shell-command-guard already has a lockfile, it will not be regenerated
[INFO] running `Command { std: CARGO_HOME="/workspace/cargo-home" RUSTUP_HOME="/workspace/rustup-home" "/workspace/cargo-home/bin/cargo" "+1.98.0-beta.8" "fetch" "--manifest-path" "Cargo.toml", kill_on_drop: false }`
[INFO] [stderr]  Downloading crates ...
[INFO] [stderr]   Downloaded num-conv v0.2.1
[INFO] running `Command { std: "docker" "create" "-v" "/var/lib/crater-agent-workspace/builds/worker-6-tc1/source:/opt/rustwide/workdir:ro,Z" "-v" "/var/lib/crater-agent-workspace/builds/worker-6-tc1/target:/opt/rustwide/target:rw,Z" "-v" "/var/lib/crater-agent-workspace/cargo-home:/opt/rustwide/cargo-home:ro,Z" "-v" "/var/lib/crater-agent-workspace/rustup-home:/opt/rustwide/rustup-home:ro,Z" "-m" "1610612736" "--network" "none" "ghcr.io/rust-lang/crates-build-env/linux@sha256:8683fc1fc2eb5c9ac98e0d076ab094b2ffac7f99da555d2b6a2e27f346de2ec7" "sleep" "infinity", kill_on_drop: false }`
[INFO] [stdout] 245d4f8d534a8005ffbcca454d619cb440782708223af4a17e03f9f9f67f43eb
[INFO] running `Command { std: "docker" "start" "245d4f8d534a8005ffbcca454d619cb440782708223af4a17e03f9f9f67f43eb", kill_on_drop: false }`
[INFO] running `Command { std: "docker" "inspect" "245d4f8d534a8005ffbcca454d619cb440782708223af4a17e03f9f9f67f43eb", kill_on_drop: false }`
[INFO] running `Command { std: "docker" "exec" "-e" "SOURCE_DIR=/opt/rustwide/workdir" "-e" "CARGO_HOME=/opt/rustwide/cargo-home" "-e" "RUSTUP_HOME=/opt/rustwide/rustup-home" "-e" "CARGO_TARGET_DIR=/opt/rustwide/target" "-w" "/opt/rustwide/workdir" "--user" "0:0" "245d4f8d534a8005ffbcca454d619cb440782708223af4a17e03f9f9f67f43eb" "/opt/rustwide/cargo-home/bin/cargo" "+1.98.0-beta.8" "metadata" "--no-deps" "--format-version=1", kill_on_drop: false }`
[INFO] running `Command { std: "docker" "inspect" "245d4f8d534a8005ffbcca454d619cb440782708223af4a17e03f9f9f67f43eb", kill_on_drop: false }`
[INFO] running `Command { std: "docker" "exec" "-e" "SOURCE_DIR=/opt/rustwide/workdir" "-e" "CARGO_HOME=/opt/rustwide/cargo-home" "-e" "RUSTUP_HOME=/opt/rustwide/rustup-home" "-e" "CARGO_TARGET_DIR=/opt/rustwide/target" "-e" "CARGO_INCREMENTAL=0" "-e" "RUST_BACKTRACE=full" "-e" "RUSTFLAGS=--cap-lints=warn" "-e" "RUSTDOCFLAGS=--cap-lints=warn" "-w" "/opt/rustwide/workdir" "--user" "0:0" "245d4f8d534a8005ffbcca454d619cb440782708223af4a17e03f9f9f67f43eb" "/opt/rustwide/cargo-home/bin/cargo" "+1.98.0-beta.8" "build" "--frozen" "--message-format=json" "--release", kill_on_drop: false }`
[INFO] [stderr]    Compiling memchr v2.8.0
[INFO] [stderr]    Compiling serde_core v1.0.228
[INFO] [stderr]    Compiling regex-syntax v0.8.10
[INFO] [stderr]    Compiling serde_json v1.0.149
[INFO] [stderr]    Compiling deranged v0.5.8
[INFO] [stderr]    Compiling time-core v0.1.8
[INFO] [stderr]    Compiling num-conv v0.2.1
[INFO] [stderr]    Compiling shell-words v1.1.1
[INFO] [stderr]    Compiling syn v2.0.117
[INFO] [stderr]    Compiling wait-timeout v0.2.1
[INFO] [stderr]    Compiling aho-corasick v1.1.4
[INFO] [stderr]    Compiling serde_derive v1.0.228
[INFO] [stderr]    Compiling thiserror-impl v1.0.69
[INFO] [stderr]    Compiling clap_derive v4.6.1
[INFO] [stderr]    Compiling time v0.3.47
[INFO] [stderr]    Compiling regex-automata v0.4.14
[INFO] [stderr]    Compiling thiserror v1.0.69
[INFO] [stderr]    Compiling clap v4.6.1
[INFO] [stderr]    Compiling serde v1.0.228
[INFO] [stderr]    Compiling toml_datetime v0.6.11
[INFO] [stderr]    Compiling serde_spanned v0.6.9
[INFO] [stderr]    Compiling toml_edit v0.22.27
[INFO] [stderr]    Compiling regex v1.12.3
[INFO] [stderr]    Compiling toml v0.8.23
[INFO] [stderr]    Compiling shell-command-guard v0.1.1 (/opt/rustwide/workdir)
[INFO] [stderr]     Finished `release` profile [optimized] target(s) in 43.68s
[INFO] running `Command { std: "docker" "inspect" "245d4f8d534a8005ffbcca454d619cb440782708223af4a17e03f9f9f67f43eb", kill_on_drop: false }`
[INFO] running `Command { std: "docker" "exec" "-e" "SOURCE_DIR=/opt/rustwide/workdir" "-e" "CARGO_HOME=/opt/rustwide/cargo-home" "-e" "RUSTUP_HOME=/opt/rustwide/rustup-home" "-e" "CARGO_TARGET_DIR=/opt/rustwide/target" "-e" "CARGO_INCREMENTAL=0" "-e" "RUST_BACKTRACE=full" "-e" "RUSTFLAGS=--cap-lints=warn" "-e" "RUSTDOCFLAGS=--cap-lints=warn" "-w" "/opt/rustwide/workdir" "--user" "0:0" "245d4f8d534a8005ffbcca454d619cb440782708223af4a17e03f9f9f67f43eb" "/opt/rustwide/cargo-home/bin/cargo" "+1.98.0-beta.8" "test" "--frozen" "--no-run" "--message-format=json" "--release", kill_on_drop: false }`
[INFO] [stderr]    Compiling num-traits v0.2.19
[INFO] [stderr]    Compiling regex-automata v0.4.14
[INFO] [stderr]    Compiling getrandom v0.4.2
[INFO] [stderr]    Compiling rustix v1.1.4
[INFO] [stderr]    Compiling bitflags v2.11.1
[INFO] [stderr]    Compiling normalize-line-endings v0.3.0
[INFO] [stderr]    Compiling assert_cmd v2.2.2
[INFO] [stderr]    Compiling difflib v0.4.0
[INFO] [stderr]    Compiling termtree v0.5.1
[INFO] [stderr]    Compiling once_cell v1.21.4
[INFO] [stderr]    Compiling predicates-tree v1.0.13
[INFO] [stderr]    Compiling float-cmp v0.10.0
[INFO] [stderr]    Compiling tempfile v3.27.0
[INFO] [stderr]    Compiling regex v1.12.3
[INFO] [stderr]    Compiling bstr v1.12.1
[INFO] [stderr]    Compiling predicates v3.1.4
[INFO] [stderr]    Compiling shell-command-guard v0.1.1 (/opt/rustwide/workdir)
[INFO] [stderr]     Finished `release` profile [optimized] target(s) in 32.59s
[INFO] running `Command { std: "docker" "inspect" "245d4f8d534a8005ffbcca454d619cb440782708223af4a17e03f9f9f67f43eb", kill_on_drop: false }`
[INFO] running `Command { std: "docker" "exec" "-e" "SOURCE_DIR=/opt/rustwide/workdir" "-e" "CARGO_HOME=/opt/rustwide/cargo-home" "-e" "RUSTUP_HOME=/opt/rustwide/rustup-home" "-e" "CARGO_TARGET_DIR=/opt/rustwide/target" "-e" "CARGO_INCREMENTAL=0" "-e" "RUST_BACKTRACE=full" "-e" "RUSTFLAGS=--cap-lints=warn" "-e" "RUSTDOCFLAGS=--cap-lints=warn" "-w" "/opt/rustwide/workdir" "--user" "0:0" "245d4f8d534a8005ffbcca454d619cb440782708223af4a17e03f9f9f67f43eb" "/opt/rustwide/cargo-home/bin/cargo" "+1.98.0-beta.8" "test" "--frozen" "--release", kill_on_drop: false }`
[INFO] [stderr]     Finished `release` profile [optimized] target(s) in 0.13s
[INFO] [stdout] 
[INFO] [stderr]      Running unittests src/lib.rs (/opt/rustwide/target/release/deps/shell_command_guard-39f6856a9cd14a09)
[INFO] [stdout] running 17 tests
[INFO] [stdout] test config::tests::runtime_uses_env_config_when_default_is_absent ... ok
[INFO] [stdout] test config::tests::runtime_uses_env_config_when_default_enables_override ... ok
[INFO] [stdout] test config::tests::runtime_ignores_env_config_when_default_exists_without_override ... ok
[INFO] [stdout] test invocation::tests::command_query_is_not_treated_as_execution_wrapper ... ok
[INFO] [stdout] test invocation::tests::normalizes_obfuscated_command_word ... ok
[INFO] [stdout] test invocation::tests::shell_double_dash_stops_c_flag_scan ... ok
[INFO] [stdout] test invocation::tests::strips_shell_wrapper_prefixes ... ok
[INFO] [stdout] test policy::tests::ordered_rules_return_first_match ... ok
[INFO] [stdout] test invocation::tests::normalizes_shell_command ... ok
[INFO] [stdout] test delegate::tests::shell_delegate_nonzero_denies ... ok
[INFO] [stdout] test resolve::tests::refuses_real_command_that_points_back_to_guard ... ok
[INFO] [stdout] test resolve::tests::excludes_wrapper_dir_when_resolving ... ok
[INFO] [stdout] test delegate::tests::shell_delegate_exit_zero_allows ... ok
[INFO] [stdout] test delegate::tests::delegate_timeout_allows_when_configured ... FAILED
[INFO] [stdout] test delegate::tests::delegate_timeout_errors_when_configured ... ok
[INFO] [stdout] test delegate::tests::delegate_timeout_denies_when_configured ... ok
[INFO] [stdout] test invocation::tests::normalizes_direct_command ... ok
[INFO] [stdout] 
[INFO] [stdout] failures:
[INFO] [stderr] error: test failed, to rerun pass `--lib`
[INFO] [stdout] 
[INFO] [stdout] ---- delegate::tests::delegate_timeout_allows_when_configured stdout ----
[INFO] [stdout] 
[INFO] [stdout] thread 'delegate::tests::delegate_timeout_allows_when_configured' (1302) panicked at src/delegate.rs:234:9:
[INFO] [stdout] assertion failed: matches!(outcome, DelegateOutcome::Allow { exit_code: None })
[INFO] [stdout] stack backtrace:
[INFO] [stdout]    0:     0x5f54bc725361 - <<std[97b98282bc616a66]::sys::backtrace::BacktraceLock>::print::DisplayBacktrace as core[832e9a552fc17241]::fmt::Display>::fmt
[INFO] [stdout]    1:     0x5f54bc73b77a - core[832e9a552fc17241]::fmt::write
[INFO] [stdout]    2:     0x5f54bc729c3c - <alloc[3ecab9f82c41dc7d]::vec::Vec<u8> as std[97b98282bc616a66]::io::Write>::write_fmt
[INFO] [stdout]    3:     0x5f54bc701116 - std[97b98282bc616a66]::panicking::default_hook::{closure#0}
[INFO] [stdout]    4:     0x5f54bc71c349 - std[97b98282bc616a66]::panicking::default_hook
[INFO] [stdout]    5:     0x5f54bc5efa90 - test[39766f3d73431624]::test_main_inner::<test[39766f3d73431624]::test_main_static::{closure#0}>::{closure#0}
[INFO] [stdout]    6:     0x5f54bc71c502 - std[97b98282bc616a66]::panicking::panic_with_hook
[INFO] [stdout]    7:     0x5f54bc7011f4 - std[97b98282bc616a66]::panicking::panic_handler::{closure#0}
[INFO] [stdout]    8:     0x5f54bc6f8679 - std[97b98282bc616a66]::sys::backtrace::__rust_end_short_backtrace::<std[97b98282bc616a66]::panicking::panic_handler::{closure#0}, !>
[INFO] [stdout]    9:     0x5f54bc70218d - __rustc[e3d8617bb01b7f69]::rust_begin_unwind
[INFO] [stdout]   10:     0x5f54bc73bf5c - core[832e9a552fc17241]::panicking::panic_fmt
[INFO] [stdout]   11:     0x5f54bc73bf22 - core[832e9a552fc17241]::panicking::panic
[INFO] [stdout]   12:     0x5f54bc5bb415 - shell_command_guard[638ee465be938d7c]::delegate::tests::delegate_timeout_allows_when_configured
[INFO] [stdout]   13:     0x5f54bc5afc39 - <shell_command_guard[638ee465be938d7c]::delegate::tests::delegate_timeout_allows_when_configured::{closure#0} as core[832e9a552fc17241]::ops::function::FnOnce<()>>::call_once
[INFO] [stdout]   14:     0x5f54bc5e2dcb - test[39766f3d73431624]::__rust_begin_short_backtrace::<core[832e9a552fc17241]::result::Result<(), alloc[3ecab9f82c41dc7d]::string::String>, fn() -> core[832e9a552fc17241]::result::Result<(), alloc[3ecab9f82c41dc7d]::string::String>>
[INFO] [stdout]   15:     0x5f54bc5f0415 - test[39766f3d73431624]::run_test::{closure#0}
[INFO] [stdout]   16:     0x5f54bc5eaec4 - std[97b98282bc616a66]::sys::backtrace::__rust_begin_short_backtrace::<test[39766f3d73431624]::run_test::{closure#1}, ()>
[INFO] [stdout]   17:     0x5f54bc5f3562 - <std[97b98282bc616a66]::thread::lifecycle::spawn_unchecked<test[39766f3d73431624]::run_test::{closure#1}, ()>::{closure#1} as core[832e9a552fc17241]::ops::function::FnOnce<()>>::call_once::{shim:vtable#0}
[INFO] [stdout]   18:     0x5f54bc72467f - <std[97b98282bc616a66]::sys::thread::unix::Thread>::new::thread_start
[INFO] [stdout]   19:     0x765d95e7707a - <unknown>
[INFO] [stdout]   20:     0x765d95f0a534 - clone
[INFO] [stdout]   21:                0x0 - <unknown>
[INFO] [stdout] 
[INFO] [stdout] 
[INFO] [stdout] failures:
[INFO] [stdout]     delegate::tests::delegate_timeout_allows_when_configured
[INFO] [stdout] 
[INFO] [stdout] test result: FAILED. 16 passed; 1 failed; 0 ignored; 0 measured; 0 filtered out; finished in 0.12s
[INFO] [stdout] 
[INFO] running `Command { std: "docker" "inspect" "245d4f8d534a8005ffbcca454d619cb440782708223af4a17e03f9f9f67f43eb", kill_on_drop: false }`
[INFO] running `Command { std: "docker" "rm" "-f" "245d4f8d534a8005ffbcca454d619cb440782708223af4a17e03f9f9f67f43eb", kill_on_drop: false }`
[INFO] [stdout] 245d4f8d534a8005ffbcca454d619cb440782708223af4a17e03f9f9f67f43eb
