[INFO] cloning repository https://github.com/byte-me-pls/gen-fsm
[INFO] running `Command { std: "git" "-c" "credential.helper=" "-c" "credential.helper=/workspace/cargo-home/bin/git-credential-null" "clone" "--bare" "https://github.com/byte-me-pls/gen-fsm" "/workspace/cache/git-repos/https%3A%2F%2Fgithub.com%2Fbyte-me-pls%2Fgen-fsm", kill_on_drop: false }`
[INFO] [stderr] Cloning into bare repository '/workspace/cache/git-repos/https%3A%2F%2Fgithub.com%2Fbyte-me-pls%2Fgen-fsm'...
[INFO] running `Command { std: "git" "rev-parse" "HEAD", kill_on_drop: false }`
[INFO] [stdout] 061b8a9cd64f69f32ef59bbb9cfe9b96f47b6792
[INFO] testing byte-me-pls/gen-fsm against 1.98.0-beta.8+cargoflags=--release for beta-release-1.99-2
[INFO] running `Command { std: "git" "clone" "/workspace/cache/git-repos/https%3A%2F%2Fgithub.com%2Fbyte-me-pls%2Fgen-fsm" "/workspace/builds/worker-5-tc1/source", kill_on_drop: false }`
[INFO] [stderr] Cloning into '/workspace/builds/worker-5-tc1/source'...
[INFO] [stderr] done.
[INFO] started tweaking git repo https://github.com/byte-me-pls/gen-fsm
[INFO] finished tweaking git repo https://github.com/byte-me-pls/gen-fsm
[INFO] tweaked toml for git repo https://github.com/byte-me-pls/gen-fsm written to /workspace/builds/worker-5-tc1/source/Cargo.toml
[INFO] validating manifest of git repo https://github.com/byte-me-pls/gen-fsm on toolchain 1.98.0-beta.8
[INFO] running `Command { std: CARGO_HOME="/workspace/cargo-home" RUSTUP_HOME="/workspace/rustup-home" "/workspace/cargo-home/bin/cargo" "+1.98.0-beta.8" "metadata" "--manifest-path" "Cargo.toml" "--no-deps", kill_on_drop: false }`
[INFO] crate git repo https://github.com/byte-me-pls/gen-fsm already has a lockfile, it will not be regenerated
[INFO] running `Command { std: CARGO_HOME="/workspace/cargo-home" RUSTUP_HOME="/workspace/rustup-home" "/workspace/cargo-home/bin/cargo" "+1.98.0-beta.8" "fetch" "--manifest-path" "Cargo.toml", kill_on_drop: false }`
[INFO] running `Command { std: "docker" "create" "-v" "/var/lib/crater-agent-workspace/builds/worker-5-tc1/source:/opt/rustwide/workdir:ro,Z" "-v" "/var/lib/crater-agent-workspace/builds/worker-5-tc1/target:/opt/rustwide/target:rw,Z" "-v" "/var/lib/crater-agent-workspace/cargo-home:/opt/rustwide/cargo-home:ro,Z" "-v" "/var/lib/crater-agent-workspace/rustup-home:/opt/rustwide/rustup-home:ro,Z" "-m" "1610612736" "--network" "none" "ghcr.io/rust-lang/crates-build-env/linux@sha256:8683fc1fc2eb5c9ac98e0d076ab094b2ffac7f99da555d2b6a2e27f346de2ec7" "sleep" "infinity", kill_on_drop: false }`
[INFO] [stdout] a6e303f5ca23bb9c89fb764b83aa6867def74cad6deb9edac4760faa1b830f6e
[INFO] running `Command { std: "docker" "start" "a6e303f5ca23bb9c89fb764b83aa6867def74cad6deb9edac4760faa1b830f6e", kill_on_drop: false }`
[INFO] running `Command { std: "docker" "inspect" "a6e303f5ca23bb9c89fb764b83aa6867def74cad6deb9edac4760faa1b830f6e", kill_on_drop: false }`
[INFO] running `Command { std: "docker" "exec" "-e" "SOURCE_DIR=/opt/rustwide/workdir" "-e" "CARGO_HOME=/opt/rustwide/cargo-home" "-e" "RUSTUP_HOME=/opt/rustwide/rustup-home" "-e" "CARGO_TARGET_DIR=/opt/rustwide/target" "-w" "/opt/rustwide/workdir" "--user" "0:0" "a6e303f5ca23bb9c89fb764b83aa6867def74cad6deb9edac4760faa1b830f6e" "/opt/rustwide/cargo-home/bin/cargo" "+1.98.0-beta.8" "metadata" "--no-deps" "--format-version=1", kill_on_drop: false }`
[INFO] running `Command { std: "docker" "inspect" "a6e303f5ca23bb9c89fb764b83aa6867def74cad6deb9edac4760faa1b830f6e", kill_on_drop: false }`
[INFO] running `Command { std: "docker" "exec" "-e" "SOURCE_DIR=/opt/rustwide/workdir" "-e" "CARGO_HOME=/opt/rustwide/cargo-home" "-e" "RUSTUP_HOME=/opt/rustwide/rustup-home" "-e" "CARGO_TARGET_DIR=/opt/rustwide/target" "-e" "CARGO_INCREMENTAL=0" "-e" "RUST_BACKTRACE=full" "-e" "RUSTFLAGS=--cap-lints=warn" "-e" "RUSTDOCFLAGS=--cap-lints=warn" "-w" "/opt/rustwide/workdir" "--user" "0:0" "a6e303f5ca23bb9c89fb764b83aa6867def74cad6deb9edac4760faa1b830f6e" "/opt/rustwide/cargo-home/bin/cargo" "+1.98.0-beta.8" "build" "--frozen" "--message-format=json" "--release", kill_on_drop: false }`
[INFO] [stderr]    Compiling libc v0.2.184
[INFO] [stderr]    Compiling crossbeam-utils v0.8.21
[INFO] [stderr]    Compiling proc-macro2 v1.0.106
[INFO] [stderr]    Compiling zerocopy v0.8.48
[INFO] [stderr]    Compiling quote v1.0.45
[INFO] [stderr]    Compiling zmij v1.0.21
[INFO] [stderr]    Compiling memchr v2.8.0
[INFO] [stderr]    Compiling either v1.15.0
[INFO] [stderr]    Compiling gen-fsm v0.1.0 (/opt/rustwide/workdir/crates/gen-fsm)
[INFO] [stderr]    Compiling crossbeam-epoch v0.9.18
[INFO] [stderr]    Compiling serde_json v1.0.149
[INFO] [stderr]    Compiling crossbeam-deque v0.8.6
[INFO] [stderr]    Compiling syn v2.0.117
[INFO] [stderr]    Compiling rayon-core v1.13.0
[INFO] [stderr]    Compiling getrandom v0.2.17
[INFO] [stderr]    Compiling rand_core v0.6.4
[INFO] [stderr]    Compiling rayon v1.11.0
[INFO] [stderr]    Compiling serde_derive v1.0.228
[INFO] [stderr]    Compiling ppv-lite86 v0.2.21
[INFO] [stderr]    Compiling rand_chacha v0.3.1
[INFO] [stderr]    Compiling rand v0.8.5
[INFO] [stderr]    Compiling serde v1.0.228
[INFO] [stderr]    Compiling gen-fsm-evolve v0.1.0 (/opt/rustwide/workdir/crates/gen-fsm-evolve)
[INFO] [stderr]    Compiling drone-nav v0.1.0 (/opt/rustwide/workdir/examples/drone_nav)
[INFO] [stderr]     Finished `release` profile [optimized] target(s) in 30.77s
[INFO] running `Command { std: "docker" "inspect" "a6e303f5ca23bb9c89fb764b83aa6867def74cad6deb9edac4760faa1b830f6e", kill_on_drop: false }`
[INFO] running `Command { std: "docker" "exec" "-e" "SOURCE_DIR=/opt/rustwide/workdir" "-e" "CARGO_HOME=/opt/rustwide/cargo-home" "-e" "RUSTUP_HOME=/opt/rustwide/rustup-home" "-e" "CARGO_TARGET_DIR=/opt/rustwide/target" "-e" "CARGO_INCREMENTAL=0" "-e" "RUST_BACKTRACE=full" "-e" "RUSTFLAGS=--cap-lints=warn" "-e" "RUSTDOCFLAGS=--cap-lints=warn" "-w" "/opt/rustwide/workdir" "--user" "0:0" "a6e303f5ca23bb9c89fb764b83aa6867def74cad6deb9edac4760faa1b830f6e" "/opt/rustwide/cargo-home/bin/cargo" "+1.98.0-beta.8" "test" "--frozen" "--no-run" "--message-format=json" "--release", kill_on_drop: false }`
[INFO] [stderr]    Compiling gen-fsm v0.1.0 (/opt/rustwide/workdir/crates/gen-fsm)
[INFO] [stderr]    Compiling gen-fsm-evolve v0.1.0 (/opt/rustwide/workdir/crates/gen-fsm-evolve)
[INFO] [stderr]    Compiling drone-nav v0.1.0 (/opt/rustwide/workdir/examples/drone_nav)
[INFO] [stderr]     Finished `release` profile [optimized] target(s) in 3.77s
[INFO] running `Command { std: "docker" "inspect" "a6e303f5ca23bb9c89fb764b83aa6867def74cad6deb9edac4760faa1b830f6e", kill_on_drop: false }`
[INFO] running `Command { std: "docker" "exec" "-e" "SOURCE_DIR=/opt/rustwide/workdir" "-e" "CARGO_HOME=/opt/rustwide/cargo-home" "-e" "RUSTUP_HOME=/opt/rustwide/rustup-home" "-e" "CARGO_TARGET_DIR=/opt/rustwide/target" "-e" "CARGO_INCREMENTAL=0" "-e" "RUST_BACKTRACE=full" "-e" "RUSTFLAGS=--cap-lints=warn" "-e" "RUSTDOCFLAGS=--cap-lints=warn" "-w" "/opt/rustwide/workdir" "--user" "0:0" "a6e303f5ca23bb9c89fb764b83aa6867def74cad6deb9edac4760faa1b830f6e" "/opt/rustwide/cargo-home/bin/cargo" "+1.98.0-beta.8" "test" "--frozen" "--release", kill_on_drop: false }`
[INFO] [stderr]     Finished `release` profile [optimized] target(s) in 0.07s
[INFO] [stderr]      Running unittests src/main.rs (/opt/rustwide/target/release/deps/drone_nav-3692a439dc209cc4)
[INFO] [stdout] 
[INFO] [stdout] running 0 tests
[INFO] [stdout] 
[INFO] [stdout] test result: ok. 0 passed; 0 failed; 0 ignored; 0 measured; 0 filtered out; finished in 0.00s
[INFO] [stdout] 
[INFO] [stderr]      Running unittests src/lib.rs (/opt/rustwide/target/release/deps/gen_fsm-b9a2023754227d40)
[INFO] [stdout] 
[INFO] [stdout] running 18 tests
[INFO] [stdout] test dna::tests::round_trip_flat ... ok
[INFO] [stdout] test dna::tests::uniform_dna_valid ... ok
[INFO] [stdout] test dna::tests::from_flat_slice_wrong_length ... ok
[INFO] [stdout] test fsm::tests::force_transition_works ... ok
[INFO] [stdout] test fsm::tests::fsm_deterministic_with_same_seed ... ok
[INFO] [stdout] test fsm::tests::fsm_starts_in_initial_state ... ok
[INFO] [stdout] test fsm::tests::fsm_step_changes_state ... ok
[INFO] [stdout] test fsm::tests::reset_clears_state ... ok
[INFO] [stdout] test matrix::tests::from_slice_wrong_length ... ok
[INFO] [stdout] test matrix::tests::next_state_deterministic_edge ... ok
[INFO] [stdout] test matrix::tests::write_to_slice_roundtrip ... ok
[INFO] [stdout] test rng::tests::deterministic_sequence ... ok
[INFO] [stdout] test rng::tests::f32_range ... ok
[INFO] [stdout] test rng::tests::no_immediate_repeat ... ok
[INFO] [stdout] test rng::tests::zero_seed_panics - should panic ... ok
[INFO] [stdout] test matrix::tests::from_slice_correct_length ... ok
[INFO] [stdout] test matrix::tests::normalize_clamps_negatives ... ok
[INFO] [stdout] test matrix::tests::uniform_matrix_is_valid ... ok
[INFO] [stdout] 
[INFO] [stdout] test result: ok. 18 passed; 0 failed; 0 ignored; 0 measured; 0 filtered out; finished in 0.01s
[INFO] [stdout] 
[INFO] [stderr]      Running unittests src/lib.rs (/opt/rustwide/target/release/deps/gen_fsm_evolve-42eccb4115b070ff)
[INFO] [stdout] 
[INFO] [stdout] running 11 tests
[INFO] [stdout] test export::tests::binary_size_correct ... ok
[INFO] [stdout] test export::tests::c_header_valid ... ok
[INFO] [stdout] test export::tests::json_roundtrip ... ok
[INFO] [stdout] test export::tests::rust_const_contains_name ... ok
[INFO] [stdout] test crossover::tests::uniform_crossover_produces_valid_children ... ok
[INFO] [stdout] test genome::tests::random_genome_is_normalized ... ok
[INFO] [stdout] test mutation::tests::zero_mutation_rate_no_change ... ok
[INFO] [stdout] test genome::tests::to_dna_roundtrip ... ok
[INFO] [stdout] test selection::tests::tournament_selects_best ... FAILED
[INFO] [stdout] test mutation::tests::mutation_maintains_normalization ... ok
[INFO] [stdout] test evolution::tests::evolution_improves_fitness ... ok
[INFO] [stdout] 
[INFO] [stdout] failures:
[INFO] [stdout] 
[INFO] [stdout] ---- selection::tests::tournament_selects_best stdout ----
[INFO] [stdout] 
[INFO] [stdout] thread 'selection::tests::tournament_selects_best' (704) panicked at crates/gen-fsm-evolve/src/selection.rs:38:9:
[INFO] [stdout] assertion `left == right` failed
[INFO] [stdout]   left: 6
[INFO] [stdout]  right: 3
[INFO] [stdout] stack backtrace:
[INFO] [stdout]    0:     0x575a8daec671 - <<std[97b98282bc616a66]::sys::backtrace::BacktraceLock>::print::DisplayBacktrace as core[832e9a552fc17241]::fmt::Display>::fmt
[INFO] [stdout]    1:     0x575a8db011da - core[832e9a552fc17241]::fmt::write
[INFO] [stdout]    2:     0x575a8daf0b7c - <alloc[3ecab9f82c41dc7d]::vec::Vec<u8> as std[97b98282bc616a66]::io::Write>::write_fmt
[INFO] [stdout]    3:     0x575a8dacaae6 - std[97b98282bc616a66]::panicking::default_hook::{closure#0}
[INFO] [stdout]    4:     0x575a8dae4719 - std[97b98282bc616a66]::panicking::default_hook
[INFO] [stdout]    5:     0x575a8da73960 - test[39766f3d73431624]::test_main_inner::<test[39766f3d73431624]::test_main_static::{closure#0}>::{closure#0}
[INFO] [stdout]    6:     0x575a8dae4a42 - std[97b98282bc616a66]::panicking::panic_with_hook
[INFO] [stdout]    7:     0x575a8dacab92 - std[97b98282bc616a66]::panicking::panic_handler::{closure#0}
[INFO] [stdout]    8:     0x575a8dac24e9 - std[97b98282bc616a66]::sys::backtrace::__rust_end_short_backtrace::<std[97b98282bc616a66]::panicking::panic_handler::{closure#0}, !>
[INFO] [stdout]    9:     0x575a8dacb78d - __rustc[e3d8617bb01b7f69]::rust_begin_unwind
[INFO] [stdout]   10:     0x575a8db0190c - core[832e9a552fc17241]::panicking::panic_fmt
[INFO] [stdout]   11:     0x575a8db01823 - core[832e9a552fc17241]::panicking::assert_failed_inner
[INFO] [stdout]   12:     0x575a8dafd948 - core[832e9a552fc17241]::panicking::assert_failed::<usize, usize>
[INFO] [stdout]   13:     0x575a8da587e1 - gen_fsm_evolve[4ab14624b5bc8328]::selection::tests::tournament_selects_best
[INFO] [stdout]   14:     0x575a8da61969 - <gen_fsm_evolve[4ab14624b5bc8328]::selection::tests::tournament_selects_best::{closure#0} as core[832e9a552fc17241]::ops::function::FnOnce<()>>::call_once
[INFO] [stdout]   15:     0x575a8da66c9b - test[39766f3d73431624]::__rust_begin_short_backtrace::<core[832e9a552fc17241]::result::Result<(), alloc[3ecab9f82c41dc7d]::string::String>, fn() -> core[832e9a552fc17241]::result::Result<(), alloc[3ecab9f82c41dc7d]::string::String>>
[INFO] [stdout]   16:     0x575a8da742e5 - test[39766f3d73431624]::run_test::{closure#0}
[INFO] [stdout]   17:     0x575a8da6ed94 - std[97b98282bc616a66]::sys::backtrace::__rust_begin_short_backtrace::<test[39766f3d73431624]::run_test::{closure#1}, ()>
[INFO] [stdout]   18:     0x575a8da77432 - <std[97b98282bc616a66]::thread::lifecycle::spawn_unchecked<test[39766f3d73431624]::run_test::{closure#1}, ()>::{closure#1} as core[832e9a552fc17241]::ops::function::FnOnce<()>>::call_once::{shim:vtable#0}
[INFO] [stdout]   19:     0x575a8daebeef - <std[97b98282bc616a66]::sys::thread::unix::Thread>::new::thread_start
[INFO] [stdout]   20:     0x72e5e76ca07a - <unknown>
[INFO] [stdout]   21:     0x72e5e775d534 - clone
[INFO] [stdout]   22:                0x0 - <unknown>
[INFO] [stdout] 
[INFO] [stdout] 
[INFO] [stdout] failures:
[INFO] [stdout]     selection::tests::tournament_selects_best
[INFO] [stdout] 
[INFO] [stdout] test result: FAILED. 10 passed; 1 failed; 0 ignored; 0 measured; 0 filtered out; finished in 0.01s
[INFO] [stdout] 
[INFO] [stderr] error: test failed, to rerun pass `-p gen-fsm-evolve --lib`
[INFO] running `Command { std: "docker" "inspect" "a6e303f5ca23bb9c89fb764b83aa6867def74cad6deb9edac4760faa1b830f6e", kill_on_drop: false }`
[INFO] running `Command { std: "docker" "rm" "-f" "a6e303f5ca23bb9c89fb764b83aa6867def74cad6deb9edac4760faa1b830f6e", kill_on_drop: false }`
[INFO] [stdout] a6e303f5ca23bb9c89fb764b83aa6867def74cad6deb9edac4760faa1b830f6e
