[INFO] cloning repository https://github.com/asyzruffz/SynapseFlow
[INFO] running `Command { std: "git" "-c" "credential.helper=" "-c" "credential.helper=/workspace/cargo-home/bin/git-credential-null" "clone" "--bare" "https://github.com/asyzruffz/SynapseFlow" "/workspace/cache/git-repos/https%3A%2F%2Fgithub.com%2Fasyzruffz%2FSynapseFlow", kill_on_drop: false }`
[INFO] [stderr] Cloning into bare repository '/workspace/cache/git-repos/https%3A%2F%2Fgithub.com%2Fasyzruffz%2FSynapseFlow'...
[INFO] running `Command { std: "git" "rev-parse" "HEAD", kill_on_drop: false }`
[INFO] [stdout] 40217c2d06afaee05cd6bd71f62f67067a5ec1f0
[INFO] testing asyzruffz/SynapseFlow against 1.98.0-beta.8+cargoflags=--release for beta-release-1.99-2
[INFO] running `Command { std: "git" "clone" "/workspace/cache/git-repos/https%3A%2F%2Fgithub.com%2Fasyzruffz%2FSynapseFlow" "/workspace/builds/worker-1-tc1/source", kill_on_drop: false }`
[INFO] [stderr] Cloning into '/workspace/builds/worker-1-tc1/source'...
[INFO] [stderr] done.
[INFO] removed /workspace/builds/worker-1-tc1/source/.cargo/config.toml
[INFO] removed /workspace/builds/worker-1-tc1/source/rust-toolchain.toml
[INFO] started tweaking git repo https://github.com/asyzruffz/SynapseFlow
[INFO] finished tweaking git repo https://github.com/asyzruffz/SynapseFlow
[INFO] tweaked toml for git repo https://github.com/asyzruffz/SynapseFlow written to /workspace/builds/worker-1-tc1/source/Cargo.toml
[INFO] validating manifest of git repo https://github.com/asyzruffz/SynapseFlow on toolchain 1.98.0-beta.8
[INFO] running `Command { std: CARGO_HOME="/workspace/cargo-home" RUSTUP_HOME="/workspace/rustup-home" "/workspace/cargo-home/bin/cargo" "+1.98.0-beta.8" "metadata" "--manifest-path" "Cargo.toml" "--no-deps", kill_on_drop: false }`
[INFO] crate git repo https://github.com/asyzruffz/SynapseFlow already has a lockfile, it will not be regenerated
[INFO] running `Command { std: CARGO_HOME="/workspace/cargo-home" RUSTUP_HOME="/workspace/rustup-home" "/workspace/cargo-home/bin/cargo" "+1.98.0-beta.8" "fetch" "--manifest-path" "Cargo.toml", kill_on_drop: false }`
[INFO] [stderr]     Updating crates.io index
[INFO] [stderr]  Downloading crates ...
[INFO] [stderr]   Downloaded serde_json_canonicalizer v0.3.2
[INFO] [stderr]   Downloaded uuid v1.24.1
[INFO] [stderr]   Downloaded futures-macro v0.3.34
[INFO] [stderr]   Downloaded facet-macro-types v0.46.5
[INFO] [stderr]   Downloaded facet-macros v0.46.5
[INFO] [stderr]   Downloaded impls v1.0.3
[INFO] [stderr]   Downloaded ryu-js v1.0.3
[INFO] [stderr]   Downloaded mutants v0.0.3
[INFO] [stderr]   Downloaded const-fnv1a-hash v1.1.0
[INFO] [stderr]   Downloaded futures-executor v0.3.34
[INFO] [stderr]   Downloaded either v1.18.0
[INFO] [stderr]   Downloaded facet-macro-parse v0.46.5
[INFO] [stderr]   Downloaded bytemuck_derive v1.12.0
[INFO] [stderr]   Downloaded macro_rules_attribute v0.2.3
[INFO] [stderr]   Downloaded macro_rules_attribute-proc_macro v0.2.3
[INFO] [stderr]   Downloaded find_cuda_helper v0.2.0
[INFO] [stderr]   Downloaded enumflags2_derive v0.7.12
[INFO] [stderr]   Downloaded pastey v0.2.3
[INFO] [stderr]   Downloaded bytemuck v1.25.2
[INFO] [stderr]   Downloaded enumflags2 v0.7.12
[INFO] [stderr]   Downloaded futures v0.3.34
[INFO] [stderr]   Downloaded clang-sys v1.9.1
[INFO] [stderr]   Downloaded crux_core v0.20.0
[INFO] [stderr]   Downloaded facet-macros-impl v0.46.5
[INFO] [stderr]   Downloaded zerocopy-derive v0.8.56
[INFO] [stderr]   Downloaded unsynn v0.3.0
[INFO] [stderr]   Downloaded facet v0.46.5
[INFO] [stderr]   Downloaded regex v1.13.1
[INFO] [stderr]   Downloaded facet-core v0.46.5
[INFO] [stderr]   Downloaded iddqd v0.4.6
[INFO] [stderr]   Downloaded llama-cpp-2 v0.1.154
[INFO] [stderr]   Downloaded zerocopy v0.8.56
[INFO] [stderr]   Downloaded llama-cpp-sys-2 v0.1.154
[INFO] running `Command { std: "docker" "create" "-v" "/var/lib/crater-agent-workspace/builds/worker-1-tc1/source:/opt/rustwide/workdir:ro,Z" "-v" "/var/lib/crater-agent-workspace/builds/worker-1-tc1/target:/opt/rustwide/target:rw,Z" "-v" "/var/lib/crater-agent-workspace/cargo-home:/opt/rustwide/cargo-home:ro,Z" "-v" "/var/lib/crater-agent-workspace/rustup-home:/opt/rustwide/rustup-home:ro,Z" "-m" "1610612736" "--network" "none" "ghcr.io/rust-lang/crates-build-env/linux@sha256:8683fc1fc2eb5c9ac98e0d076ab094b2ffac7f99da555d2b6a2e27f346de2ec7" "sleep" "infinity", kill_on_drop: false }`
[INFO] [stdout] 13b7056bcd94c68699adb880887065fe0f540e99797f9cbd5c1f6a028db2dc1f
[INFO] running `Command { std: "docker" "start" "13b7056bcd94c68699adb880887065fe0f540e99797f9cbd5c1f6a028db2dc1f", kill_on_drop: false }`
[INFO] running `Command { std: "docker" "inspect" "13b7056bcd94c68699adb880887065fe0f540e99797f9cbd5c1f6a028db2dc1f", kill_on_drop: false }`
[INFO] running `Command { std: "docker" "exec" "-e" "SOURCE_DIR=/opt/rustwide/workdir" "-e" "CARGO_HOME=/opt/rustwide/cargo-home" "-e" "RUSTUP_HOME=/opt/rustwide/rustup-home" "-e" "CARGO_TARGET_DIR=/opt/rustwide/target" "-w" "/opt/rustwide/workdir" "--user" "0:0" "13b7056bcd94c68699adb880887065fe0f540e99797f9cbd5c1f6a028db2dc1f" "/opt/rustwide/cargo-home/bin/cargo" "+1.98.0-beta.8" "metadata" "--no-deps" "--format-version=1", kill_on_drop: false }`
[INFO] running `Command { std: "docker" "inspect" "13b7056bcd94c68699adb880887065fe0f540e99797f9cbd5c1f6a028db2dc1f", kill_on_drop: false }`
[INFO] running `Command { std: "docker" "exec" "-e" "SOURCE_DIR=/opt/rustwide/workdir" "-e" "CARGO_HOME=/opt/rustwide/cargo-home" "-e" "RUSTUP_HOME=/opt/rustwide/rustup-home" "-e" "CARGO_TARGET_DIR=/opt/rustwide/target" "-e" "CARGO_INCREMENTAL=0" "-e" "RUST_BACKTRACE=full" "-e" "RUSTFLAGS=--cap-lints=warn" "-e" "RUSTDOCFLAGS=--cap-lints=warn" "-w" "/opt/rustwide/workdir" "--user" "0:0" "13b7056bcd94c68699adb880887065fe0f540e99797f9cbd5c1f6a028db2dc1f" "/opt/rustwide/cargo-home/bin/cargo" "+1.98.0-beta.8" "build" "--frozen" "--message-format=json" "--release", kill_on_drop: false }`
[INFO] [stderr]    Compiling proc-macro2 v1.0.106
[INFO] [stderr]    Compiling unicode-ident v1.0.24
[INFO] [stderr]    Compiling quote v1.0.45
[INFO] [stderr]    Compiling libc v0.2.189
[INFO] [stderr]    Compiling serde_core v1.0.229
[INFO] [stderr]    Compiling memchr v2.8.3
[INFO] [stderr]    Compiling autocfg v1.5.1
[INFO] [stderr]    Compiling serde v1.0.229
[INFO] [stderr]    Compiling crossbeam-utils v0.8.22
[INFO] [stderr]    Compiling zmij v1.0.23
[INFO] [stderr]    Compiling serde_json v1.0.151
[INFO] [stderr]    Compiling zerocopy v0.8.56
[INFO] [stderr]    Compiling itoa v1.0.18
[INFO] [stderr]    Compiling getrandom v0.3.4
[INFO] [stderr]    Compiling typenum v1.20.1
[INFO] [stderr]    Compiling libm v0.2.16
[INFO] [stderr]    Compiling thiserror v2.0.18
[INFO] [stderr]    Compiling num-traits v0.2.19
[INFO] [stderr]    Compiling bitflags v2.13.1
[INFO] [stderr]    Compiling semver v1.0.28
[INFO] [stderr]    Compiling syn v2.0.118
[INFO] [stderr]    Compiling syn v3.0.3
[INFO] [stderr]    Compiling generic-array v0.14.7
[INFO] [stderr]    Compiling crossbeam-epoch v0.9.20
[INFO] [stderr]    Compiling rustc_version v0.4.1
[INFO] [stderr]    Compiling crossbeam-deque v0.8.7
[INFO] [stderr]    Compiling curve25519-dalek v4.1.3
[INFO] [stderr]    Compiling once_cell v1.21.4
[INFO] [stderr]    Compiling rand_core v0.9.5
[INFO] [stderr]    Compiling block-buffer v0.10.4
[INFO] [stderr]    Compiling crypto-common v0.1.7
[INFO] [stderr]    Compiling cpufeatures v0.2.17
[INFO] [stderr]    Compiling digest v0.10.7
[INFO] [stderr]    Compiling either v1.18.0
[INFO] [stderr]    Compiling zeroize v1.9.0
[INFO] [stderr]    Compiling subtle v2.6.1
[INFO] [stderr]    Compiling signature v2.2.0
[INFO] [stderr]    Compiling sha2 v0.10.9
[INFO] [stderr]    Compiling rayon-core v1.13.0
[INFO] [stderr]    Compiling ed25519 v2.2.3
[INFO] [stderr]    Compiling ryu-js v1.0.3
[INFO] [stderr]    Compiling rayon v1.12.0
[INFO] [stderr]    Compiling pulp v0.22.3
[INFO] [stderr]    Compiling raw-cpuid v11.6.0
[INFO] [stderr]    Compiling getrandom v0.4.3
[INFO] [stderr]    Compiling reborrow v0.5.5
[INFO] [stderr]    Compiling pulp-wasm-simd-flag v0.1.1
[INFO] [stderr]    Compiling dyn-stack-macros v0.1.3
[INFO] [stderr]    Compiling seq-macro v0.3.6
[INFO] [stderr]    Compiling rustc-hash v2.1.3
[INFO] [stderr]    Compiling mutants v0.0.3
[INFO] [stderr]    Compiling unsynn v0.3.0
[INFO] [stderr]    Compiling find-msvc-tools v0.1.11
[INFO] [stderr]    Compiling shlex v2.0.1
[INFO] [stderr]    Compiling futures-sink v0.3.34
[INFO] [stderr]    Compiling cc v1.4.4
[INFO] [stderr]    Compiling pkg-config v0.3.34
[INFO] [stderr]    Compiling rustversion v1.0.23
[INFO] [stderr]    Compiling serde_derive v1.0.229
[INFO] [stderr]    Compiling bytemuck_derive v1.12.0
[INFO] [stderr]    Compiling darling_core v0.20.11
[INFO] [stderr]    Compiling facet-macro-types v0.46.5
[INFO] [stderr]    Compiling futures-core v0.3.34
[INFO] [stderr]    Compiling futures-channel v0.3.34
[INFO] [stderr]    Compiling onig_sys v69.9.3
[INFO] [stderr]    Compiling synstructure v0.13.2
[INFO] [stderr]    Compiling bytemuck v1.25.2
[INFO] [stderr]    Compiling num-complex v0.4.6
[INFO] [stderr]    Compiling zerocopy-derive v0.8.56
[INFO] [stderr]    Compiling thiserror-impl v2.0.18
[INFO] [stderr]    Compiling curve25519-dalek-derive v0.1.1
[INFO] [stderr]    Compiling dyn-stack v0.13.2
[INFO] [stderr]    Compiling facet-macro-parse v0.46.5
[INFO] [stderr]    Compiling futures-macro v0.3.34
[INFO] [stderr]    Compiling darling_macro v0.20.11
[INFO] [stderr]    Compiling facet-core v0.46.5
[INFO] [stderr]    Compiling slab v0.4.12
[INFO] [stderr]    Compiling futures-task v0.3.34
[INFO] [stderr]    Compiling darling v0.20.11
[INFO] [stderr]    Compiling pin-project-lite v0.2.17
[INFO] [stderr]    Compiling rustix v1.1.4
[INFO] [stderr]    Compiling futures-io v0.3.34
[INFO] [stderr]    Compiling utf8parse v0.2.2
[INFO] [stderr]    Compiling anstyle-parse v1.0.0
[INFO] [stderr]    Compiling derive_builder_core v0.20.2
[INFO] [stderr]    Compiling ed25519-dalek v2.2.0
[INFO] [stderr]    Compiling futures-util v0.3.34
[INFO] [stderr]    Compiling facet-macros-impl v0.46.5
[INFO] [stderr]    Compiling serde_json_canonicalizer v0.3.2
[INFO] [stderr]    Compiling aho-corasick v1.1.5
[INFO] [stderr]    Compiling synapseflow-domain v0.3.0-dev (/opt/rustwide/workdir/domain)
[INFO] [stderr]    Compiling facet v0.46.5
[INFO] [stderr]    Compiling ahash v0.8.12
[INFO] [stderr]    Compiling anstyle v1.0.14
[INFO] [stderr]    Compiling impls v1.0.3
[INFO] [stderr]    Compiling const-fnv1a-hash v1.1.0
[INFO] [stderr]    Compiling esaxx-rs v0.1.10
[INFO] [stderr]    Compiling linux-raw-sys v0.12.1
[INFO] [stderr]    Compiling anyhow v1.0.104
[INFO] [stderr]    Compiling synapseflow-ports v0.3.0-dev (/opt/rustwide/workdir/ports)
[INFO] [stderr]    Compiling crc32fast v1.5.1
[INFO] [stderr]    Compiling is_terminal_polyfill v1.70.2
[INFO] [stderr]    Compiling colorchoice v1.0.5
[INFO] [stderr]    Compiling anstyle-query v1.1.5
[INFO] [stderr]    Compiling regex-syntax v0.8.11
[INFO] [stderr]    Compiling minimal-lexical v0.2.1
[INFO] [stderr]    Compiling anstream v1.0.0
[INFO] [stderr]    Compiling nom v7.1.3
[INFO] [stderr]    Compiling ppv-lite86 v0.2.21
[INFO] [stderr]    Compiling rand_chacha v0.9.0
[INFO] [stderr]    Compiling rand v0.9.5
[INFO] [stderr]    Compiling regex-automata v0.4.18
[INFO] [stderr]    Compiling facet-macros v0.46.5
[INFO] [stderr]    Compiling futures-executor v0.3.34
[INFO] [stderr]    Compiling rand_distr v0.5.1
[INFO] [stderr]    Compiling half v2.7.1
[INFO] [stderr]    Compiling derive_builder_macro v0.20.2
[INFO] [stderr]    Compiling castaway v0.2.4
[INFO] [stderr]    Compiling zerofrom-derive v0.1.7
[INFO] [stderr]    Compiling monostate-impl v0.1.18
[INFO] [stderr]    Compiling itertools v0.14.0
[INFO] [stderr]    Compiling ryu v1.0.23
[INFO] [stderr]    Compiling gemm-common v0.19.0
[INFO] [stderr]    Compiling hashbrown v0.17.1
[INFO] [stderr]    Compiling gemm-f32 v0.19.0
[INFO] [stderr]    Compiling allocator-api2 v0.2.21
[INFO] [stderr]    Compiling clap_lex v1.1.0
[INFO] [stderr]    Compiling base64 v0.13.1
[INFO] [stderr]    Compiling unicode-segmentation v1.13.3
[INFO] [stderr]    Compiling stable_deref_trait v1.2.1
[INFO] [stderr]    Compiling foldhash v0.2.0
[INFO] [stderr]    Compiling smallvec v1.15.2
[INFO] [stderr]    Compiling fastrand v2.5.0
[INFO] [stderr]    Compiling strsim v0.11.1
[INFO] [stderr]    Compiling static_assertions v1.1.0
[INFO] [stderr]    Compiling macro_rules_attribute-proc_macro v0.2.3
[INFO] [stderr]    Compiling pastey v0.2.3
[INFO] [stderr]    Compiling clap_builder v4.6.0
[INFO] [stderr]    Compiling macro_rules_attribute v0.2.3
[INFO] [stderr]    Compiling compact_str v0.9.1
[INFO] [stderr]    Compiling spm_precompiled v0.1.4
[INFO] [stderr]    Compiling tempfile v3.27.0
[INFO] [stderr]    Compiling unicode-normalization-alignments v0.1.12
[INFO] [stderr]    Compiling hashbrown v0.16.1
[INFO] [stderr]    Compiling clap_derive v4.6.1
[INFO] [stderr]    Compiling rayon-cond v0.4.0
[INFO] [stderr]    Compiling regex v1.13.1
[INFO] [stderr]    Compiling gemm-f16 v0.19.0
[INFO] [stderr]    Compiling indexmap v2.14.0
[INFO] [stderr]    Compiling zerofrom v0.1.8
[INFO] [stderr]    Compiling gemm-f64 v0.19.0
[INFO] [stderr]    Compiling onig v6.5.3
[INFO] [stderr]    Compiling gemm-c64 v0.19.0
[INFO] [stderr]    Compiling gemm-c32 v0.19.0
[INFO] [stderr]    Compiling monostate v0.1.18
[INFO] [stderr]    Compiling derive_builder v0.20.2
[INFO] [stderr]    Compiling futures v0.3.34
[INFO] [stderr]    Compiling dary_heap v0.3.9
[INFO] [stderr]    Compiling bincode v1.3.3
[INFO] [stderr]    Compiling yoke-derive v0.8.2
[INFO] [stderr]    Compiling crossbeam-channel v0.5.16
[INFO] [stderr]    Compiling log v0.4.33
[INFO] [stderr]    Compiling typed-path v0.12.3
[INFO] [stderr]    Compiling crux_core v0.20.0
[INFO] [stderr]    Compiling yoke v0.8.3
[INFO] [stderr]    Compiling tokenizers v0.22.2
[INFO] [stderr]    Compiling gemm v0.19.0
[INFO] [stderr]    Compiling clap v4.6.1
[INFO] [stderr]    Compiling safetensors v0.8.0
[INFO] [stderr]    Compiling zip v8.6.0
[INFO] [stderr]    Compiling memmap2 v0.9.11
[INFO] [stderr]    Compiling float8 v0.7.0
[INFO] [stderr]    Compiling uuid v1.24.1
[INFO] [stderr]    Compiling num_cpus v1.17.0
[INFO] [stderr]    Compiling byteorder v1.5.0
[INFO] [stderr]    Compiling synapseflow-kernel v0.3.0-dev (/opt/rustwide/workdir/kernel)
[INFO] [stderr]    Compiling synapseflow-application v0.3.0-dev (/opt/rustwide/workdir/application)
[INFO] [stderr]    Compiling synapseflow-adapter-loopback v0.3.0-dev (/opt/rustwide/workdir/adapters/loopback)
[INFO] [stderr]    Compiling synapseflow-cli v0.3.0-dev (/opt/rustwide/workdir/cli)
[INFO] [stderr]    Compiling synapseflow-adapter-llama-cpp v0.3.0-dev (/opt/rustwide/workdir/adapters/llama-cpp)
[INFO] [stderr]    Compiling synapseflow-adapter-local-cache v0.3.0-dev (/opt/rustwide/workdir/adapters/local-cache)
[INFO] [stderr]    Compiling synapseflow-adapter-in-memory v0.3.0-dev (/opt/rustwide/workdir/adapters/in-memory)
[INFO] [stderr]    Compiling synapseflow-fixture-provisioner v0.3.0-dev (/opt/rustwide/workdir/tools/fixture-provisioner)
[INFO] [stderr]    Compiling candle-core v0.11.0
[INFO] [stderr]    Compiling candle-nn v0.11.0
[INFO] [stderr]    Compiling synapseflow-adapter-loom v0.3.0-dev (/opt/rustwide/workdir/adapters/layer-range)
[INFO] [stderr]     Finished `release` profile [optimized] target(s) in 7m 23s
[INFO] running `Command { std: "docker" "inspect" "13b7056bcd94c68699adb880887065fe0f540e99797f9cbd5c1f6a028db2dc1f", kill_on_drop: false }`
[INFO] running `Command { std: "docker" "exec" "-e" "SOURCE_DIR=/opt/rustwide/workdir" "-e" "CARGO_HOME=/opt/rustwide/cargo-home" "-e" "RUSTUP_HOME=/opt/rustwide/rustup-home" "-e" "CARGO_TARGET_DIR=/opt/rustwide/target" "-e" "CARGO_INCREMENTAL=0" "-e" "RUST_BACKTRACE=full" "-e" "RUSTFLAGS=--cap-lints=warn" "-e" "RUSTDOCFLAGS=--cap-lints=warn" "-w" "/opt/rustwide/workdir" "--user" "0:0" "13b7056bcd94c68699adb880887065fe0f540e99797f9cbd5c1f6a028db2dc1f" "/opt/rustwide/cargo-home/bin/cargo" "+1.98.0-beta.8" "test" "--frozen" "--no-run" "--message-format=json" "--release", kill_on_drop: false }`
[INFO] [stderr]    Compiling synapseflow-cli v0.3.0-dev (/opt/rustwide/workdir/cli)
[INFO] [stderr]    Compiling synapseflow-adapter-llama-cpp v0.3.0-dev (/opt/rustwide/workdir/adapters/llama-cpp)
[INFO] [stderr]    Compiling synapseflow-adapter-loom v0.3.0-dev (/opt/rustwide/workdir/adapters/layer-range)
[INFO] [stderr]    Compiling synapseflow-fixture-provisioner v0.3.0-dev (/opt/rustwide/workdir/tools/fixture-provisioner)
[INFO] [stderr]    Compiling synapseflow-kernel v0.3.0-dev (/opt/rustwide/workdir/kernel)
[INFO] [stderr]    Compiling synapseflow-application v0.3.0-dev (/opt/rustwide/workdir/application)
[INFO] [stderr]    Compiling synapseflow-adapter-loopback v0.3.0-dev (/opt/rustwide/workdir/adapters/loopback)
[INFO] [stderr]    Compiling synapseflow-adapter-local-cache v0.3.0-dev (/opt/rustwide/workdir/adapters/local-cache)
[INFO] [stderr]    Compiling synapseflow-adapter-in-memory v0.3.0-dev (/opt/rustwide/workdir/adapters/in-memory)
[INFO] [stderr]    Compiling synapseflow-ports v0.3.0-dev (/opt/rustwide/workdir/ports)
[INFO] [stderr]    Compiling synapseflow-domain v0.3.0-dev (/opt/rustwide/workdir/domain)
[INFO] [stderr]     Finished `release` profile [optimized] target(s) in 32.94s
[INFO] running `Command { std: "docker" "inspect" "13b7056bcd94c68699adb880887065fe0f540e99797f9cbd5c1f6a028db2dc1f", kill_on_drop: false }`
[INFO] running `Command { std: "docker" "exec" "-e" "SOURCE_DIR=/opt/rustwide/workdir" "-e" "CARGO_HOME=/opt/rustwide/cargo-home" "-e" "RUSTUP_HOME=/opt/rustwide/rustup-home" "-e" "CARGO_TARGET_DIR=/opt/rustwide/target" "-e" "CARGO_INCREMENTAL=0" "-e" "RUST_BACKTRACE=full" "-e" "RUSTFLAGS=--cap-lints=warn" "-e" "RUSTDOCFLAGS=--cap-lints=warn" "-w" "/opt/rustwide/workdir" "--user" "0:0" "13b7056bcd94c68699adb880887065fe0f540e99797f9cbd5c1f6a028db2dc1f" "/opt/rustwide/cargo-home/bin/cargo" "+1.98.0-beta.8" "test" "--frozen" "--release", kill_on_drop: false }`
[INFO] [stderr]     Finished `release` profile [optimized] target(s) in 0.27s
[INFO] [stderr]      Running unittests src/lib.rs (/opt/rustwide/target/release/deps/synapseflow_adapter_in_memory-e57c71143d0cb5f3)
[INFO] [stdout] 
[INFO] [stdout] running 2 tests
[INFO] [stdout] test peer_directory::tests::returns_static_replicas_with_their_current_health ... ok
[INFO] [stdout] test transport::tests::provides_bounded_ordered_queues_and_shutdown_availability ... ok
[INFO] [stdout] 
[INFO] [stdout] test result: ok. 2 passed; 0 failed; 0 ignored; 0 measured; 0 filtered out; finished in 0.00s
[INFO] [stdout] 
[INFO] [stderr]      Running unittests src/lib.rs (/opt/rustwide/target/release/deps/synapseflow_adapter_llama_cpp-3c567fff60f08806)
[INFO] [stdout] 
[INFO] [stdout] running 3 tests
[INFO] [stdout] test tests::compatibility_tests::accepts_only_the_verified_local_compatibility_tuple ... ok
[INFO] [stdout] test tests::compatibility_tests::folds_the_full_u64_seed_deterministically ... ok
[INFO] [stdout] test tests::compatibility_tests::rejects_context_overflow_without_silent_truncation ... ok
[INFO] [stdout] 
[INFO] [stdout] test result: ok. 3 passed; 0 failed; 0 ignored; 0 measured; 0 filtered out; finished in 0.00s
[INFO] [stdout] 
[INFO] [stderr]      Running unittests src/lib.rs (/opt/rustwide/target/release/deps/synapseflow_adapter_local_cache-89e2982726337bef)
[INFO] [stdout] 
[INFO] [stdout] running 6 tests
[INFO] [stdout] test manifest_registry::tests::resolves_only_a_provisioned_and_validly_signed_manifest ... ok
[INFO] [stdout] test artifact_cache::tests::rejects_an_unprovisioned_artifact_uri ... ok
[INFO] [stdout] test manifest_registry::tests::invalid_signature_is_a_typed_failure_before_cache_use ... ok
[INFO] [stdout] test artifact_cache::tests::rejects_mismatched_or_missing_sources_without_promoting_staging ... ok
[INFO] [stderr]      Running unittests src/lib.rs (/opt/rustwide/target/release/deps/synapseflow_adapter_loom-a6f33a0ed3a871aa)
[INFO] [stdout] test artifact_cache::tests::evicts_inactive_objects_when_one_model_is_retained ... ok
[INFO] [stdout] test artifact_cache::tests::promotes_a_verified_source_then_serves_a_cache_hit_without_the_source ... ok
[INFO] [stdout] 
[INFO] [stdout] test result: ok. 6 passed; 0 failed; 0 ignored; 0 measured; 0 filtered out; finished in 0.01s
[INFO] [stdout] 
[INFO] [stdout] 
[INFO] [stdout] running 8 tests
[INFO] [stdout] test tests::provisioned_tinyllama_loopback_measurement_matches_contiguous_loom_and_recovers ... ignored, requires the provisioned TinyLlama GGUF selected by SYNAPSEFLOW_LOOM_FIXTURE_ARTIFACT
[INFO] [stdout] test loom::tensor::tests::bounds_rotary_frequencies_to_the_requested_context ... ok
[INFO] [stdout] test tests::executes_only_declared_ranges_and_transfers_a_codec_validated_boundary ... ok
[INFO] [stdout] test tests::rejects_wrong_stage_dtype_invalid_loom_output_and_cancellation ... ok
[INFO] [stdout] test loom::tensor::tests::builds_a_rectangular_causal_mask_for_cached_tokens ... ok
[INFO] [stdout] test tests::loopback_harness_matches_contiguous_loom_and_recovers_the_final_range_from_checkpoint ... FAILED
[INFO] [stdout] test tests::production_loom_engine_executes_two_declared_ranges_from_a_generated_gguf ... ok
[INFO] [stdout] test tests::application_runtime_drives_loom_workers_from_prompt_to_generated_tokens ... ok
[INFO] [stdout] 
[INFO] [stdout] failures:
[INFO] [stdout] 
[INFO] [stdout] ---- tests::loopback_harness_matches_contiguous_loom_and_recovers_the_final_range_from_checkpoint stdout ----
[INFO] [stdout] 
[INFO] [stdout] thread 'tests::loopback_harness_matches_contiguous_loom_and_recovers_the_final_range_from_checkpoint' (4116) panicked at adapters/layer-range/src/tests.rs:990:10:
[INFO] [stdout] whole model should execute contiguously: DeadlineExceeded
[INFO] [stdout] stack backtrace:
[INFO] [stdout]    0:     0x580dcb922281 - <<std[97b98282bc616a66]::sys::backtrace::BacktraceLock>::print::DisplayBacktrace as core[832e9a552fc17241]::fmt::Display>::fmt
[INFO] [stdout]    1:     0x580dcb938afa - core[832e9a552fc17241]::fmt::write
[INFO] [stdout]    2:     0x580dcb92708c - <alloc[3ecab9f82c41dc7d]::vec::Vec<u8> as std[97b98282bc616a66]::io::Write>::write_fmt
[INFO] [stdout]    3:     0x580dcb8ff276 - std[97b98282bc616a66]::panicking::default_hook::{closure#0}
[INFO] [stdout]    4:     0x580dcb919b29 - std[97b98282bc616a66]::panicking::default_hook
[INFO] [stdout]    5:     0x580dcb6e26a0 - test[39766f3d73431624]::test_main_inner::<test[39766f3d73431624]::test_main_static::{closure#0}>::{closure#0}
[INFO] [stdout]    6:     0x580dcb919e52 - std[97b98282bc616a66]::panicking::panic_with_hook
[INFO] [stdout]    7:     0x580dcb8ff322 - std[97b98282bc616a66]::panicking::panic_handler::{closure#0}
[INFO] [stdout]    8:     0x580dcb8f63f9 - std[97b98282bc616a66]::sys::backtrace::__rust_end_short_backtrace::<std[97b98282bc616a66]::panicking::panic_handler::{closure#0}, !>
[INFO] [stdout]    9:     0x580dcb90002d - __rustc[e3d8617bb01b7f69]::rust_begin_unwind
[INFO] [stdout]   10:     0x580dcb93922c - core[832e9a552fc17241]::panicking::panic_fmt
[INFO] [stdout]   11:     0x580dcb939002 - core[832e9a552fc17241]::result::unwrap_failed
[INFO] [stdout]   12:     0x580dcb6a7658 - synapseflow_adapter_loom[95907eafe136f9f7]::tests::loopback_harness_matches_contiguous_loom_and_recovers_the_final_range_from_checkpoint
[INFO] [stdout]   13:     0x580dcb6cf969 - <synapseflow_adapter_loom[95907eafe136f9f7]::tests::loopback_harness_matches_contiguous_loom_and_recovers_the_final_range_from_checkpoint::{closure#0} as core[832e9a552fc17241]::ops::function::FnOnce<()>>::call_once
[INFO] [stdout]   14:     0x580dcb6d59db - test[39766f3d73431624]::__rust_begin_short_backtrace::<core[832e9a552fc17241]::result::Result<(), alloc[3ecab9f82c41dc7d]::string::String>, fn() -> core[832e9a552fc17241]::result::Result<(), alloc[3ecab9f82c41dc7d]::string::String>>
[INFO] [stdout]   15:     0x580dcb6e3025 - test[39766f3d73431624]::run_test::{closure#0}
[INFO] [stdout]   16:     0x580dcb6ddad4 - std[97b98282bc616a66]::sys::backtrace::__rust_begin_short_backtrace::<test[39766f3d73431624]::run_test::{closure#1}, ()>
[INFO] [stdout]   17:     0x580dcb6e6172 - <std[97b98282bc616a66]::thread::lifecycle::spawn_unchecked<test[39766f3d73431624]::run_test::{closure#1}, ()>::{closure#1} as core[832e9a552fc17241]::ops::function::FnOnce<()>>::call_once::{shim:vtable#0}
[INFO] [stdout]   18:     0x580dcb92175f - <std[97b98282bc616a66]::sys::thread::unix::Thread>::new::thread_start
[INFO] [stdout]   19:     0x7543ed31207a - <unknown>
[INFO] [stdout]   20:     0x7543ed3a5534 - clone
[INFO] [stdout]   21:                0x0 - <unknown>
[INFO] [stdout] 
[INFO] [stdout] 
[INFO] [stdout] failures:
[INFO] [stdout]     tests::loopback_harness_matches_contiguous_loom_and_recovers_the_final_range_from_checkpoint
[INFO] [stdout] 
[INFO] [stdout] test result: FAILED. 6 passed; 1 failed; 1 ignored; 0 measured; 0 filtered out; finished in 0.31s
[INFO] [stdout] 
[INFO] [stderr] error: test failed, to rerun pass `-p synapseflow-adapter-loom --lib`
[INFO] running `Command { std: "docker" "inspect" "13b7056bcd94c68699adb880887065fe0f540e99797f9cbd5c1f6a028db2dc1f", kill_on_drop: false }`
[INFO] running `Command { std: "docker" "rm" "-f" "13b7056bcd94c68699adb880887065fe0f540e99797f9cbd5c1f6a028db2dc1f", kill_on_drop: false }`
[INFO] [stdout] 13b7056bcd94c68699adb880887065fe0f540e99797f9cbd5c1f6a028db2dc1f
