[INFO] fetching crate zisk-asm-runner 1.2.0-alpha...
[INFO] testing zisk-asm-runner-1.2.0-alpha against 1.98.0-beta.8+cargoflags=--release for beta-release-1.99-2
[INFO] extracting crate zisk-asm-runner 1.2.0-alpha into /workspace/builds/worker-2-tc1/source
[INFO] started tweaking crates.io crate zisk-asm-runner 1.2.0-alpha
[INFO] removed 0 missing tests
[INFO] finished tweaking crates.io crate zisk-asm-runner 1.2.0-alpha
[INFO] tweaked toml for crates.io crate zisk-asm-runner 1.2.0-alpha written to /workspace/builds/worker-2-tc1/source/Cargo.toml
[INFO] validating manifest of crates.io crate zisk-asm-runner 1.2.0-alpha on toolchain 1.98.0-beta.8
[INFO] running `Command { std: CARGO_HOME="/workspace/cargo-home" RUSTUP_HOME="/workspace/rustup-home" "/workspace/cargo-home/bin/cargo" "+1.98.0-beta.8" "metadata" "--manifest-path" "Cargo.toml" "--no-deps", kill_on_drop: false }`
[INFO] crate crates.io crate zisk-asm-runner 1.2.0-alpha already has a lockfile, it will not be regenerated
[INFO] running `Command { std: CARGO_HOME="/workspace/cargo-home" RUSTUP_HOME="/workspace/rustup-home" "/workspace/cargo-home/bin/cargo" "+1.98.0-beta.8" "fetch" "--manifest-path" "Cargo.toml", kill_on_drop: false }`
[INFO] [stderr]     Updating crates.io index
[INFO] [stderr]     Blocking waiting for file lock on package cache
[INFO] [stderr]  Downloading crates ...
[INFO] [stderr]   Downloaded ctor v0.2.9
[INFO] [stderr]   Downloaded hex-conservative v1.2.0
[INFO] [stderr]   Downloaded num v0.4.3
[INFO] [stderr]   Downloaded zisk-sm-mem-planner v1.2.0-alpha
[INFO] [stderr]   Downloaded windows-strings v0.5.1
[INFO] [stderr]   Downloaded tap v1.0.1
[INFO] [stderr]   Downloaded macro-string v0.2.0
[INFO] [stderr]   Downloaded primitive-types v0.12.2
[INFO] [stderr]   Downloaded fastrlp v0.4.0
[INFO] [stderr]   Downloaded bitcoin-internals v0.6.0
[INFO] [stderr]   Downloaded threadpool v1.8.1
[INFO] [stderr]   Downloaded hex v0.4.3
[INFO] [stderr]   Downloaded android_system_properties v0.1.6
[INFO] [stderr]   Downloaded num-iter v0.1.46
[INFO] [stderr]   Downloaded proofman-hints v1.2.0-alpha
[INFO] [stderr]   Downloaded proofman-witness v1.2.0-alpha
[INFO] [stderr]   Downloaded iana-time-zone-haiku v0.1.2
[INFO] [stderr]   Downloaded option-ext v0.2.0
[INFO] [stderr]   Downloaded const_format_proc_macros v0.2.34
[INFO] [stderr]   Downloaded byte-slice-cast v1.2.3
[INFO] [stderr]   Downloaded ripemd v0.1.3
[INFO] [stderr]   Downloaded windows-result v0.4.1
[INFO] [stderr]   Downloaded rustc-hex v2.1.0
[INFO] [stderr]   Downloaded unicode-xid v0.2.6
[INFO] [stderr]   Downloaded dirs v6.0.0
[INFO] [stderr]   Downloaded ruint-macro v1.2.1
[INFO] [stderr]   Downloaded dyn-clone v1.0.20
[INFO] [stderr]   Downloaded proc-macro-error-attr3 v3.0.1
[INFO] [stderr]   Downloaded rand_xorshift v0.4.0
[INFO] [stderr]   Downloaded crypto-common v0.2.2
[INFO] [stderr]   Downloaded anstyle-wincon v3.0.11
[INFO] [stderr]   Downloaded once_cell_polyfill v1.70.2
[INFO] [stderr]   Downloaded block-buffer v0.12.1
[INFO] [stderr]   Downloaded fastrlp v0.3.1
[INFO] [stderr]   Downloaded ref-cast v1.0.27
[INFO] [stderr]   Downloaded ref-cast-impl v1.0.27
[INFO] [stderr]   Downloaded radium v0.7.0
[INFO] [stderr]   Downloaded unarray v0.1.4
[INFO] [stderr]   Downloaded rlp v0.5.2
[INFO] [stderr]   Downloaded funty v2.0.0
[INFO] [stderr]   Downloaded fixed-hash v0.8.0
[INFO] [stderr]   Downloaded tikv-jemallocator v0.6.1
[INFO] [stderr]   Downloaded dirs-sys v0.5.0
[INFO] [stderr]   Downloaded impl-codec v0.6.0
[INFO] [stderr]   Downloaded konst_macro_rules v0.2.19
[INFO] [stderr]   Downloaded libredox v0.1.20
[INFO] [stderr]   Downloaded parity-scale-codec-derive v3.7.5
[INFO] [stderr]   Downloaded jiff-tzdb-platform v0.1.3
[INFO] [stderr]   Downloaded proofman-util v1.2.0-alpha
[INFO] [stderr]   Downloaded aurora-engine-modexp v1.2.0
[INFO] [stderr]   Downloaded num-complex v0.4.6
[INFO] [stderr]   Downloaded windows-core v0.62.2
[INFO] [stderr]   Downloaded jiff-static v0.2.35
[INFO] [stderr]   Downloaded base16ct v0.2.0
[INFO] [stderr]   Downloaded signature v2.2.0
[INFO] [stderr]   Downloaded proofman-curves v1.2.0-alpha
[INFO] [stderr]   Downloaded constant_time_eq v0.4.2
[INFO] [stderr]   Downloaded static_assertions v1.1.0
[INFO] [stderr]   Downloaded wyz v0.5.1
[INFO] [stderr]   Downloaded byteorder v1.5.0
[INFO] [stderr]   Downloaded ark-std v0.6.0
[INFO] [stderr]   Downloaded defmt-parser v1.0.0
[INFO] [stderr]   Downloaded num-rational v0.4.2
[INFO] [stderr]   Downloaded keccak v0.2.2
[INFO] [stderr]   Downloaded digest v0.11.3
[INFO] [stderr]   Downloaded redox_users v0.5.2
[INFO] [stderr]   Downloaded alloy-sol-macro-input v1.7.0
[INFO] [stderr]   Downloaded impl-trait-for-tuples v0.2.3
[INFO] [stderr]   Downloaded ark-serialize v0.6.0
[INFO] [stderr]   Downloaded bitflags v1.3.2
[INFO] [stderr]   Downloaded alloy-sol-type-parser v1.7.0
[INFO] [stderr]   Downloaded paste v1.0.15
[INFO] [stderr]   Downloaded windows-strings v0.4.2
[INFO] [stderr]   Downloaded alloy-sol-macro v1.7.0
[INFO] [stderr]   Downloaded proc-macro-error3 v3.0.1
[INFO] [stderr]   Downloaded alloy-sol-macro-expander v1.7.0
[INFO] [stderr]   Downloaded hybrid-array v0.4.14
[INFO] [stderr]   Downloaded uint v0.9.5
[INFO] [stderr]   Downloaded auto_impl v1.3.0
[INFO] [stderr]   Downloaded defmt v1.1.1
[INFO] [stderr]   Downloaded defmt-macros v1.1.1
[INFO] [stderr]   Downloaded pil2-std-lib v1.2.0-alpha
[INFO] [stderr]   Downloaded jiff-tzdb v0.1.8
[INFO] [stderr]   Downloaded ecdsa v0.16.9
[INFO] [stderr]   Downloaded alloy-json-abi v1.7.0
[INFO] [stderr]   Downloaded smallvec v1.15.2
[INFO] [stderr]   Downloaded custom_derive v0.1.7
[INFO] [stderr]   Downloaded proc-macro-crate v3.5.0
[INFO] [stderr]   Downloaded simdutf8 v0.1.5
[INFO] [stderr]   Downloaded cpufeatures v0.3.0
[INFO] [stderr]   Downloaded siphasher v1.0.3
[INFO] [stderr]   Downloaded crypto-common v0.1.7
[INFO] [stderr]   Downloaded generic-array v0.14.7
[INFO] [stderr]   Downloaded version_check v0.9.5
[INFO] [stderr]   Downloaded iana-time-zone v0.1.65
[INFO] [stderr]   Downloaded syn-solidity v1.7.0
[INFO] [stderr]   Downloaded parity-scale-codec v3.7.5
[INFO] [stderr]   Downloaded const_format v0.2.36
[INFO] [stderr]   Downloaded schemars v0.9.0
[INFO] [stderr]   Downloaded const-hex v1.19.1
[INFO] [stderr]   Downloaded rayon-core v1.13.0
[INFO] [stderr]   Downloaded crossbeam-deque v0.8.7
[INFO] [stderr]   Downloaded fastbloom v0.17.0
[INFO] [stderr]   Downloaded ark-std v0.5.0
[INFO] [stderr]   Downloaded rand_core v0.6.4
[INFO] [stderr]   Downloaded digest v0.10.7
[INFO] [stderr]   Downloaded const-oid v0.9.6
[INFO] [stderr]   Downloaded alloy-sol-types v1.7.0
[INFO] [stderr]   Downloaded konst v0.2.20
[INFO] [stderr]   Downloaded schemars v1.2.2
[INFO] [stderr]   Downloaded bs58 v0.5.1
[INFO] [stderr]   Downloaded ark-std v0.4.0
[INFO] [stderr]   Downloaded ark-serialize v0.4.2
[INFO] [stderr]   Downloaded ark-ff-macros v0.3.0
[INFO] [stderr]   Downloaded ark-ff-asm v0.3.0
[INFO] [stderr]   Downloaded alloy-rlp v0.3.16
[INFO] [stderr]   Downloaded group v0.13.0
[INFO] [stderr]   Downloaded unicode-segmentation v1.13.3
[INFO] [stderr]   Downloaded named-sem v0.2.3
[INFO] [stderr]   Downloaded serde_arrays v0.2.0
[INFO] [stderr]   Downloaded num-traits v0.2.19
[INFO] [stderr]   Downloaded windows-core v0.61.2
[INFO] [stderr]   Downloaded rand_core v0.9.5
[INFO] [stderr]   Downloaded zisk-common v1.2.0-alpha
[INFO] [stderr]   Downloaded proofman v1.2.0-alpha
[INFO] [stderr]   Downloaded ark-ff v0.6.0
[INFO] [stderr]   Downloaded portable-atomic-util v0.2.7
[INFO] [stderr]   Downloaded derivative v2.2.0
[INFO] [stderr]   Downloaded num_cpus v1.17.0
[INFO] [stderr]   Downloaded mpi-sys v0.2.4
[INFO] [stderr]   Downloaded wasm-bindgen-macro v0.2.127
[INFO] [stderr]   Downloaded indexmap v1.9.3
[INFO] [stderr]   Downloaded convert_case v0.10.0
[INFO] [stderr]   Downloaded thread_local v1.1.10
[INFO] [stderr]   Downloaded lazy_static v1.5.0
[INFO] [stderr]   Downloaded rand v0.8.8
[INFO] [stderr]   Downloaded r-efi v5.3.0
[INFO] [stderr]   Downloaded alloy-primitives v1.7.0
[INFO] [stderr]   Downloaded ruint v1.20.0
[INFO] [stderr]   Downloaded jiff-core v0.1.0
[INFO] [stderr]   Downloaded zisk-sm-mem-common v1.2.0-alpha
[INFO] [stderr]   Downloaded zisk-pil v1.2.0-alpha
[INFO] [stderr]   Downloaded num-bigint v0.4.8
[INFO] [stderr]   Downloaded libm v0.2.16
[INFO] [stderr]   Downloaded sharded-slab v0.1.7
[INFO] [stderr]   Downloaded nu-ansi-term v0.50.3
[INFO] [stderr]   Downloaded serde_json v1.0.151
[INFO] [stderr]   Downloaded jni-sys-macros v0.4.1
[INFO] [stderr]   Downloaded typenum v1.20.1
[INFO] [stderr]   Downloaded hashbrown v0.12.3
[INFO] [stderr]   Downloaded rustc_version v0.3.3
[INFO] [stderr]   Downloaded derive_more-impl v2.1.1
[INFO] [stderr]   Downloaded objc2-core-foundation v0.3.2
[INFO] [stderr]   Downloaded rand_chacha v0.3.1
[INFO] [stderr]   Downloaded chrono v0.4.45
[INFO] [stderr]   Downloaded blake3 v1.8.7
[INFO] [stderr]   Downloaded proptest v1.11.0
[INFO] [stderr]   Downloaded bitvec v1.1.1
[INFO] [stderr]   Downloaded serde_with v3.22.0
[INFO] [stderr]   Downloaded ark-serialize-derive v0.6.0
[INFO] [stderr]   Downloaded ark-ff v0.3.0
[INFO] [stderr]   Downloaded jni-macros v0.22.4
[INFO] [stderr]   Downloaded ppv-lite86 v0.2.21
[INFO] [stderr]   Downloaded wasm-bindgen-shared v0.2.127
[INFO] [stderr]   Downloaded powerfmt v0.2.0
[INFO] [stderr]   Downloaded ark-ff-asm v0.6.0
[INFO] [stderr]   Downloaded ark-ff-macros v0.4.2
[INFO] [stderr]   Downloaded ark-ff-asm v0.4.2
[INFO] [stderr]   Downloaded env v1.0.1
[INFO] [stderr]   Downloaded combine v4.6.8
[INFO] [stderr]   Downloaded ark-secp256r1 v0.5.0
[INFO] [stderr]   Downloaded zerocopy-derive v0.8.56
[INFO] [stderr]   Downloaded ark-ff v0.5.0
[INFO] [stderr]   Downloaded educe v0.6.0
[INFO] [stderr]   Downloaded blst v0.3.17
[INFO] [stderr]   Downloaded ark-ff-macros v0.6.0
[INFO] [stderr]   Downloaded ark-ff v0.4.2
[INFO] [stderr]   Downloaded syn v1.0.109
[INFO] [stderr]   Downloaded hmac v0.12.1
[INFO] [stderr]   Downloaded fixed-cache v0.1.10
[INFO] [stderr]   Downloaded derive_more v2.1.1
[INFO] [stderr]   Downloaded serde_derive v1.0.229
[INFO] [stderr]   Downloaded tracing-log v0.2.0
[INFO] [stderr]   Downloaded windows-link v0.2.1
[INFO] [stderr]   Downloaded tracing-attributes v0.1.31
[INFO] [stderr]   Downloaded windows-numerics v0.2.0
[INFO] [stderr]   Downloaded windows-link v0.1.3
[INFO] [stderr]   Downloaded windows-result v0.3.4
[INFO] [stderr]   Downloaded simd_cesu8 v1.2.0
[INFO] [stderr]   Downloaded zerocopy v0.8.56
[INFO] [stderr]   Downloaded itertools v0.13.0
[INFO] [stderr]   Downloaded ark-secp256k1 v0.5.0
[INFO] [stderr]   Downloaded ark-bn254 v0.5.0
[INFO] [stderr]   Downloaded valuable v0.1.1
[INFO] [stderr]   Downloaded unty v0.0.4
[INFO] [stderr]   Downloaded num-conv v0.2.2
[INFO] [stderr]   Downloaded asn1-rs-derive v0.6.0
[INFO] [stderr]   Downloaded wasip2 v1.0.4+wasi-0.2.12
[INFO] [stderr]   Downloaded sha3 v0.11.0
[INFO] [stderr]   Downloaded jiff v0.2.35
[INFO] [stderr]   Downloaded ark-std v0.3.0
[INFO] [stderr]   Downloaded tracing-subscriber v0.3.23
[INFO] [stderr]   Downloaded sysinfo v0.35.2
[INFO] [stderr]   Downloaded windows-future v0.2.1
[INFO] [stderr]   Downloaded build-probe-mpi v0.1.6
[INFO] [stderr]   Downloaded num_threads v0.1.7
[INFO] [stderr]   Downloaded zisk-verifier v1.2.0-alpha
[INFO] [stderr]   Downloaded tokio-macros v2.7.2
[INFO] [stderr]   Downloaded scopeguard v1.2.0
[INFO] [stderr]   Downloaded zeroize_derive v1.5.0
[INFO] [stderr]   Downloaded time-core v0.1.8
[INFO] [stderr]   Downloaded hex-conservative v0.2.2
[INFO] [stderr]   Downloaded bitcoin-io v0.1.101
[INFO] [stderr]   Downloaded bitcoin-consensus-encoding v1.2.0
[INFO] [stderr]   Downloaded ark-serialize v0.3.0
[INFO] [stderr]   Downloaded digest v0.9.0
[INFO] [stderr]   Downloaded elliptic-curve v0.13.8
[INFO] [stderr]   Downloaded pkcs8 v0.10.2
[INFO] [stderr]   Downloaded spki v0.7.3
[INFO] [stderr]   Downloaded windows_x86_64_msvc v0.52.6
[INFO] [stderr]   Downloaded rusticata-macros v4.1.0
[INFO] [stderr]   Downloaded semver v0.11.0
[INFO] [stderr]   Downloaded keccak-asm v0.1.8
[INFO] [stderr]   Downloaded ff v0.13.1
[INFO] [stderr]   Downloaded rfc6979 v0.4.0
[INFO] [stderr]   Downloaded proofman-starks-lib-c v1.2.0-alpha
[INFO] [stderr]   Downloaded rand_chacha v0.9.0
[INFO] [stderr]   Downloaded semver-parser v0.10.3
[INFO] [stderr]   Downloaded ucd-trie v0.1.7
[INFO] [stderr]   Downloaded sec1 v0.7.3
[INFO] [stderr]   Downloaded der v0.7.10
[INFO] [stderr]   Downloaded base64ct v1.8.3
[INFO] [stderr]   Downloaded autocfg v1.5.1
[INFO] [stderr]   Downloaded tikv-jemalloc-sys v0.6.1+5.3.0-1-ge13ca993e8ccb9ba9847cc330696e02839f328f7
[INFO] [stderr]   Downloaded rapidhash v4.5.1
[INFO] [stderr]   Downloaded k256 v0.13.4
[INFO] [stderr]   Downloaded proofman-macros v1.2.0-alpha
[INFO] [stderr]   Downloaded proofman-fields v1.2.0-alpha
[INFO] [stderr]   Downloaded shell-words v1.1.1
[INFO] [stderr]   Downloaded zisk-zkvm-interface v1.2.0-alpha
[INFO] [stderr]   Downloaded asn1-rs-impl v0.2.0
[INFO] [stderr]   Downloaded allocator-api2 v0.2.21
[INFO] [stderr]   Downloaded ark-poly v0.5.0
[INFO] [stderr]   Downloaded ahash v0.8.12
[INFO] [stderr]   Downloaded pest v2.9.0
[INFO] [stderr]   Downloaded crypto-bigint v0.5.5
[INFO] [stderr]   Downloaded proofman-common v1.2.0-alpha
[INFO] [stderr]   Downloaded windows-threading v0.1.0
[INFO] [stderr]   Downloaded windows-collections v0.2.0
[INFO] [stderr]   Downloaded windows-targets v0.52.6
[INFO] [stderr]   Downloaded rustls-platform-verifier-android v0.1.1
[INFO] [stderr]   Downloaded walkdir v2.5.0
[INFO] [stderr]   Downloaded winapi-util v0.1.11
[INFO] [stderr]   Downloaded same-file v1.0.6
[INFO] [stderr]   Downloaded chacha20 v0.10.1
[INFO] [stderr]   Downloaded enum-ordinalize v4.4.2
[INFO] [stderr]   Downloaded ark-serialize v0.5.0
[INFO] [stderr]   Downloaded ark-ff-asm v0.5.0
[INFO] [stderr]   Downloaded zisk-definitions v1.2.0-alpha
[INFO] [stderr]   Downloaded tiny-keccak v2.0.2
[INFO] [stderr]   Downloaded num-integer v0.1.47
[INFO] [stderr]   Downloaded foldhash v0.2.0
[INFO] [stderr]   Downloaded either v1.18.0
[INFO] [stderr]   Downloaded rustversion v1.0.23
[INFO] [stderr]   Downloaded shlex v1.3.0
[INFO] [stderr]   Downloaded redox_syscall v0.5.18
[INFO] [stderr]   Downloaded bit-vec v0.9.1
[INFO] [stderr]   Downloaded ark-ec v0.5.0
[INFO] [stderr]   Downloaded hashbrown v0.15.5
[INFO] [stderr]   Downloaded yansi v1.0.1
[INFO] [stderr]   Downloaded ntapi v0.4.3
[INFO] [stderr]   Downloaded crossbeam-epoch v0.9.20
[INFO] [stderr]   Downloaded indexmap v2.14.0
[INFO] [stderr]   Downloaded rayon v1.12.0
[INFO] [stderr]   Downloaded portable-atomic v1.15.0
[INFO] [stderr]   Downloaded sha3-asm v0.1.8
[INFO] [stderr]   Downloaded objc2-io-kit v0.3.2
[INFO] [stderr]   Downloaded winapi v0.3.9
[INFO] [stderr]   Downloaded enum-ordinalize-derive v4.4.2
[INFO] [stderr]   Downloaded time-macros v0.2.27
[INFO] [stderr]   Downloaded ark-bls12-381 v0.5.0
[INFO] [stderr]   Downloaded ark-serialize-derive v0.5.0
[INFO] [stderr]   Downloaded ark-ff-macros v0.5.0
[INFO] [stderr]   Downloaded cpufeatures v0.2.17
[INFO] [stderr]   Downloaded rustc_version v0.4.1
[INFO] [stderr]   Downloaded jni-sys v0.4.1
[INFO] [stderr]   Downloaded zisk-circuit v1.2.0-alpha
[INFO] [stderr]   Downloaded sha2 v0.10.9
[INFO] [stderr]   Downloaded secp256k1 v0.31.1
[INFO] [stderr]   Downloaded windows-implement v0.60.2
[INFO] [stderr]   Downloaded deranged v0.5.8
[INFO] [stderr]   Downloaded windows-interface v0.59.3
[INFO] [stderr]   Downloaded lock_api v0.4.14
[INFO] [stderr]   Downloaded cexpr v0.6.0
[INFO] [stderr]   Downloaded csv-core v0.1.13
[INFO] [stderr]   Downloaded toml_datetime v1.1.1+spec-1.1.0
[INFO] [stderr]   Downloaded signal-hook-registry v1.4.8
[INFO] [stderr]   Downloaded data-encoding v2.11.1
[INFO] [stderr]   Downloaded zisk-precomp-helpers v1.2.0-alpha
[INFO] [stderr]   Downloaded bitcoin_hashes v0.14.101
[INFO] [stderr]   Downloaded wit-bindgen v0.57.1
[INFO] [stderr]   Downloaded web-time v1.1.0
[INFO] [stderr]   Downloaded libloading v0.8.9
[INFO] [stderr]   Downloaded conv v0.3.3
[INFO] [stderr]   Downloaded wasi v0.11.1+wasi-snapshot-preview1
[INFO] [stderr]   Downloaded core-foundation v0.10.1
[INFO] [stderr]   Downloaded crossbeam-queue v0.3.13
[INFO] [stderr]   Downloaded oid-registry v0.8.1
[INFO] [stderr]   Downloaded pem v3.0.6
[INFO] [stderr]   Downloaded zisk-lib-c v1.2.0-alpha
[INFO] [stderr]   Downloaded block-buffer v0.10.4
[INFO] [stderr]   Downloaded crunchy v0.2.4
[INFO] [stderr]   Downloaded glob v0.3.4
[INFO] [stderr]   Downloaded borsh-derive v1.8.0
[INFO] [stderr]   Downloaded zisk-stream v1.2.0-alpha
[INFO] [stderr]   Downloaded parking_lot v0.12.5
[INFO] [stderr]   Downloaded parking_lot_core v0.9.12
[INFO] [stderr]   Downloaded security-framework-sys v2.17.0
[INFO] [stderr]   Downloaded core-foundation-sys v0.8.7
[INFO] [stderr]   Downloaded zmij v1.0.23
[INFO] [stderr]   Downloaded hermit-abi v0.5.2
[INFO] [stderr]   Downloaded toml_parser v1.1.3+spec-1.1.0
[INFO] [stderr]   Downloaded r-efi v6.0.0
[INFO] [stderr]   Downloaded rcgen v0.14.9
[INFO] [stderr]   Downloaded ryu v1.0.23
[INFO] [stderr]   Downloaded schannel v0.1.29
[INFO] [stderr]   Downloaded clang-sys v1.9.1
[INFO] [stderr]   Downloaded windows-sys v0.61.2
[INFO] [stderr]   Downloaded winapi-i686-pc-windows-gnu v0.4.0
[INFO] [stderr]   Downloaded winapi-x86_64-pc-windows-gnu v0.4.0
[INFO] [stderr]   Downloaded proofman-starks-src v1.2.0-alpha
[INFO] [stderr]   Downloaded libffi v5.2.0
[INFO] [stderr]   Downloaded arrayvec v0.7.8
[INFO] [stderr]   Downloaded secp256k1-sys v0.11.0
[INFO] [stderr]   Downloaded windows-sys v0.52.0
[INFO] [stderr]   Downloaded prettyplease v0.2.37
[INFO] [stderr]   Downloaded wasm-bindgen v0.2.127
[INFO] [stderr]   Downloaded bincode v2.0.1
[INFO] [stderr]   Downloaded semver v1.0.28
[INFO] [stderr]   Downloaded toml_edit v0.25.13+spec-1.1.0
[INFO] [stderr]   Downloaded yasna v0.6.0
[INFO] [stderr]   Downloaded der-parser v10.0.0
[INFO] [stderr]   Downloaded borsh v1.8.0
[INFO] [stderr]   Downloaded mpi v0.8.2
[INFO] [stderr]   Downloaded wasm-bindgen-macro-support v0.2.127
[INFO] [stderr]   Downloaded getrandom v0.3.4
[INFO] [stderr]   Downloaded minimal-lexical v0.2.1
[INFO] [stderr]   Downloaded asn1-rs v0.7.2
[INFO] [stderr]   Downloaded security-framework v3.7.0
[INFO] [stderr]   Downloaded bumpalo v3.20.3
[INFO] [stderr]   Downloaded itertools v0.10.5
[INFO] [stderr]   Downloaded nom v7.1.3
[INFO] [stderr]   Downloaded zisk-core v1.2.0-alpha
[INFO] [stderr]   Downloaded x509-parser v0.18.1
[INFO] [stderr]   Downloaded js-sys v0.3.104
[INFO] [stderr]   Downloaded mio v1.2.2
[INFO] [stderr]   Downloaded rand v0.9.5
[INFO] [stderr]   Downloaded regex v1.13.1
[INFO] [stderr]   Downloaded proofman-verifier v1.2.0-alpha
[INFO] [stderr]   Downloaded webpki-root-certs v1.0.9
[INFO] [stderr]   Downloaded aho-corasick v1.1.5
[INFO] [stderr]   Downloaded winnow v1.0.4
[INFO] [stderr]   Downloaded jni v0.22.4
[INFO] [stderr]   Downloaded ziskos v1.2.0-alpha
[INFO] [stderr]   Downloaded time v0.3.47
[INFO] [stderr]   Downloaded windows v0.61.3
[INFO] [stderr]   Downloaded aws-lc-rs v1.18.0
[INFO] [stderr]   Downloaded bindgen v0.72.1
[INFO] [stderr]   Downloaded regex-syntax v0.8.11
[INFO] [stderr]   Downloaded windows_aarch64_gnullvm v0.52.6
[INFO] [stderr]   Downloaded windows_x86_64_gnullvm v0.52.6
[INFO] [stderr]   Downloaded windows_i686_gnullvm v0.52.6
[INFO] [stderr]   Downloaded regex-automata v0.4.18
[INFO] [stderr]   Downloaded windows_i686_msvc v0.52.6
[INFO] [stderr]   Downloaded windows_x86_64_gnu v0.52.6
[INFO] [stderr]   Downloaded windows_aarch64_msvc v0.52.6
[INFO] [stderr]   Downloaded windows_i686_gnu v0.52.6
[INFO] [stderr]   Downloaded csv v1.4.0
[INFO] [stderr]   Downloaded libffi-sys v4.2.1
[INFO] [stderr]   Downloaded aws-lc-sys v0.44.0
[INFO] running `Command { std: "docker" "create" "-v" "/var/lib/crater-agent-workspace/builds/worker-2-tc1/source:/opt/rustwide/workdir:ro,Z" "-v" "/var/lib/crater-agent-workspace/builds/worker-2-tc1/target:/opt/rustwide/target:rw,Z" "-v" "/var/lib/crater-agent-workspace/cargo-home:/opt/rustwide/cargo-home:ro,Z" "-v" "/var/lib/crater-agent-workspace/rustup-home:/opt/rustwide/rustup-home:ro,Z" "-m" "1610612736" "--network" "none" "ghcr.io/rust-lang/crates-build-env/linux@sha256:8683fc1fc2eb5c9ac98e0d076ab094b2ffac7f99da555d2b6a2e27f346de2ec7" "sleep" "infinity", kill_on_drop: false }`
[INFO] [stdout] 97b9f0cc3f88562131cc20d702c340c46e151f1a143e474686d3b2d92e8d1800
[INFO] running `Command { std: "docker" "start" "97b9f0cc3f88562131cc20d702c340c46e151f1a143e474686d3b2d92e8d1800", kill_on_drop: false }`
[INFO] running `Command { std: "docker" "inspect" "97b9f0cc3f88562131cc20d702c340c46e151f1a143e474686d3b2d92e8d1800", kill_on_drop: false }`
[INFO] running `Command { std: "docker" "exec" "-e" "SOURCE_DIR=/opt/rustwide/workdir" "-e" "CARGO_HOME=/opt/rustwide/cargo-home" "-e" "RUSTUP_HOME=/opt/rustwide/rustup-home" "-e" "CARGO_TARGET_DIR=/opt/rustwide/target" "-w" "/opt/rustwide/workdir" "--user" "0:0" "97b9f0cc3f88562131cc20d702c340c46e151f1a143e474686d3b2d92e8d1800" "/opt/rustwide/cargo-home/bin/cargo" "+1.98.0-beta.8" "metadata" "--no-deps" "--format-version=1", kill_on_drop: false }`
[INFO] running `Command { std: "docker" "inspect" "97b9f0cc3f88562131cc20d702c340c46e151f1a143e474686d3b2d92e8d1800", kill_on_drop: false }`
[INFO] running `Command { std: "docker" "exec" "-e" "SOURCE_DIR=/opt/rustwide/workdir" "-e" "CARGO_HOME=/opt/rustwide/cargo-home" "-e" "RUSTUP_HOME=/opt/rustwide/rustup-home" "-e" "CARGO_TARGET_DIR=/opt/rustwide/target" "-e" "CARGO_INCREMENTAL=0" "-e" "RUST_BACKTRACE=full" "-e" "RUSTFLAGS=--cap-lints=warn" "-e" "RUSTDOCFLAGS=--cap-lints=warn" "-w" "/opt/rustwide/workdir" "--user" "0:0" "97b9f0cc3f88562131cc20d702c340c46e151f1a143e474686d3b2d92e8d1800" "/opt/rustwide/cargo-home/bin/cargo" "+1.98.0-beta.8" "build" "--frozen" "--message-format=json" "--release", kill_on_drop: false }`
[INFO] [stderr]    Compiling libc v0.2.189
[INFO] [stderr]    Compiling proc-macro2 v1.0.107
[INFO] [stderr]    Compiling unicode-ident v1.0.24
[INFO] [stderr]    Compiling quote v1.0.47
[INFO] [stderr]    Compiling cfg-if v1.0.4
[INFO] [stderr]    Compiling find-msvc-tools v0.1.11
[INFO] [stderr]    Compiling shlex v2.0.1
[INFO] [stderr]    Compiling autocfg v1.5.1
[INFO] [stderr]    Compiling libm v0.2.16
[INFO] [stderr]    Compiling once_cell v1.21.4
[INFO] [stderr]    Compiling paste v1.0.15
[INFO] [stderr]    Compiling pkg-config v0.3.34
[INFO] [stderr]    Compiling typenum v1.20.1
[INFO] [stderr]    Compiling version_check v0.9.5
[INFO] [stderr]    Compiling glob v0.3.4
[INFO] [stderr]    Compiling crossbeam-utils v0.8.22
[INFO] [stderr]    Compiling either v1.18.0
[INFO] [stderr]    Compiling prettyplease v0.2.37
[INFO] [stderr]    Compiling regex-syntax v0.8.11
[INFO] [stderr]    Compiling minimal-lexical v0.2.1
[INFO] [stderr]    Compiling log v0.4.34
[INFO] [stderr]    Compiling serde_core v1.0.229
[INFO] [stderr]    Compiling memchr v2.8.3
[INFO] [stderr]    Compiling generic-array v0.14.7
[INFO] [stderr]    Compiling num-traits v0.2.19
[INFO] [stderr]    Compiling clang-sys v1.9.1
[INFO] [stderr]    Compiling libloading v0.8.9
[INFO] [stderr]    Compiling bindgen v0.72.1
[INFO] [stderr]    Compiling zerocopy v0.8.56
[INFO] [stderr]    Compiling tracing-core v0.1.36
[INFO] [stderr]    Compiling itertools v0.10.5
[INFO] [stderr]    Compiling pin-project-lite v0.2.17
[INFO] [stderr]    Compiling shlex v1.3.0
[INFO] [stderr]    Compiling bitflags v2.13.1
[INFO] [stderr]    Compiling rustc-hash v2.1.3
[INFO] [stderr]    Compiling nom v7.1.3
[INFO] [stderr]    Compiling serde v1.0.229
[INFO] [stderr]    Compiling cfg_aliases v0.2.2
[INFO] [stderr]    Compiling dunce v1.0.5
[INFO] [stderr]    Compiling syn v2.0.119
[INFO] [stderr]    Compiling syn v3.0.4
[INFO] [stderr]    Compiling crossbeam-epoch v0.9.20
[INFO] [stderr]    Compiling proofman-starks-src v1.2.0-alpha
[INFO] [stderr]    Compiling proofman-starks-lib-c v1.2.0-alpha
[INFO] [stderr]    Compiling crossbeam-deque v0.8.7
[INFO] [stderr]    Compiling smallvec v1.15.2
[INFO] [stderr]    Compiling jobserver v0.1.35
[INFO] [stderr]    Compiling getrandom v0.2.17
[INFO] [stderr]    Compiling regex-automata v0.4.18
[INFO] [stderr]    Compiling hashbrown v0.17.1
[INFO] [stderr]    Compiling equivalent v1.0.2
[INFO] [stderr]    Compiling cc v1.4.4
[INFO] [stderr]    Compiling crypto-common v0.1.7
[INFO] [stderr]    Compiling block-buffer v0.10.4
[INFO] [stderr]    Compiling rand_core v0.6.4
[INFO] [stderr]    Compiling digest v0.10.7
[INFO] [stderr]    Compiling indexmap v2.14.0
[INFO] [stderr]    Compiling num-integer v0.1.47
[INFO] [stderr]    Compiling crossbeam-channel v0.5.16
[INFO] [stderr]    Compiling thiserror v2.0.20
[INFO] [stderr]    Compiling arrayvec v0.7.8
[INFO] [stderr]    Compiling num-bigint v0.4.8
[INFO] [stderr]    Compiling cexpr v0.6.0
[INFO] [stderr]    Compiling rayon-core v1.13.0
[INFO] [stderr]    Compiling shell-words v1.1.1
[INFO] [stderr]    Compiling build-probe-mpi v0.1.6
[INFO] [stderr] error: could not compile `zerocopy` (lib)
[INFO] [stderr] 
[INFO] [stderr] Caused by:
[INFO] [stderr]   process didn't exit successfully: `/opt/rustwide/rustup-home/toolchains/1.98.0-beta.8-x86_64-unknown-linux-gnu/bin/rustc --crate-name zerocopy --edition=2021 /opt/rustwide/cargo-home/registry/src/index.crates.io-1949cf8c6b5b557f/zerocopy-0.8.56/src/lib.rs --error-format=json --json=diagnostic-rendered-ansi,artifacts,future-incompat --crate-type lib --emit=dep-info,metadata,link -C opt-level=3 -C embed-bitcode=no --cfg 'feature="simd"' --check-cfg 'cfg(docsrs,test)' --check-cfg 'cfg(feature, values("__internal_use_only_features_that_work_on_stable", "alloc", "derive", "float-nightly", "simd", "simd-nightly", "std", "zerocopy-derive"))' -C metadata=a9c73542f06bfb56 -C extra-filename=-6ede9b76069575b1 --out-dir /opt/rustwide/target/release/deps -C strip=debuginfo -L dependency=/opt/rustwide/target/release/deps --cap-lints allow --cap-lints=warn --check-cfg 'cfg(no_zerocopy_simd_x86_avx12_1_89_0)' --check-cfg 'cfg(rust, values("1.89.0"))' --check-cfg 'cfg(no_zerocopy_core_error_1_81_0)' --check-cfg 'cfg(rust, values("1.81.0"))' --check-cfg 'cfg(no_zerocopy_diagnostic_on_unimplemented_1_78_0)' --check-cfg 'cfg(rust, values("1.78.0"))' --check-cfg 'cfg(no_zerocopy_generic_bounds_in_const_fn_1_61_0)' --check-cfg 'cfg(rust, values("1.61.0"))' --check-cfg 'cfg(no_zerocopy_target_has_atomics_1_60_0)' --check-cfg 'cfg(rust, values("1.60.0"))' --check-cfg 'cfg(no_zerocopy_aarch64_simd_1_59_0)' --check-cfg 'cfg(rust, values("1.59.0"))' --check-cfg 'cfg(no_zerocopy_aarch64_simd_be_1_87_0)' --check-cfg 'cfg(rust, values("1.87.0"))' --check-cfg 'cfg(no_zerocopy_panic_in_const_and_vec_try_reserve_1_57_0)' --check-cfg 'cfg(rust, values("1.57.0"))' --check-cfg 'cfg(doc_cfg)' --check-cfg 'cfg(kani)' --check-cfg 'cfg(__ZEROCOPY_INTERNAL_USE_ONLY_NIGHTLY_FEATURES_IN_TESTS)' --check-cfg 'cfg(__ZEROCOPY_INTERNAL_USE_ONLY_DEV_MODE)' --check-cfg 'cfg(coverage_nightly)' --check-cfg 'cfg(zerocopy_inline_always)' --check-cfg 'cfg(zerocopy_unstable_ptr)' --check-cfg 'cfg(zerocopy_unstable_linux)' --check-cfg 'cfg(no_fp_fmt_parse)'` (signal: 9, SIGKILL: kill)
[INFO] [stderr] warning: build failed, waiting for other jobs to finish...
[INFO] [stderr] error: could not compile `syn` (lib)
[INFO] [stderr] 
[INFO] [stderr] Caused by:
[INFO] [stderr]   process didn't exit successfully: `/opt/rustwide/rustup-home/toolchains/1.98.0-beta.8-x86_64-unknown-linux-gnu/bin/rustc --crate-name syn --edition=2021 /opt/rustwide/cargo-home/registry/src/index.crates.io-1949cf8c6b5b557f/syn-2.0.119/src/lib.rs --error-format=json --json=diagnostic-rendered-ansi,artifacts,future-incompat --crate-type lib --emit=dep-info,metadata,link -C embed-bitcode=no -C debug-assertions=off --cfg 'feature="clone-impls"' --cfg 'feature="default"' --cfg 'feature="derive"' --cfg 'feature="extra-traits"' --cfg 'feature="fold"' --cfg 'feature="full"' --cfg 'feature="parsing"' --cfg 'feature="printing"' --cfg 'feature="proc-macro"' --cfg 'feature="visit"' --cfg 'feature="visit-mut"' --check-cfg 'cfg(docsrs,test)' --check-cfg 'cfg(feature, values("clone-impls", "default", "derive", "extra-traits", "fold", "full", "parsing", "printing", "proc-macro", "test", "visit", "visit-mut"))' -C metadata=ff218aa8803b35be -C extra-filename=-11e8de9af56786ed --out-dir /opt/rustwide/target/release/deps -C strip=debuginfo -L dependency=/opt/rustwide/target/release/deps --extern proc_macro2=/opt/rustwide/target/release/deps/libproc_macro2-58bd5a67493b0c92.rmeta --extern quote=/opt/rustwide/target/release/deps/libquote-bb159eae73371f0d.rmeta --extern unicode_ident=/opt/rustwide/target/release/deps/libunicode_ident-3d1450b03eaa80c7.rmeta --cap-lints allow --cap-lints=warn` (signal: 9, SIGKILL: kill)
[INFO] [stderr] error: could not compile `syn` (lib)
[INFO] [stderr] 
[INFO] [stderr] Caused by:
[INFO] [stderr]   process didn't exit successfully: `/opt/rustwide/rustup-home/toolchains/1.98.0-beta.8-x86_64-unknown-linux-gnu/bin/rustc --crate-name syn --edition=2021 /opt/rustwide/cargo-home/registry/src/index.crates.io-1949cf8c6b5b557f/syn-3.0.4/src/lib.rs --error-format=json --json=diagnostic-rendered-ansi,artifacts,future-incompat --crate-type lib --emit=dep-info,metadata,link -C embed-bitcode=no -C debug-assertions=off --cfg 'feature="clone-impls"' --cfg 'feature="default"' --cfg 'feature="derive"' --cfg 'feature="full"' --cfg 'feature="parsing"' --cfg 'feature="printing"' --cfg 'feature="proc-macro"' --check-cfg 'cfg(docsrs,test)' --check-cfg 'cfg(feature, values("clone-impls", "default", "derive", "extra-traits", "fold", "full", "parsing", "printing", "proc-macro", "test", "visit", "visit-mut"))' -C metadata=8dcbe2fb10c18929 -C extra-filename=-9c9119e7c8b0a791 --out-dir /opt/rustwide/target/release/deps -C strip=debuginfo -L dependency=/opt/rustwide/target/release/deps --extern proc_macro2=/opt/rustwide/target/release/deps/libproc_macro2-58bd5a67493b0c92.rmeta --extern quote=/opt/rustwide/target/release/deps/libquote-bb159eae73371f0d.rmeta --extern unicode_ident=/opt/rustwide/target/release/deps/libunicode_ident-3d1450b03eaa80c7.rmeta --cap-lints allow --cap-lints=warn` (signal: 9, SIGKILL: kill)
[INFO] [stderr] error: could not compile `serde_core` (lib)
[INFO] [stderr] 
[INFO] [stderr] Caused by:
[INFO] [stderr]   process didn't exit successfully: `/opt/rustwide/rustup-home/toolchains/1.98.0-beta.8-x86_64-unknown-linux-gnu/bin/rustc --crate-name serde_core --edition=2021 /opt/rustwide/cargo-home/registry/src/index.crates.io-1949cf8c6b5b557f/serde_core-1.0.229/src/lib.rs --error-format=json --json=diagnostic-rendered-ansi,artifacts,future-incompat --crate-type lib --emit=dep-info,metadata,link -C opt-level=3 -C embed-bitcode=no --cfg 'feature="alloc"' --cfg 'feature="default"' --cfg 'feature="result"' --cfg 'feature="std"' --check-cfg 'cfg(docsrs,test)' --check-cfg 'cfg(feature, values("alloc", "default", "rc", "result", "std", "unstable"))' -C metadata=7f8ecebb2a8ce156 -C extra-filename=-1cb137558d77b910 --out-dir /opt/rustwide/target/release/deps -C strip=debuginfo -L dependency=/opt/rustwide/target/release/deps --cap-lints allow --cap-lints=warn --check-cfg 'cfg(if_docsrs_then_no_serde_core)' --check-cfg 'cfg(no_core_cstr)' --check-cfg 'cfg(no_core_error)' --check-cfg 'cfg(no_core_net)' --check-cfg 'cfg(no_core_num_saturating)' --check-cfg 'cfg(no_diagnostic_namespace)' --check-cfg 'cfg(no_serde_derive)' --check-cfg 'cfg(no_std_atomic)' --check-cfg 'cfg(no_std_atomic64)' --check-cfg 'cfg(no_target_has_atomic)'` (signal: 9, SIGKILL: kill)
[INFO] [stderr] error: could not compile `clang-sys` (lib)
[INFO] [stderr] 
[INFO] [stderr] Caused by:
[INFO] [stderr]   process didn't exit successfully: `/opt/rustwide/rustup-home/toolchains/1.98.0-beta.8-x86_64-unknown-linux-gnu/bin/rustc --crate-name clang_sys --edition=2021 /opt/rustwide/cargo-home/registry/src/index.crates.io-1949cf8c6b5b557f/clang-sys-1.9.1/src/lib.rs --error-format=json --json=diagnostic-rendered-ansi,artifacts,future-incompat --crate-type lib --emit=dep-info,metadata,link -C embed-bitcode=no -C debug-assertions=off --cfg 'feature="clang_10_0"' --cfg 'feature="clang_11_0"' --cfg 'feature="clang_3_5"' --cfg 'feature="clang_3_6"' --cfg 'feature="clang_3_7"' --cfg 'feature="clang_3_8"' --cfg 'feature="clang_3_9"' --cfg 'feature="clang_4_0"' --cfg 'feature="clang_5_0"' --cfg 'feature="clang_6_0"' --cfg 'feature="clang_7_0"' --cfg 'feature="clang_8_0"' --cfg 'feature="clang_9_0"' --cfg 'feature="libloading"' --cfg 'feature="runtime"' --check-cfg 'cfg(docsrs,test)' --check-cfg 'cfg(feature, values("clang_10_0", "clang_11_0", "clang_12_0", "clang_13_0", "clang_14_0", "clang_15_0", "clang_16_0", "clang_17_0", "clang_18_0", "clang_19_0", "clang_20_0", "clang_3_5", "clang_3_6", "clang_3_7", "clang_3_8", "clang_3_9", "clang_4_0", "clang_5_0", "clang_6_0", "clang_7_0", "clang_8_0", "clang_9_0", "libcpp", "libloading", "runtime", "static"))' -C metadata=8b9722016044b6e2 -C extra-filename=-6c90e1159367af6b --out-dir /opt/rustwide/target/release/deps -C strip=debuginfo -L dependency=/opt/rustwide/target/release/deps --extern glob=/opt/rustwide/target/release/deps/libglob-b0e9cf7f93171778.rmeta --extern libc=/opt/rustwide/target/release/deps/liblibc-57305cbee1986ea5.rmeta --extern libloading=/opt/rustwide/target/release/deps/liblibloading-65a1a04a2185f8ef.rmeta --cap-lints allow --cap-lints=warn` (signal: 9, SIGKILL: kill)
[INFO] [stderr] error: could not compile `regex-automata` (lib)
[INFO] [stderr] 
[INFO] [stderr] Caused by:
[INFO] [stderr]   process didn't exit successfully: `/opt/rustwide/rustup-home/toolchains/1.98.0-beta.8-x86_64-unknown-linux-gnu/bin/rustc --crate-name regex_automata --edition=2021 /opt/rustwide/cargo-home/registry/src/index.crates.io-1949cf8c6b5b557f/regex-automata-0.4.18/src/lib.rs --error-format=json --json=diagnostic-rendered-ansi,artifacts,future-incompat --crate-type lib --emit=dep-info,metadata,link -C embed-bitcode=no --allow=unexpected_cfgs --check-cfg 'cfg(docsrs_regex)' -C debug-assertions=off --cfg 'feature="alloc"' --cfg 'feature="meta"' --cfg 'feature="nfa-pikevm"' --cfg 'feature="nfa-thompson"' --cfg 'feature="std"' --cfg 'feature="syntax"' --cfg 'feature="unicode-perl"' --cfg 'feature="unicode-word-boundary"' --check-cfg 'cfg(docsrs,test)' --check-cfg 'cfg(feature, values("alloc", "default", "dfa", "dfa-build", "dfa-onepass", "dfa-search", "hybrid", "internal-instrument", "internal-instrument-pikevm", "logging", "meta", "nfa", "nfa-backtrack", "nfa-pikevm", "nfa-thompson", "perf", "perf-inline", "perf-literal", "perf-literal-multisubstring", "perf-literal-substring", "std", "syntax", "unicode", "unicode-age", "unicode-bool", "unicode-case", "unicode-gencat", "unicode-perl", "unicode-script", "unicode-segment", "unicode-word-boundary"))' -C metadata=df49112aada1ba78 -C extra-filename=-4da4cbfd1b89cb43 --out-dir /opt/rustwide/target/release/deps -C strip=debuginfo -L dependency=/opt/rustwide/target/release/deps --extern regex_syntax=/opt/rustwide/target/release/deps/libregex_syntax-1610dde421d16fa4.rmeta --cap-lints allow --cap-lints=warn` (signal: 9, SIGKILL: kill)
[INFO] [stderr] error: could not compile `cexpr` (lib)
[INFO] [stderr] 
[INFO] [stderr] Caused by:
[INFO] [stderr]   process didn't exit successfully: `/opt/rustwide/rustup-home/toolchains/1.98.0-beta.8-x86_64-unknown-linux-gnu/bin/rustc --crate-name cexpr --edition=2018 /opt/rustwide/cargo-home/registry/src/index.crates.io-1949cf8c6b5b557f/cexpr-0.6.0/src/lib.rs --error-format=json --json=diagnostic-rendered-ansi,artifacts,future-incompat --crate-type lib --emit=dep-info,metadata,link -C embed-bitcode=no -C debug-assertions=off --check-cfg 'cfg(docsrs,test)' --check-cfg 'cfg(feature, values())' -C metadata=bb7f863127821301 -C extra-filename=-d13505c1999d546f --out-dir /opt/rustwide/target/release/deps -C strip=debuginfo -L dependency=/opt/rustwide/target/release/deps --extern nom=/opt/rustwide/target/release/deps/libnom-e7f3921055c34917.rmeta --cap-lints allow --cap-lints=warn` (signal: 9, SIGKILL: kill)
[INFO] [stderr] error: could not compile `num-bigint` (lib)
[INFO] [stderr] 
[INFO] [stderr] Caused by:
[INFO] [stderr]   process didn't exit successfully: `/opt/rustwide/rustup-home/toolchains/1.98.0-beta.8-x86_64-unknown-linux-gnu/bin/rustc --crate-name num_bigint --edition=2021 /opt/rustwide/cargo-home/registry/src/index.crates.io-1949cf8c6b5b557f/num-bigint-0.4.8/src/lib.rs --error-format=json --json=diagnostic-rendered-ansi,artifacts,future-incompat --crate-type lib --emit=dep-info,metadata,link -C opt-level=3 -C embed-bitcode=no --cfg 'feature="default"' --cfg 'feature="std"' --check-cfg 'cfg(docsrs,test)' --check-cfg 'cfg(feature, values("arbitrary", "default", "quickcheck", "rand", "serde", "std"))' -C metadata=38087633c741ad9b -C extra-filename=-0b1a288c6167669e --out-dir /opt/rustwide/target/release/deps -C strip=debuginfo -L dependency=/opt/rustwide/target/release/deps --extern num_integer=/opt/rustwide/target/release/deps/libnum_integer-a3e83c82bb1b6a75.rmeta --extern num_traits=/opt/rustwide/target/release/deps/libnum_traits-654375333949363b.rmeta --cap-lints allow --cap-lints=warn` (signal: 9, SIGKILL: kill)
[INFO] [stderr] error: could not compile `crossbeam-channel` (lib)
[INFO] [stderr] 
[INFO] [stderr] Caused by:
[INFO] [stderr]   process didn't exit successfully: `/opt/rustwide/rustup-home/toolchains/1.98.0-beta.8-x86_64-unknown-linux-gnu/bin/rustc --crate-name crossbeam_channel --edition=2021 /opt/rustwide/cargo-home/registry/src/index.crates.io-1949cf8c6b5b557f/crossbeam-channel-0.5.16/src/lib.rs --error-format=json --json=diagnostic-rendered-ansi,artifacts,future-incompat --crate-type lib --emit=dep-info,metadata,link -C opt-level=3 -C embed-bitcode=no --warn=unexpected_cfgs '--allow=clippy::lint_groups_priority' '--allow=clippy::declare_interior_mutable_const' --check-cfg 'cfg(crossbeam_loom)' --check-cfg 'cfg(crossbeam_sanitize)' --cfg 'feature="default"' --cfg 'feature="std"' --check-cfg 'cfg(docsrs,test)' --check-cfg 'cfg(feature, values("default", "std"))' -C metadata=28b3fb6754e23db8 -C extra-filename=-e1e7d0ec5e58adcc --out-dir /opt/rustwide/target/release/deps -C strip=debuginfo -L dependency=/opt/rustwide/target/release/deps --extern crossbeam_utils=/opt/rustwide/target/release/deps/libcrossbeam_utils-934ef6f7ee89f11f.rmeta --cap-lints allow --cap-lints=warn` (signal: 9, SIGKILL: kill)
[INFO] [stderr] error: could not compile `num-integer` (lib)
[INFO] [stderr] 
[INFO] [stderr] Caused by:
[INFO] [stderr]   process didn't exit successfully: `/opt/rustwide/rustup-home/toolchains/1.98.0-beta.8-x86_64-unknown-linux-gnu/bin/rustc --crate-name num_integer --edition=2018 /opt/rustwide/cargo-home/registry/src/index.crates.io-1949cf8c6b5b557f/num-integer-0.1.47/src/lib.rs --error-format=json --json=diagnostic-rendered-ansi,artifacts,future-incompat --crate-type lib --emit=dep-info,metadata,link -C embed-bitcode=no -C debug-assertions=off --cfg 'feature="i128"' --check-cfg 'cfg(docsrs,test)' --check-cfg 'cfg(feature, values("default", "i128", "std"))' -C metadata=701684c50940ed13 -C extra-filename=-8a63ccf0436a8872 --out-dir /opt/rustwide/target/release/deps -C strip=debuginfo -L dependency=/opt/rustwide/target/release/deps --extern num_traits=/opt/rustwide/target/release/deps/libnum_traits-77cad03517c368b1.rmeta --cap-lints allow --cap-lints=warn` (signal: 9, SIGKILL: kill)
[INFO] [stderr] warning: proofman-starks-lib-c@1.2.0-alpha: [BUILD INFO] STARKS compiled with CPU-only support (CUDA not detected)
[INFO] [stderr] error: failed to run custom build command for `proofman-starks-lib-c v1.2.0-alpha`
[INFO] [stderr] note: To improve backtraces for build dependencies, set the CARGO_PROFILE_RELEASE_BUILD_OVERRIDE_DEBUG=true environment variable to enable debug information generation.
[INFO] [stderr] 
[INFO] [stderr] Caused by:
[INFO] [stderr]   process didn't exit successfully: `/opt/rustwide/target/release/build/proofman-starks-lib-c-53f2fd3404401d85/build-script-build` (exit status: 101)
[INFO] [stderr]   --- stdout
[INFO] [stderr]   cargo:rerun-if-env-changed=CUDA_ARCHS
[INFO] [stderr]   cargo:rerun-if-env-changed=CUDA_ARCH
[INFO] [stderr]   cargo:rerun-if-env-changed=CUDA_GENCODE_FLAGS
[INFO] [stderr]   cargo:warning=[BUILD INFO] STARKS compiled with CPU-only support (CUDA not detected)
[INFO] [stderr]   cargo:rustc-env=STARKS_BUILD_MODE=CPU
[INFO] [stderr]   cargo:rerun-if-changed=/opt/rustwide/target/release/build/proofman-starks-lib-c-5c70d4e5a0be5b24/out/pil2-stark/starks_src.rs
[INFO] [stderr]   cargo:rerun-if-changed=/opt/rustwide/target/release/build/proofman-starks-lib-c-5c70d4e5a0be5b24/out/pil2-stark/Makefile
[INFO] [stderr]   cargo:rerun-if-changed=/opt/rustwide/target/release/build/proofman-starks-lib-c-5c70d4e5a0be5b24/out/pil2-stark/.cargo_vcs_info.json
[INFO] [stderr]   cargo:rerun-if-changed=/opt/rustwide/target/release/build/proofman-starks-lib-c-5c70d4e5a0be5b24/out/pil2-stark/Cargo.lock
[INFO] [stderr]   cargo:rerun-if-changed=/opt/rustwide/target/release/build/proofman-starks-lib-c-5c70d4e5a0be5b24/out/pil2-stark/Cargo.toml.orig
[INFO] [stderr]   cargo:rerun-if-changed=/opt/rustwide/target/release/build/proofman-starks-lib-c-5c70d4e5a0be5b24/out/pil2-stark/.gitattributes
[INFO] [stderr]   cargo:rerun-if-changed=/opt/rustwide/target/release/build/proofman-starks-lib-c-5c70d4e5a0be5b24/out/pil2-stark/src/plonk_setup/plonk_setup.cpp
[INFO] [stderr]   cargo:rerun-if-changed=/opt/rustwide/target/release/build/proofman-starks-lib-c-5c70d4e5a0be5b24/out/pil2-stark/src/plonk_setup/main_prover.cpp
[INFO] [stderr]   cargo:rerun-if-changed=/opt/rustwide/target/release/build/proofman-starks-lib-c-5c70d4e5a0be5b24/out/pil2-stark/src/goldilocks/Makefile
[INFO] [stderr]   cargo:rerun-if-changed=/opt/rustwide/target/release/build/proofman-starks-lib-c-5c70d4e5a0be5b24/out/pil2-stark/src/goldilocks/utils/Makefile
[INFO] [stderr]   cargo:rerun-if-changed=/opt/rustwide/target/release/build/proofman-starks-lib-c-5c70d4e5a0be5b24/out/pil2-stark/src/goldilocks/utils/deviceQuery.cu
[INFO] [stderr]   cargo:rerun-if-changed=/opt/rustwide/target/release/build/proofman-starks-lib-c-5c70d4e5a0be5b24/out/pil2-stark/src/goldilocks/utils/helper_cuda.h
[INFO] [stderr]   cargo:rerun-if-changed=/opt/rustwide/target/release/build/proofman-starks-lib-c-5c70d4e5a0be5b24/out/pil2-stark/src/goldilocks/utils/timer_gl.cpp
[INFO] [stderr]   cargo:rerun-if-changed=/opt/rustwide/target/release/build/proofman-starks-lib-c-5c70d4e5a0be5b24/out/pil2-stark/src/goldilocks/utils/timer_gl.hpp
[INFO] [stderr]   cargo:rerun-if-changed=/opt/rustwide/target/release/build/proofman-starks-lib-c-5c70d4e5a0be5b24/out/pil2-stark/src/goldilocks/utils/cuda_utils.cu
[INFO] [stderr]   cargo:rerun-if-changed=/opt/rustwide/target/release/build/proofman-starks-lib-c-5c70d4e5a0be5b24/out/pil2-stark/src/goldilocks/utils/helper_string.h
[INFO] [stderr]   cargo:rerun-if-changed=/opt/rustwide/target/release/build/proofman-starks-lib-c-5c70d4e5a0be5b24/out/pil2-stark/src/goldilocks/utils/cuda_utils.hpp
[INFO] [stderr]   cargo:rerun-if-changed=/opt/rustwide/target/release/build/proofman-starks-lib-c-5c70d4e5a0be5b24/out/pil2-stark/src/goldilocks/configure.sh
[INFO] [stderr]   cargo:rerun-if-changed=/opt/rustwide/target/release/build/proofman-starks-lib-c-5c70d4e5a0be5b24/out/pil2-stark/src/goldilocks/src/goldilocks_cubic_extension.cuh
[INFO] [stderr]   cargo:rerun-if-changed=/opt/rustwide/target/release/build/proofman-starks-lib-c-5c70d4e5a0be5b24/out/pil2-stark/src/goldilocks/src/ntt_goldilocks.cuh
[INFO] [stderr]   cargo:rerun-if-changed=/opt/rustwide/target/release/build/proofman-starks-lib-c-5c70d4e5a0be5b24/out/pil2-stark/src/goldilocks/src/poseidon2_goldilocks.cpp
[INFO] [stderr]   cargo:rerun-if-changed=/opt/rustwide/target/release/build/proofman-starks-lib-c-5c70d4e5a0be5b24/out/pil2-stark/src/goldilocks/src/poseidon_goldilocks_avx.hpp
[INFO] [stderr]   cargo:rerun-if-changed=/opt/rustwide/target/release/build/proofman-starks-lib-c-5c70d4e5a0be5b24/out/pil2-stark/src/goldilocks/src/goldilocks_trace_layout.cuh
[INFO] [stderr]   cargo:rerun-if-changed=/opt/rustwide/target/release/build/proofman-starks-lib-c-5c70d4e5a0be5b24/out/pil2-stark/src/goldilocks/src/poseidon_gpu_common.cuh
[INFO] [stderr]   cargo:rerun-if-changed=/opt/rustwide/target/release/build/proofman-starks-lib-c-5c70d4e5a0be5b24/out/pil2-stark/src/goldilocks/src/goldilocks_cubic_extension_avx512.hpp
[INFO] [stderr]   cargo:rerun-if-changed=/opt/rustwide/target/release/build/proofman-starks-lib-c-5c70d4e5a0be5b24/out/pil2-stark/src/goldilocks/src/ntt_goldilocks.hpp
[INFO] [stderr]   cargo:rerun-if-changed=/opt/rustwide/target/release/build/proofman-starks-lib-c-5c70d4e5a0be5b24/out/pil2-stark/src/goldilocks/src/poseidon2_goldilocks.hpp
[INFO] [stderr]   cargo:rerun-if-changed=/opt/rustwide/target/release/build/proofman-starks-lib-c-5c70d4e5a0be5b24/out/pil2-stark/src/goldilocks/src/ntt_goldilocks.cpp
[INFO] [stderr]   cargo:rerun-if-changed=/opt/rustwide/target/release/build/proofman-starks-lib-c-5c70d4e5a0be5b24/out/pil2-stark/src/goldilocks/src/goldilocks_base_field_avx.hpp
[INFO] [stderr]   cargo:rerun-if-changed=/opt/rustwide/target/release/build/proofman-starks-lib-c-5c70d4e5a0be5b24/out/pil2-stark/src/goldilocks/src/poseidon2_goldilocks.cuh
[INFO] [stderr]   cargo:rerun-if-changed=/opt/rustwide/target/release/build/proofman-starks-lib-c-5c70d4e5a0be5b24/out/pil2-stark/src/goldilocks/src/blake3_goldilocks.cpp
[INFO] [stderr]   cargo:rerun-if-changed=/opt/rustwide/target/release/build/proofman-starks-lib-c-5c70d4e5a0be5b24/out/pil2-stark/src/goldilocks/src/goldilocks_base_field_scalar.hpp
[INFO] [stderr]   cargo:rerun-if-changed=/opt/rustwide/target/release/build/proofman-starks-lib-c-5c70d4e5a0be5b24/out/pil2-stark/src/goldilocks/src/goldilocks_base_field.cpp
[INFO] [stderr]   cargo:rerun-if-changed=/opt/rustwide/target/release/build/proofman-starks-lib-c-5c70d4e5a0be5b24/out/pil2-stark/src/goldilocks/src/poseidon2_goldilocks.cu
[INFO] [stderr]   cargo:rerun-if-changed=/opt/rustwide/target/release/build/proofman-starks-lib-c-5c70d4e5a0be5b24/out/pil2-stark/src/goldilocks/src/ntt_goldilocks.cu
[INFO] [stderr]   cargo:rerun-if-changed=/opt/rustwide/target/release/build/proofman-starks-lib-c-5c70d4e5a0be5b24/out/pil2-stark/src/goldilocks/src/blake3_goldilocks.cu
[INFO] [stderr]   cargo:rerun-if-changed=/opt/rustwide/target/release/build/proofman-starks-lib-c-5c70d4e5a0be5b24/out/pil2-stark/src/goldilocks/src/goldilocks_cubic_extension.hpp
[INFO] [stderr]   cargo:rerun-if-changed=/opt/rustwide/target/release/build/proofman-starks-lib-c-5c70d4e5a0be5b24/out/pil2-stark/src/goldilocks/src/blake3_core.hpp
[INFO] [stderr]   cargo:rerun-if-changed=/opt/rustwide/target/release/build/proofman-starks-lib-c-5c70d4e5a0be5b24/out/pil2-stark/src/goldilocks/src/poseidon2_goldilocks_avx.hpp
[INFO] [stderr]   cargo:rerun-if-changed=/opt/rustwide/target/release/build/proofman-starks-lib-c-5c70d4e5a0be5b24/out/pil2-stark/src/goldilocks/src/poseidon2_goldilocks_constants.hpp
[INFO] [stderr]   cargo:rerun-if-changed=/opt/rustwide/target/release/build/proofman-starks-lib-c-5c70d4e5a0be5b24/out/pil2-stark/src/goldilocks/src/poseidon_goldilocks.cpp
[INFO] [stderr]   cargo:rerun-if-changed=/opt/rustwide/target/release/build/proofman-starks-lib-c-5c70d4e5a0be5b24/out/pil2-stark/src/goldilocks/src/goldilocks_base_field_tools.hpp
[INFO] [stderr]   cargo:rerun-if-changed=/opt/rustwide/target/release/build/proofman-starks-lib-c-5c70d4e5a0be5b24/out/pil2-stark/src/goldilocks/src/goldilocks_cubic_extension_avx.hpp
[INFO] [stderr]   cargo:rerun-if-changed=/opt/rustwide/target/release/build/proofman-starks-lib-c-5c70d4e5a0be5b24/out/pil2-stark/src/goldilocks/src/poseidon_goldilocks.cuh
[INFO] [stderr]   cargo:rerun-if-changed=/opt/rustwide/target/release/build/proofman-starks-lib-c-5c70d4e5a0be5b24/out/pil2-stark/src/goldilocks/src/goldilocks_base_field.hpp
[INFO] [stderr]   cargo:rerun-if-changed=/opt/rustwide/target/release/build/proofman-starks-lib-c-5c70d4e5a0be5b24/out/pil2-stark/src/goldilocks/src/poseidon_goldilocks.cu
[INFO] [stderr]   cargo:rerun-if-changed=/opt/rustwide/target/release/build/proofman-starks-lib-c-5c70d4e5a0be5b24/out/pil2-stark/src/goldilocks/src/goldilocks_cubic_extension.cpp
[INFO] [stderr]   cargo:rerun-if-changed=/opt/rustwide/target/release/build/proofman-starks-lib-c-5c70d4e5a0be5b24/out/pil2-stark/src/goldilocks/src/poseidon2_goldilocks_avx512.hpp
[INFO] [stderr]   cargo:rerun-if-changed=/opt/rustwide/target/release/build/proofman-starks-lib-c-5c70d4e5a0be5b24/out/pil2-stark/src/goldilocks/src/poseidon_goldilocks_constants.hpp
[INFO] [stderr]   cargo:rerun-if-changed=/opt/rustwide/target/release/build/proofman-starks-lib-c-5c70d4e5a0be5b24/out/pil2-stark/src/goldilocks/src/poseidon_goldilocks.hpp
[INFO] [stderr]   cargo:rerun-if-changed=/opt/rustwide/target/release/build/proofman-starks-lib-c-5c70d4e5a0be5b24/out/pil2-stark/src/goldilocks/src/goldilocks_base_field_avx512.hpp
[INFO] [stderr]   cargo:rerun-if-changed=/opt/rustwide/target/release/build/proofman-starks-lib-c-5c70d4e5a0be5b24/out/pil2-stark/src/goldilocks/src/goldilocks_cubic_extension_pack.hpp
[INFO] [stderr]   cargo:rerun-if-changed=/opt/rustwide/target/release/build/proofman-starks-lib-c-5c70d4e5a0be5b24/out/pil2-stark/src/goldilocks/src/stream_commit.cuh
[INFO] [stderr]   cargo:rerun-if-changed=/opt/rustwide/target/release/build/proofman-starks-lib-c-5c70d4e5a0be5b24/out/pil2-stark/src/goldilocks/src/grinding_launch.hpp
[INFO] [stderr]   cargo:rerun-if-changed=/opt/rustwide/target/release/build/proofman-starks-lib-c-5c70d4e5a0be5b24/out/pil2-stark/src/goldilocks/src/goldilocks_tooling.hpp
[INFO] [stderr]   cargo:rerun-if-changed=/opt/rustwide/target/release/build/proofman-starks-lib-c-5c70d4e5a0be5b24/out/pil2-stark/src/goldilocks/src/stream_commit.cu
[INFO] [stderr]   cargo:rerun-if-changed=/opt/rustwide/target/release/build/proofman-starks-lib-c-5c70d4e5a0be5b24/out/pil2-stark/src/goldilocks/src/blake3_goldilocks.cuh
[INFO] [stderr]   cargo:rerun-if-changed=/opt/rustwide/target/release/build/proofman-starks-lib-c-5c70d4e5a0be5b24/out/pil2-stark/src/goldilocks/src/goldilocks_tooling.cuh
[INFO] [stderr]   cargo:rerun-if-changed=/opt/rustwide/target/release/build/proofman-starks-lib-c-5c70d4e5a0be5b24/out/pil2-stark/src/goldilocks/src/goldilocks_tooling.cu
[INFO] [stderr]   cargo:rerun-if-changed=/opt/rustwide/target/release/build/proofman-starks-lib-c-5c70d4e5a0be5b24/out/pil2-stark/src/goldilocks/src/blake3_goldilocks.hpp
[INFO] [stderr]   cargo:rerun-if-changed=/opt/rustwide/target/release/build/proofman-starks-lib-c-5c70d4e5a0be5b24/out/pil2-stark/src/goldilocks/src/goldilocks_base_field_pack.hpp
[INFO] [stderr]   cargo:rerun-if-changed=/opt/rustwide/target/release/build/proofman-starks-lib-c-5c70d4e5a0be5b24/out/pil2-stark/src/goldilocks/.gitignore
[INFO] [stderr]   cargo:rerun-if-changed=/opt/rustwide/target/release/build/proofman-starks-lib-c-5c70d4e5a0be5b24/out/pil2-stark/src/goldilocks/LICENSE
[INFO] [stderr]   cargo:rerun-if-changed=/opt/rustwide/target/release/build/proofman-starks-lib-c-5c70d4e5a0be5b24/out/pil2-stark/src/goldilocks/README.md
[INFO] [stderr]   cargo:rerun-if-changed=/opt/rustwide/target/release/build/proofman-starks-lib-c-5c70d4e5a0be5b24/out/pil2-stark/src/goldilocks/benchs/bench_field_cpu.cpp
[INFO] [stderr]   cargo:rerun-if-changed=/opt/rustwide/target/release/build/proofman-starks-lib-c-5c70d4e5a0be5b24/out/pil2-stark/src/goldilocks/benchs/bench_poseidon_gpu.cu
[INFO] [stderr]   cargo:rerun-if-changed=/opt/rustwide/target/release/build/proofman-starks-lib-c-5c70d4e5a0be5b24/out/pil2-stark/src/goldilocks/benchs/blake2b_device.cuh
[INFO] [stderr]   cargo:rerun-if-changed=/opt/rustwide/target/release/build/proofman-starks-lib-c-5c70d4e5a0be5b24/out/pil2-stark/src/goldilocks/benchs/bench_poseidon2_gpu.cu
[INFO] [stderr]   cargo:rerun-if-changed=/opt/rustwide/target/release/build/proofman-starks-lib-c-5c70d4e5a0be5b24/out/pil2-stark/src/goldilocks/benchs/bench_poseidon2_cpu.cpp
[INFO] [stderr]   cargo:rerun-if-changed=/opt/rustwide/target/release/build/proofman-starks-lib-c-5c70d4e5a0be5b24/out/pil2-stark/src/goldilocks/benchs/blake3_device.cuh
[INFO] [stderr]   cargo:rerun-if-changed=/opt/rustwide/target/release/build/proofman-starks-lib-c-5c70d4e5a0be5b24/out/pil2-stark/src/goldilocks/benchs/bench_poseidon_cpu.cpp
[INFO] [stderr]   cargo:rerun-if-changed=/opt/rustwide/target/release/build/proofman-starks-lib-c-5c70d4e5a0be5b24/out/pil2-stark/src/goldilocks/benchs/bench_ntt_gpu.cu
[INFO] [stderr]   cargo:rerun-if-changed=/opt/rustwide/target/release/build/proofman-starks-lib-c-5c70d4e5a0be5b24/out/pil2-stark/src/goldilocks/benchs/bench_blake3_gpu.cu
[INFO] [stderr]   cargo:rerun-if-changed=/opt/rustwide/target/release/build/proofman-starks-lib-c-5c70d4e5a0be5b24/out/pil2-stark/src/goldilocks/benchs/bench_blake2b_gpu.cu
[INFO] [stderr]   cargo:rerun-if-changed=/opt/rustwide/target/release/build/proofman-starks-lib-c-5c70d4e5a0be5b24/out/pil2-stark/src/goldilocks/benchs/bench_ntt_cpu.cpp
[INFO] [stderr]   cargo:rerun-if-changed=/opt/rustwide/target/release/build/proofman-starks-lib-c-5c70d4e5a0be5b24/out/pil2-stark/src/goldilocks/tests/test_ntt_cpu.cpp
[INFO] [stderr]   cargo:rerun-if-changed=/opt/rustwide/target/release/build/proofman-starks-lib-c-5c70d4e5a0be5b24/out/pil2-stark/src/goldilocks/tests/test_helpers.hpp
[INFO] [stderr]   cargo:rerun-if-changed=/opt/rustwide/target/release/build/proofman-starks-lib-c-5c70d4e5a0be5b24/out/pil2-stark/src/goldilocks/tests/test_stream_commit_gpu.cu
[INFO] [stderr]   cargo:rerun-if-changed=/opt/rustwide/target/release/build/proofman-starks-lib-c-5c70d4e5a0be5b24/out/pil2-stark/src/goldilocks/tests/test_poseidon_gpu.cu
[INFO] [stderr]   cargo:rerun-if-changed=/opt/rustwide/target/release/build/proofman-starks-lib-c-5c70d4e5a0be5b24/out/pil2-stark/src/goldilocks/tests/test_cubic_cpu.cpp
[INFO] [stderr]   cargo:rerun-if-changed=/opt/rustwide/target/release/build/proofman-starks-lib-c-5c70d4e5a0be5b24/out/pil2-stark/src/goldilocks/tests/test_field_cpu.cpp
[INFO] [stderr]   cargo:rerun-if-changed=/opt/rustwide/target/release/build/proofman-starks-lib-c-5c70d4e5a0be5b24/out/pil2-stark/src/goldilocks/tests/test_poseidon2_cpu.cpp
[INFO] [stderr]   cargo:rerun-if-changed=/opt/rustwide/target/release/build/proofman-starks-lib-c-5c70d4e5a0be5b24/out/pil2-stark/src/goldilocks/tests/test_ntt_gpu.cu
[INFO] [stderr]   cargo:rerun-if-changed=/opt/rustwide/target/release/build/proofman-starks-lib-c-5c70d4e5a0be5b24/out/pil2-stark/src/goldilocks/tests/test_fri_expression_gpu.cu
[INFO] [stderr]   cargo:rerun-if-changed=/opt/rustwide/target/release/build/proofman-starks-lib-c-5c70d4e5a0be5b24/out/pil2-stark/src/goldilocks/tests/test_poseidon_cpu.cpp
[INFO] [stderr]   cargo:rerun-if-changed=/opt/rustwide/target/release/build/proofman-starks-lib-c-5c70d4e5a0be5b24/out/pil2-stark/src/goldilocks/tests/test_poseidon2_gpu.cu
[INFO] [stderr]   cargo:rerun-if-changed=/opt/rustwide/target/release/build/proofman-starks-lib-c-5c70d4e5a0be5b24/out/pil2-stark/src/rapidsnark/wtns_utils.hpp
[INFO] [stderr]   cargo:rerun-if-changed=/opt/rustwide/target/release/build/proofman-starks-lib-c-5c70d4e5a0be5b24/out/pil2-stark/src/rapidsnark/zkey_utils.hpp
[INFO] [stderr]   cargo:rerun-if-changed=/opt/rustwide/target/release/build/proofman-starks-lib-c-5c70d4e5a0be5b24/out/pil2-stark/src/rapidsnark/curve_utils.cpp
[INFO] [stderr]   cargo:rerun-if-changed=/opt/rustwide/target/release/build/proofman-starks-lib-c-5c70d4e5a0be5b24/out/pil2-stark/src/rapidsnark/mul_z.c.hpp
[INFO] [stderr]   cargo:rerun-if-changed=/opt/rustwide/target/release/build/proofman-starks-lib-c-5c70d4e5a0be5b24/out/pil2-stark/src/rapidsnark/fflonk_setup.hpp
[INFO] [stderr]   cargo:rerun-if-changed=/opt/rustwide/target/release/build/proofman-starks-lib-c-5c70d4e5a0be5b24/out/pil2-stark/src/rapidsnark/binfile_writer.cpp
[INFO] [stderr]   cargo:rerun-if-changed=/opt/rustwide/target/release/build/proofman-starks-lib-c-5c70d4e5a0be5b24/out/pil2-stark/src/rapidsnark/binfile_writer.hpp
[INFO] [stderr]   cargo:rerun-if-changed=/opt/rustwide/target/release/build/proofman-starks-lib-c-5c70d4e5a0be5b24/out/pil2-stark/src/rapidsnark/zkey_fflonk.hpp
[INFO] [stderr]   cargo:rerun-if-changed=/opt/rustwide/target/release/build/proofman-starks-lib-c-5c70d4e5a0be5b24/out/pil2-stark/src/rapidsnark/plonk_prover_gpu.c.cuh
[INFO] [stderr]   cargo:rerun-if-changed=/opt/rustwide/target/release/build/proofman-starks-lib-c-5c70d4e5a0be5b24/out/pil2-stark/src/rapidsnark/zkey.hpp
[INFO] [stderr]   cargo:rerun-if-changed=/opt/rustwide/target/release/build/proofman-starks-lib-c-5c70d4e5a0be5b24/out/pil2-stark/src/rapidsnark/plonk_prover_gpu.cuh
[INFO] [stderr]   cargo:rerun-if-changed=/opt/rustwide/target/release/build/proofman-starks-lib-c-5c70d4e5a0be5b24/out/pil2-stark/src/rapidsnark/fflonk_prover.c.hpp
[INFO] [stderr]   cargo:rerun-if-changed=/opt/rustwide/target/release/build/proofman-starks-lib-c-5c70d4e5a0be5b24/out/pil2-stark/src/rapidsnark/fflonk_prover.hpp
[INFO] [stderr]   cargo:rerun-if-changed=/opt/rustwide/target/release/build/proofman-starks-lib-c-5c70d4e5a0be5b24/out/pil2-stark/src/rapidsnark/zkey.cpp
[INFO] [stderr]   cargo:rerun-if-changed=/opt/rustwide/target/release/build/proofman-starks-lib-c-5c70d4e5a0be5b24/out/pil2-stark/src/rapidsnark/binfile_utils.cpp
[INFO] [stderr]   cargo:rerun-if-changed=/opt/rustwide/target/release/build/proofman-starks-lib-c-5c70d4e5a0be5b24/out/pil2-stark/src/rapidsnark/zkey_utils.cpp
[INFO] [stderr]   cargo:rerun-if-changed=/opt/rustwide/target/release/build/proofman-starks-lib-c-5c70d4e5a0be5b24/out/pil2-stark/src/rapidsnark/keccak_256_transcript.hpp
[INFO] [stderr]   cargo:rerun-if-changed=/opt/rustwide/target/release/build/proofman-starks-lib-c-5c70d4e5a0be5b24/out/pil2-stark/src/rapidsnark/fflonk_setup_settings.hpp
[INFO] [stderr]   cargo:rerun-if-changed=/opt/rustwide/target/release/build/proofman-starks-lib-c-5c70d4e5a0be5b24/out/pil2-stark/src/rapidsnark/curve_utils.hpp
[INFO] [stderr]   cargo:rerun-if-changed=/opt/rustwide/target/release/build/proofman-starks-lib-c-5c70d4e5a0be5b24/out/pil2-stark/src/rapidsnark/r1cs_constraint_processor.hpp
[INFO] [stderr]   cargo:rerun-if-changed=/opt/rustwide/target/release/build/proofman-starks-lib-c-5c70d4e5a0be5b24/out/pil2-stark/src/rapidsnark/mul_z.hpp
[INFO] [stderr]   cargo:rerun-if-changed=/opt/rustwide/target/release/build/proofman-starks-lib-c-5c70d4e5a0be5b24/out/pil2-stark/src/rapidsnark/r1cs_constraint_processor.cpp
[INFO] [stderr]   cargo:rerun-if-changed=/opt/rustwide/target/release/build/proofman-starks-lib-c-5c70d4e5a0be5b24/out/pil2-stark/src/rapidsnark/binfile_utils.hpp
[INFO] [stderr]   cargo:rerun-if-changed=/opt/rustwide/target/release/build/proofman-starks-lib-c-5c70d4e5a0be5b24/out/pil2-stark/src/rapidsnark/zkey_plonk.cpp
[INFO] [stderr]   cargo:rerun-if-changed=/opt/rustwide/target/release/build/proofman-starks-lib-c-5c70d4e5a0be5b24/out/pil2-stark/src/rapidsnark/r1cs_binfile.hpp
[INFO] [stderr]   cargo:rerun-if-changed=/opt/rustwide/target/release/build/proofman-starks-lib-c-5c70d4e5a0be5b24/out/pil2-stark/src/rapidsnark/keccak_wrapper.cpp
[INFO] [stderr]   cargo:rerun-if-changed=/opt/rustwide/target/release/build/proofman-starks-lib-c-5c70d4e5a0be5b24/out/pil2-stark/src/rapidsnark/wtns_utils.cpp
[INFO] [stderr]   cargo:rerun-if-changed=/opt/rustwide/target/release/build/proofman-starks-lib-c-5c70d4e5a0be5b24/out/pil2-stark/src/rapidsnark/keccak_wrapper.hpp
[INFO] [stderr]   cargo:rerun-if-changed=/opt/rustwide/target/release/build/proofman-starks-lib-c-5c70d4e5a0be5b24/out/pil2-stark/src/rapidsnark/keccak_256_transcript.c.hpp
[INFO] [stderr]   cargo:rerun-if-changed=/opt/rustwide/target/release/build/proofman-starks-lib-c-5c70d4e5a0be5b24/out/pil2-stark/src/rapidsnark/groth16.hpp
[INFO] [stderr]   cargo:rerun-if-changed=/opt/rustwide/target/release/build/proofman-starks-lib-c-5c70d4e5a0be5b24/out/pil2-stark/src/rapidsnark/plonk_prover.cu
[INFO] [stderr]   cargo:rerun-if-changed=/opt/rustwide/target/release/build/proofman-starks-lib-c-5c70d4e5a0be5b24/out/pil2-stark/src/rapidsnark/plonk_prover.hpp
[INFO] [stderr]   cargo:rerun-if-changed=/opt/rustwide/target/release/build/proofman-starks-lib-c-5c70d4e5a0be5b24/out/pil2-stark/src/rapidsnark/dump.hpp
[INFO] [stderr]   cargo:rerun-if-changed=/opt/rustwide/target/release/build/proofman-starks-lib-c-5c70d4e5a0be5b24/out/pil2-stark/src/rapidsnark/polynomial/evaluations.hpp
[INFO] [stderr]   cargo:rerun-if-changed=/opt/rustwide/target/release/build/proofman-starks-lib-c-5c70d4e5a0be5b24/out/pil2-stark/src/rapidsnark/polynomial/cpolynomial.hpp
[INFO] [stderr]   cargo:rerun-if-changed=/opt/rustwide/target/release/build/proofman-starks-lib-c-5c70d4e5a0be5b24/out/pil2-stark/src/rapidsnark/polynomial/polynomial.c.hpp
[INFO] [stderr]   cargo:rerun-if-changed=/opt/rustwide/target/release/build/proofman-starks-lib-c-5c70d4e5a0be5b24/out/pil2-stark/src/rapidsnark/polynomial/polynomial.hpp
[INFO] [stderr]   cargo:rerun-if-changed=/opt/rustwide/target/release/build/proofman-starks-lib-c-5c70d4e5a0be5b24/out/pil2-stark/src/rapidsnark/polynomial/cpolynomial.c.hpp
[INFO] [stderr]   cargo:rerun-if-changed=/opt/rustwide/target/release/build/proofman-starks-lib-c-5c70d4e5a0be5b24/out/pil2-stark/src/rapidsnark/polynomial/evaluations.c.hpp
[INFO] [stderr]   cargo:rerun-if-changed=/opt/rustwide/target/release/build/proofman-starks-lib-c-5c70d4e5a0be5b24/out/pil2-stark/src/rapidsnark/logger.cpp
[INFO] [stderr]   cargo:rerun-if-changed=/opt/rustwide/target/release/build/proofman-starks-lib-c-5c70d4e5a0be5b24/out/pil2-stark/src/rapidsnark/dump.c.hpp
[INFO] [stderr]   cargo:rerun-if-changed=/opt/rustwide/target/release/build/proofman-starks-lib-c-5c70d4e5a0be5b24/out/pil2-stark/src/rapidsnark/logger.hpp
[INFO] [stderr]   cargo:rerun-if-changed=/opt/rustwide/target/release/build/proofman-starks-lib-c-5c70d4e5a0be5b24/out/pil2-stark/src/rapidsnark/snark_proof.hpp
[INFO] [stderr]   cargo:rerun-if-changed=/opt/rustwide/target/release/build/proofman-starks-lib-c-5c70d4e5a0be5b24/out/pil2-stark/src/rapidsnark/plonk_setup.cpp
[INFO] [stderr]   cargo:rerun-if-changed=/opt/rustwide/target/release/build/proofman-starks-lib-c-5c70d4e5a0be5b24/out/pil2-stark/src/rapidsnark/fflonk_setup.cpp
[INFO] [stderr]   cargo:rerun-if-changed=/opt/rustwide/target/release/build/proofman-starks-lib-c-5c70d4e5a0be5b24/out/pil2-stark/src/rapidsnark/plonk_setup.hpp
[INFO] [stderr]   cargo:rerun-if-changed=/opt/rustwide/target/release/build/proofman-starks-lib-c-5c70d4e5a0be5b24/out/pil2-stark/src/rapidsnark/groth16.c.hpp
[INFO] [stderr]   cargo:rerun-if-changed=/opt/rustwide/target/release/build/proofman-starks-lib-c-5c70d4e5a0be5b24/out/pil2-stark/src/rapidsnark/r1cs_binfile.cpp
[INFO] [stderr]   cargo:rerun-if-changed=/opt/rustwide/target/release/build/proofman-starks-lib-c-5c70d4e5a0be5b24/out/pil2-stark/src/rapidsnark/plonk_prover.c.hpp
[INFO] [stderr]   cargo:rerun-if-changed=/opt/rustwide/target/release/build/proofman-starks-lib-c-5c70d4e5a0be5b24/out/pil2-stark/src/rapidsnark/zkey_fflonk.cpp
[INFO] [stderr]   cargo:rerun-if-changed=/opt/rustwide/target/release/build/proofman-starks-lib-c-5c70d4e5a0be5b24/out/pil2-stark/src/rapidsnark/zkey_plonk.hpp
[INFO] [stderr]   cargo:rerun-if-changed=/opt/rustwide/target/release/build/proofman-starks-lib-c-5c70d4e5a0be5b24/out/pil2-stark/src/rapidsnark/thread_utils.hpp
[INFO] [stderr]   cargo:rerun-if-changed=/opt/rustwide/target/release/build/proofman-starks-lib-c-5c70d4e5a0be5b24/out/pil2-stark/src/rapidsnark/snark_proof.c.hpp
[INFO] [stderr]   cargo:rerun-if-changed=/opt/rustwide/target/release/build/proofman-starks-lib-c-5c70d4e5a0be5b24/out/pil2-stark/src/fflonk_setup/fflonk_setup.cpp
[INFO] [stderr]   cargo:rerun-if-changed=/opt/rustwide/target/release/build/proofman-starks-lib-c-5c70d4e5a0be5b24/out/pil2-stark/src/config/zkglobals.hpp
[INFO] [stderr]   cargo:rerun-if-changed=/opt/rustwide/target/release/build/proofman-starks-lib-c-5c70d4e5a0be5b24/out/pil2-stark/src/config/version.hpp
[INFO] [stderr]   cargo:rerun-if-changed=/opt/rustwide/target/release/build/proofman-starks-lib-c-5c70d4e5a0be5b24/out/pil2-stark/src/config/zkglobals.cpp
[INFO] [stderr]   cargo:rerun-if-changed=/opt/rustwide/target/release/build/proofman-starks-lib-c-5c70d4e5a0be5b24/out/pil2-stark/src/config/definitions.hpp
[INFO] [stderr]   cargo:rerun-if-changed=/opt/rustwide/target/release/build/proofman-starks-lib-c-5c70d4e5a0be5b24/out/pil2-stark/src/utils/zklog.hpp
[INFO] [stderr]   cargo:rerun-if-changed=/opt/rustwide/target/release/build/proofman-starks-lib-c-5c70d4e5a0be5b24/out/pil2-stark/src/utils/utils.cpp
[INFO] [stderr]   cargo:rerun-if-changed=/opt/rustwide/target/release/build/proofman-starks-lib-c-5c70d4e5a0be5b24/out/pil2-stark/src/utils/timer.cpp
[INFO] [stderr]   cargo:rerun-if-changed=/opt/rustwide/target/release/build/proofman-starks-lib-c-5c70d4e5a0be5b24/out/pil2-stark/src/utils/cuda_utils.cuh
[INFO] [stderr]   cargo:rerun-if-changed=/opt/rustwide/target/release/build/proofman-starks-lib-c-5c70d4e5a0be5b24/out/pil2-stark/src/utils/utils.hpp
[INFO] [stderr]   cargo:rerun-if-changed=/opt/rustwide/target/release/build/proofman-starks-lib-c-5c70d4e5a0be5b24/out/pil2-stark/src/utils/exit_process.cpp
[INFO] [stderr]   cargo:rerun-if-changed=/opt/rustwide/target/release/build/proofman-starks-lib-c-5c70d4e5a0be5b24/out/pil2-stark/src/utils/exit_process.hpp
[INFO] [stderr]   cargo:rerun-if-changed=/opt/rustwide/target/release/build/proofman-starks-lib-c-5c70d4e5a0be5b24/out/pil2-stark/src/utils/zklog.cpp
[INFO] [stderr]   cargo:rerun-if-changed=/opt/rustwide/target/release/build/proofman-starks-lib-c-5c70d4e5a0be5b24/out/pil2-stark/src/utils/hash_family.hpp
[INFO] [stderr]   cargo:rerun-if-changed=/opt/rustwide/target/release/build/proofman-starks-lib-c-5c70d4e5a0be5b24/out/pil2-stark/src/utils/zkassert.hpp
[INFO] [stderr]   cargo:rerun-if-changed=/opt/rustwide/target/release/build/proofman-starks-lib-c-5c70d4e5a0be5b24/out/pil2-stark/src/utils/cuda_graph_cache.cuh
[INFO] [stderr]   cargo:rerun-if-changed=/opt/rustwide/target/release/build/proofman-starks-lib-c-5c70d4e5a0be5b24/out/pil2-stark/src/utils/gpu_timer.cuh
[INFO] [stderr]   cargo:rerun-if-changed=/opt/rustwide/target/release/build/proofman-starks-lib-c-5c70d4e5a0be5b24/out/pil2-stark/src/utils/timer.hpp
[INFO] [stderr]   cargo:rerun-if-changed=/opt/rustwide/target/release/build/proofman-starks-lib-c-5c70d4e5a0be5b24/out/pil2-stark/src/api/starks_api_internal.cuh
[INFO] [stderr]   cargo:rerun-if-changed=/opt/rustwide/target/release/build/proofman-starks-lib-c-5c70d4e5a0be5b24/out/pil2-stark/src/api/starks_backend.cpp
[INFO] [stderr]   cargo:rerun-if-changed=/opt/rustwide/target/release/build/proofman-starks-lib-c-5c70d4e5a0be5b24/out/pil2-stark/src/api/starks_api.cu
[INFO] [stderr]   cargo:rerun-if-changed=/opt/rustwide/target/release/build/proofman-starks-lib-c-5c70d4e5a0be5b24/out/pil2-stark/src/api/starks_api.hpp
[INFO] [stderr]   cargo:rerun-if-changed=/opt/rustwide/target/release/build/proofman-starks-lib-c-5c70d4e5a0be5b24/out/pil2-stark/src/api/starks_api.cpp
[INFO] [stderr]   cargo:rerun-if-changed=/opt/rustwide/target/release/build/proofman-starks-lib-c-5c70d4e5a0be5b24/out/pil2-stark/src/api/starks_api_internal.hpp
[INFO] [stderr]   cargo:rerun-if-changed=/opt/rustwide/target/release/build/proofman-starks-lib-c-5c70d4e5a0be5b24/out/pil2-stark/src/api/starks_backend.hpp
[INFO] [stderr]   cargo:rerun-if-changed=/opt/rustwide/target/release/build/proofman-starks-lib-c-5c70d4e5a0be5b24/out/pil2-stark/src/XKCP/Keccak-more-compact.cpp
[INFO] [stderr]   cargo:rerun-if-changed=/opt/rustwide/target/release/build/proofman-starks-lib-c-5c70d4e5a0be5b24/out/pil2-stark/src/XKCP/Keccak-more-compact.hpp
[INFO] [stderr]   cargo:rerun-if-changed=/opt/rustwide/target/release/build/proofman-starks-lib-c-5c70d4e5a0be5b24/out/pil2-stark/src/bn128/Makefile
[INFO] [stderr]   cargo:rerun-if-changed=/opt/rustwide/target/release/build/proofman-starks-lib-c-5c70d4e5a0be5b24/out/pil2-stark/src/bn128/src/curve/point.cuh
[INFO] [stderr]   cargo:rerun-if-changed=/opt/rustwide/target/release/build/proofman-starks-lib-c-5c70d4e5a0be5b24/out/pil2-stark/src/bn128/src/poseidon2/poseidon2_bn128_constants.hpp
[INFO] [stderr]   cargo:rerun-if-changed=/opt/rustwide/target/release/build/proofman-starks-lib-c-5c70d4e5a0be5b24/out/pil2-stark/src/bn128/src/poseidon2/poseidon2_bn128.cu
[INFO] [stderr]   cargo:rerun-if-changed=/opt/rustwide/target/release/build/proofman-starks-lib-c-5c70d4e5a0be5b24/out/pil2-stark/src/bn128/src/poseidon2/poseidon2_bn128.cpp
[INFO] [stderr]   cargo:rerun-if-changed=/opt/rustwide/target/release/build/proofman-starks-lib-c-5c70d4e5a0be5b24/out/pil2-stark/src/bn128/src/poseidon2/poseidon2_bn128.cuh
[INFO] [stderr]   cargo:rerun-if-changed=/opt/rustwide/target/release/build/proofman-starks-lib-c-5c70d4e5a0be5b24/out/pil2-stark/src/bn128/src/poseidon2/poseidon2_bn128.hpp
[INFO] [stderr]   cargo:rerun-if-changed=/opt/rustwide/target/release/build/proofman-starks-lib-c-5c70d4e5a0be5b24/out/pil2-stark/src/bn128/src/ffigpu/bn128.cuh
[INFO] [stderr]   cargo:rerun-if-changed=/opt/rustwide/target/release/build/proofman-starks-lib-c-5c70d4e5a0be5b24/out/pil2-stark/src/bn128/src/ffigpu/fq.cuh
[INFO] [stderr]   cargo:rerun-if-changed=/opt/rustwide/target/release/build/proofman-starks-lib-c-5c70d4e5a0be5b24/out/pil2-stark/src/bn128/src/ffigpu/fr.cuh
[INFO] [stderr]   cargo:rerun-if-changed=/opt/rustwide/target/release/build/proofman-starks-lib-c-5c70d4e5a0be5b24/out/pil2-stark/src/bn128/src/ntt/ntt_bn128.cuh
[INFO] [stderr]   cargo:rerun-if-changed=/opt/rustwide/target/release/build/proofman-starks-lib-c-5c70d4e5a0be5b24/out/pil2-stark/src/bn128/src/ntt/ntt_bn128.cu
[INFO] [stderr]   cargo:rerun-if-changed=/opt/rustwide/target/release/build/proofman-starks-lib-c-5c70d4e5a0be5b24/out/pil2-stark/src/bn128/src/msm/msm_bn128.cuh
[INFO] [stderr]   cargo:rerun-if-changed=/opt/rustwide/target/release/build/proofman-starks-lib-c-5c70d4e5a0be5b24/out/pil2-stark/src/bn128/src/msm/msm_bn128.cu
[INFO] [stderr]   cargo:rerun-if-changed=/opt/rustwide/target/release/build/proofman-starks-lib-c-5c70d4e5a0be5b24/out/pil2-stark/src/bn128/src/ffiasm/misc.cpp
[INFO] [stderr]   cargo:rerun-if-changed=/opt/rustwide/target/release/build/proofman-starks-lib-c-5c70d4e5a0be5b24/out/pil2-stark/src/bn128/src/ffiasm/fq.hpp
[INFO] [stderr]   cargo:rerun-if-changed=/opt/rustwide/target/release/build/proofman-starks-lib-c-5c70d4e5a0be5b24/out/pil2-stark/src/bn128/src/ffiasm/fft.hpp
[INFO] [stderr]   cargo:rerun-if-changed=/opt/rustwide/target/release/build/proofman-starks-lib-c-5c70d4e5a0be5b24/out/pil2-stark/src/bn128/src/ffiasm/multiexp.c.hpp
[INFO] [stderr]   cargo:rerun-if-changed=/opt/rustwide/target/release/build/proofman-starks-lib-c-5c70d4e5a0be5b24/out/pil2-stark/src/bn128/src/ffiasm/fq.o
[INFO] [stderr]   cargo:rerun-if-changed=/opt/rustwide/target/release/build/proofman-starks-lib-c-5c70d4e5a0be5b24/out/pil2-stark/src/bn128/src/ffiasm/fec.cpp
[INFO] [stderr]   cargo:rerun-if-changed=/opt/rustwide/target/release/build/proofman-starks-lib-c-5c70d4e5a0be5b24/out/pil2-stark/src/bn128/src/ffiasm/naf.cpp
[INFO] [stderr]   cargo:rerun-if-changed=/opt/rustwide/target/release/build/proofman-starks-lib-c-5c70d4e5a0be5b24/out/pil2-stark/src/bn128/src/ffiasm/fnec.asm
[INFO] [stderr]   cargo:rerun-if-changed=/opt/rustwide/target/release/build/proofman-starks-lib-c-5c70d4e5a0be5b24/out/pil2-stark/src/bn128/src/ffiasm/pointparallelprocessor.hpp
[INFO] [stderr]   cargo:rerun-if-changed=/opt/rustwide/target/release/build/proofman-starks-lib-c-5c70d4e5a0be5b24/out/pil2-stark/src/bn128/src/ffiasm/splitparstr.cpp
[INFO] [stderr]   cargo:rerun-if-changed=/opt/rustwide/target/release/build/proofman-starks-lib-c-5c70d4e5a0be5b24/out/pil2-stark/src/bn128/src/ffiasm/fr.hpp
[INFO] [stderr]   cargo:rerun-if-changed=/opt/rustwide/target/release/build/proofman-starks-lib-c-5c70d4e5a0be5b24/out/pil2-stark/src/bn128/src/ffiasm/fr.asm
[INFO] [stderr]   cargo:rerun-if-changed=/opt/rustwide/target/release/build/proofman-starks-lib-c-5c70d4e5a0be5b24/out/pil2-stark/src/bn128/src/ffiasm/f2field.c.hpp
[INFO] [stderr]   cargo:rerun-if-changed=/opt/rustwide/target/release/build/proofman-starks-lib-c-5c70d4e5a0be5b24/out/pil2-stark/src/bn128/src/ffiasm/fr_asm.o
[INFO] [stderr]   cargo:rerun-if-changed=/opt/rustwide/target/release/build/proofman-starks-lib-c-5c70d4e5a0be5b24/out/pil2-stark/src/bn128/src/ffiasm/alt_bn128.hpp
[INFO] [stderr]   cargo:rerun-if-changed=/opt/rustwide/target/release/build/proofman-starks-lib-c-5c70d4e5a0be5b24/out/pil2-stark/src/bn128/src/ffiasm/fnec.cpp
[INFO] [stderr]   cargo:rerun-if-changed=/opt/rustwide/target/release/build/proofman-starks-lib-c-5c70d4e5a0be5b24/out/pil2-stark/src/bn128/src/ffiasm/exp.hpp
[INFO] [stderr]   cargo:rerun-if-changed=/opt/rustwide/target/release/build/proofman-starks-lib-c-5c70d4e5a0be5b24/out/pil2-stark/src/bn128/src/ffiasm/fr.cpp
[INFO] [stderr]   cargo:rerun-if-changed=/opt/rustwide/target/release/build/proofman-starks-lib-c-5c70d4e5a0be5b24/out/pil2-stark/src/bn128/src/ffiasm/fq.cpp
[INFO] [stderr]   cargo:rerun-if-changed=/opt/rustwide/target/release/build/proofman-starks-lib-c-5c70d4e5a0be5b24/out/pil2-stark/src/bn128/src/ffiasm/f2field.hpp
[INFO] [stderr]   cargo:rerun-if-changed=/opt/rustwide/target/release/build/proofman-starks-lib-c-5c70d4e5a0be5b24/out/pil2-stark/src/bn128/src/ffiasm/fec.asm
[INFO] [stderr]   cargo:rerun-if-changed=/opt/rustwide/target/release/build/proofman-starks-lib-c-5c70d4e5a0be5b24/out/pil2-stark/src/bn128/src/ffiasm/curve.c.hpp
[INFO] [stderr]   cargo:rerun-if-changed=/opt/rustwide/target/release/build/proofman-starks-lib-c-5c70d4e5a0be5b24/out/pil2-stark/src/bn128/src/ffiasm/naf.hpp
[INFO] [stderr]   cargo:rerun-if-changed=/opt/rustwide/target/release/build/proofman-starks-lib-c-5c70d4e5a0be5b24/out/pil2-stark/src/bn128/src/ffiasm/misc.hpp
[INFO] [stderr]   cargo:rerun-if-changed=/opt/rustwide/target/release/build/proofman-starks-lib-c-5c70d4e5a0be5b24/out/pil2-stark/src/bn128/src/ffiasm/exp2.hpp
[INFO] [stderr]   cargo:rerun-if-changed=/opt/rustwide/target/release/build/proofman-starks-lib-c-5c70d4e5a0be5b24/out/pil2-stark/src/bn128/src/ffiasm/alt_bn128.cpp
[INFO] [stderr]   cargo:rerun-if-changed=/opt/rustwide/target/release/build/proofman-starks-lib-c-5c70d4e5a0be5b24/out/pil2-stark/src/bn128/src/ffiasm/curve.hpp
[INFO] [stderr]   cargo:rerun-if-changed=/opt/rustwide/target/release/build/proofman-starks-lib-c-5c70d4e5a0be5b24/out/pil2-stark/src/bn128/src/ffiasm/splitparstr.hpp
[INFO] [stderr]   cargo:rerun-if-changed=/opt/rustwide/target/release/build/proofman-starks-lib-c-5c70d4e5a0be5b24/out/pil2-stark/src/bn128/src/ffiasm/fft.c.hpp
[INFO] [stderr]   cargo:rerun-if-changed=/opt/rustwide/target/release/build/proofman-starks-lib-c-5c70d4e5a0be5b24/out/pil2-stark/src/bn128/src/ffiasm/fec.hpp
[INFO] [stderr]   cargo:rerun-if-changed=/opt/rustwide/target/release/build/proofman-starks-lib-c-5c70d4e5a0be5b24/out/pil2-stark/src/bn128/src/ffiasm/fq.asm
[INFO] [stderr]   cargo:rerun-if-changed=/opt/rustwide/target/release/build/proofman-starks-lib-c-5c70d4e5a0be5b24/out/pil2-stark/src/bn128/src/ffiasm/fnec.hpp
[INFO] [stderr]   cargo:rerun-if-changed=/opt/rustwide/target/release/build/proofman-starks-lib-c-5c70d4e5a0be5b24/out/pil2-stark/src/bn128/src/ffiasm/multiexp.hpp
[INFO] [stderr]   cargo:rerun-if-changed=/opt/rustwide/target/release/build/proofman-starks-lib-c-5c70d4e5a0be5b24/out/pil2-stark/src/bn128/src/poseidon/poseidon_bn128.hpp
[INFO] [stderr]   cargo:rerun-if-changed=/opt/rustwide/target/release/build/proofman-starks-lib-c-5c70d4e5a0be5b24/out/pil2-stark/src/bn128/src/poseidon/poseidon_bn128.cuh
[INFO] [stderr]   cargo:rerun-if-changed=/opt/rustwide/target/release/build/proofman-starks-lib-c-5c70d4e5a0be5b24/out/pil2-stark/src/bn128/src/poseidon/poseidon_bn128.cpp
[INFO] [stderr]   cargo:rerun-if-changed=/opt/rustwide/target/release/build/proofman-starks-lib-c-5c70d4e5a0be5b24/out/pil2-stark/src/bn128/src/poseidon/poseidon_bn128.cu
[INFO] [stderr]   cargo:rerun-if-changed=/opt/rustwide/target/release/build/proofman-starks-lib-c-5c70d4e5a0be5b24/out/pil2-stark/src/bn128/src/poseidon/poseidon_bn128_constants.hpp
[INFO] [stderr]   cargo:rerun-if-changed=/opt/rustwide/target/release/build/proofman-starks-lib-c-5c70d4e5a0be5b24/out/pil2-stark/src/bn128/benchs/bench.cpp
[INFO] [stderr]   cargo:rerun-if-changed=/opt/rustwide/target/release/build/proofman-starks-lib-c-5c70d4e5a0be5b24/out/pil2-stark/src/bn128/benchs/bench.cu
[INFO] [stderr]   cargo:rerun-if-changed=/opt/rustwide/target/release/build/proofman-starks-lib-c-5c70d4e5a0be5b24/out/pil2-stark/src/bn128/tests/tests.cpp
[INFO] [stderr]   cargo:rerun-if-changed=/opt/rustwide/target/release/build/proofman-starks-lib-c-5c70d4e5a0be5b24/out/pil2-stark/src/bn128/tests/tests.cu
[INFO] [stderr]   cargo:rerun-if-changed=/opt/rustwide/target/release/build/proofman-starks-lib-c-5c70d4e5a0be5b24/out/pil2-stark/src/bctree/build_const_tree.cpp
[INFO] [stderr]   cargo:rerun-if-changed=/opt/rustwide/target/release/build/proofman-starks-lib-c-5c70d4e5a0be5b24/out/pil2-stark/src/bctree/build_const_tree.hpp
[INFO] [stderr]   cargo:rerun-if-changed=/opt/rustwide/target/release/build/proofman-starks-lib-c-5c70d4e5a0be5b24/out/pil2-stark/src/bctree/main.cpp
[INFO] [stderr]   cargo:rerun-if-changed=/opt/rustwide/target/release/build/proofman-starks-lib-c-5c70d4e5a0be5b24/out/pil2-stark/src/binfile/main.cpp
[INFO] [stderr]   cargo:rerun-if-changed=/opt/rustwide/target/release/build/proofman-starks-lib-c-5c70d4e5a0be5b24/out/pil2-stark/src/starkpil/gen_proof.cuh
[INFO] [stderr]   cargo:rerun-if-changed=/opt/rustwide/target/release/build/proofman-starks-lib-c-5c70d4e5a0be5b24/out/pil2-stark/src/starkpil/stark_verify.hpp
[INFO] [stderr]   cargo:rerun-if-changed=/opt/rustwide/target/release/build/proofman-starks-lib-c-5c70d4e5a0be5b24/out/pil2-stark/src/starkpil/hints.cu
[INFO] [stderr]   cargo:rerun-if-changed=/opt/rustwide/target/release/build/proofman-starks-lib-c-5c70d4e5a0be5b24/out/pil2-stark/src/starkpil/verify_constraints.hpp
[INFO] [stderr]   cargo:rerun-if-changed=/opt/rustwide/target/release/build/proofman-starks-lib-c-5c70d4e5a0be5b24/out/pil2-stark/src/starkpil/steps.hpp
[INFO] [stderr]   cargo:rerun-if-changed=/opt/rustwide/target/release/build/proofman-starks-lib-c-5c70d4e5a0be5b24/out/pil2-stark/src/starkpil/gen_proof.hpp
[INFO] [stderr]   cargo:rerun-if-changed=/opt/rustwide/target/release/build/proofman-starks-lib-c-5c70d4e5a0be5b24/out/pil2-stark/src/starkpil/merkleTree/merkleTreeBN128.cpp
[INFO] [stderr]   cargo:rerun-if-changed=/opt/rustwide/target/release/build/proofman-starks-lib-c-5c70d4e5a0be5b24/out/pil2-stark/src/starkpil/merkleTree/merkleTreeGL.hpp
[INFO] [stderr]   cargo:rerun-if-changed=/opt/rustwide/target/release/build/proofman-starks-lib-c-5c70d4e5a0be5b24/out/pil2-stark/src/starkpil/merkleTree/merkleTreeGL.cpp
[INFO] [stderr]   cargo:rerun-if-changed=/opt/rustwide/target/release/build/proofman-starks-lib-c-5c70d4e5a0be5b24/out/pil2-stark/src/starkpil/merkleTree/merkleTreeBN128.hpp
[INFO] [stderr]   cargo:rerun-if-changed=/opt/rustwide/target/release/build/proofman-starks-lib-c-5c70d4e5a0be5b24/out/pil2-stark/src/starkpil/exec_file.hpp
[INFO] [stderr]   cargo:rerun-if-changed=/opt/rustwide/target/release/build/proofman-starks-lib-c-5c70d4e5a0be5b24/out/pil2-stark/src/starkpil/proof_stark.hpp
[INFO] [stderr]   cargo:rerun-if-changed=/opt/rustwide/target/release/build/proofman-starks-lib-c-5c70d4e5a0be5b24/out/pil2-stark/src/starkpil/starks_gpu_bn128.cuh
[INFO] [stderr]   cargo:rerun-if-changed=/opt/rustwide/target/release/build/proofman-starks-lib-c-5c70d4e5a0be5b24/out/pil2-stark/src/starkpil/global_constraints.hpp
[INFO] [stderr]   cargo:rerun-if-changed=/opt/rustwide/target/release/build/proofman-starks-lib-c-5c70d4e5a0be5b24/out/pil2-stark/src/starkpil/final_snark_proof_gpu.cuh
[INFO] [stderr]   cargo:rerun-if-changed=/opt/rustwide/target/release/build/proofman-starks-lib-c-5c70d4e5a0be5b24/out/pil2-stark/src/starkpil/fixed_cols.hpp
[INFO] [stderr]   cargo:rerun-if-changed=/opt/rustwide/target/release/build/proofman-starks-lib-c-5c70d4e5a0be5b24/out/pil2-stark/src/starkpil/hints.cpp
[INFO] [stderr]   cargo:rerun-if-changed=/opt/rustwide/target/release/build/proofman-starks-lib-c-5c70d4e5a0be5b24/out/pil2-stark/src/starkpil/starks_gpu.cu
[INFO] [stderr]   cargo:rerun-if-changed=/opt/rustwide/target/release/build/proofman-starks-lib-c-5c70d4e5a0be5b24/out/pil2-stark/src/starkpil/final_snark_proof.hpp
[INFO] [stderr]   cargo:rerun-if-changed=/opt/rustwide/target/release/build/proofman-starks-lib-c-5c70d4e5a0be5b24/out/pil2-stark/src/starkpil/hints.cuh
[INFO] [stderr]   cargo:rerun-if-changed=/opt/rustwide/target/release/build/proofman-starks-lib-c-5c70d4e5a0be5b24/out/pil2-stark/src/starkpil/proof2zkinStark.hpp
[INFO] [stderr]   cargo:rerun-if-changed=/opt/rustwide/target/release/build/proofman-starks-lib-c-5c70d4e5a0be5b24/out/pil2-stark/src/starkpil/starks_gpu.cuh
[INFO] [stderr]   cargo:rerun-if-changed=/opt/rustwide/target/release/build/proofman-starks-lib-c-5c70d4e5a0be5b24/out/pil2-stark/src/starkpil/transcript/transcriptBN128.cpp
[INFO] [stderr]   cargo:rerun-if-changed=/opt/rustwide/target/release/build/proofman-starks-lib-c-5c70d4e5a0be5b24/out/pil2-stark/src/starkpil/transcript/transcriptBN128.cu
[INFO] [stderr]   cargo:rerun-if-changed=/opt/rustwide/target/release/build/proofman-starks-lib-c-5c70d4e5a0be5b24/out/pil2-stark/src/starkpil/transcript/transcriptGL.cuh
[INFO] [stderr]   cargo:rerun-if-changed=/opt/rustwide/target/release/build/proofman-starks-lib-c-5c70d4e5a0be5b24/out/pil2-stark/src/starkpil/transcript/transcriptGL.cu
[INFO] [stderr]   cargo:rerun-if-changed=/opt/rustwide/target/release/build/proofman-starks-lib-c-5c70d4e5a0be5b24/out/pil2-stark/src/starkpil/transcript/transcriptGL.cpp
[INFO] [stderr]   cargo:rerun-if-changed=/opt/rustwide/target/release/build/proofman-starks-lib-c-5c70d4e5a0be5b24/out/pil2-stark/src/starkpil/transcript/transcriptBN128.cuh
[INFO] [stderr]   cargo:rerun-if-changed=/opt/rustwide/target/release/build/proofman-starks-lib-c-5c70d4e5a0be5b24/out/pil2-stark/src/starkpil/transcript/transcriptGL.hpp
[INFO] [stderr]   cargo:rerun-if-changed=/opt/rustwide/target/release/build/proofman-starks-lib-c-5c70d4e5a0be5b24/out/pil2-stark/src/starkpil/transcript/transcriptBN128.hpp
[INFO] [stderr]   cargo:rerun-if-changed=/opt/rustwide/target/release/build/proofman-starks-lib-c-5c70d4e5a0be5b24/out/pil2-stark/src/starkpil/hints.hpp
[INFO] [stderr]   cargo:rerun-if-changed=/opt/rustwide/target/release/build/proofman-starks-lib-c-5c70d4e5a0be5b24/out/pil2-stark/src/starkpil/starks.hpp
[INFO] [stderr]   cargo:rerun-if-changed=/opt/rustwide/target/release/build/proofman-starks-lib-c-5c70d4e5a0be5b24/out/pil2-stark/src/starkpil/verify_constraints.cuh
[INFO] [stderr]   cargo:rerun-if-changed=/opt/rustwide/target/release/build/proofman-starks-lib-c-5c70d4e5a0be5b24/out/pil2-stark/src/starkpil/final_snark_proof_gpu.cpp
[INFO] [stderr]   cargo:rerun-if-changed=/opt/rustwide/target/release/build/proofman-starks-lib-c-5c70d4e5a0be5b24/out/pil2-stark/src/starkpil/const_pols.hpp
[INFO] [stderr]   cargo:rerun-if-changed=/opt/rustwide/target/release/build/proofman-starks-lib-c-5c70d4e5a0be5b24/out/pil2-stark/src/starkpil/stark_info.hpp
[INFO] [stderr]   cargo:rerun-if-changed=/opt/rustwide/target/release/build/proofman-starks-lib-c-5c70d4e5a0be5b24/out/pil2-stark/src/starkpil/proof2zkinStark.cpp
[INFO] [stderr]   cargo:rerun-if-changed=/opt/rustwide/target/release/build/proofman-starks-lib-c-5c70d4e5a0be5b24/out/pil2-stark/src/starkpil/fri_expression.cuh
[INFO] [stderr]   cargo:rerun-if-changed=/opt/rustwide/target/release/build/proofman-starks-lib-c-5c70d4e5a0be5b24/out/pil2-stark/src/starkpil/setup_ctx.hpp
[INFO] [stderr]   cargo:rerun-if-changed=/opt/rustwide/target/release/build/proofman-starks-lib-c-5c70d4e5a0be5b24/out/pil2-stark/src/starkpil/gen_recursivef_proof.hpp
[INFO] [stderr]   cargo:rerun-if-changed=/opt/rustwide/target/release/build/proofman-starks-lib-c-5c70d4e5a0be5b24/out/pil2-stark/src/starkpil/starks_gpu_bn128.cu
[INFO] [stderr]   cargo:rerun-if-changed=/opt/rustwide/target/release/build/proofman-starks-lib-c-5c70d4e5a0be5b24/out/pil2-stark/src/starkpil/stark_info.cpp
[INFO] [stderr]   cargo:rerun-if-changed=/opt/rustwide/target/release/build/proofman-starks-lib-c-5c70d4e5a0be5b24/out/pil2-stark/src/starkpil/fri/fri.hpp
[INFO] [stderr]   cargo:rerun-if-changed=/opt/rustwide/target/release/build/proofman-starks-lib-c-5c70d4e5a0be5b24/out/pil2-stark/src/starkpil/proofman_sumcheck.cuh
[INFO] [stderr]   cargo:rerun-if-changed=/opt/rustwide/target/release/build/proofman-starks-lib-c-5c70d4e5a0be5b24/out/pil2-stark/src/starkpil/polinomial.hpp
[INFO] [stderr]   cargo:rerun-if-changed=/opt/rustwide/target/release/build/proofman-starks-lib-c-5c70d4e5a0be5b24/out/pil2-stark/src/starkpil/proofman_sumcheck.cu
[INFO] [stderr]   cargo:rerun-if-changed=/opt/rustwide/target/release/build/proofman-starks-lib-c-5c70d4e5a0be5b24/out/pil2-stark/src/starkpil/gen_recursivef_proof.cuh
[INFO] [stderr]   cargo:rerun-if-changed=/opt/rustwide/target/release/build/proofman-starks-lib-c-5c70d4e5a0be5b24/out/pil2-stark/src/starkpil/expressions/expressions_bin.hpp
[INFO] [stderr]   cargo:rerun-if-changed=/opt/rustwide/target/release/build/proofman-starks-lib-c-5c70d4e5a0be5b24/out/pil2-stark/src/starkpil/expressions/expressions_gpu.cu
[INFO] [stderr]   cargo:rerun-if-changed=/opt/rustwide/target/release/build/proofman-starks-lib-c-5c70d4e5a0be5b24/out/pil2-stark/src/starkpil/expressions/expressions_info.cpp
[INFO] [stderr]   cargo:rerun-if-changed=/opt/rustwide/target/release/build/proofman-starks-lib-c-5c70d4e5a0be5b24/out/pil2-stark/src/starkpil/expressions/expressions_codegen.cuh
[INFO] [stderr]   cargo:rerun-if-changed=/opt/rustwide/target/release/build/proofman-starks-lib-c-5c70d4e5a0be5b24/out/pil2-stark/src/starkpil/expressions/expressions_bin.cpp
[INFO] [stderr]   cargo:rerun-if-changed=/opt/rustwide/target/release/build/proofman-starks-lib-c-5c70d4e5a0be5b24/out/pil2-stark/src/starkpil/expressions/expressions_gpu.cuh
[INFO] [stderr]   cargo:rerun-if-changed=/opt/rustwide/target/release/build/proofman-starks-lib-c-5c70d4e5a0be5b24/out/pil2-stark/src/starkpil/expressions/expressions_ctx.hpp
[INFO] [stderr]   cargo:rerun-if-changed=/opt/rustwide/target/release/build/proofman-starks-lib-c-5c70d4e5a0be5b24/out/pil2-stark/src/starkpil/expressions/expressions_pack.hpp
[INFO] [stderr]   cargo:rerun-if-changed=/opt/rustwide/target/release/build/proofman-starks-lib-c-5c70d4e5a0be5b24/out/pil2-stark/src/starkpil/expressions/expressions_info.hpp
[INFO] [stderr]   cargo:rerun-if-changed=/opt/rustwide/target/release/build/proofman-starks-lib-c-5c70d4e5a0be5b24/out/pil2-stark/src/starkpil/eval_info.hpp
[INFO] [stderr]   cargo:rerun-if-changed=/opt/rustwide/target/release/build/proofman-starks-lib-c-5c70d4e5a0be5b24/out/pil2-stark/.gitignore
[INFO] [stderr]   cargo:rerun-if-changed=/opt/rustwide/target/release/build/proofman-starks-lib-c-5c70d4e5a0be5b24/out/pil2-stark/Cargo.toml
[INFO] [stderr]   cargo:rerun-if-changed=/opt/rustwide/target/release/build/proofman-starks-lib-c-5c70d4e5a0be5b24/out/pil2-stark/LICENSE
[INFO] [stderr]   cargo:rerun-if-changed=/opt/rustwide/target/release/build/proofman-starks-lib-c-5c70d4e5a0be5b24/out/pil2-stark/external/blst/.github/workflows/codeql-analysis.yml
[INFO] [stderr]   cargo:rerun-if-changed=/opt/rustwide/target/release/build/proofman-starks-lib-c-5c70d4e5a0be5b24/out/pil2-stark/external/blst/.github/workflows/golang-lint.yml
[INFO] [stderr]   cargo:rerun-if-changed=/opt/rustwide/target/release/build/proofman-starks-lib-c-5c70d4e5a0be5b24/out/pil2-stark/external/blst/.github/workflows/ci.yml
[INFO] [stderr]   cargo:rerun-if-changed=/opt/rustwide/target/release/build/proofman-starks-lib-c-5c70d4e5a0be5b24/out/pil2-stark/external/blst/.golangci.yml
[INFO] [stderr]   cargo:rerun-if-changed=/opt/rustwide/target/release/build/proofman-starks-lib-c-5c70d4e5a0be5b24/out/pil2-stark/external/blst/SECURITY.md
[INFO] [stderr]   cargo:rerun-if-changed=/opt/rustwide/target/release/build/proofman-starks-lib-c-5c70d4e5a0be5b24/out/pil2-stark/external/blst/.gitattributes
[INFO] [stderr]   cargo:rerun-if-changed=/opt/rustwide/target/release/build/proofman-starks-lib-c-5c70d4e5a0be5b24/out/pil2-stark/external/blst/src/blst_t.hpp
[INFO] [stderr]   cargo:rerun-if-changed=/opt/rustwide/target/release/build/proofman-starks-lib-c-5c70d4e5a0be5b24/out/pil2-stark/external/blst/src/vect.h
[INFO] [stderr]   cargo:rerun-if-changed=/opt/rustwide/target/release/build/proofman-starks-lib-c-5c70d4e5a0be5b24/out/pil2-stark/external/blst/src/bulk_addition.c
[INFO] [stderr]   cargo:rerun-if-changed=/opt/rustwide/target/release/build/proofman-starks-lib-c-5c70d4e5a0be5b24/out/pil2-stark/external/blst/src/aggregate.c
[INFO] [stderr]   cargo:rerun-if-changed=/opt/rustwide/target/release/build/proofman-starks-lib-c-5c70d4e5a0be5b24/out/pil2-stark/external/blst/src/recip.c
[INFO] [stderr]   cargo:rerun-if-changed=/opt/rustwide/target/release/build/proofman-starks-lib-c-5c70d4e5a0be5b24/out/pil2-stark/external/blst/src/pairing.c
[INFO] [stderr]   cargo:rerun-if-changed=/opt/rustwide/target/release/build/proofman-starks-lib-c-5c70d4e5a0be5b24/out/pil2-stark/external/blst/src/asm/add_mod_384x384-x86_64.pl
[INFO] [stderr]   cargo:rerun-if-changed=/opt/rustwide/target/release/build/proofman-starks-lib-c-5c70d4e5a0be5b24/out/pil2-stark/external/blst/src/asm/add_mod_384-armv8.pl
[INFO] [stderr]   cargo:rerun-if-changed=/opt/rustwide/target/release/build/proofman-starks-lib-c-5c70d4e5a0be5b24/out/pil2-stark/external/blst/src/asm/ctq_inverse_mod_384-x86_64.pl
[INFO] [stderr]   cargo:rerun-if-changed=/opt/rustwide/target/release/build/proofman-starks-lib-c-5c70d4e5a0be5b24/out/pil2-stark/external/blst/src/asm/mul_mont_384-armv8.pl
[INFO] [stderr]   cargo:rerun-if-changed=/opt/rustwide/target/release/build/proofman-starks-lib-c-5c70d4e5a0be5b24/out/pil2-stark/external/blst/src/asm/add_mod_384-x86_64.pl
[INFO] [stderr]   cargo:rerun-if-changed=/opt/rustwide/target/release/build/proofman-starks-lib-c-5c70d4e5a0be5b24/out/pil2-stark/external/blst/src/asm/ct_inverse_mod_256-x86_64.pl
[INFO] [stderr]   cargo:rerun-if-changed=/opt/rustwide/target/release/build/proofman-starks-lib-c-5c70d4e5a0be5b24/out/pil2-stark/external/blst/src/asm/add_mod_256-x86_64.pl
[INFO] [stderr]   cargo:rerun-if-changed=/opt/rustwide/target/release/build/proofman-starks-lib-c-5c70d4e5a0be5b24/out/pil2-stark/external/blst/src/asm/ct_is_square_mod_384-armv8.pl
[INFO] [stderr]   cargo:rerun-if-changed=/opt/rustwide/target/release/build/proofman-starks-lib-c-5c70d4e5a0be5b24/out/pil2-stark/external/blst/src/asm/mulx_mont_256-x86_64.pl
[INFO] [stderr]   cargo:rerun-if-changed=/opt/rustwide/target/release/build/proofman-starks-lib-c-5c70d4e5a0be5b24/out/pil2-stark/external/blst/src/asm/sha256-armv8.pl
[INFO] [stderr]   cargo:rerun-if-changed=/opt/rustwide/target/release/build/proofman-starks-lib-c-5c70d4e5a0be5b24/out/pil2-stark/external/blst/src/asm/sha256-portable-x86_64.pl
[INFO] [stderr]   cargo:rerun-if-changed=/opt/rustwide/target/release/build/proofman-starks-lib-c-5c70d4e5a0be5b24/out/pil2-stark/external/blst/src/asm/mulq_mont_384-x86_64.pl
[INFO] [stderr]   cargo:rerun-if-changed=/opt/rustwide/target/release/build/proofman-starks-lib-c-5c70d4e5a0be5b24/out/pil2-stark/external/blst/src/asm/ctx_inverse_mod_384-x86_64.pl
[INFO] [stderr]   cargo:rerun-if-changed=/opt/rustwide/target/release/build/proofman-starks-lib-c-5c70d4e5a0be5b24/out/pil2-stark/external/blst/src/asm/div3w-armv8.pl
[INFO] [stderr]   cargo:rerun-if-changed=/opt/rustwide/target/release/build/proofman-starks-lib-c-5c70d4e5a0be5b24/out/pil2-stark/external/blst/src/asm/add_mod_256-armv8.pl
[INFO] [stderr]   cargo:rerun-if-changed=/opt/rustwide/target/release/build/proofman-starks-lib-c-5c70d4e5a0be5b24/out/pil2-stark/external/blst/src/asm/mul_mont_256-armv8.pl
[INFO] [stderr]   cargo:rerun-if-changed=/opt/rustwide/target/release/build/proofman-starks-lib-c-5c70d4e5a0be5b24/out/pil2-stark/external/blst/src/asm/arm-xlate.pl
[INFO] [stderr]   cargo:rerun-if-changed=/opt/rustwide/target/release/build/proofman-starks-lib-c-5c70d4e5a0be5b24/out/pil2-stark/external/blst/src/asm/ct_inverse_mod_256-armv8.pl
[INFO] [stderr]   cargo:rerun-if-changed=/opt/rustwide/target/release/build/proofman-starks-lib-c-5c70d4e5a0be5b24/out/pil2-stark/external/blst/src/asm/x86_64-xlate.pl
[INFO] [stderr]   cargo:rerun-if-changed=/opt/rustwide/target/release/build/proofman-starks-lib-c-5c70d4e5a0be5b24/out/pil2-stark/external/blst/src/asm/ct_is_square_mod_384-x86_64.pl
[INFO] [stderr]   cargo:rerun-if-changed=/opt/rustwide/target/release/build/proofman-starks-lib-c-5c70d4e5a0be5b24/out/pil2-stark/external/blst/src/asm/mulq_mont_256-x86_64.pl
[INFO] [stderr]   cargo:rerun-if-changed=/opt/rustwide/target/release/build/proofman-starks-lib-c-5c70d4e5a0be5b24/out/pil2-stark/external/blst/src/asm/mulx_mont_384-x86_64.pl
[INFO] [stderr]   cargo:rerun-if-changed=/opt/rustwide/target/release/build/proofman-starks-lib-c-5c70d4e5a0be5b24/out/pil2-stark/external/blst/src/asm/sha256-x86_64.pl
[INFO] [stderr]   cargo:rerun-if-changed=/opt/rustwide/target/release/build/proofman-starks-lib-c-5c70d4e5a0be5b24/out/pil2-stark/external/blst/src/asm/ct_inverse_mod_384-armv8.pl
[INFO] [stderr]   cargo:rerun-if-changed=/opt/rustwide/target/release/build/proofman-starks-lib-c-5c70d4e5a0be5b24/out/pil2-stark/external/blst/src/asm/div3w-x86_64.pl
[INFO] [stderr]   cargo:rerun-if-changed=/opt/rustwide/target/release/build/proofman-starks-lib-c-5c70d4e5a0be5b24/out/pil2-stark/external/blst/src/sha256.h
[INFO] [stderr]   cargo:rerun-if-changed=/opt/rustwide/target/release/build/proofman-starks-lib-c-5c70d4e5a0be5b24/out/pil2-stark/external/blst/src/no_asm.h
[INFO] [stderr]   cargo:rerun-if-changed=/opt/rustwide/target/release/build/proofman-starks-lib-c-5c70d4e5a0be5b24/out/pil2-stark/external/blst/src/vect.c
[INFO] [stderr]   cargo:rerun-if-changed=/opt/rustwide/target/release/build/proofman-starks-lib-c-5c70d4e5a0be5b24/out/pil2-stark/external/blst/src/hash_to_field.c
[INFO] [stderr]   cargo:rerun-if-changed=/opt/rustwide/target/release/build/proofman-starks-lib-c-5c70d4e5a0be5b24/out/pil2-stark/external/blst/src/keygen.c
[INFO] [stderr]   cargo:rerun-if-changed=/opt/rustwide/target/release/build/proofman-starks-lib-c-5c70d4e5a0be5b24/out/pil2-stark/external/blst/src/fp12_tower.c
[INFO] [stderr]   cargo:rerun-if-changed=/opt/rustwide/target/release/build/proofman-starks-lib-c-5c70d4e5a0be5b24/out/pil2-stark/external/blst/src/client_min_sig.c
[INFO] [stderr]   cargo:rerun-if-changed=/opt/rustwide/target/release/build/proofman-starks-lib-c-5c70d4e5a0be5b24/out/pil2-stark/external/blst/src/ec_mult.h
[INFO] [stderr]   cargo:rerun-if-changed=/opt/rustwide/target/release/build/proofman-starks-lib-c-5c70d4e5a0be5b24/out/pil2-stark/external/blst/src/rb_tree.c
[INFO] [stderr]   cargo:rerun-if-changed=/opt/rustwide/target/release/build/proofman-starks-lib-c-5c70d4e5a0be5b24/out/pil2-stark/external/blst/src/e1.c
[INFO] [stderr]   cargo:rerun-if-changed=/opt/rustwide/target/release/build/proofman-starks-lib-c-5c70d4e5a0be5b24/out/pil2-stark/external/blst/src/pentaroot-addchain.h
[INFO] [stderr]   cargo:rerun-if-changed=/opt/rustwide/target/release/build/proofman-starks-lib-c-5c70d4e5a0be5b24/out/pil2-stark/external/blst/src/recip-addchain.h
[INFO] [stderr]   cargo:rerun-if-changed=/opt/rustwide/target/release/build/proofman-starks-lib-c-5c70d4e5a0be5b24/out/pil2-stark/external/blst/src/bytes.h
[INFO] [stderr]   cargo:rerun-if-changed=/opt/rustwide/target/release/build/proofman-starks-lib-c-5c70d4e5a0be5b24/out/pil2-stark/external/blst/src/exp.c
[INFO] [stderr]   cargo:rerun-if-changed=/opt/rustwide/target/release/build/proofman-starks-lib-c-5c70d4e5a0be5b24/out/pil2-stark/external/blst/src/exports.c
[INFO] [stderr]   cargo:rerun-if-changed=/opt/rustwide/target/release/build/proofman-starks-lib-c-5c70d4e5a0be5b24/out/pil2-stark/external/blst/src/consts.h
[INFO] [stderr]   cargo:rerun-if-changed=/opt/rustwide/target/release/build/proofman-starks-lib-c-5c70d4e5a0be5b24/out/pil2-stark/external/blst/src/fields.h
[INFO] [stderr]   cargo:rerun-if-changed=/opt/rustwide/target/release/build/proofman-starks-lib-c-5c70d4e5a0be5b24/out/pil2-stark/external/blst/src/multi_scalar.c
[INFO] [stderr]   cargo:rerun-if-changed=/opt/rustwide/target/release/build/proofman-starks-lib-c-5c70d4e5a0be5b24/out/pil2-stark/external/blst/src/sqrt-addchain.h
[INFO] [stderr]   cargo:rerun-if-changed=/opt/rustwide/target/release/build/proofman-starks-lib-c-5c70d4e5a0be5b24/out/pil2-stark/external/blst/src/consts.c
[INFO] [stderr]   cargo:rerun-if-changed=/opt/rustwide/target/release/build/proofman-starks-lib-c-5c70d4e5a0be5b24/out/pil2-stark/external/blst/src/client_min_pk.c
[INFO] [stderr]   cargo:rerun-if-changed=/opt/rustwide/target/release/build/proofman-starks-lib-c-5c70d4e5a0be5b24/out/pil2-stark/external/blst/src/sqrt.c
[INFO] [stderr]   cargo:rerun-if-changed=/opt/rustwide/target/release/build/proofman-starks-lib-c-5c70d4e5a0be5b24/out/pil2-stark/external/blst/src/errors.h
[INFO] [stderr]   cargo:rerun-if-changed=/opt/rustwide/target/release/build/proofman-starks-lib-c-5c70d4e5a0be5b24/out/pil2-stark/external/blst/src/server.c
[INFO] [stderr]   cargo:rerun-if-changed=/opt/rustwide/target/release/build/proofman-starks-lib-c-5c70d4e5a0be5b24/out/pil2-stark/external/blst/src/point.h
[INFO] [stderr]   cargo:rerun-if-changed=/opt/rustwide/target/release/build/proofman-starks-lib-c-5c70d4e5a0be5b24/out/pil2-stark/external/blst/src/map_to_g2.c
[INFO] [stderr]   cargo:rerun-if-changed=/opt/rustwide/target/release/build/proofman-starks-lib-c-5c70d4e5a0be5b24/out/pil2-stark/external/blst/src/pentaroot.c
[INFO] [stderr]   cargo:rerun-if-changed=/opt/rustwide/target/release/build/proofman-starks-lib-c-5c70d4e5a0be5b24/out/pil2-stark/external/blst/src/map_to_g1.c
[INFO] [stderr]   cargo:rerun-if-changed=/opt/rustwide/target/release/build/proofman-starks-lib-c-5c70d4e5a0be5b24/out/pil2-stark/external/blst/src/cpuid.c
[INFO] [stderr]   cargo:rerun-if-changed=/opt/rustwide/target/release/build/proofman-starks-lib-c-5c70d4e5a0be5b24/out/pil2-stark/external/blst/src/e2.c
[INFO] [stderr]   cargo:rerun-if-changed=/opt/rustwide/target/release/build/proofman-starks-lib-c-5c70d4e5a0be5b24/out/pil2-stark/external/blst/src/ec_ops.h
[INFO] [stderr]   cargo:rerun-if-changed=/opt/rustwide/target/release/build/proofman-starks-lib-c-5c70d4e5a0be5b24/out/pil2-stark/external/blst/.gitignore
[INFO] [stderr]   cargo:rerun-if-changed=/opt/rustwide/target/release/build/proofman-starks-lib-c-5c70d4e5a0be5b24/out/pil2-stark/external/blst/build.sh
[INFO] [stderr]   cargo:rerun-if-changed=/opt/rustwide/target/release/build/proofman-starks-lib-c-5c70d4e5a0be5b24/out/pil2-stark/external/blst/bindings/java/run.me
[INFO] [stderr]   cargo:rerun-if-changed=/opt/rustwide/target/release/build/proofman-starks-lib-c-5c70d4e5a0be5b24/out/pil2-stark/external/blst/bindings/java/runnable.java
[INFO] [stderr]   cargo:rerun-if-changed=/opt/rustwide/target/release/build/proofman-starks-lib-c-5c70d4e5a0be5b24/out/pil2-stark/external/blst/bindings/java/build.sh
[INFO] [stderr]   cargo:rerun-if-changed=/opt/rustwide/target/release/build/proofman-starks-lib-c-5c70d4e5a0be5b24/out/pil2-stark/external/blst/bindings/c#/run.me
[INFO] [stderr]   cargo:rerun-if-changed=/opt/rustwide/target/release/build/proofman-starks-lib-c-5c70d4e5a0be5b24/out/pil2-stark/external/blst/bindings/c#/poc.csproj
[INFO] [stderr]   cargo:rerun-if-changed=/opt/rustwide/target/release/build/proofman-starks-lib-c-5c70d4e5a0be5b24/out/pil2-stark/external/blst/bindings/c#/supranational.blst.cs
[INFO] [stderr]   cargo:rerun-if-changed=/opt/rustwide/target/release/build/proofman-starks-lib-c-5c70d4e5a0be5b24/out/pil2-stark/external/blst/bindings/c#/poc.cs
[INFO] [stderr]   cargo:rerun-if-changed=/opt/rustwide/target/release/build/proofman-starks-lib-c-5c70d4e5a0be5b24/out/pil2-stark/external/blst/bindings/zig/blst.zig
[INFO] [stderr]   cargo:rerun-if-changed=/opt/rustwide/target/release/build/proofman-starks-lib-c-5c70d4e5a0be5b24/out/pil2-stark/external/blst/bindings/zig/c.zig
[INFO] [stderr]   cargo:rerun-if-changed=/opt/rustwide/target/release/build/proofman-starks-lib-c-5c70d4e5a0be5b24/out/pil2-stark/external/blst/bindings/zig/generate.py
[INFO] [stderr]   cargo:rerun-if-changed=/opt/rustwide/target/release/build/proofman-starks-lib-c-5c70d4e5a0be5b24/out/pil2-stark/external/blst/bindings/zig/README.md
[INFO] [stderr]   cargo:rerun-if-changed=/opt/rustwide/target/release/build/proofman-starks-lib-c-5c70d4e5a0be5b24/out/pil2-stark/external/blst/bindings/zig/tests.zig
[INFO] [stderr]   cargo:rerun-if-changed=/opt/rustwide/target/release/build/proofman-starks-lib-c-5c70d4e5a0be5b24/out/pil2-stark/external/blst/bindings/go/blst_px.tgo
[INFO] [stderr]   cargo:rerun-if-changed=/opt/rustwide/target/release/build/proofman-starks-lib-c-5c70d4e5a0be5b24/out/pil2-stark/external/blst/bindings/go/blst.go
[INFO] [stderr]   cargo:rerun-if-changed=/opt/rustwide/target/release/build/proofman-starks-lib-c-5c70d4e5a0be5b24/out/pil2-stark/external/blst/bindings/go/blst_minpk_test.go
[INFO] [stderr]   cargo:rerun-if-changed=/opt/rustwide/target/release/build/proofman-starks-lib-c-5c70d4e5a0be5b24/out/pil2-stark/external/blst/bindings/go/blst_miller_loop_test.go
[INFO] [stderr]   cargo:rerun-if-changed=/opt/rustwide/target/release/build/proofman-starks-lib-c-5c70d4e5a0be5b24/out/pil2-stark/external/blst/bindings/go/blst_minsig_test.go
[INFO] [stderr]   cargo:rerun-if-changed=/opt/rustwide/target/release/build/proofman-starks-lib-c-5c70d4e5a0be5b24/out/pil2-stark/external/blst/bindings/go/blst_misc.tgo
[INFO] [stderr]   cargo:rerun-if-changed=/opt/rustwide/target/release/build/proofman-starks-lib-c-5c70d4e5a0be5b24/out/pil2-stark/external/blst/bindings/go/blst_htoc_test.go
[INFO] [stderr]   cargo:rerun-if-changed=/opt/rustwide/target/release/build/proofman-starks-lib-c-5c70d4e5a0be5b24/out/pil2-stark/external/blst/bindings/go/rb_tree.go
[INFO] [stderr]   cargo:rerun-if-changed=/opt/rustwide/target/release/build/proofman-starks-lib-c-5c70d4e5a0be5b24/out/pil2-stark/external/blst/bindings/go/blst_minpk.tgo
[INFO] [stderr]   cargo:rerun-if-changed=/opt/rustwide/target/release/build/proofman-starks-lib-c-5c70d4e5a0be5b24/out/pil2-stark/external/blst/bindings/go/blst_wasm.go
[INFO] [stderr]   cargo:rerun-if-changed=/opt/rustwide/target/release/build/proofman-starks-lib-c-5c70d4e5a0be5b24/out/pil2-stark/external/blst/bindings/go/generate.py
[INFO] [stderr]   cargo:rerun-if-changed=/opt/rustwide/target/release/build/proofman-starks-lib-c-5c70d4e5a0be5b24/out/pil2-stark/external/blst/bindings/go/README.md
[INFO] [stderr]   cargo:rerun-if-changed=/opt/rustwide/target/release/build/proofman-starks-lib-c-5c70d4e5a0be5b24/out/pil2-stark/external/blst/bindings/go/blst.tgo
[INFO] [stderr]   cargo:rerun-if-changed=/opt/rustwide/target/release/build/proofman-starks-lib-c-5c70d4e5a0be5b24/out/pil2-stark/external/blst/bindings/go/cgo_assembly.S
[INFO] [stderr]   cargo:rerun-if-changed=/opt/rustwide/target/release/build/proofman-starks-lib-c-5c70d4e5a0be5b24/out/pil2-stark/external/blst/bindings/go/cgo_server.c
[INFO] [stderr]   cargo:rerun-if-changed=/opt/rustwide/target/release/build/proofman-starks-lib-c-5c70d4e5a0be5b24/out/pil2-stark/external/blst/bindings/blst.h
[INFO] [stderr]   cargo:rerun-if-changed=/opt/rustwide/target/release/build/proofman-starks-lib-c-5c70d4e5a0be5b24/out/pil2-stark/external/blst/bindings/emscripten/runnable.html
[INFO] [stderr]   cargo:rerun-if-changed=/opt/rustwide/target/release/build/proofman-starks-lib-c-5c70d4e5a0be5b24/out/pil2-stark/external/blst/bindings/emscripten/run.me
[INFO] [stderr]   cargo:rerun-if-changed=/opt/rustwide/target/release/build/proofman-starks-lib-c-5c70d4e5a0be5b24/out/pil2-stark/external/blst/bindings/emscripten/runnable.js
[INFO] [stderr]   cargo:rerun-if-changed=/opt/rustwide/target/release/build/proofman-starks-lib-c-5c70d4e5a0be5b24/out/pil2-stark/external/blst/bindings/emscripten/build.py
[INFO] [stderr]   cargo:rerun-if-changed=/opt/rustwide/target/release/build/proofman-starks-lib-c-5c70d4e5a0be5b24/out/pil2-stark/external/blst/bindings/blst_aux.h
[INFO] [stderr]   cargo:rerun-if-changed=/opt/rustwide/target/release/build/proofman-starks-lib-c-5c70d4e5a0be5b24/out/pil2-stark/external/blst/bindings/python/run.me
[INFO] [stderr]   cargo:rerun-if-changed=/opt/rustwide/target/release/build/proofman-starks-lib-c-5c70d4e5a0be5b24/out/pil2-stark/external/blst/bindings/blst.swg
[INFO] [stderr]   cargo:rerun-if-changed=/opt/rustwide/target/release/build/proofman-starks-lib-c-5c70d4e5a0be5b24/out/pil2-stark/external/blst/bindings/node.js/run.me
[INFO] [stderr]   cargo:rerun-if-changed=/opt/rustwide/target/release/build/proofman-starks-lib-c-5c70d4e5a0be5b24/out/pil2-stark/external/blst/bindings/node.js/blst.hpp.ts
[INFO] [stderr]   cargo:rerun-if-changed=/opt/rustwide/target/release/build/proofman-starks-lib-c-5c70d4e5a0be5b24/out/pil2-stark/external/blst/bindings/node.js/blst_wrap.py
[INFO] [stderr]   cargo:rerun-if-changed=/opt/rustwide/target/release/build/proofman-starks-lib-c-5c70d4e5a0be5b24/out/pil2-stark/external/blst/bindings/node.js/runnable.js
[INFO] [stderr]   cargo:rerun-if-changed=/opt/rustwide/target/release/build/proofman-starks-lib-c-5c70d4e5a0be5b24/out/pil2-stark/external/blst/bindings/node.js/runnable.ts
[INFO] [stderr]   cargo:rerun-if-changed=/opt/rustwide/target/release/build/proofman-starks-lib-c-5c70d4e5a0be5b24/out/pil2-stark/external/blst/bindings/node.js/tsconfig.json
[INFO] [stderr]   cargo:rerun-if-changed=/opt/rustwide/target/release/build/proofman-starks-lib-c-5c70d4e5a0be5b24/out/pil2-stark/external/blst/bindings/node.js/binding.gyp
[INFO] [stderr]   cargo:rerun-if-changed=/opt/rustwide/target/release/build/proofman-starks-lib-c-5c70d4e5a0be5b24/out/pil2-stark/external/blst/bindings/blst.hpp
[INFO] [stderr]   cargo:rerun-if-changed=/opt/rustwide/target/release/build/proofman-starks-lib-c-5c70d4e5a0be5b24/out/pil2-stark/external/blst/bindings/vectors/hash_to_curve/expand_message_xmd_SHA256_256.json
[INFO] [stderr]   cargo:rerun-if-changed=/opt/rustwide/target/release/build/proofman-starks-lib-c-5c70d4e5a0be5b24/out/pil2-stark/external/blst/bindings/vectors/hash_to_curve/BLS12381G1_XMD_SHA-256_SSWU_NU_.json
[INFO] [stderr]   cargo:rerun-if-changed=/opt/rustwide/target/release/build/proofman-starks-lib-c-5c70d4e5a0be5b24/out/pil2-stark/external/blst/bindings/vectors/hash_to_curve/expand_message_xmd_SHA256_38.json
[INFO] [stderr]   cargo:rerun-if-changed=/opt/rustwide/target/release/build/proofman-starks-lib-c-5c70d4e5a0be5b24/out/pil2-stark/external/blst/bindings/vectors/hash_to_curve/BLS12381G1_XMD_SHA-256_SSWU_RO_.json
[INFO] [stderr]   cargo:rerun-if-changed=/opt/rustwide/target/release/build/proofman-starks-lib-c-5c70d4e5a0be5b24/out/pil2-stark/external/blst/bindings/vectors/hash_to_curve/README
[INFO] [stderr]   cargo:rerun-if-changed=/opt/rustwide/target/release/build/proofman-starks-lib-c-5c70d4e5a0be5b24/out/pil2-stark/external/blst/bindings/vectors/hash_to_curve/BLS12381G2_XMD_SHA-256_SSWU_RO_.json
[INFO] [stderr]   cargo:rerun-if-changed=/opt/rustwide/target/release/build/proofman-starks-lib-c-5c70d4e5a0be5b24/out/pil2-stark/external/blst/bindings/vectors/hash_to_curve/BLS12381G2_XMD_SHA-256_SSWU_NU_.json
[INFO] [stderr]   cargo:rerun-if-changed=/opt/rustwide/target/release/build/proofman-starks-lib-c-5c70d4e5a0be5b24/out/pil2-stark/external/blst/blst_logo_small.png
[INFO] [stderr]   cargo:rerun-if-changed=/opt/rustwide/target/release/build/proofman-starks-lib-c-5c70d4e5a0be5b24/out/pil2-stark/external/blst/build.zig.zon
[INFO] [stderr]   cargo:rerun-if-changed=/opt/rustwide/target/release/build/proofman-starks-lib-c-5c70d4e5a0be5b24/out/pil2-stark/external/blst/LICENSE
[INFO] [stderr]   cargo:rerun-if-changed=/opt/rustwide/target/release/build/proofman-starks-lib-c-5c70d4e5a0be5b24/out/pil2-stark/external/blst/build.bat
[INFO] [stderr]   cargo:rerun-if-changed=/opt/rustwide/target/release/build/proofman-starks-lib-c-5c70d4e5a0be5b24/out/pil2-stark/external/blst/README.md
[INFO] [stderr]   cargo:rerun-if-changed=/opt/rustwide/target/release/build/proofman-starks-lib-c-5c70d4e5a0be5b24/out/pil2-stark/external/blst/build.zig
[INFO] [stderr]   cargo:rerun-if-changed=/opt/rustwide/target/release/build/proofman-starks-lib-c-5c70d4e5a0be5b24/out/pil2-stark/external/blst/.travis.yml
[INFO] [stderr]   cargo:rerun-if-changed=/opt/rustwide/target/release/build/proofman-starks-lib-c-5c70d4e5a0be5b24/out/pil2-stark/external/blst/go.mod
[INFO] [stderr]   cargo:rerun-if-changed=/opt/rustwide/target/release/build/proofman-starks-lib-c-5c70d4e5a0be5b24/out/pil2-stark/external/blst/.lgtm.yml
[INFO] [stderr]   cargo:rerun-if-changed=/opt/rustwide/target/release/build/proofman-starks-lib-c-5c70d4e5a0be5b24/out/pil2-stark/external/sppark/.github/workflows/ci.yml
[INFO] [stderr]   cargo:rerun-if-changed=/opt/rustwide/target/release/build/proofman-starks-lib-c-5c70d4e5a0be5b24/out/pil2-stark/external/sppark/util/vec2d_t.hpp
[INFO] [stderr]   cargo:rerun-if-changed=/opt/rustwide/target/release/build/proofman-starks-lib-c-5c70d4e5a0be5b24/out/pil2-stark/external/sppark/util/cuda_available.cu
[INFO] [stderr]   cargo:rerun-if-changed=/opt/rustwide/target/release/build/proofman-starks-lib-c-5c70d4e5a0be5b24/out/pil2-stark/external/sppark/util/cuda2hip.hpp
[INFO] [stderr]   cargo:rerun-if-changed=/opt/rustwide/target/release/build/proofman-starks-lib-c-5c70d4e5a0be5b24/out/pil2-stark/external/sppark/util/cuda_timer_t.cuh
[INFO] [stderr]   cargo:rerun-if-changed=/opt/rustwide/target/release/build/proofman-starks-lib-c-5c70d4e5a0be5b24/out/pil2-stark/external/sppark/util/exception.hpp
[INFO] [stderr]   cargo:rerun-if-changed=/opt/rustwide/target/release/build/proofman-starks-lib-c-5c70d4e5a0be5b24/out/pil2-stark/external/sppark/util/rusterror.h
[INFO] [stderr]   cargo:rerun-if-changed=/opt/rustwide/target/release/build/proofman-starks-lib-c-5c70d4e5a0be5b24/out/pil2-stark/external/sppark/util/slice_t.hpp
[INFO] [stderr]   cargo:rerun-if-changed=/opt/rustwide/target/release/build/proofman-starks-lib-c-5c70d4e5a0be5b24/out/pil2-stark/external/sppark/util/all_gpus.cpp
[INFO] [stderr]   cargo:rerun-if-changed=/opt/rustwide/target/release/build/proofman-starks-lib-c-5c70d4e5a0be5b24/out/pil2-stark/external/sppark/util/exception.cuh
[INFO] [stderr]   cargo:rerun-if-changed=/opt/rustwide/target/release/build/proofman-starks-lib-c-5c70d4e5a0be5b24/out/pil2-stark/external/sppark/util/gpu_t.cuh
[INFO] [stderr]   cargo:rerun-if-changed=/opt/rustwide/target/release/build/proofman-starks-lib-c-5c70d4e5a0be5b24/out/pil2-stark/external/sppark/util/thread_pool_t.hpp
[INFO] [stderr]   cargo:rerun-if-changed=/opt/rustwide/target/release/build/proofman-starks-lib-c-5c70d4e5a0be5b24/out/pil2-stark/external/sppark/go/cgo_sppark.h
[INFO] [stderr]   cargo:rerun-if-changed=/opt/rustwide/target/release/build/proofman-starks-lib-c-5c70d4e5a0be5b24/out/pil2-stark/external/sppark/go/sppark.go
[INFO] [stderr]   cargo:rerun-if-changed=/opt/rustwide/target/release/build/proofman-starks-lib-c-5c70d4e5a0be5b24/out/pil2-stark/external/sppark/go/README.md
[INFO] [stderr]   cargo:rerun-if-changed=/opt/rustwide/target/release/build/proofman-starks-lib-c-5c70d4e5a0be5b24/out/pil2-stark/external/sppark/.gitignore
[INFO] [stderr]   cargo:rerun-if-changed=/opt/rustwide/target/release/build/proofman-starks-lib-c-5c70d4e5a0be5b24/out/pil2-stark/external/sppark/poc/go/poc.go
[INFO] [stderr]   cargo:rerun-if-changed=/opt/rustwide/target/release/build/proofman-starks-lib-c-5c70d4e5a0be5b24/out/pil2-stark/external/sppark/poc/go/poc_test.go
[INFO] [stderr]   cargo:rerun-if-changed=/opt/rustwide/target/release/build/proofman-starks-lib-c-5c70d4e5a0be5b24/out/pil2-stark/external/sppark/poc/go/cgo_sppark.h
[INFO] [stderr]   cargo:rerun-if-changed=/opt/rustwide/target/release/build/proofman-starks-lib-c-5c70d4e5a0be5b24/out/pil2-stark/external/sppark/poc/go/poc.cu
[INFO] [stderr]   cargo:rerun-if-changed=/opt/rustwide/target/release/build/proofman-starks-lib-c-5c70d4e5a0be5b24/out/pil2-stark/external/sppark/poc/go/go.sum
[INFO] [stderr]   cargo:rerun-if-changed=/opt/rustwide/target/release/build/proofman-starks-lib-c-5c70d4e5a0be5b24/out/pil2-stark/external/sppark/poc/go/go.mod
[INFO] [stderr]   cargo:rerun-if-changed=/opt/rustwide/target/release/build/proofman-starks-lib-c-5c70d4e5a0be5b24/out/pil2-stark/external/sppark/LICENSE
[INFO] [stderr]   cargo:rerun-if-changed=/opt/rustwide/target/release/build/proofman-starks-lib-c-5c70d4e5a0be5b24/out/pil2-stark/external/sppark/ff/bls12-381.hpp
[INFO] [stderr]   cargo:rerun-if-changed=/opt/rustwide/target/release/build/proofman-starks-lib-c-5c70d4e5a0be5b24/out/pil2-stark/external/sppark/ff/mont_t.hip
[INFO] [stderr]   cargo:rerun-if-changed=/opt/rustwide/target/release/build/proofman-starks-lib-c-5c70d4e5a0be5b24/out/pil2-stark/external/sppark/ff/bls12-381-fp2.hpp
[INFO] [stderr]   cargo:rerun-if-changed=/opt/rustwide/target/release/build/proofman-starks-lib-c-5c70d4e5a0be5b24/out/pil2-stark/external/sppark/ff/bls12-377.hpp
[INFO] [stderr]   cargo:rerun-if-changed=/opt/rustwide/target/release/build/proofman-starks-lib-c-5c70d4e5a0be5b24/out/pil2-stark/external/sppark/ff/gl64_t.hip
[INFO] [stderr]   cargo:rerun-if-changed=/opt/rustwide/target/release/build/proofman-starks-lib-c-5c70d4e5a0be5b24/out/pil2-stark/external/sppark/ff/mont_t.cuh
[INFO] [stderr]   cargo:rerun-if-changed=/opt/rustwide/target/release/build/proofman-starks-lib-c-5c70d4e5a0be5b24/out/pil2-stark/external/sppark/ff/mont32_t.hip
[INFO] [stderr]   cargo:rerun-if-changed=/opt/rustwide/target/release/build/proofman-starks-lib-c-5c70d4e5a0be5b24/out/pil2-stark/external/sppark/ff/alt_bn128.hpp
[INFO] [stderr]   cargo:rerun-if-changed=/opt/rustwide/target/release/build/proofman-starks-lib-c-5c70d4e5a0be5b24/out/pil2-stark/external/sppark/ff/bls12-377-fp2.hpp
[INFO] [stderr]   cargo:rerun-if-changed=/opt/rustwide/target/release/build/proofman-starks-lib-c-5c70d4e5a0be5b24/out/pil2-stark/external/sppark/ff/gl64_t.cuh
[INFO] [stderr]   cargo:rerun-if-changed=/opt/rustwide/target/release/build/proofman-starks-lib-c-5c70d4e5a0be5b24/out/pil2-stark/external/sppark/ff/pasta.hpp
[INFO] [stderr]   cargo:rerun-if-changed=/opt/rustwide/target/release/build/proofman-starks-lib-c-5c70d4e5a0be5b24/out/pil2-stark/external/sppark/ff/baby_bear.hpp
[INFO] [stderr]   cargo:rerun-if-changed=/opt/rustwide/target/release/build/proofman-starks-lib-c-5c70d4e5a0be5b24/out/pil2-stark/external/sppark/ff/mersenne31.hpp
[INFO] [stderr]   cargo:rerun-if-changed=/opt/rustwide/target/release/build/proofman-starks-lib-c-5c70d4e5a0be5b24/out/pil2-stark/external/sppark/ff/batch_inversion.hpp
[INFO] [stderr]   cargo:rerun-if-changed=/opt/rustwide/target/release/build/proofman-starks-lib-c-5c70d4e5a0be5b24/out/pil2-stark/external/sppark/ff/goldilocks.hpp
[INFO] [stderr]   cargo:rerun-if-changed=/opt/rustwide/target/release/build/proofman-starks-lib-c-5c70d4e5a0be5b24/out/pil2-stark/external/sppark/ff/mont32_t.cuh
[INFO] [stderr]   cargo:rerun-if-changed=/opt/rustwide/target/release/build/proofman-starks-lib-c-5c70d4e5a0be5b24/out/pil2-stark/external/sppark/ff/alt_bn128-fp2.hpp
[INFO] [stderr]   cargo:rerun-if-changed=/opt/rustwide/target/release/build/proofman-starks-lib-c-5c70d4e5a0be5b24/out/pil2-stark/external/sppark/ff/pow.hpp
[INFO] [stderr]   cargo:rerun-if-changed=/opt/rustwide/target/release/build/proofman-starks-lib-c-5c70d4e5a0be5b24/out/pil2-stark/external/sppark/ff/shfl.cuh
[INFO] [stderr]   cargo:rerun-if-changed=/opt/rustwide/target/release/build/proofman-starks-lib-c-5c70d4e5a0be5b24/out/pil2-stark/external/sppark/polynomial/evaluate.cuh
[INFO] [stderr]   cargo:rerun-if-changed=/opt/rustwide/target/release/build/proofman-starks-lib-c-5c70d4e5a0be5b24/out/pil2-stark/external/sppark/polynomial/prefix_op.cuh
[INFO] [stderr]   cargo:rerun-if-changed=/opt/rustwide/target/release/build/proofman-starks-lib-c-5c70d4e5a0be5b24/out/pil2-stark/external/sppark/polynomial/div_by_x_minus_z.cuh
[INFO] [stderr]   cargo:rerun-if-changed=/opt/rustwide/target/release/build/proofman-starks-lib-c-5c70d4e5a0be5b24/out/pil2-stark/external/sppark/go.sum
[INFO] [stderr]   cargo:rerun-if-changed=/opt/rustwide/target/release/build/proofman-starks-lib-c-5c70d4e5a0be5b24/out/pil2-stark/external/sppark/ntt/parameters.cuh
[INFO] [stderr]   cargo:rerun-if-changed=/opt/rustwide/target/release/build/proofman-starks-lib-c-5c70d4e5a0be5b24/out/pil2-stark/external/sppark/ntt/ntt.cuh
[INFO] [stderr]   cargo:rerun-if-changed=/opt/rustwide/target/release/build/proofman-starks-lib-c-5c70d4e5a0be5b24/out/pil2-stark/external/sppark/ntt/parameters/bls12_381.h
[INFO] [stderr]   cargo:rerun-if-changed=/opt/rustwide/target/release/build/proofman-starks-lib-c-5c70d4e5a0be5b24/out/pil2-stark/external/sppark/ntt/parameters/vesta.h
[INFO] [stderr]   cargo:rerun-if-changed=/opt/rustwide/target/release/build/proofman-starks-lib-c-5c70d4e5a0be5b24/out/pil2-stark/external/sppark/ntt/parameters/goldilocks.h
[INFO] [stderr]   cargo:rerun-if-changed=/opt/rustwide/target/release/build/proofman-starks-lib-c-5c70d4e5a0be5b24/out/pil2-stark/external/sppark/ntt/parameters/.gitattributes
[INFO] [stderr]   cargo:rerun-if-changed=/opt/rustwide/target/release/build/proofman-starks-lib-c-5c70d4e5a0be5b24/out/pil2-stark/external/sppark/ntt/parameters/pallas.h
[INFO] [stderr]   cargo:rerun-if-changed=/opt/rustwide/target/release/build/proofman-starks-lib-c-5c70d4e5a0be5b24/out/pil2-stark/external/sppark/ntt/parameters/bls12_377.h
[INFO] [stderr]   cargo:rerun-if-changed=/opt/rustwide/target/release/build/proofman-starks-lib-c-5c70d4e5a0be5b24/out/pil2-stark/external/sppark/ntt/parameters/baby_bear.h
[INFO] [stderr]   cargo:rerun-if-changed=/opt/rustwide/target/release/build/proofman-starks-lib-c-5c70d4e5a0be5b24/out/pil2-stark/external/sppark/ntt/parameters/alt_bn128.h
[INFO] [stderr]   cargo:rerun-if-changed=/opt/rustwide/target/release/build/proofman-starks-lib-c-5c70d4e5a0be5b24/out/pil2-stark/external/sppark/ntt/kernels/ct_mixed_radix_wide.cu
[INFO] [stderr]   cargo:rerun-if-changed=/opt/rustwide/target/release/build/proofman-starks-lib-c-5c70d4e5a0be5b24/out/pil2-stark/external/sppark/ntt/kernels/ct_mixed_radix_narrow.cu
[INFO] [stderr]   cargo:rerun-if-changed=/opt/rustwide/target/release/build/proofman-starks-lib-c-5c70d4e5a0be5b24/out/pil2-stark/external/sppark/ntt/kernels/gs_mixed_radix_narrow.cu
[INFO] [stderr]   cargo:rerun-if-changed=/opt/rustwide/target/release/build/proofman-starks-lib-c-5c70d4e5a0be5b24/out/pil2-stark/external/sppark/ntt/kernels/gs_mixed_radix_wide.cu
[INFO] [stderr]   cargo:rerun-if-changed=/opt/rustwide/target/release/build/proofman-starks-lib-c-5c70d4e5a0be5b24/out/pil2-stark/external/sppark/ntt/kernels.cu
[INFO] [stderr]   cargo:rerun-if-changed=/opt/rustwide/target/release/build/proofman-starks-lib-c-5c70d4e5a0be5b24/out/pil2-stark/external/sppark/msm/sort.cuh
[INFO] [stderr]   cargo:rerun-if-changed=/opt/rustwide/target/release/build/proofman-starks-lib-c-5c70d4e5a0be5b24/out/pil2-stark/external/sppark/msm/batch_addition.cuh
[INFO] [stderr]   cargo:rerun-if-changed=/opt/rustwide/target/release/build/proofman-starks-lib-c-5c70d4e5a0be5b24/out/pil2-stark/external/sppark/msm/pippenger.hpp
[INFO] [stderr]   cargo:rerun-if-changed=/opt/rustwide/target/release/build/proofman-starks-lib-c-5c70d4e5a0be5b24/out/pil2-stark/external/sppark/msm/pippenger.cuh
[INFO] [stderr]   cargo:rerun-if-changed=/opt/rustwide/target/release/build/proofman-starks-lib-c-5c70d4e5a0be5b24/out/pil2-stark/external/sppark/ec/xyzz_t.hpp
[INFO] [stderr]   cargo:rerun-if-changed=/opt/rustwide/target/release/build/proofman-starks-lib-c-5c70d4e5a0be5b24/out/pil2-stark/external/sppark/ec/affine_t.hpp
[INFO] [stderr]   cargo:rerun-if-changed=/opt/rustwide/target/release/build/proofman-starks-lib-c-5c70d4e5a0be5b24/out/pil2-stark/external/sppark/ec/jacobian_t.hpp
[INFO] [stderr]   cargo:rerun-if-changed=/opt/rustwide/target/release/build/proofman-starks-lib-c-5c70d4e5a0be5b24/out/pil2-stark/external/sppark/README.md
[INFO] [stderr]   cargo:rerun-if-changed=/opt/rustwide/target/release/build/proofman-starks-lib-c-5c70d4e5a0be5b24/out/pil2-stark/external/sppark/go.mod
[INFO] [stderr]   cargo:rerun-if-changed=/opt/rustwide/target/release/build/proofman-starks-lib-c-5c70d4e5a0be5b24/out/pil2-stark/README.md
[INFO] [stderr]   cargo:rerun-if-changed=/opt/rustwide/target/release/build/proofman-starks-lib-c-5c70d4e5a0be5b24/out/pil2-stark/.cargo-ok
[INFO] [stderr]   cargo:rerun-if-changed=/opt/rustwide/target/release/build/proofman-starks-lib-c-5c70d4e5a0be5b24/out/pil2-stark/lib/libstarks.a
[INFO] [stderr]   CUDA archs 80 86 89 90 100 120, gencode flags set
[INFO] [stderr]   AVX2 is supported by the CPU
[INFO] [stderr]   rm -f -r ./build ./lib
[INFO] [stderr]   CUDA archs 80 86 89 90 100 120, gencode flags set
[INFO] [stderr]   AVX2 is supported by the CPU
[INFO] [stderr]   mkdir -p build/./src/api/
[INFO] [stderr]   g++ -fopenmp -I/usr/include -I/usr/local/include -MMD -MP -I./src -I./src/plonk_setup -I./src/goldilocks -I./src/goldilocks/utils -I./src/goldilocks/src -I./src/goldilocks/.vscode -I./src/goldilocks/benchs -I./src/goldilocks/tests -I./src/rapidsnark -I./src/rapidsnark/polynomial -I./src/fflonk_setup -I./src/config -I./src/utils -I./src/api -I./src/XKCP -I./src/bn128 -I./src/bn128/src -I./src/bn128/src/curve -I./src/bn128/src/poseidon2 -I./src/bn128/src/ffigpu -I./src/bn128/src/ntt -I./src/bn128/src/msm -I./src/bn128/src/ffiasm -I./src/bn128/src/poseidon -I./src/bn128/benchs -I./src/bn128/tests -I./src/bctree -I./src/binfile -I./src/starkpil -I./src/starkpil/merkleTree -I./src/starkpil/transcript -I./src/starkpil/fri -I./src/starkpil/expressions -I/usr/lib/x86_64-linux-gnu/openmpi/include -I/usr/lib/x86_64-linux-gnu/openmpi/include/openmpi -DOMPI_SKIP_MPICXX -DMPICH_SKIP_MPICXX -D__USE_MPI_RMA__ -D__USE_ASSEMBLY__ -std=c++17 -Wall -pthread -Wno-unused-label -fPIC -fopenmp -mavx2 -D__AVX2__ -O3 -c src/api/starks_api.cpp -o build/./src/api/starks_api.cpp.o
[INFO] [stderr]   mkdir -p build/./src/api/
[INFO] [stderr]   mkdir -p build/./src/bctree/
[INFO] [stderr]   mkdir -p build/./src/goldilocks/src/
[INFO] [stderr]   mkdir -p build/./src/goldilocks/src/
[INFO] [stderr]   g++ -fopenmp -I/usr/include -I/usr/local/include -MMD -MP -I./src -I./src/plonk_setup -I./src/goldilocks -I./src/goldilocks/utils -I./src/goldilocks/src -I./src/goldilocks/.vscode -I./src/goldilocks/benchs -I./src/goldilocks/tests -I./src/rapidsnark -I./src/rapidsnark/polynomial -I./src/fflonk_setup -I./src/config -I./src/utils -I./src/api -I./src/XKCP -I./src/bn128 -I./src/bn128/src -I./src/bn128/src/curve -I./src/bn128/src/poseidon2 -I./src/bn128/src/ffigpu -I./src/bn128/src/ntt -I./src/bn128/src/msm -I./src/bn128/src/ffiasm -I./src/bn128/src/poseidon -I./src/bn128/benchs -I./src/bn128/tests -I./src/bctree -I./src/binfile -I./src/starkpil -I./src/starkpil/merkleTree -I./src/starkpil/transcript -I./src/starkpil/fri -I./src/starkpil/expressions -I/usr/lib/x86_64-linux-gnu/openmpi/include -I/usr/lib/x86_64-linux-gnu/openmpi/include/openmpi -DOMPI_SKIP_MPICXX -DMPICH_SKIP_MPICXX -D__USE_MPI_RMA__ -D__USE_ASSEMBLY__ -std=c++17 -Wall -pthread -Wno-unused-label -fPIC -fopenmp -mavx2 -D__AVX2__ -O3 -c src/bctree/build_const_tree.cpp -o build/./src/bctree/build_const_tree.cpp.o
[INFO] [stderr]   g++ -fopenmp -I/usr/include -I/usr/local/include -MMD -MP -I./src -I./src/plonk_setup -I./src/goldilocks -I./src/goldilocks/utils -I./src/goldilocks/src -I./src/goldilocks/.vscode -I./src/goldilocks/benchs -I./src/goldilocks/tests -I./src/rapidsnark -I./src/rapidsnark/polynomial -I./src/fflonk_setup -I./src/config -I./src/utils -I./src/api -I./src/XKCP -I./src/bn128 -I./src/bn128/src -I./src/bn128/src/curve -I./src/bn128/src/poseidon2 -I./src/bn128/src/ffigpu -I./src/bn128/src/ntt -I./src/bn128/src/msm -I./src/bn128/src/ffiasm -I./src/bn128/src/poseidon -I./src/bn128/benchs -I./src/bn128/tests -I./src/bctree -I./src/binfile -I./src/starkpil -I./src/starkpil/merkleTree -I./src/starkpil/transcript -I./src/starkpil/fri -I./src/starkpil/expressions -I/usr/lib/x86_64-linux-gnu/openmpi/include -I/usr/lib/x86_64-linux-gnu/openmpi/include/openmpi -DOMPI_SKIP_MPICXX -DMPICH_SKIP_MPICXX -D__USE_MPI_RMA__ -D__USE_ASSEMBLY__ -std=c++17 -Wall -pthread -Wno-unused-label -fPIC -fopenmp -mavx2 -D__AVX2__ -O3 -c src/goldilocks/src/poseidon2_goldilocks.cpp -o build/./src/goldilocks/src/poseidon2_goldilocks.cpp.o
[INFO] [stderr]   g++ -fopenmp -I/usr/include -I/usr/local/include -MMD -MP -I./src -I./src/plonk_setup -I./src/goldilocks -I./src/goldilocks/utils -I./src/goldilocks/src -I./src/goldilocks/.vscode -I./src/goldilocks/benchs -I./src/goldilocks/tests -I./src/rapidsnark -I./src/rapidsnark/polynomial -I./src/fflonk_setup -I./src/config -I./src/utils -I./src/api -I./src/XKCP -I./src/bn128 -I./src/bn128/src -I./src/bn128/src/curve -I./src/bn128/src/poseidon2 -I./src/bn128/src/ffigpu -I./src/bn128/src/ntt -I./src/bn128/src/msm -I./src/bn128/src/ffiasm -I./src/bn128/src/poseidon -I./src/bn128/benchs -I./src/bn128/tests -I./src/bctree -I./src/binfile -I./src/starkpil -I./src/starkpil/merkleTree -I./src/starkpil/transcript -I./src/starkpil/fri -I./src/starkpil/expressions -I/usr/lib/x86_64-linux-gnu/openmpi/include -I/usr/lib/x86_64-linux-gnu/openmpi/include/openmpi -DOMPI_SKIP_MPICXX -DMPICH_SKIP_MPICXX -D__USE_MPI_RMA__ -D__USE_ASSEMBLY__ -std=c++17 -Wall -pthread -Wno-unused-label -fPIC -fopenmp -mavx2 -D__AVX2__ -O3 -c src/api/starks_backend.cpp -o build/./src/api/starks_backend.cpp.o
[INFO] [stderr]   g++ -fopenmp -I/usr/include -I/usr/local/include -MMD -MP -I./src -I./src/plonk_setup -I./src/goldilocks -I./src/goldilocks/utils -I./src/goldilocks/src -I./src/goldilocks/.vscode -I./src/goldilocks/benchs -I./src/goldilocks/tests -I./src/rapidsnark -I./src/rapidsnark/polynomial -I./src/fflonk_setup -I./src/config -I./src/utils -I./src/api -I./src/XKCP -I./src/bn128 -I./src/bn128/src -I./src/bn128/src/curve -I./src/bn128/src/poseidon2 -I./src/bn128/src/ffigpu -I./src/bn128/src/ntt -I./src/bn128/src/msm -I./src/bn128/src/ffiasm -I./src/bn128/src/poseidon -I./src/bn128/benchs -I./src/bn128/tests -I./src/bctree -I./src/binfile -I./src/starkpil -I./src/starkpil/merkleTree -I./src/starkpil/transcript -I./src/starkpil/fri -I./src/starkpil/expressions -I/usr/lib/x86_64-linux-gnu/openmpi/include -I/usr/lib/x86_64-linux-gnu/openmpi/include/openmpi -DOMPI_SKIP_MPICXX -DMPICH_SKIP_MPICXX -D__USE_MPI_RMA__ -D__USE_ASSEMBLY__ -std=c++17 -Wall -pthread -Wno-unused-label -fPIC -fopenmp -mavx2 -D__AVX2__ -O3 -c src/goldilocks/src/ntt_goldilocks.cpp -o build/./src/goldilocks/src/ntt_goldilocks.cpp.o
[INFO] [stderr]   mkdir -p build/./src/goldilocks/src/
[INFO] [stderr]   mkdir -p build/./src/goldilocks/src/
[INFO] [stderr]   mkdir -p build/./src/goldilocks/src/
[INFO] [stderr]   g++ -fopenmp -I/usr/include -I/usr/local/include -MMD -MP -I./src -I./src/plonk_setup -I./src/goldilocks -I./src/goldilocks/utils -I./src/goldilocks/src -I./src/goldilocks/.vscode -I./src/goldilocks/benchs -I./src/goldilocks/tests -I./src/rapidsnark -I./src/rapidsnark/polynomial -I./src/fflonk_setup -I./src/config -I./src/utils -I./src/api -I./src/XKCP -I./src/bn128 -I./src/bn128/src -I./src/bn128/src/curve -I./src/bn128/src/poseidon2 -I./src/bn128/src/ffigpu -I./src/bn128/src/ntt -I./src/bn128/src/msm -I./src/bn128/src/ffiasm -I./src/bn128/src/poseidon -I./src/bn128/benchs -I./src/bn128/tests -I./src/bctree -I./src/binfile -I./src/starkpil -I./src/starkpil/merkleTree -I./src/starkpil/transcript -I./src/starkpil/fri -I./src/starkpil/expressions -I/usr/lib/x86_64-linux-gnu/openmpi/include -I/usr/lib/x86_64-linux-gnu/openmpi/include/openmpi -DOMPI_SKIP_MPICXX -DMPICH_SKIP_MPICXX -D__USE_MPI_RMA__ -D__USE_ASSEMBLY__ -std=c++17 -Wall -pthread -Wno-unused-label -fPIC -fopenmp -mavx2 -D__AVX2__ -O3 -c src/goldilocks/src/blake3_goldilocks.cpp -o build/./src/goldilocks/src/blake3_goldilocks.cpp.o
[INFO] [stderr]   g++ -fopenmp -I/usr/include -I/usr/local/include -MMD -MP -I./src -I./src/plonk_setup -I./src/goldilocks -I./src/goldilocks/utils -I./src/goldilocks/src -I./src/goldilocks/.vscode -I./src/goldilocks/benchs -I./src/goldilocks/tests -I./src/rapidsnark -I./src/rapidsnark/polynomial -I./src/fflonk_setup -I./src/config -I./src/utils -I./src/api -I./src/XKCP -I./src/bn128 -I./src/bn128/src -I./src/bn128/src/curve -I./src/bn128/src/poseidon2 -I./src/bn128/src/ffigpu -I./src/bn128/src/ntt -I./src/bn128/src/msm -I./src/bn128/src/ffiasm -I./src/bn128/src/poseidon -I./src/bn128/benchs -I./src/bn128/tests -I./src/bctree -I./src/binfile -I./src/starkpil -I./src/starkpil/merkleTree -I./src/starkpil/transcript -I./src/starkpil/fri -I./src/starkpil/expressions -I/usr/lib/x86_64-linux-gnu/openmpi/include -I/usr/lib/x86_64-linux-gnu/openmpi/include/openmpi -DOMPI_SKIP_MPICXX -DMPICH_SKIP_MPICXX -D__USE_MPI_RMA__ -D__USE_ASSEMBLY__ -std=c++17 -Wall -pthread -Wno-unused-label -fPIC -fopenmp -mavx2 -D__AVX2__ -O3 -c src/goldilocks/src/goldilocks_base_field.cpp -o build/./src/goldilocks/src/goldilocks_base_field.cpp.o
[INFO] [stderr]   mkdir -p build/./src/goldilocks/src/
[INFO] [stderr]   mkdir -p build/./src/config/
[INFO] [stderr]   mkdir -p build/./src/starkpil/merkleTree/
[INFO] [stderr]   g++ -fopenmp -I/usr/include -I/usr/local/include -MMD -MP -I./src -I./src/plonk_setup -I./src/goldilocks -I./src/goldilocks/utils -I./src/goldilocks/src -I./src/goldilocks/.vscode -I./src/goldilocks/benchs -I./src/goldilocks/tests -I./src/rapidsnark -I./src/rapidsnark/polynomial -I./src/fflonk_setup -I./src/config -I./src/utils -I./src/api -I./src/XKCP -I./src/bn128 -I./src/bn128/src -I./src/bn128/src/curve -I./src/bn128/src/poseidon2 -I./src/bn128/src/ffigpu -I./src/bn128/src/ntt -I./src/bn128/src/msm -I./src/bn128/src/ffiasm -I./src/bn128/src/poseidon -I./src/bn128/benchs -I./src/bn128/tests -I./src/bctree -I./src/binfile -I./src/starkpil -I./src/starkpil/merkleTree -I./src/starkpil/transcript -I./src/starkpil/fri -I./src/starkpil/expressions -I/usr/lib/x86_64-linux-gnu/openmpi/include -I/usr/lib/x86_64-linux-gnu/openmpi/include/openmpi -DOMPI_SKIP_MPICXX -DMPICH_SKIP_MPICXX -D__USE_MPI_RMA__ -D__USE_ASSEMBLY__ -std=c++17 -Wall -pthread -Wno-unused-label -fPIC -fopenmp -mavx2 -D__AVX2__ -O3 -c src/goldilocks/src/poseidon_goldilocks.cpp -o build/./src/goldilocks/src/poseidon_goldilocks.cpp.o
[INFO] [stderr]   g++ -fopenmp -I/usr/include -I/usr/local/include -MMD -MP -I./src -I./src/plonk_setup -I./src/goldilocks -I./src/goldilocks/utils -I./src/goldilocks/src -I./src/goldilocks/.vscode -I./src/goldilocks/benchs -I./src/goldilocks/tests -I./src/rapidsnark -I./src/rapidsnark/polynomial -I./src/fflonk_setup -I./src/config -I./src/utils -I./src/api -I./src/XKCP -I./src/bn128 -I./src/bn128/src -I./src/bn128/src/curve -I./src/bn128/src/poseidon2 -I./src/bn128/src/ffigpu -I./src/bn128/src/ntt -I./src/bn128/src/msm -I./src/bn128/src/ffiasm -I./src/bn128/src/poseidon -I./src/bn128/benchs -I./src/bn128/tests -I./src/bctree -I./src/binfile -I./src/starkpil -I./src/starkpil/merkleTree -I./src/starkpil/transcript -I./src/starkpil/fri -I./src/starkpil/expressions -I/usr/lib/x86_64-linux-gnu/openmpi/include -I/usr/lib/x86_64-linux-gnu/openmpi/include/openmpi -DOMPI_SKIP_MPICXX -DMPICH_SKIP_MPICXX -D__USE_MPI_RMA__ -D__USE_ASSEMBLY__ -std=c++17 -Wall -pthread -Wno-unused-label -fPIC -fopenmp -mavx2 -D__AVX2__ -O3 -c src/goldilocks/src/goldilocks_cubic_extension.cpp -o build/./src/goldilocks/src/goldilocks_cubic_extension.cpp.o
[INFO] [stderr]   g++ -fopenmp -I/usr/include -I/usr/local/include -MMD -MP -I./src -I./src/plonk_setup -I./src/goldilocks -I./src/goldilocks/utils -I./src/goldilocks/src -I./src/goldilocks/.vscode -I./src/goldilocks/benchs -I./src/goldilocks/tests -I./src/rapidsnark -I./src/rapidsnark/polynomial -I./src/fflonk_setup -I./src/config -I./src/utils -I./src/api -I./src/XKCP -I./src/bn128 -I./src/bn128/src -I./src/bn128/src/curve -I./src/bn128/src/poseidon2 -I./src/bn128/src/ffigpu -I./src/bn128/src/ntt -I./src/bn128/src/msm -I./src/bn128/src/ffiasm -I./src/bn128/src/poseidon -I./src/bn128/benchs -I./src/bn128/tests -I./src/bctree -I./src/binfile -I./src/starkpil -I./src/starkpil/merkleTree -I./src/starkpil/transcript -I./src/starkpil/fri -I./src/starkpil/expressions -I/usr/lib/x86_64-linux-gnu/openmpi/include -I/usr/lib/x86_64-linux-gnu/openmpi/include/openmpi -DOMPI_SKIP_MPICXX -DMPICH_SKIP_MPICXX -D__USE_MPI_RMA__ -D__USE_ASSEMBLY__ -std=c++17 -Wall -pthread -Wno-unused-label -fPIC -fopenmp -mavx2 -D__AVX2__ -O3 -c src/config/zkglobals.cpp -o build/./src/config/zkglobals.cpp.o
[INFO] [stderr]   g++ -fopenmp -I/usr/include -I/usr/local/include -MMD -MP -I./src -I./src/plonk_setup -I./src/goldilocks -I./src/goldilocks/utils -I./src/goldilocks/src -I./src/goldilocks/.vscode -I./src/goldilocks/benchs -I./src/goldilocks/tests -I./src/rapidsnark -I./src/rapidsnark/polynomial -I./src/fflonk_setup -I./src/config -I./src/utils -I./src/api -I./src/XKCP -I./src/bn128 -I./src/bn128/src -I./src/bn128/src/curve -I./src/bn128/src/poseidon2 -I./src/bn128/src/ffigpu -I./src/bn128/src/ntt -I./src/bn128/src/msm -I./src/bn128/src/ffiasm -I./src/bn128/src/poseidon -I./src/bn128/benchs -I./src/bn128/tests -I./src/bctree -I./src/binfile -I./src/starkpil -I./src/starkpil/merkleTree -I./src/starkpil/transcript -I./src/starkpil/fri -I./src/starkpil/expressions -I/usr/lib/x86_64-linux-gnu/openmpi/include -I/usr/lib/x86_64-linux-gnu/openmpi/include/openmpi -DOMPI_SKIP_MPICXX -DMPICH_SKIP_MPICXX -D__USE_MPI_RMA__ -D__USE_ASSEMBLY__ -std=c++17 -Wall -pthread -Wno-unused-label -fPIC -fopenmp -mavx2 -D__AVX2__ -O3 -c src/starkpil/merkleTree/merkleTreeBN128.cpp -o build/./src/starkpil/merkleTree/merkleTreeBN128.cpp.o
[INFO] [stderr]   mkdir -p build/./src/starkpil/merkleTree/
[INFO] [stderr]   mkdir -p build/./src/starkpil/
[INFO] [stderr]   mkdir -p build/./src/starkpil/transcript/
[INFO] [stderr]   mkdir -p build/./src/starkpil/transcript/
[INFO] [stderr]   mkdir -p build/./src/starkpil/
[INFO] [stderr]   g++ -fopenmp -I/usr/include -I/usr/local/include -MMD -MP -I./src -I./src/plonk_setup -I./src/goldilocks -I./src/goldilocks/utils -I./src/goldilocks/src -I./src/goldilocks/.vscode -I./src/goldilocks/benchs -I./src/goldilocks/tests -I./src/rapidsnark -I./src/rapidsnark/polynomial -I./src/fflonk_setup -I./src/config -I./src/utils -I./src/api -I./src/XKCP -I./src/bn128 -I./src/bn128/src -I./src/bn128/src/curve -I./src/bn128/src/poseidon2 -I./src/bn128/src/ffigpu -I./src/bn128/src/ntt -I./src/bn128/src/msm -I./src/bn128/src/ffiasm -I./src/bn128/src/poseidon -I./src/bn128/benchs -I./src/bn128/tests -I./src/bctree -I./src/binfile -I./src/starkpil -I./src/starkpil/merkleTree -I./src/starkpil/transcript -I./src/starkpil/fri -I./src/starkpil/expressions -I/usr/lib/x86_64-linux-gnu/openmpi/include -I/usr/lib/x86_64-linux-gnu/openmpi/include/openmpi -DOMPI_SKIP_MPICXX -DMPICH_SKIP_MPICXX -D__USE_MPI_RMA__ -D__USE_ASSEMBLY__ -std=c++17 -Wall -pthread -Wno-unused-label -fPIC -fopenmp -mavx2 -D__AVX2__ -O3 -c src/starkpil/merkleTree/merkleTreeGL.cpp -o build/./src/starkpil/merkleTree/merkleTreeGL.cpp.o
[INFO] [stderr]   g++ -fopenmp -I/usr/include -I/usr/local/include -MMD -MP -I./src -I./src/plonk_setup -I./src/goldilocks -I./src/goldilocks/utils -I./src/goldilocks/src -I./src/goldilocks/.vscode -I./src/goldilocks/benchs -I./src/goldilocks/tests -I./src/rapidsnark -I./src/rapidsnark/polynomial -I./src/fflonk_setup -I./src/config -I./src/utils -I./src/api -I./src/XKCP -I./src/bn128 -I./src/bn128/src -I./src/bn128/src/curve -I./src/bn128/src/poseidon2 -I./src/bn128/src/ffigpu -I./src/bn128/src/ntt -I./src/bn128/src/msm -I./src/bn128/src/ffiasm -I./src/bn128/src/poseidon -I./src/bn128/benchs -I./src/bn128/tests -I./src/bctree -I./src/binfile -I./src/starkpil -I./src/starkpil/merkleTree -I./src/starkpil/transcript -I./src/starkpil/fri -I./src/starkpil/expressions -I/usr/lib/x86_64-linux-gnu/openmpi/include -I/usr/lib/x86_64-linux-gnu/openmpi/include/openmpi -DOMPI_SKIP_MPICXX -DMPICH_SKIP_MPICXX -D__USE_MPI_RMA__ -D__USE_ASSEMBLY__ -std=c++17 -Wall -pthread -Wno-unused-label -fPIC -fopenmp -mavx2 -D__AVX2__ -O3 -c src/starkpil/proof2zkinStark.cpp -o build/./src/starkpil/proof2zkinStark.cpp.o
[INFO] [stderr]   g++ -fopenmp -I/usr/include -I/usr/local/include -MMD -MP -I./src -I./src/plonk_setup -I./src/goldilocks -I./src/goldilocks/utils -I./src/goldilocks/src -I./src/goldilocks/.vscode -I./src/goldilocks/benchs -I./src/goldilocks/tests -I./src/rapidsnark -I./src/rapidsnark/polynomial -I./src/fflonk_setup -I./src/config -I./src/utils -I./src/api -I./src/XKCP -I./src/bn128 -I./src/bn128/src -I./src/bn128/src/curve -I./src/bn128/src/poseidon2 -I./src/bn128/src/ffigpu -I./src/bn128/src/ntt -I./src/bn128/src/msm -I./src/bn128/src/ffiasm -I./src/bn128/src/poseidon -I./src/bn128/benchs -I./src/bn128/tests -I./src/bctree -I./src/binfile -I./src/starkpil -I./src/starkpil/merkleTree -I./src/starkpil/transcript -I./src/starkpil/fri -I./src/starkpil/expressions -I/usr/lib/x86_64-linux-gnu/openmpi/include -I/usr/lib/x86_64-linux-gnu/openmpi/include/openmpi -DOMPI_SKIP_MPICXX -DMPICH_SKIP_MPICXX -D__USE_MPI_RMA__ -D__USE_ASSEMBLY__ -std=c++17 -Wall -pthread -Wno-unused-label -fPIC -fopenmp -mavx2 -D__AVX2__ -O3 -c src/starkpil/hints.cpp -o build/./src/starkpil/hints.cpp.o
[INFO] [stderr]   g++ -fopenmp -I/usr/include -I/usr/local/include -MMD -MP -I./src -I./src/plonk_setup -I./src/goldilocks -I./src/goldilocks/utils -I./src/goldilocks/src -I./src/goldilocks/.vscode -I./src/goldilocks/benchs -I./src/goldilocks/tests -I./src/rapidsnark -I./src/rapidsnark/polynomial -I./src/fflonk_setup -I./src/config -I./src/utils -I./src/api -I./src/XKCP -I./src/bn128 -I./src/bn128/src -I./src/bn128/src/curve -I./src/bn128/src/poseidon2 -I./src/bn128/src/ffigpu -I./src/bn128/src/ntt -I./src/bn128/src/msm -I./src/bn128/src/ffiasm -I./src/bn128/src/poseidon -I./src/bn128/benchs -I./src/bn128/tests -I./src/bctree -I./src/binfile -I./src/starkpil -I./src/starkpil/merkleTree -I./src/starkpil/transcript -I./src/starkpil/fri -I./src/starkpil/expressions -I/usr/lib/x86_64-linux-gnu/openmpi/include -I/usr/lib/x86_64-linux-gnu/openmpi/include/openmpi -DOMPI_SKIP_MPICXX -DMPICH_SKIP_MPICXX -D__USE_MPI_RMA__ -D__USE_ASSEMBLY__ -std=c++17 -Wall -pthread -Wno-unused-label -fPIC -fopenmp -mavx2 -D__AVX2__ -O3 -c src/starkpil/transcript/transcriptBN128.cpp -o build/./src/starkpil/transcript/transcriptBN128.cpp.o
[INFO] [stderr]   g++ -fopenmp -I/usr/include -I/usr/local/include -MMD -MP -I./src -I./src/plonk_setup -I./src/goldilocks -I./src/goldilocks/utils -I./src/goldilocks/src -I./src/goldilocks/.vscode -I./src/goldilocks/benchs -I./src/goldilocks/tests -I./src/rapidsnark -I./src/rapidsnark/polynomial -I./src/fflonk_setup -I./src/config -I./src/utils -I./src/api -I./src/XKCP -I./src/bn128 -I./src/bn128/src -I./src/bn128/src/curve -I./src/bn128/src/poseidon2 -I./src/bn128/src/ffigpu -I./src/bn128/src/ntt -I./src/bn128/src/msm -I./src/bn128/src/ffiasm -I./src/bn128/src/poseidon -I./src/bn128/benchs -I./src/bn128/tests -I./src/bctree -I./src/binfile -I./src/starkpil -I./src/starkpil/merkleTree -I./src/starkpil/transcript -I./src/starkpil/fri -I./src/starkpil/expressions -I/usr/lib/x86_64-linux-gnu/openmpi/include -I/usr/lib/x86_64-linux-gnu/openmpi/include/openmpi -DOMPI_SKIP_MPICXX -DMPICH_SKIP_MPICXX -D__USE_MPI_RMA__ -D__USE_ASSEMBLY__ -std=c++17 -Wall -pthread -Wno-unused-label -fPIC -fopenmp -mavx2 -D__AVX2__ -O3 -c src/starkpil/transcript/transcriptGL.cpp -o build/./src/starkpil/transcript/transcriptGL.cpp.o
[INFO] [stderr]   mkdir -p build/./src/starkpil/
[INFO] [stderr]   mkdir -p build/./src/starkpil/expressions/
[INFO] [stderr]   mkdir -p build/./src/starkpil/expressions/
[INFO] [stderr]   mkdir -p build/./src/XKCP/
[INFO] [stderr]   mkdir -p build/./src/bn128/src/poseidon/
[INFO] [stderr]   g++ -fopenmp -I/usr/include -I/usr/local/include -MMD -MP -I./src -I./src/plonk_setup -I./src/goldilocks -I./src/goldilocks/utils -I./src/goldilocks/src -I./src/goldilocks/.vscode -I./src/goldilocks/benchs -I./src/goldilocks/tests -I./src/rapidsnark -I./src/rapidsnark/polynomial -I./src/fflonk_setup -I./src/config -I./src/utils -I./src/api -I./src/XKCP -I./src/bn128 -I./src/bn128/src -I./src/bn128/src/curve -I./src/bn128/src/poseidon2 -I./src/bn128/src/ffigpu -I./src/bn128/src/ntt -I./src/bn128/src/msm -I./src/bn128/src/ffiasm -I./src/bn128/src/poseidon -I./src/bn128/benchs -I./src/bn128/tests -I./src/bctree -I./src/binfile -I./src/starkpil -I./src/starkpil/merkleTree -I./src/starkpil/transcript -I./src/starkpil/fri -I./src/starkpil/expressions -I/usr/lib/x86_64-linux-gnu/openmpi/include -I/usr/lib/x86_64-linux-gnu/openmpi/include/openmpi -DOMPI_SKIP_MPICXX -DMPICH_SKIP_MPICXX -D__USE_MPI_RMA__ -D__USE_ASSEMBLY__ -std=c++17 -Wall -pthread -Wno-unused-label -fPIC -fopenmp -mavx2 -D__AVX2__ -O3 -c src/starkpil/stark_info.cpp -o build/./src/starkpil/stark_info.cpp.o
[INFO] [stderr]   g++ -fopenmp -I/usr/include -I/usr/local/include -MMD -MP -I./src -I./src/plonk_setup -I./src/goldilocks -I./src/goldilocks/utils -I./src/goldilocks/src -I./src/goldilocks/.vscode -I./src/goldilocks/benchs -I./src/goldilocks/tests -I./src/rapidsnark -I./src/rapidsnark/polynomial -I./src/fflonk_setup -I./src/config -I./src/utils -I./src/api -I./src/XKCP -I./src/bn128 -I./src/bn128/src -I./src/bn128/src/curve -I./src/bn128/src/poseidon2 -I./src/bn128/src/ffigpu -I./src/bn128/src/ntt -I./src/bn128/src/msm -I./src/bn128/src/ffiasm -I./src/bn128/src/poseidon -I./src/bn128/benchs -I./src/bn128/tests -I./src/bctree -I./src/binfile -I./src/starkpil -I./src/starkpil/merkleTree -I./src/starkpil/transcript -I./src/starkpil/fri -I./src/starkpil/expressions -I/usr/lib/x86_64-linux-gnu/openmpi/include -I/usr/lib/x86_64-linux-gnu/openmpi/include/openmpi -DOMPI_SKIP_MPICXX -DMPICH_SKIP_MPICXX -D__USE_MPI_RMA__ -D__USE_ASSEMBLY__ -std=c++17 -Wall -pthread -Wno-unused-label -fPIC -fopenmp -mavx2 -D__AVX2__ -O3 -c src/starkpil/expressions/expressions_info.cpp -o build/./src/starkpil/expressions/expressions_info.cpp.o
[INFO] [stderr]   g++ -fopenmp -I/usr/include -I/usr/local/include -MMD -MP -I./src -I./src/plonk_setup -I./src/goldilocks -I./src/goldilocks/utils -I./src/goldilocks/src -I./src/goldilocks/.vscode -I./src/goldilocks/benchs -I./src/goldilocks/tests -I./src/rapidsnark -I./src/rapidsnark/polynomial -I./src/fflonk_setup -I./src/config -I./src/utils -I./src/api -I./src/XKCP -I./src/bn128 -I./src/bn128/src -I./src/bn128/src/curve -I./src/bn128/src/poseidon2 -I./src/bn128/src/ffigpu -I./src/bn128/src/ntt -I./src/bn128/src/msm -I./src/bn128/src/ffiasm -I./src/bn128/src/poseidon -I./src/bn128/benchs -I./src/bn128/tests -I./src/bctree -I./src/binfile -I./src/starkpil -I./src/starkpil/merkleTree -I./src/starkpil/transcript -I./src/starkpil/fri -I./src/starkpil/expressions -I/usr/lib/x86_64-linux-gnu/openmpi/include -I/usr/lib/x86_64-linux-gnu/openmpi/include/openmpi -DOMPI_SKIP_MPICXX -DMPICH_SKIP_MPICXX -D__USE_MPI_RMA__ -D__USE_ASSEMBLY__ -std=c++17 -Wall -pthread -Wno-unused-label -fPIC -fopenmp -mavx2 -D__AVX2__ -O3 -c src/starkpil/expressions/expressions_bin.cpp -o build/./src/starkpil/expressions/expressions_bin.cpp.o
[INFO] [stderr]   g++ -fopenmp -I/usr/include -I/usr/local/include -MMD -MP -I./src -I./src/plonk_setup -I./src/goldilocks -I./src/goldilocks/utils -I./src/goldilocks/src -I./src/goldilocks/.vscode -I./src/goldilocks/benchs -I./src/goldilocks/tests -I./src/rapidsnark -I./src/rapidsnark/polynomial -I./src/fflonk_setup -I./src/config -I./src/utils -I./src/api -I./src/XKCP -I./src/bn128 -I./src/bn128/src -I./src/bn128/src/curve -I./src/bn128/src/poseidon2 -I./src/bn128/src/ffigpu -I./src/bn128/src/ntt -I./src/bn128/src/msm -I./src/bn128/src/ffiasm -I./src/bn128/src/poseidon -I./src/bn128/benchs -I./src/bn128/tests -I./src/bctree -I./src/binfile -I./src/starkpil -I./src/starkpil/merkleTree -I./src/starkpil/transcript -I./src/starkpil/fri -I./src/starkpil/expressions -I/usr/lib/x86_64-linux-gnu/openmpi/include -I/usr/lib/x86_64-linux-gnu/openmpi/include/openmpi -DOMPI_SKIP_MPICXX -DMPICH_SKIP_MPICXX -D__USE_MPI_RMA__ -D__USE_ASSEMBLY__ -std=c++17 -Wall -pthread -Wno-unused-label -fPIC -fopenmp -mavx2 -D__AVX2__ -O3 -c src/XKCP/Keccak-more-compact.cpp -o build/./src/XKCP/Keccak-more-compact.cpp.o
[INFO] [stderr]   mkdir -p build/./src/rapidsnark/
[INFO] [stderr]   g++ -fopenmp -I/usr/include -I/usr/local/include -MMD -MP -I./src -I./src/plonk_setup -I./src/goldilocks -I./src/goldilocks/utils -I./src/goldilocks/src -I./src/goldilocks/.vscode -I./src/goldilocks/benchs -I./src/goldilocks/tests -I./src/rapidsnark -I./src/rapidsnark/polynomial -I./src/fflonk_setup -I./src/config -I./src/utils -I./src/api -I./src/XKCP -I./src/bn128 -I./src/bn128/src -I./src/bn128/src/curve -I./src/bn128/src/poseidon2 -I./src/bn128/src/ffigpu -I./src/bn128/src/ntt -I./src/bn128/src/msm -I./src/bn128/src/ffiasm -I./src/bn128/src/poseidon -I./src/bn128/benchs -I./src/bn128/tests -I./src/bctree -I./src/binfile -I./src/starkpil -I./src/starkpil/merkleTree -I./src/starkpil/transcript -I./src/starkpil/fri -I./src/starkpil/expressions -I/usr/lib/x86_64-linux-gnu/openmpi/include -I/usr/lib/x86_64-linux-gnu/openmpi/include/openmpi -DOMPI_SKIP_MPICXX -DMPICH_SKIP_MPICXX -D__USE_MPI_RMA__ -D__USE_ASSEMBLY__ -std=c++17 -Wall -pthread -Wno-unused-label -fPIC -fopenmp -mavx2 -D__AVX2__ -O3 -c src/bn128/src/poseidon/poseidon_bn128.cpp -o build/./src/bn128/src/poseidon/poseidon_bn128.cpp.o
[INFO] [stderr]   mkdir -p build/./src/rapidsnark/
[INFO] [stderr]   g++ -fopenmp -I/usr/include -I/usr/local/include -MMD -MP -I./src -I./src/plonk_setup -I./src/goldilocks -I./src/goldilocks/utils -I./src/goldilocks/src -I./src/goldilocks/.vscode -I./src/goldilocks/benchs -I./src/goldilocks/tests -I./src/rapidsnark -I./src/rapidsnark/polynomial -I./src/fflonk_setup -I./src/config -I./src/utils -I./src/api -I./src/XKCP -I./src/bn128 -I./src/bn128/src -I./src/bn128/src/curve -I./src/bn128/src/poseidon2 -I./src/bn128/src/ffigpu -I./src/bn128/src/ntt -I./src/bn128/src/msm -I./src/bn128/src/ffiasm -I./src/bn128/src/poseidon -I./src/bn128/benchs -I./src/bn128/tests -I./src/bctree -I./src/binfile -I./src/starkpil -I./src/starkpil/merkleTree -I./src/starkpil/transcript -I./src/starkpil/fri -I./src/starkpil/expressions -I/usr/lib/x86_64-linux-gnu/openmpi/include -I/usr/lib/x86_64-linux-gnu/openmpi/include/openmpi -DOMPI_SKIP_MPICXX -DMPICH_SKIP_MPICXX -D__USE_MPI_RMA__ -D__USE_ASSEMBLY__ -std=c++17 -Wall -pthread -Wno-unused-label -fPIC -fopenmp -mavx2 -D__AVX2__ -O3 -c src/rapidsnark/binfile_utils.cpp -o build/./src/rapidsnark/binfile_utils.cpp.o
[INFO] [stderr]   mkdir -p build/./src/rapidsnark/
[INFO] [stderr]   mkdir -p build/./src/rapidsnark/
[INFO] [stderr]   mkdir -p build/./src/rapidsnark/
[INFO] [stderr]   g++ -fopenmp -I/usr/include -I/usr/local/include -MMD -MP -I./src -I./src/plonk_setup -I./src/goldilocks -I./src/goldilocks/utils -I./src/goldilocks/src -I./src/goldilocks/.vscode -I./src/goldilocks/benchs -I./src/goldilocks/tests -I./src/rapidsnark -I./src/rapidsnark/polynomial -I./src/fflonk_setup -I./src/config -I./src/utils -I./src/api -I./src/XKCP -I./src/bn128 -I./src/bn128/src -I./src/bn128/src/curve -I./src/bn128/src/poseidon2 -I./src/bn128/src/ffigpu -I./src/bn128/src/ntt -I./src/bn128/src/msm -I./src/bn128/src/ffiasm -I./src/bn128/src/poseidon -I./src/bn128/benchs -I./src/bn128/tests -I./src/bctree -I./src/binfile -I./src/starkpil -I./src/starkpil/merkleTree -I./src/starkpil/transcript -I./src/starkpil/fri -I./src/starkpil/expressions -I/usr/lib/x86_64-linux-gnu/openmpi/include -I/usr/lib/x86_64-linux-gnu/openmpi/include/openmpi -DOMPI_SKIP_MPICXX -DMPICH_SKIP_MPICXX -D__USE_MPI_RMA__ -D__USE_ASSEMBLY__ -std=c++17 -Wall -pthread -Wno-unused-label -fPIC -fopenmp -mavx2 -D__AVX2__ -O3 -c src/rapidsnark/binfile_writer.cpp -o build/./src/rapidsnark/binfile_writer.cpp.o
[INFO] [stderr]   mkdir -p build/./src/rapidsnark/
[INFO] [stderr]   mkdir -p build/./src/rapidsnark/
[INFO] [stderr]   mkdir -p build/./src/rapidsnark/
[INFO] [stderr]   g++ -fopenmp -I/usr/include -I/usr/local/include -MMD -MP -I./src -I./src/plonk_setup -I./src/goldilocks -I./src/goldilocks/utils -I./src/goldilocks/src -I./src/goldilocks/.vscode -I./src/goldilocks/benchs -I./src/goldilocks/tests -I./src/rapidsnark -I./src/rapidsnark/polynomial -I./src/fflonk_setup -I./src/config -I./src/utils -I./src/api -I./src/XKCP -I./src/bn128 -I./src/bn128/src -I./src/bn128/src/curve -I./src/bn128/src/poseidon2 -I./src/bn128/src/ffigpu -I./src/bn128/src/ntt -I./src/bn128/src/msm -I./src/bn128/src/ffiasm -I./src/bn128/src/poseidon -I./src/bn128/benchs -I./src/bn128/tests -I./src/bctree -I./src/binfile -I./src/starkpil -I./src/starkpil/merkleTree -I./src/starkpil/transcript -I./src/starkpil/fri -I./src/starkpil/expressions -I/usr/lib/x86_64-linux-gnu/openmpi/include -I/usr/lib/x86_64-linux-gnu/openmpi/include/openmpi -DOMPI_SKIP_MPICXX -DMPICH_SKIP_MPICXX -D__USE_MPI_RMA__ -D__USE_ASSEMBLY__ -std=c++17 -Wall -pthread -Wno-unused-label -fPIC -fopenmp -mavx2 -D__AVX2__ -O3 -c src/rapidsnark/fflonk_setup.cpp -o build/./src/rapidsnark/fflonk_setup.cpp.o
[INFO] [stderr]   g++ -fopenmp -I/usr/include -I/usr/local/include -MMD -MP -I./src -I./src/plonk_setup -I./src/goldilocks -I./src/goldilocks/utils -I./src/goldilocks/src -I./src/goldilocks/.vscode -I./src/goldilocks/benchs -I./src/goldilocks/tests -I./src/rapidsnark -I./src/rapidsnark/polynomial -I./src/fflonk_setup -I./src/config -I./src/utils -I./src/api -I./src/XKCP -I./src/bn128 -I./src/bn128/src -I./src/bn128/src/curve -I./src/bn128/src/poseidon2 -I./src/bn128/src/ffigpu -I./src/bn128/src/ntt -I./src/bn128/src/msm -I./src/bn128/src/ffiasm -I./src/bn128/src/poseidon -I./src/bn128/benchs -I./src/bn128/tests -I./src/bctree -I./src/binfile -I./src/starkpil -I./src/starkpil/merkleTree -I./src/starkpil/transcript -I./src/starkpil/fri -I./src/starkpil/expressions -I/usr/lib/x86_64-linux-gnu/openmpi/include -I/usr/lib/x86_64-linux-gnu/openmpi/include/openmpi -DOMPI_SKIP_MPICXX -DMPICH_SKIP_MPICXX -D__USE_MPI_RMA__ -D__USE_ASSEMBLY__ -std=c++17 -Wall -pthread -Wno-unused-label -fPIC -fopenmp -mavx2 -D__AVX2__ -O3 -c src/rapidsnark/curve_utils.cpp -o build/./src/rapidsnark/curve_utils.cpp.o
[INFO] [stderr]   g++ -fopenmp -I/usr/include -I/usr/local/include -MMD -MP -I./src -I./src/plonk_setup -I./src/goldilocks -I./src/goldilocks/utils -I./src/goldilocks/src -I./src/goldilocks/.vscode -I./src/goldilocks/benchs -I./src/goldilocks/tests -I./src/rapidsnark -I./src/rapidsnark/polynomial -I./src/fflonk_setup -I./src/config -I./src/utils -I./src/api -I./src/XKCP -I./src/bn128 -I./src/bn128/src -I./src/bn128/src/curve -I./src/bn128/src/poseidon2 -I./src/bn128/src/ffigpu -I./src/bn128/src/ntt -I./src/bn128/src/msm -I./src/bn128/src/ffiasm -I./src/bn128/src/poseidon -I./src/bn128/benchs -I./src/bn128/tests -I./src/bctree -I./src/binfile -I./src/starkpil -I./src/starkpil/merkleTree -I./src/starkpil/transcript -I./src/starkpil/fri -I./src/starkpil/expressions -I/usr/lib/x86_64-linux-gnu/openmpi/include -I/usr/lib/x86_64-linux-gnu/openmpi/include/openmpi -DOMPI_SKIP_MPICXX -DMPICH_SKIP_MPICXX -D__USE_MPI_RMA__ -D__USE_ASSEMBLY__ -std=c++17 -Wall -pthread -Wno-unused-label -fPIC -fopenmp -mavx2 -D__AVX2__ -O3 -c src/rapidsnark/keccak_wrapper.cpp -o build/./src/rapidsnark/keccak_wrapper.cpp.o
[INFO] [stderr]   g++ -fopenmp -I/usr/include -I/usr/local/include -MMD -MP -I./src -I./src/plonk_setup -I./src/goldilocks -I./src/goldilocks/utils -I./src/goldilocks/src -I./src/goldilocks/.vscode -I./src/goldilocks/benchs -I./src/goldilocks/tests -I./src/rapidsnark -I./src/rapidsnark/polynomial -I./src/fflonk_setup -I./src/config -I./src/utils -I./src/api -I./src/XKCP -I./src/bn128 -I./src/bn128/src -I./src/bn128/src/curve -I./src/bn128/src/poseidon2 -I./src/bn128/src/ffigpu -I./src/bn128/src/ntt -I./src/bn128/src/msm -I./src/bn128/src/ffiasm -I./src/bn128/src/poseidon -I./src/bn128/benchs -I./src/bn128/tests -I./src/bctree -I./src/binfile -I./src/starkpil -I./src/starkpil/merkleTree -I./src/starkpil/transcript -I./src/starkpil/fri -I./src/starkpil/expressions -I/usr/lib/x86_64-linux-gnu/openmpi/include -I/usr/lib/x86_64-linux-gnu/openmpi/include/openmpi -DOMPI_SKIP_MPICXX -DMPICH_SKIP_MPICXX -D__USE_MPI_RMA__ -D__USE_ASSEMBLY__ -std=c++17 -Wall -pthread -Wno-unused-label -fPIC -fopenmp -mavx2 -D__AVX2__ -O3 -c src/rapidsnark/plonk_setup.cpp -o build/./src/rapidsnark/plonk_setup.cpp.o
[INFO] [stderr]   mkdir -p build/./src/rapidsnark/
[INFO] [stderr]   mkdir -p build/./src/rapidsnark/
[INFO] [stderr]   mkdir -p build/./src/rapidsnark/
[INFO] [stderr]   g++ -fopenmp -I/usr/include -I/usr/local/include -MMD -MP -I./src -I./src/plonk_setup -I./src/goldilocks -I./src/goldilocks/utils -I./src/goldilocks/src -I./src/goldilocks/.vscode -I./src/goldilocks/benchs -I./src/goldilocks/tests -I./src/rapidsnark -I./src/rapidsnark/polynomial -I./src/fflonk_setup -I./src/config -I./src/utils -I./src/api -I./src/XKCP -I./src/bn128 -I./src/bn128/src -I./src/bn128/src/curve -I./src/bn128/src/poseidon2 -I./src/bn128/src/ffigpu -I./src/bn128/src/ntt -I./src/bn128/src/msm -I./src/bn128/src/ffiasm -I./src/bn128/src/poseidon -I./src/bn128/benchs -I./src/bn128/tests -I./src/bctree -I./src/binfile -I./src/starkpil -I./src/starkpil/merkleTree -I./src/starkpil/transcript -I./src/starkpil/fri -I./src/starkpil/expressions -I/usr/lib/x86_64-linux-gnu/openmpi/include -I/usr/lib/x86_64-linux-gnu/openmpi/include/openmpi -DOMPI_SKIP_MPICXX -DMPICH_SKIP_MPICXX -D__USE_MPI_RMA__ -D__USE_ASSEMBLY__ -std=c++17 -Wall -pthread -Wno-unused-label -fPIC -fopenmp -mavx2 -D__AVX2__ -O3 -c src/rapidsnark/logger.cpp -o build/./src/rapidsnark/logger.cpp.o
[INFO] [stderr]   g++ -fopenmp -I/usr/include -I/usr/local/include -MMD -MP -I./src -I./src/plonk_setup -I./src/goldilocks -I./src/goldilocks/utils -I./src/goldilocks/src -I./src/goldilocks/.vscode -I./src/goldilocks/benchs -I./src/goldilocks/tests -I./src/rapidsnark -I./src/rapidsnark/polynomial -I./src/fflonk_setup -I./src/config -I./src/utils -I./src/api -I./src/XKCP -I./src/bn128 -I./src/bn128/src -I./src/bn128/src/curve -I./src/bn128/src/poseidon2 -I./src/bn128/src/ffigpu -I./src/bn128/src/ntt -I./src/bn128/src/msm -I./src/bn128/src/ffiasm -I./src/bn128/src/poseidon -I./src/bn128/benchs -I./src/bn128/tests -I./src/bctree -I./src/binfile -I./src/starkpil -I./src/starkpil/merkleTree -I./src/starkpil/transcript -I./src/starkpil/fri -I./src/starkpil/expressions -I/usr/lib/x86_64-linux-gnu/openmpi/include -I/usr/lib/x86_64-linux-gnu/openmpi/include/openmpi -DOMPI_SKIP_MPICXX -DMPICH_SKIP_MPICXX -D__USE_MPI_RMA__ -D__USE_ASSEMBLY__ -std=c++17 -Wall -pthread -Wno-unused-label -fPIC -fopenmp -mavx2 -D__AVX2__ -O3 -c src/rapidsnark/r1cs_constraint_processor.cpp -o build/./src/rapidsnark/r1cs_constraint_processor.cpp.o
[INFO] [stderr]   g++ -fopenmp -I/usr/include -I/usr/local/include -MMD -MP -I./src -I./src/plonk_setup -I./src/goldilocks -I./src/goldilocks/utils -I./src/goldilocks/src -I./src/goldilocks/.vscode -I./src/goldilocks/benchs -I./src/goldilocks/tests -I./src/rapidsnark -I./src/rapidsnark/polynomial -I./src/fflonk_setup -I./src/config -I./src/utils -I./src/api -I./src/XKCP -I./src/bn128 -I./src/bn128/src -I./src/bn128/src/curve -I./src/bn128/src/poseidon2 -I./src/bn128/src/ffigpu -I./src/bn128/src/ntt -I./src/bn128/src/msm -I./src/bn128/src/ffiasm -I./src/bn128/src/poseidon -I./src/bn128/benchs -I./src/bn128/tests -I./src/bctree -I./src/binfile -I./src/starkpil -I./src/starkpil/merkleTree -I./src/starkpil/transcript -I./src/starkpil/fri -I./src/starkpil/expressions -I/usr/lib/x86_64-linux-gnu/openmpi/include -I/usr/lib/x86_64-linux-gnu/openmpi/include/openmpi -DOMPI_SKIP_MPICXX -DMPICH_SKIP_MPICXX -D__USE_MPI_RMA__ -D__USE_ASSEMBLY__ -std=c++17 -Wall -pthread -Wno-unused-label -fPIC -fopenmp -mavx2 -D__AVX2__ -O3 -c src/rapidsnark/r1cs_binfile.cpp -o build/./src/rapidsnark/r1cs_binfile.cpp.o
[INFO] [stderr]   g++ -fopenmp -I/usr/include -I/usr/local/include -MMD -MP -I./src -I./src/plonk_setup -I./src/goldilocks -I./src/goldilocks/utils -I./src/goldilocks/src -I./src/goldilocks/.vscode -I./src/goldilocks/benchs -I./src/goldilocks/tests -I./src/rapidsnark -I./src/rapidsnark/polynomial -I./src/fflonk_setup -I./src/config -I./src/utils -I./src/api -I./src/XKCP -I./src/bn128 -I./src/bn128/src -I./src/bn128/src/curve -I./src/bn128/src/poseidon2 -I./src/bn128/src/ffigpu -I./src/bn128/src/ntt -I./src/bn128/src/msm -I./src/bn128/src/ffiasm -I./src/bn128/src/poseidon -I./src/bn128/benchs -I./src/bn128/tests -I./src/bctree -I./src/binfile -I./src/starkpil -I./src/starkpil/merkleTree -I./src/starkpil/transcript -I./src/starkpil/fri -I./src/starkpil/expressions -I/usr/lib/x86_64-linux-gnu/openmpi/include -I/usr/lib/x86_64-linux-gnu/openmpi/include/openmpi -DOMPI_SKIP_MPICXX -DMPICH_SKIP_MPICXX -D__USE_MPI_RMA__ -D__USE_ASSEMBLY__ -std=c++17 -Wall -pthread -Wno-unused-label -fPIC -fopenmp -mavx2 -D__AVX2__ -O3 -c src/rapidsnark/wtns_utils.cpp -o build/./src/rapidsnark/wtns_utils.cpp.o
[INFO] [stderr]   g++ -fopenmp -I/usr/include -I/usr/local/include -MMD -MP -I./src -I./src/plonk_setup -I./src/goldilocks -I./src/goldilocks/utils -I./src/goldilocks/src -I./src/goldilocks/.vscode -I./src/goldilocks/benchs -I./src/goldilocks/tests -I./src/rapidsnark -I./src/rapidsnark/polynomial -I./src/fflonk_setup -I./src/config -I./src/utils -I./src/api -I./src/XKCP -I./src/bn128 -I./src/bn128/src -I./src/bn128/src/curve -I./src/bn128/src/poseidon2 -I./src/bn128/src/ffigpu -I./src/bn128/src/ntt -I./src/bn128/src/msm -I./src/bn128/src/ffiasm -I./src/bn128/src/poseidon -I./src/bn128/benchs -I./src/bn128/tests -I./src/bctree -I./src/binfile -I./src/starkpil -I./src/starkpil/merkleTree -I./src/starkpil/transcript -I./src/starkpil/fri -I./src/starkpil/expressions -I/usr/lib/x86_64-linux-gnu/openmpi/include -I/usr/lib/x86_64-linux-gnu/openmpi/include/openmpi -DOMPI_SKIP_MPICXX -DMPICH_SKIP_MPICXX -D__USE_MPI_RMA__ -D__USE_ASSEMBLY__ -std=c++17 -Wall -pthread -Wno-unused-label -fPIC -fopenmp -mavx2 -D__AVX2__ -O3 -c src/rapidsnark/zkey.cpp -o build/./src/rapidsnark/zkey.cpp.o
[INFO] [stderr] 
[INFO] [stderr]   --- stderr
[INFO] [stderr]   Makefile changed — running clean rebuild...
[INFO] [stderr]   [configure] nvidia-smi probe failed — no GPU arch detected, falling back to major archs.
[INFO] [stderr]   Makefile:58: CUDA arch auto-detection failed — building for all major archs: 80 86 89 90 100 120
[INFO] [stderr]   Makefile:104: CUDA not found, GPU targets will be disabled
[INFO] [stderr]   Running make -j starks_lib...
[INFO] [stderr]   [configure] nvidia-smi probe failed — no GPU arch detected, falling back to major archs.
[INFO] [stderr]   Makefile:58: CUDA arch auto-detection failed — building for all major archs: 80 86 89 90 100 120
[INFO] [stderr]   Makefile:104: CUDA not found, GPU targets will be disabled
[INFO] [stderr]   In file included from src/starkpil/stark_info.cpp:1:
[INFO] [stderr]   src/starkpil/stark_info.hpp:4:10: fatal error: nlohmann/json.hpp: No such file or directory
[INFO] [stderr]       4 | #include <nlohmann/json.hpp>
[INFO] [stderr]         |          ^~~~~~~~~~~~~~~~~~~
[INFO] [stderr]   compilation terminated.
[INFO] [stderr]   In file included from src/starkpil/expressions/expressions_info.cpp:1:
[INFO] [stderr]   src/starkpil/expressions/expressions_info.hpp:4:10: fatal error: nlohmann/json.hpp: No such file or directory
[INFO] [stderr]       4 | #include <nlohmann/json.hpp>
[INFO] [stderr]         |          ^~~~~~~~~~~~~~~~~~~
[INFO] [stderr]   compilation terminated.
[INFO] [stderr]   make: *** [Makefile:340: build/./src/starkpil/stark_info.cpp.o] Error 1
[INFO] [stderr]   make: *** Waiting for unfinished jobs....
[INFO] [stderr]   make: *** [Makefile:341: build/./src/starkpil/expressions/expressions_info.cpp.o] Error 1
[INFO] [stderr]   In file included from src/starkpil/proof2zkinStark.cpp:5:
[INFO] [stderr]   src/starkpil/proof2zkinStark.hpp:4:10: fatal error: nlohmann/json.hpp: No such file or directory
[INFO] [stderr]       4 | #include <nlohmann/json.hpp>
[INFO] [stderr]         |          ^~~~~~~~~~~~~~~~~~~
[INFO] [stderr]   compilation terminated.
[INFO] [stderr]   make: *** [Makefile:340: build/./src/starkpil/proof2zkinStark.cpp.o] Error 1
[INFO] [stderr]   In file included from ./src/starkpil/expressions/expressions_bin.hpp:8,
[INFO] [stderr]                    from ./src/starkpil/expressions/expressions_ctx.hpp:3,
[INFO] [stderr]                    from src/starkpil/hints.cpp:1:
[INFO] [stderr]   ./src/starkpil/expressions/expressions_info.hpp:4:10: fatal error: nlohmann/json.hpp: No such file or directory
[INFO] [stderr]       4 | #include <nlohmann/json.hpp>
[INFO] [stderr]         |          ^~~~~~~~~~~~~~~~~~~
[INFO] [stderr]   compilation terminated.
[INFO] [stderr]   make: *** [Makefile:340: build/./src/starkpil/hints.cpp.o] Error 1
[INFO] [stderr]   In file included from src/starkpil/expressions/expressions_bin.hpp:8,
[INFO] [stderr]                    from src/starkpil/expressions/expressions_bin.cpp:1:
[INFO] [stderr]   src/starkpil/expressions/expressions_info.hpp:4:10: fatal error: nlohmann/json.hpp: No such file or directory
[INFO] [stderr]       4 | #include <nlohmann/json.hpp>
[INFO] [stderr]         |          ^~~~~~~~~~~~~~~~~~~
[INFO] [stderr]   compilation terminated.
[INFO] [stderr]   make: *** [Makefile:340: build/./src/starkpil/expressions/expressions_bin.cpp.o] Error 1
[INFO] [stderr]   In file included from src/api/starks_api.cpp:2:
[INFO] [stderr]   ./src/starkpil/proof2zkinStark.hpp:4:10: fatal error: nlohmann/json.hpp: No such file or directory
[INFO] [stderr]       4 | #include <nlohmann/json.hpp>
[INFO] [stderr]         |          ^~~~~~~~~~~~~~~~~~~
[INFO] [stderr]   compilation terminated.
[INFO] [stderr]   g++: fatal error: Killed signal terminated program cc1plus
[INFO] [stderr]   compilation terminated.
[INFO] [stderr]   make: *** [Makefile:340: build/./src/api/starks_api.cpp.o] Error 1
[INFO] [stderr]   make: *** [Makefile:340: build/./src/starkpil/merkleTree/merkleTreeBN128.cpp.o] Error 1
[INFO] [stderr]   g++: fatal error: Killed signal terminated program cc1plus
[INFO] [stderr]   compilation terminated.
[INFO] [stderr]   make: *** [Makefile:340: build/./src/goldilocks/src/blake3_goldilocks.cpp.o] Error 1
[INFO] [stderr]   g++: fatal error: Killed signal terminated program cc1plus
[INFO] [stderr]   compilation terminated.
[INFO] [stderr]   make: *** [Makefile:340: build/./src/goldilocks/src/poseidon2_goldilocks.cpp.o] Error 1
[INFO] [stderr]   g++: fatal error: Killed signal terminated program cc1plus
[INFO] [stderr]   compilation terminated.
[INFO] [stderr]   make: *** [Makefile:340: build/./src/goldilocks/src/goldilocks_cubic_extension.cpp.o] Error 1
[INFO] [stderr]   g++: fatal error: Killed signal terminated program cc1plus
[INFO] [stderr]   compilation terminated.
[INFO] [stderr]   make: *** [Makefile:340: build/./src/goldilocks/src/poseidon_goldilocks.cpp.o] Error 1
[INFO] [stderr]   In file included from ./src/utils/zklog.hpp:8,
[INFO] [stderr]                    from ./src/api/starks_api_internal.hpp:15,
[INFO] [stderr]                    from src/starkpil/transcript/transcriptGL.hpp:6,
[INFO] [stderr]                    from src/starkpil/transcript/transcriptGL.cpp:1:
[INFO] [stderr]   ./src/utils/utils.hpp:7:10: fatal error: nlohmann/json.hpp: No such file or directory
[INFO] [stderr]       7 | #include <nlohmann/json.hpp>
[INFO] [stderr]         |          ^~~~~~~~~~~~~~~~~~~
[INFO] [stderr]   compilation terminated.
[INFO] [stderr]   In file included from ./src/utils/zklog.hpp:8,
[INFO] [stderr]                    from ./src/starkpil/merkleTree/merkleTreeBN128.hpp:9,
[INFO] [stderr]                    from src/bctree/build_const_tree.hpp:8,
[INFO] [stderr]                    from src/bctree/build_const_tree.cpp:1:
[INFO] [stderr]   ./src/utils/utils.hpp:7:10: fatal error: nlohmann/json.hpp: No such file or directory
[INFO] [stderr]       7 | #include <nlohmann/json.hpp>
[INFO] [stderr]         |          ^~~~~~~~~~~~~~~~~~~
[INFO] [stderr]   compilation terminated.
[INFO] [stderr]   In file included from src/rapidsnark/plonk_setup.hpp:16,
[INFO] [stderr]                    from src/rapidsnark/plonk_setup.cpp:1:
[INFO] [stderr]   ./src/utils/utils.hpp:7:10: fatal error: nlohmann/json.hpp: No such file or directory
[INFO] [stderr]       7 | #include <nlohmann/json.hpp>
[INFO] [stderr]         |          ^~~~~~~~~~~~~~~~~~~
[INFO] [stderr]   compilation terminated.
[INFO] [stderr]   make: *** [Makefile:340: build/./src/starkpil/transcript/transcriptGL.cpp.o] Error 1
[INFO] [stderr]   make: *** [Makefile:340: build/./src/bctree/build_const_tree.cpp.o] Error 1
[INFO] [stderr]   make: *** [Makefile:340: build/./src/rapidsnark/plonk_setup.cpp.o] Error 1
[INFO] [stderr]   In file included from src/rapidsnark/fflonk_setup.hpp:16,
[INFO] [stderr]                    from src/rapidsnark/fflonk_setup.cpp:1:
[INFO] [stderr]   ./src/utils/utils.hpp:7:10: fatal error: nlohmann/json.hpp: No such file or directory
[INFO] [stderr]       7 | #include <nlohmann/json.hpp>
[INFO] [stderr]         |          ^~~~~~~~~~~~~~~~~~~
[INFO] [stderr]   compilation terminated.
[INFO] [stderr]   In file included from ./src/utils/zklog.hpp:8,
[INFO] [stderr]                    from ./src/api/starks_api_internal.hpp:15,
[INFO] [stderr]                    from src/starkpil/merkleTree/merkleTreeGL.hpp:5,
[INFO] [stderr]                    from src/starkpil/merkleTree/merkleTreeGL.cpp:1:
[INFO] [stderr]   ./src/utils/utils.hpp:7:10: fatal error: nlohmann/json.hpp: No such file or directory
[INFO] [stderr]       7 | #include <nlohmann/json.hpp>
[INFO] [stderr]         |          ^~~~~~~~~~~~~~~~~~~
[INFO] [stderr]   compilation terminated.
[INFO] [stderr]   make: *** [Makefile:340: build/./src/starkpil/merkleTree/merkleTreeGL.cpp.o] Error 1
[INFO] [stderr]   make: *** [Makefile:340: build/./src/rapidsnark/fflonk_setup.cpp.o] Error 1
[INFO] [stderr]   In file included from ./src/utils/zklog.hpp:8,
[INFO] [stderr]                    from src/starkpil/transcript/transcriptBN128.cpp:3:
[INFO] [stderr]   ./src/utils/utils.hpp:7:10: fatal error: nlohmann/json.hpp: No such file or directory
[INFO] [stderr]       7 | #include <nlohmann/json.hpp>
[INFO] [stderr]         |          ^~~~~~~~~~~~~~~~~~~
[INFO] [stderr]   compilation terminated.
[INFO] [stderr]   make: *** [Makefile:340: build/./src/starkpil/transcript/transcriptBN128.cpp.o] Error 1
[INFO] [stderr] 
[INFO] [stderr]   thread 'main' (1074) panicked at /opt/rustwide/cargo-home/registry/src/index.crates.io-1949cf8c6b5b557f/proofman-starks-lib-c-1.2.0-alpha/build.rs:210:9:
[INFO] [stderr]   Command `make` failed with exit code Some(2)
[INFO] [stderr]   stack backtrace:
[INFO] [stderr]      0:     0x6144bff70b01 - <<std[97b98282bc616a66]::sys::backtrace::BacktraceLock>::print::DisplayBacktrace as core[832e9a552fc17241]::fmt::Display>::fmt
[INFO] [stderr]      1:     0x6144bff8238a - core[832e9a552fc17241]::fmt::write
[INFO] [stderr]      2:     0x6144bff7509c - <std[97b98282bc616a66]::sys::stdio::unix::Stderr as std[97b98282bc616a66]::io::Write>::write_fmt
[INFO] [stderr]      3:     0x6144bff53096 - std[97b98282bc616a66]::panicking::default_hook::{closure#0}
[INFO] [stderr]      4:     0x6144bff6af11 - std[97b98282bc616a66]::panicking::default_hook
[INFO] [stderr]      5:     0x6144bff6b0cb - std[97b98282bc616a66]::panicking::panic_with_hook
[INFO] [stderr]      6:     0x6144bff53142 - std[97b98282bc616a66]::panicking::panic_handler::{closure#0}
[INFO] [stderr]      7:     0x6144bff4a8d9 - std[97b98282bc616a66]::sys::backtrace::__rust_end_short_backtrace::<std[97b98282bc616a66]::panicking::panic_handler::{closure#0}, !>
[INFO] [stderr]      8:     0x6144bff539dd - __rustc[e3d8617bb01b7f69]::rust_begin_unwind
[INFO] [stderr]      9:     0x6144bff82abc - core[832e9a552fc17241]::panicking::panic_fmt
[INFO] [stderr]     10:     0x6144bff35264 - build_script_build[af98f37300bd1583]::run_command
[INFO] [stderr]     11:     0x6144bff37b40 - build_script_build[af98f37300bd1583]::main
[INFO] [stderr]     12:     0x6144bff3bca3 - <fn() as core[832e9a552fc17241]::ops::function::FnOnce<()>>::call_once
[INFO] [stderr]     13:     0x6144bff34606 - std[97b98282bc616a66]::sys::backtrace::__rust_begin_short_backtrace::<fn(), ()>
[INFO] [stderr]     14:     0x6144bff349d9 - std[97b98282bc616a66]::rt::lang_start::<()>::{closure#0}
[INFO] [stderr]     15:     0x6144bff6a2a7 - std[97b98282bc616a66]::rt::lang_start_internal
[INFO] [stderr]     16:     0x6144bff34581 - std[97b98282bc616a66]::rt::lang_start::<()>
[INFO] [stderr]     17:     0x6144bff3be65 - main
[INFO] [stderr]     18:     0x7a2e433d7601 - <unknown>
[INFO] [stderr]     19:     0x7a2e433d7718 - __libc_start_main
[INFO] [stderr]     20:     0x6144bff31e35 - _start
[INFO] [stderr]     21:                0x0 - <unknown>
[INFO] running `Command { std: "docker" "inspect" "97b9f0cc3f88562131cc20d702c340c46e151f1a143e474686d3b2d92e8d1800", kill_on_drop: false }`
[INFO] running `Command { std: "docker" "rm" "-f" "97b9f0cc3f88562131cc20d702c340c46e151f1a143e474686d3b2d92e8d1800", kill_on_drop: false }`
[INFO] [stdout] 97b9f0cc3f88562131cc20d702c340c46e151f1a143e474686d3b2d92e8d1800
