[INFO] fetching crate pezpallet-tx-pause 9.0.0...
[INFO] testing pezpallet-tx-pause-9.0.0 against 1.99.0-beta.1+cargoflags=--release for beta-release-1.99-2
[INFO] extracting crate pezpallet-tx-pause 9.0.0 into /workspace/builds/worker-4-tc2/source
[INFO] started tweaking crates.io crate pezpallet-tx-pause 9.0.0
[INFO] finished tweaking crates.io crate pezpallet-tx-pause 9.0.0
[INFO] tweaked toml for crates.io crate pezpallet-tx-pause 9.0.0 written to /workspace/builds/worker-4-tc2/source/Cargo.toml
[INFO] validating manifest of crates.io crate pezpallet-tx-pause 9.0.0 on toolchain 1.99.0-beta.1
[INFO] running `Command { std: CARGO_HOME="/workspace/cargo-home" RUSTUP_HOME="/workspace/rustup-home" "/workspace/cargo-home/bin/cargo" "+1.99.0-beta.1" "metadata" "--manifest-path" "Cargo.toml" "--no-deps", kill_on_drop: false }`
[INFO] crate crates.io crate pezpallet-tx-pause 9.0.0 already has a lockfile, it will not be regenerated
[INFO] running `Command { std: CARGO_HOME="/workspace/cargo-home" RUSTUP_HOME="/workspace/rustup-home" "/workspace/cargo-home/bin/cargo" "+1.99.0-beta.1" "fetch" "--manifest-path" "Cargo.toml", kill_on_drop: false }`
[INFO] [stderr] warning: Cargo.toml: `lints.clippy.borrowed-box` is deprecated in favor of `lints.clippy.borrowed_box` and will not work in a future edition
[INFO] [stderr] warning: Cargo.toml: `lints.clippy.extra-unused-type-parameters` is deprecated in favor of `lints.clippy.extra_unused_type_parameters` and will not work in a future edition
[INFO] [stderr] warning: Cargo.toml: `lints.clippy.identity-op` is deprecated in favor of `lints.clippy.identity_op` and will not work in a future edition
[INFO] [stderr] warning: Cargo.toml: `lints.clippy.if-same-then-else` is deprecated in favor of `lints.clippy.if_same_then_else` and will not work in a future edition
[INFO] [stderr] warning: Cargo.toml: `lints.clippy.needless-lifetimes` is deprecated in favor of `lints.clippy.needless_lifetimes` and will not work in a future edition
[INFO] [stderr] warning: Cargo.toml: `lints.clippy.nonminimal-bool` is deprecated in favor of `lints.clippy.nonminimal_bool` and will not work in a future edition
[INFO] [stderr] warning: Cargo.toml: `lints.clippy.option-map-unit-fn` is deprecated in favor of `lints.clippy.option_map_unit_fn` and will not work in a future edition
[INFO] [stderr] warning: Cargo.toml: `lints.clippy.too-many-arguments` is deprecated in favor of `lints.clippy.too_many_arguments` and will not work in a future edition
[INFO] [stderr] warning: Cargo.toml: `lints.clippy.zero-prefixed-literal` is deprecated in favor of `lints.clippy.zero_prefixed_literal` and will not work in a future edition
[INFO] [stderr] warning: `pezpallet-tx-pause` (manifest) generated 9 warnings
[INFO] running `Command { std: "docker" "create" "-v" "/var/lib/crater-agent-workspace/builds/worker-4-tc2/source:/opt/rustwide/workdir:ro,Z" "-v" "/var/lib/crater-agent-workspace/builds/worker-4-tc2/target:/opt/rustwide/target:rw,Z" "-v" "/var/lib/crater-agent-workspace/cargo-home:/opt/rustwide/cargo-home:ro,Z" "-v" "/var/lib/crater-agent-workspace/rustup-home:/opt/rustwide/rustup-home:ro,Z" "-m" "1610612736" "--network" "none" "ghcr.io/rust-lang/crates-build-env/linux@sha256:8683fc1fc2eb5c9ac98e0d076ab094b2ffac7f99da555d2b6a2e27f346de2ec7" "sleep" "infinity", kill_on_drop: false }`
[INFO] [stdout] 28dd29150359470a5c2a8f591bd66ec627919c79e5fc0a6637f1134eaf6d9a8a
[INFO] running `Command { std: "docker" "start" "28dd29150359470a5c2a8f591bd66ec627919c79e5fc0a6637f1134eaf6d9a8a", kill_on_drop: false }`
[INFO] running `Command { std: "docker" "inspect" "28dd29150359470a5c2a8f591bd66ec627919c79e5fc0a6637f1134eaf6d9a8a", kill_on_drop: false }`
[INFO] running `Command { std: "docker" "exec" "-e" "SOURCE_DIR=/opt/rustwide/workdir" "-e" "CARGO_HOME=/opt/rustwide/cargo-home" "-e" "RUSTUP_HOME=/opt/rustwide/rustup-home" "-e" "CARGO_TARGET_DIR=/opt/rustwide/target" "-w" "/opt/rustwide/workdir" "--user" "0:0" "28dd29150359470a5c2a8f591bd66ec627919c79e5fc0a6637f1134eaf6d9a8a" "/opt/rustwide/cargo-home/bin/cargo" "+1.99.0-beta.1" "metadata" "--no-deps" "--format-version=1", kill_on_drop: false }`
[INFO] running `Command { std: "docker" "inspect" "28dd29150359470a5c2a8f591bd66ec627919c79e5fc0a6637f1134eaf6d9a8a", kill_on_drop: false }`
[INFO] running `Command { std: "docker" "exec" "-e" "SOURCE_DIR=/opt/rustwide/workdir" "-e" "CARGO_HOME=/opt/rustwide/cargo-home" "-e" "RUSTUP_HOME=/opt/rustwide/rustup-home" "-e" "CARGO_TARGET_DIR=/opt/rustwide/target" "-e" "CARGO_INCREMENTAL=0" "-e" "RUST_BACKTRACE=full" "-e" "RUSTFLAGS=--cap-lints=warn" "-e" "RUSTDOCFLAGS=--cap-lints=warn" "-w" "/opt/rustwide/workdir" "--user" "0:0" "28dd29150359470a5c2a8f591bd66ec627919c79e5fc0a6637f1134eaf6d9a8a" "/opt/rustwide/cargo-home/bin/cargo" "+1.99.0-beta.1" "build" "--frozen" "--message-format=json" "--release", kill_on_drop: false }`
[INFO] [stderr] warning: Cargo.toml: `lints.clippy.borrowed-box` is deprecated in favor of `lints.clippy.borrowed_box` and will not work in a future edition
[INFO] [stderr] warning: Cargo.toml: `lints.clippy.extra-unused-type-parameters` is deprecated in favor of `lints.clippy.extra_unused_type_parameters` and will not work in a future edition
[INFO] [stderr] warning: Cargo.toml: `lints.clippy.identity-op` is deprecated in favor of `lints.clippy.identity_op` and will not work in a future edition
[INFO] [stderr] warning: Cargo.toml: `lints.clippy.if-same-then-else` is deprecated in favor of `lints.clippy.if_same_then_else` and will not work in a future edition
[INFO] [stderr] warning: Cargo.toml: `lints.clippy.needless-lifetimes` is deprecated in favor of `lints.clippy.needless_lifetimes` and will not work in a future edition
[INFO] [stderr] warning: Cargo.toml: `lints.clippy.nonminimal-bool` is deprecated in favor of `lints.clippy.nonminimal_bool` and will not work in a future edition
[INFO] [stderr] warning: Cargo.toml: `lints.clippy.option-map-unit-fn` is deprecated in favor of `lints.clippy.option_map_unit_fn` and will not work in a future edition
[INFO] [stderr] warning: Cargo.toml: `lints.clippy.too-many-arguments` is deprecated in favor of `lints.clippy.too_many_arguments` and will not work in a future edition
[INFO] [stderr] warning: Cargo.toml: `lints.clippy.zero-prefixed-literal` is deprecated in favor of `lints.clippy.zero_prefixed_literal` and will not work in a future edition
[INFO] [stderr] warning: `pezpallet-tx-pause` (manifest) generated 9 warnings
[INFO] [stderr]    Compiling proc-macro2 v1.0.103
[INFO] [stderr]    Compiling typenum v1.19.0
[INFO] [stderr]    Compiling equivalent v1.0.2
[INFO] [stderr]    Compiling hashbrown v0.16.1
[INFO] [stderr]    Compiling winnow v0.7.14
[INFO] [stderr]    Compiling serde_core v1.0.228
[INFO] [stderr]    Compiling toml_datetime v0.7.5+spec-1.1.0
[INFO] [stderr]    Compiling serde v1.0.228
[INFO] [stderr]    Compiling subtle v2.6.1
[INFO] [stderr]    Compiling unicode-xid v0.2.6
[INFO] [stderr]    Compiling generic-array v0.14.7
[INFO] [stderr]    Compiling zerocopy v0.8.31
[INFO] [stderr]    Compiling const-oid v0.9.6
[INFO] [stderr]    Compiling getrandom v0.2.16
[INFO] [stderr]    Compiling parity-scale-codec v3.7.5
[INFO] [stderr]    Compiling byte-slice-cast v1.2.3
[INFO] [stderr]    Compiling memchr v2.7.6
[INFO] [stderr]    Compiling libc v0.2.178
[INFO] [stderr]    Compiling crunchy v0.2.4
[INFO] [stderr]    Compiling bytes v1.11.0
[INFO] [stderr]    Compiling rand_core v0.6.4
[INFO] [stderr]    Compiling regex-syntax v0.8.8
[INFO] [stderr]    Compiling log v0.4.29
[INFO] [stderr]    Compiling num-traits v0.2.19
[INFO] [stderr]    Compiling once_cell v1.21.3
[INFO] [stderr]    Compiling byteorder v1.5.0
[INFO] [stderr]    Compiling semver v1.0.27
[INFO] [stderr]    Compiling lazy_static v1.5.0
[INFO] [stderr]    Compiling quote v1.0.42
[INFO] [stderr]    Compiling indexmap v2.12.1
[INFO] [stderr]    Compiling aho-corasick v1.1.4
[INFO] [stderr]    Compiling syn v2.0.111
[INFO] [stderr]    Compiling rustc_version v0.4.1
[INFO] [stderr]    Compiling const_format_proc_macros v0.2.34
[INFO] [stderr]    Compiling itoa v1.0.16
[INFO] [stderr]    Compiling curve25519-dalek v4.1.3
[INFO] [stderr]    Compiling keccak v0.1.5
[INFO] [stderr]    Compiling futures-sink v0.3.31
[INFO] [stderr]    Compiling base16ct v0.2.0
[INFO] [stderr]    Compiling serde_json v1.0.147
[INFO] [stderr]    Compiling futures-core v0.3.31
[INFO] [stderr]    Compiling find-msvc-tools v0.1.5
[INFO] [stderr]    Compiling cc v1.2.50
[INFO] [stderr]    Compiling block-buffer v0.10.4
[INFO] [stderr]    Compiling crypto-common v0.1.7
[INFO] [stderr]    Compiling digest v0.9.0
[INFO] [stderr]    Compiling futures-channel v0.3.31
[INFO] [stderr]    Compiling const_format v0.2.35
[INFO] [stderr]    Compiling digest v0.10.7
[INFO] [stderr]    Compiling libsecp256k1-core v0.3.0
[INFO] [stderr]    Compiling ff v0.13.1
[INFO] [stderr]    Compiling integer-sqrt v0.1.5
[INFO] [stderr]    Compiling toml_parser v1.0.6+spec-1.1.0
[INFO] [stderr]    Compiling jam-codec v0.1.1
[INFO] [stderr]    Compiling toml_write v0.1.2
[INFO] [stderr]    Compiling hash-db v0.16.0
[INFO] [stderr]    Compiling zmij v0.1.7
[INFO] [stderr]    Compiling prettyplease v0.2.37
[INFO] [stderr]    Compiling group v0.13.0
[INFO] [stderr]    Compiling fs-err v2.11.0
[INFO] [stderr]    Compiling num_cpus v1.17.0
[INFO] [stderr]    Compiling hex v0.4.3
[INFO] [stderr]    Compiling base64ct v1.8.1
[INFO] [stderr]    Compiling regex-automata v0.4.13
[INFO] [stderr]    Compiling libsecp256k1-gen-genmult v0.3.0
[INFO] [stderr]    Compiling libsecp256k1-gen-ecmult v0.3.0
[INFO] [stderr]    Compiling foldhash v0.1.5
[INFO] [stderr]    Compiling toml_edit v0.23.10+spec-1.0.0
[INFO] [stderr]    Compiling rustc-hex v2.1.0
[INFO] [stderr]    Compiling ppv-lite86 v0.2.21
[INFO] [stderr]    Compiling hashbrown v0.15.5
[INFO] [stderr]    Compiling libsecp256k1 v0.7.2
[INFO] [stderr]    Compiling password-hash v0.5.0
[INFO] [stderr]    Compiling uint v0.10.0
[INFO] [stderr]    Compiling tinyvec v1.10.0
[INFO] [stderr]    Compiling hex-conservative v0.2.2
[INFO] [stderr]    Compiling expander v2.2.1
[INFO] [stderr]    Compiling common-path v1.0.0
[INFO] [stderr]    Compiling environmental v1.1.4
[INFO] [stderr]    Compiling termcolor v1.4.1
[INFO] [stderr]    Compiling opaque-debug v0.3.1
[INFO] [stderr]    Compiling rand_chacha v0.3.1
[INFO] [stderr]    Compiling bitcoin_hashes v0.14.1
[INFO] [stderr]    Compiling proc-macro-crate v3.4.0
[INFO] [stderr]    Compiling blake2b_simd v1.0.3
[INFO] [stderr]    Compiling rand v0.8.5
[INFO] [stderr]    Compiling secp256k1-sys v0.9.2
[INFO] [stderr]    Compiling serde_bytes v0.11.19
[INFO] [stderr]    Compiling impl-num-traits v0.2.0
[INFO] [stderr]    Compiling unicode-normalization v0.1.25
[INFO] [stderr]    Compiling blake2 v0.10.6
[INFO] [stderr]    Compiling file-guard v0.2.0
[INFO] [stderr]    Compiling num-format v0.4.4
[INFO] [stderr]    Compiling ahash v0.8.12
[INFO] [stderr]    Compiling pezsp-std v14.0.0
[INFO] [stderr]    Compiling base64 v0.22.1
[INFO] [stderr]    Compiling object v0.37.3
[INFO] [stderr]    Compiling getrandom_or_panic v0.0.3
[INFO] [stderr]    Compiling fixed-hash v0.8.0
[INFO] [stderr]    Compiling deranged v0.5.5
[INFO] [stderr]    Compiling itertools v0.11.0
[INFO] [stderr]    Compiling hash256-std-hasher v0.15.2
[INFO] [stderr]    Compiling bs58 v0.5.1
[INFO] [stderr]    Compiling time-core v0.1.6
[INFO] [stderr]    Compiling array-bytes v6.2.3
[INFO] [stderr]    Compiling gimli v0.32.3
[INFO] [stderr]    Compiling miniz_oxide v0.8.9
[INFO] [stderr]    Compiling tracing-log v0.2.0
[INFO] [stderr] warning: secp256k1-sys@0.9.2: In file included from /usr/include/stdio.h:974,
[INFO] [stderr] warning: secp256k1-sys@0.9.2:                  from depend/secp256k1/src/util.h:14,
[INFO] [stderr] warning: secp256k1-sys@0.9.2:                  from depend/secp256k1/src/field.h:10,
[INFO] [stderr] warning: secp256k1-sys@0.9.2:                  from depend/secp256k1/src/group.h:10,
[INFO] [stderr] warning: secp256k1-sys@0.9.2:                  from depend/secp256k1/src/precomputed_ecmult_gen.c:3:
[INFO] [stderr] warning: secp256k1-sys@0.9.2: /usr/include/x86_64-linux-gnu/bits/stdio2.h:117:1: error: expected identifier or '(' before '{' token
[INFO] [stderr] warning: secp256k1-sys@0.9.2:   117 | {
[INFO] [stderr] warning: secp256k1-sys@0.9.2:       | ^
[INFO] [stderr] warning: secp256k1-sys@0.9.2: cc: fatal error: Killed signal terminated program cc1
[INFO] [stderr] warning: secp256k1-sys@0.9.2: compilation terminated.
[INFO] [stderr] error: failed to run custom build command for `secp256k1-sys v0.9.2`
[INFO] [stderr] note: To improve backtraces for build dependencies, set the CARGO_PROFILE_RELEASE_BUILD_OVERRIDE_DEBUG=true environment variable to enable debug information generation.
[INFO] [stderr] 
[INFO] [stderr] Caused by:
[INFO] [stderr]   process didn't exit successfully: `/opt/rustwide/target/release/build/secp256k1-sys-b3ab0a9e602acf64/build-script-build` (exit status: 1)
[INFO] [stderr]   --- stdout
[INFO] [stderr]   OUT_DIR = Some(/opt/rustwide/target/release/build/secp256k1-sys-40e0c1e5385016b2/out)
[INFO] [stderr]   OPT_LEVEL = Some(3)
[INFO] [stderr]   TARGET = Some(x86_64-unknown-linux-gnu)
[INFO] [stderr]   CARGO_ENCODED_RUSTFLAGS = Some(--cap-lints=warn)
[INFO] [stderr]   HOST = Some(x86_64-unknown-linux-gnu)
[INFO] [stderr]   cargo:rerun-if-env-changed=CC_x86_64-unknown-linux-gnu
[INFO] [stderr]   CC_x86_64-unknown-linux-gnu = None
[INFO] [stderr]   cargo:rerun-if-env-changed=CC_x86_64_unknown_linux_gnu
[INFO] [stderr]   CC_x86_64_unknown_linux_gnu = None
[INFO] [stderr]   cargo:rerun-if-env-changed=HOST_CC
[INFO] [stderr]   HOST_CC = None
[INFO] [stderr]   cargo:rerun-if-env-changed=CC
[INFO] [stderr]   CC = None
[INFO] [stderr]   cargo:rerun-if-env-changed=CC_ENABLE_DEBUG_OUTPUT
[INFO] [stderr]   RUSTC_WRAPPER = None
[INFO] [stderr]   cargo:rerun-if-env-changed=CRATE_CC_NO_DEFAULTS
[INFO] [stderr]   CRATE_CC_NO_DEFAULTS = None
[INFO] [stderr]   DEBUG = Some(false)
[INFO] [stderr]   CARGO_CFG_TARGET_FEATURE = Some(fxsr,sse,sse2)
[INFO] [stderr]   cargo:rerun-if-env-changed=CFLAGS
[INFO] [stderr]   CFLAGS = None
[INFO] [stderr]   cargo:rerun-if-env-changed=HOST_CFLAGS
[INFO] [stderr]   HOST_CFLAGS = None
[INFO] [stderr]   cargo:rerun-if-env-changed=CFLAGS_x86_64_unknown_linux_gnu
[INFO] [stderr]   CFLAGS_x86_64_unknown_linux_gnu = None
[INFO] [stderr]   cargo:rerun-if-env-changed=CFLAGS_x86_64-unknown-linux-gnu
[INFO] [stderr]   CFLAGS_x86_64-unknown-linux-gnu = None
[INFO] [stderr]   OUT_DIR = Some(/opt/rustwide/target/release/build/secp256k1-sys-40e0c1e5385016b2/out)
[INFO] [stderr]   cargo:rerun-if-env-changed=CC_ENABLE_DEBUG_OUTPUT
[INFO] [stderr]   cargo:rerun-if-env-changed=CRATE_CC_NO_DEFAULTS
[INFO] [stderr]   CRATE_CC_NO_DEFAULTS = None
[INFO] [stderr]   TARGET = Some(x86_64-unknown-linux-gnu)
[INFO] [stderr]   CARGO_CFG_TARGET_FEATURE = Some(fxsr,sse,sse2)
[INFO] [stderr]   HOST = Some(x86_64-unknown-linux-gnu)
[INFO] [stderr]   cargo:rerun-if-env-changed=CFLAGS
[INFO] [stderr]   CFLAGS = None
[INFO] [stderr]   cargo:rerun-if-env-changed=HOST_CFLAGS
[INFO] [stderr]   HOST_CFLAGS = None
[INFO] [stderr]   cargo:rerun-if-env-changed=CFLAGS_x86_64_unknown_linux_gnu
[INFO] [stderr]   CFLAGS_x86_64_unknown_linux_gnu = None
[INFO] [stderr]   cargo:rerun-if-env-changed=CFLAGS_x86_64-unknown-linux-gnu
[INFO] [stderr]   CFLAGS_x86_64-unknown-linux-gnu = None
[INFO] [stderr]   OUT_DIR = Some(/opt/rustwide/target/release/build/secp256k1-sys-40e0c1e5385016b2/out)
[INFO] [stderr]   cargo:rerun-if-env-changed=CC_ENABLE_DEBUG_OUTPUT
[INFO] [stderr]   cargo:rerun-if-env-changed=CRATE_CC_NO_DEFAULTS
[INFO] [stderr]   CRATE_CC_NO_DEFAULTS = None
[INFO] [stderr]   TARGET = Some(x86_64-unknown-linux-gnu)
[INFO] [stderr]   CARGO_CFG_TARGET_FEATURE = Some(fxsr,sse,sse2)
[INFO] [stderr]   HOST = Some(x86_64-unknown-linux-gnu)
[INFO] [stderr]   cargo:rerun-if-env-changed=CFLAGS
[INFO] [stderr]   CFLAGS = None
[INFO] [stderr]   cargo:rerun-if-env-changed=HOST_CFLAGS
[INFO] [stderr]   HOST_CFLAGS = None
[INFO] [stderr]   cargo:rerun-if-env-changed=CFLAGS_x86_64_unknown_linux_gnu
[INFO] [stderr]   CFLAGS_x86_64_unknown_linux_gnu = None
[INFO] [stderr]   cargo:rerun-if-env-changed=CFLAGS_x86_64-unknown-linux-gnu
[INFO] [stderr]   CFLAGS_x86_64-unknown-linux-gnu = None
[INFO] [stderr]   cargo:warning=In file included from /usr/include/stdio.h:974,
[INFO] [stderr]   cargo:warning=                 from depend/secp256k1/src/util.h:14,
[INFO] [stderr]   cargo:warning=                 from depend/secp256k1/src/field.h:10,
[INFO] [stderr]   cargo:warning=                 from depend/secp256k1/src/group.h:10,
[INFO] [stderr]   cargo:warning=                 from depend/secp256k1/src/precomputed_ecmult_gen.c:3:
[INFO] [stderr]   cargo:warning=/usr/include/x86_64-linux-gnu/bits/stdio2.h:117:1: error: expected identifier or '(' before '{' token
[INFO] [stderr]   cargo:warning=  117 | {
[INFO] [stderr]   cargo:warning=      | ^
[INFO] [stderr]   cargo:warning=cc: fatal error: Killed signal terminated program cc1
[INFO] [stderr]   cargo:warning=compilation terminated.
[INFO] [stderr] 
[INFO] [stderr]   --- stderr
[INFO] [stderr] 
[INFO] [stderr] 
[INFO] [stderr]   error occurred in cc-rs: command did not execute successfully (status code exit status: 1): LC_ALL="C" "cc" "-O3" "-ffunction-sections" "-fdata-sections" "-fPIC" "-m64" "-I" "depend/secp256k1/" "-I" "depend/secp256k1/include" "-I" "depend/secp256k1/src" "-I" "wasm/wasm-sysroot" "-Wall" "-Wextra" "-Wno-unused-function" "-Wno-unused-parameter" "-DSECP256K1_API=" "-DENABLE_MODULE_ECDH=1" "-DENABLE_MODULE_SCHNORRSIG=1" "-DENABLE_MODULE_EXTRAKEYS=1" "-DENABLE_MODULE_ELLSWIFT=1" "-Dprintf(...)=" "-DECMULT_GEN_PREC_BITS=4" "-DECMULT_WINDOW_SIZE=15" "-DUSE_EXTERNAL_DEFAULT_CALLBACKS=1" "-DENABLE_MODULE_RECOVERY=1" "-o" "/opt/rustwide/target/release/build/secp256k1-sys-40e0c1e5385016b2/out/fce6141bfa9bf74c-precomputed_ecmult.o" "-c" "depend/secp256k1/src/precomputed_ecmult.c"
[INFO] [stderr] 
[INFO] [stderr] 
[INFO] [stderr] warning: build failed, waiting for other jobs to finish...
[INFO] running `Command { std: "docker" "inspect" "28dd29150359470a5c2a8f591bd66ec627919c79e5fc0a6637f1134eaf6d9a8a", kill_on_drop: false }`
[INFO] running `Command { std: "docker" "rm" "-f" "28dd29150359470a5c2a8f591bd66ec627919c79e5fc0a6637f1134eaf6d9a8a", kill_on_drop: false }`
[INFO] [stdout] 28dd29150359470a5c2a8f591bd66ec627919c79e5fc0a6637f1134eaf6d9a8a
