[INFO] cloning repository https://github.com/tommilligan/decadog
[INFO] running `Command { std: "git" "-c" "credential.helper=" "-c" "credential.helper=/workspace/cargo-home/bin/git-credential-null" "clone" "--bare" "https://github.com/tommilligan/decadog" "/workspace/cache/git-repos/https%3A%2F%2Fgithub.com%2Ftommilligan%2Fdecadog", kill_on_drop: false }`
[INFO] [stderr] Cloning into bare repository '/workspace/cache/git-repos/https%3A%2F%2Fgithub.com%2Ftommilligan%2Fdecadog'...
[INFO] running `Command { std: "git" "rev-parse" "HEAD", kill_on_drop: false }`
[INFO] [stdout] b8137b682ca7d9dbcbffb8f7efbb925b143b7417
[INFO] testing tommilligan/decadog against 1.98.0-beta.8+cargoflags=--release for beta-release-1.99-2
[INFO] running `Command { std: "git" "clone" "/workspace/cache/git-repos/https%3A%2F%2Fgithub.com%2Ftommilligan%2Fdecadog" "/workspace/builds/worker-7-tc1/source", kill_on_drop: false }`
[INFO] [stderr] Cloning into '/workspace/builds/worker-7-tc1/source'...
[INFO] [stderr] done.
[INFO] started tweaking git repo https://github.com/tommilligan/decadog
[INFO] finished tweaking git repo https://github.com/tommilligan/decadog
[INFO] tweaked toml for git repo https://github.com/tommilligan/decadog written to /workspace/builds/worker-7-tc1/source/Cargo.toml
[INFO] validating manifest of git repo https://github.com/tommilligan/decadog on toolchain 1.98.0-beta.8
[INFO] running `Command { std: CARGO_HOME="/workspace/cargo-home" RUSTUP_HOME="/workspace/rustup-home" "/workspace/cargo-home/bin/cargo" "+1.98.0-beta.8" "metadata" "--manifest-path" "Cargo.toml" "--no-deps", kill_on_drop: false }`
[INFO] crate git repo https://github.com/tommilligan/decadog already has a lockfile, it will not be regenerated
[INFO] running `Command { std: CARGO_HOME="/workspace/cargo-home" RUSTUP_HOME="/workspace/rustup-home" "/workspace/cargo-home/bin/cargo" "+1.98.0-beta.8" "fetch" "--manifest-path" "Cargo.toml", kill_on_drop: false }`
[INFO] [stderr]     Updating crates.io index
[INFO] [stderr]  Downloading crates ...
[INFO] [stderr]   Downloaded quote v1.0.3
[INFO] [stderr]   Downloaded snafu-derive v0.6.7
[INFO] [stderr]   Downloaded snafu v0.6.7
[INFO] [stderr]   Downloaded proc-macro2 v1.0.10
[INFO] [stderr]   Downloaded wasm-bindgen-shared v0.2.61
[INFO] [stderr]   Downloaded ctor v0.1.14
[INFO] [stderr]   Downloaded syn v1.0.18
[INFO] [stderr]   Downloaded extend v0.1.1
[INFO] [stderr]   Downloaded block-modes v0.3.3
[INFO] [stderr]   Downloaded dialoguer v0.6.2
[INFO] [stderr]   Downloaded wasm-bindgen-macro v0.2.61
[INFO] [stderr]   Downloaded serde_plain v0.3.0
[INFO] [stderr]   Downloaded assert-json-diff v1.0.3
[INFO] [stderr]   Downloaded syn-mid v0.5.0
[INFO] [stderr]   Downloaded strsim v0.6.0
[INFO] [stderr]   Downloaded num-iter v0.1.40
[INFO] [stderr]   Downloaded futures-sink v0.3.4
[INFO] [stderr]   Downloaded futures-task v0.3.4
[INFO] [stderr]   Downloaded numtoa v0.1.0
[INFO] [stderr]   Downloaded futures-io v0.3.4
[INFO] [stderr]   Downloaded proc-macro-error-attr v1.0.2
[INFO] [stderr]   Downloaded hkdf v0.8.0
[INFO] [stderr]   Downloaded wasm-bindgen-macro-support v0.2.61
[INFO] [stderr]   Downloaded futures-core v0.3.4
[INFO] [stderr]   Downloaded termion v1.5.5
[INFO] [stderr]   Downloaded wasm-bindgen-futures v0.4.11
[INFO] [stderr]   Downloaded proc-macro-error-attr v0.4.12
[INFO] [stderr]   Downloaded terminal_size v0.1.12
[INFO] [stderr]   Downloaded static_assertions v0.3.4
[INFO] [stderr]   Downloaded output_vt100 v0.1.2
[INFO] [stderr]   Downloaded mockito v0.25.1
[INFO] [stderr]   Downloaded tokio-tls v0.3.0
[INFO] [stderr]   Downloaded pin-project-internal v0.4.9
[INFO] [stderr]   Downloaded proc-macro-error v1.0.2
[INFO] [stderr]   Downloaded unicode-width v0.1.7
[INFO] [stderr]   Downloaded ucd-util v0.1.8
[INFO] [stderr]   Downloaded console v0.11.2
[INFO] [stderr]   Downloaded serde_test v1.0.106
[INFO] [stderr]   Downloaded pin-project v0.4.9
[INFO] [stderr]   Downloaded futures-channel v0.3.4
[INFO] [stderr]   Downloaded wasm-bindgen-backend v0.2.61
[INFO] [stderr]   Downloaded proc-macro-error v0.4.12
[INFO] [stderr]   Downloaded structopt-derive v0.4.7
[INFO] [stderr]   Downloaded scout v1.3.0
[INFO] [stderr]   Downloaded aho-corasick v0.6.10
[INFO] [stderr]   Downloaded crossbeam-queue v0.2.1
[INFO] [stderr]   Downloaded keyring v0.9.0
[INFO] [stderr]   Downloaded secret-service v1.1.0
[INFO] [stderr]   Downloaded termios v0.3.2
[INFO] [stderr]   Downloaded schannel v0.1.18
[INFO] [stderr]   Downloaded colored v1.9.3
[INFO] [stderr]   Downloaded docopt v0.8.3
[INFO] [stderr]   Downloaded dbus v0.2.3
[INFO] [stderr]   Downloaded config v0.10.1
[INFO] [stderr]   Downloaded security-framework v0.4.3
[INFO] [stderr]   Downloaded openssl-sys v0.9.55
[INFO] [stderr]   Downloaded structopt v0.3.14
[INFO] [stderr]   Downloaded serde v1.0.106
[INFO] [stderr]   Downloaded serde_derive v1.0.106
[INFO] [stderr]   Downloaded js-sys v0.3.38
[INFO] [stderr]   Downloaded pretty_assertions v0.6.1
[INFO] [stderr]   Downloaded rayon-core v1.7.0
[INFO] [stderr]   Downloaded aes v0.3.2
[INFO] [stderr]   Downloaded serde_json v1.0.52
[INFO] [stderr]   Downloaded rayon v0.9.0
[INFO] [stderr]   Downloaded h2 v0.2.4
[INFO] [stderr]   Downloaded futures-util v0.3.4
[INFO] [stderr]   Downloaded nom v5.1.1
[INFO] [stderr]   Downloaded wasm-bindgen v0.2.61
[INFO] [stderr]   Downloaded regex v0.2.11
[INFO] [stderr]   Downloaded regex-syntax v0.5.6
[INFO] [stderr]   Downloaded libc v0.2.69
[INFO] [stderr]   Downloaded lexical-core v0.6.7
[INFO] [stderr]   Downloaded web-sys v0.3.38
[INFO] [stderr]   Downloaded encoding_rs v0.8.22
[INFO] running `Command { std: "docker" "create" "-v" "/var/lib/crater-agent-workspace/builds/worker-7-tc1/source:/opt/rustwide/workdir:ro,Z" "-v" "/var/lib/crater-agent-workspace/builds/worker-7-tc1/target:/opt/rustwide/target:rw,Z" "-v" "/var/lib/crater-agent-workspace/cargo-home:/opt/rustwide/cargo-home:ro,Z" "-v" "/var/lib/crater-agent-workspace/rustup-home:/opt/rustwide/rustup-home:ro,Z" "-m" "1610612736" "--network" "none" "ghcr.io/rust-lang/crates-build-env/linux@sha256:8683fc1fc2eb5c9ac98e0d076ab094b2ffac7f99da555d2b6a2e27f346de2ec7" "sleep" "infinity", kill_on_drop: false }`
[INFO] [stdout] 95f48d41aff266223e077772a7108b0be8a0660644e6b4802c77398c5e46e462
[INFO] running `Command { std: "docker" "start" "95f48d41aff266223e077772a7108b0be8a0660644e6b4802c77398c5e46e462", kill_on_drop: false }`
[INFO] running `Command { std: "docker" "inspect" "95f48d41aff266223e077772a7108b0be8a0660644e6b4802c77398c5e46e462", kill_on_drop: false }`
[INFO] running `Command { std: "docker" "exec" "-e" "SOURCE_DIR=/opt/rustwide/workdir" "-e" "CARGO_HOME=/opt/rustwide/cargo-home" "-e" "RUSTUP_HOME=/opt/rustwide/rustup-home" "-e" "CARGO_TARGET_DIR=/opt/rustwide/target" "-w" "/opt/rustwide/workdir" "--user" "0:0" "95f48d41aff266223e077772a7108b0be8a0660644e6b4802c77398c5e46e462" "/opt/rustwide/cargo-home/bin/cargo" "+1.98.0-beta.8" "metadata" "--no-deps" "--format-version=1", kill_on_drop: false }`
[INFO] running `Command { std: "docker" "inspect" "95f48d41aff266223e077772a7108b0be8a0660644e6b4802c77398c5e46e462", kill_on_drop: false }`
[INFO] running `Command { std: "docker" "exec" "-e" "SOURCE_DIR=/opt/rustwide/workdir" "-e" "CARGO_HOME=/opt/rustwide/cargo-home" "-e" "RUSTUP_HOME=/opt/rustwide/rustup-home" "-e" "CARGO_TARGET_DIR=/opt/rustwide/target" "-e" "CARGO_INCREMENTAL=0" "-e" "RUST_BACKTRACE=full" "-e" "RUSTFLAGS=--cap-lints=warn" "-e" "RUSTDOCFLAGS=--cap-lints=warn" "-w" "/opt/rustwide/workdir" "--user" "0:0" "95f48d41aff266223e077772a7108b0be8a0660644e6b4802c77398c5e46e462" "/opt/rustwide/cargo-home/bin/cargo" "+1.98.0-beta.8" "build" "--frozen" "--message-format=json" "--release", kill_on_drop: false }`
[INFO] [stderr]    Compiling libc v0.2.69
[INFO] [stderr]    Compiling cfg-if v0.1.9
[INFO] [stderr]    Compiling version_check v0.9.1
[INFO] [stderr]    Compiling memchr v2.3.3
[INFO] [stderr]    Compiling proc-macro2 v1.0.10
[INFO] [stderr]    Compiling syn v1.0.18
[INFO] [stderr]    Compiling log v0.4.8
[INFO] [stderr]    Compiling serde v1.0.106
[INFO] [stderr]    Compiling cc v1.0.52
[INFO] [stderr]    Compiling pkg-config v0.3.17
[INFO] [stderr]    Compiling futures-core v0.3.4
[INFO] [stderr]    Compiling bytes v0.5.4
[INFO] [stderr]    Compiling fnv v1.0.6
[INFO] [stderr]    Compiling slab v0.4.2
[INFO] [stderr]    Compiling itoa v0.4.5
[INFO] [stderr]    Compiling pin-project-lite v0.1.4
[INFO] [stderr]    Compiling ryu v1.0.4
[INFO] [stderr]    Compiling indexmap v1.3.2
[INFO] [stderr]    Compiling openssl v0.10.29
[INFO] [stderr]    Compiling httparse v1.3.4
[INFO] [stderr]    Compiling crossbeam-utils v0.7.2
[INFO] [stderr]    Compiling futures-io v0.3.4
[INFO] [stderr]    Compiling smallvec v1.4.0
[INFO] [stderr]    Compiling native-tls v0.2.4
[INFO] [stderr]    Compiling futures-sink v0.3.4
[INFO] [stderr]    Compiling unicase v2.6.0
[INFO] [stderr]    Compiling matches v0.1.8
[INFO] [stderr]    Compiling futures-task v0.3.4
[INFO] [stderr]    Compiling unicode-bidi v0.3.4
[INFO] [stderr]    Compiling proc-macro-error-attr v1.0.2
[INFO] [stderr]    Compiling thread_local v1.0.1
[INFO] [stderr]    Compiling http v0.2.1
[INFO] [stderr]    Compiling unicode-normalization v0.1.12
[INFO] [stderr]    Compiling aho-corasick v0.7.10
[INFO] [stderr]    Compiling num_cpus v1.13.0
[INFO] [stderr]    Compiling net2 v0.2.33
[INFO] [stderr]    Compiling openssl-sys v0.9.55
[INFO] [stderr]    Compiling iovec v0.1.4
[INFO] [stderr]    Compiling getrandom v0.1.14
[INFO] [stderr]    Compiling futures-util v0.3.4
[INFO] [stderr]    Compiling time v0.1.43
[INFO] [stderr]    Compiling atty v0.2.14
[INFO] [stderr]    Compiling num-traits v0.2.11
[INFO] [stderr]    Compiling unicode-width v0.1.7
[INFO] [stderr]    Compiling regex-syntax v0.6.17
[INFO] [stderr]    Compiling mio v0.6.21
[INFO] [stderr]    Compiling try-lock v0.2.2
[INFO] [stderr]    Compiling arrayvec v0.4.12
[INFO] [stderr]    Compiling quote v1.0.3
[INFO] [stderr]    Compiling openssl-probe v0.1.2
[INFO] [stderr]    Compiling crossbeam-epoch v0.8.2
[INFO] [stderr] warning: openssl-sys@0.9.55: build/expando.c:4:24: error: pasting "RUST_VERSION_OPENSSL_" and "(" does not give a valid preprocessing token
[INFO] [stderr] warning: openssl-sys@0.9.55:     4 | #define VERSION2(n, v) RUST_VERSION_##n##_##v
[INFO] [stderr] warning: openssl-sys@0.9.55:       |                        ^~~~~~~~~~~~~
[INFO] [stderr] warning: openssl-sys@0.9.55: build/expando.c:5:23: note: in expansion of macro 'VERSION2'
[INFO] [stderr] warning: openssl-sys@0.9.55:     5 | #define VERSION(n, v) VERSION2(n, v)
[INFO] [stderr] warning: openssl-sys@0.9.55:       |                       ^~~~~~~~
[INFO] [stderr] warning: openssl-sys@0.9.55: build/expando.c:10:1: note: in expansion of macro 'VERSION'
[INFO] [stderr] warning: openssl-sys@0.9.55:    10 | VERSION(OPENSSL, OPENSSL_VERSION_NUMBER)
[INFO] [stderr] warning: openssl-sys@0.9.55:       | ^~~~~~~
[INFO] [stderr] error: failed to run custom build command for `openssl-sys v0.9.55`
[INFO] [stderr] note: To improve backtraces for build dependencies, set the CARGO_PROFILE_RELEASE_BUILD_OVERRIDE_DEBUG=true environment variable to enable debug information generation.
[INFO] [stderr] 
[INFO] [stderr] Caused by:
[INFO] [stderr]   process didn't exit successfully: `/opt/rustwide/target/release/build/openssl-sys-04b14bde6fbc0a0e/build-script-main` (exit status: 101)
[INFO] [stderr]   --- stdout
[INFO] [stderr]   cargo:rustc-cfg=const_fn
[INFO] [stderr]   cargo:rerun-if-env-changed=X86_64_UNKNOWN_LINUX_GNU_OPENSSL_LIB_DIR
[INFO] [stderr]   X86_64_UNKNOWN_LINUX_GNU_OPENSSL_LIB_DIR unset
[INFO] [stderr]   cargo:rerun-if-env-changed=OPENSSL_LIB_DIR
[INFO] [stderr]   OPENSSL_LIB_DIR unset
[INFO] [stderr]   cargo:rerun-if-env-changed=X86_64_UNKNOWN_LINUX_GNU_OPENSSL_INCLUDE_DIR
[INFO] [stderr]   X86_64_UNKNOWN_LINUX_GNU_OPENSSL_INCLUDE_DIR unset
[INFO] [stderr]   cargo:rerun-if-env-changed=OPENSSL_INCLUDE_DIR
[INFO] [stderr]   OPENSSL_INCLUDE_DIR unset
[INFO] [stderr]   cargo:rerun-if-env-changed=X86_64_UNKNOWN_LINUX_GNU_OPENSSL_DIR
[INFO] [stderr]   X86_64_UNKNOWN_LINUX_GNU_OPENSSL_DIR unset
[INFO] [stderr]   cargo:rerun-if-env-changed=OPENSSL_DIR
[INFO] [stderr]   OPENSSL_DIR unset
[INFO] [stderr]   cargo:rustc-link-lib=ssl
[INFO] [stderr]   cargo:rustc-link-lib=crypto
[INFO] [stderr]   OPT_LEVEL = Some("3")
[INFO] [stderr]   TARGET = Some("x86_64-unknown-linux-gnu")
[INFO] [stderr]   HOST = Some("x86_64-unknown-linux-gnu")
[INFO] [stderr]   CC_x86_64-unknown-linux-gnu = None
[INFO] [stderr]   CC_x86_64_unknown_linux_gnu = None
[INFO] [stderr]   HOST_CC = None
[INFO] [stderr]   CC = None
[INFO] [stderr]   CFLAGS_x86_64-unknown-linux-gnu = None
[INFO] [stderr]   CFLAGS_x86_64_unknown_linux_gnu = None
[INFO] [stderr]   HOST_CFLAGS = None
[INFO] [stderr]   CFLAGS = None
[INFO] [stderr]   CRATE_CC_NO_DEFAULTS = None
[INFO] [stderr]   DEBUG = Some("false")
[INFO] [stderr]   CARGO_CFG_TARGET_FEATURE = Some("fxsr,sse,sse2")
[INFO] [stderr]   running: "cc" "-O3" "-ffunction-sections" "-fdata-sections" "-fPIC" "-m64" "-I" "/usr/include" "-Wall" "-Wextra" "-E" "build/expando.c"
[INFO] [stderr]   cargo:warning=build/expando.c:4:24: error: pasting "RUST_VERSION_OPENSSL_" and "(" does not give a valid preprocessing token
[INFO] [stderr]   cargo:warning=    4 | #define VERSION2(n, v) RUST_VERSION_##n##_##v
[INFO] [stderr]   cargo:warning=      |                        ^~~~~~~~~~~~~
[INFO] [stderr]   cargo:warning=build/expando.c:5:23: note: in expansion of macro 'VERSION2'
[INFO] [stderr]   cargo:warning=    5 | #define VERSION(n, v) VERSION2(n, v)
[INFO] [stderr]   cargo:warning=      |                       ^~~~~~~~
[INFO] [stderr]   cargo:warning=build/expando.c:10:1: note: in expansion of macro 'VERSION'
[INFO] [stderr]   cargo:warning=   10 | VERSION(OPENSSL, OPENSSL_VERSION_NUMBER)
[INFO] [stderr]   cargo:warning=      | ^~~~~~~
[INFO] [stderr]   exit status: 1
[INFO] [stderr] 
[INFO] [stderr]   --- stderr
[INFO] [stderr] 
[INFO] [stderr]   thread 'main' (878) panicked at /opt/rustwide/cargo-home/registry/src/index.crates.io-1949cf8c6b5b557f/openssl-sys-0.9.55/build/main.rs:138:13:
[INFO] [stderr] 
[INFO] [stderr]   Header expansion error:
[INFO] [stderr]   Error { kind: ToolExecError, message: "Command \"cc\" \"-O3\" \"-ffunction-sections\" \"-fdata-sections\" \"-fPIC\" \"-m64\" \"-I\" \"/usr/include\" \"-Wall\" \"-Wextra\" \"-E\" \"build/expando.c\" with args \"cc\" did not execute successfully (status code exit status: 1)." }
[INFO] [stderr] 
[INFO] [stderr]   Failed to find OpenSSL development headers.
[INFO] [stderr] 
[INFO] [stderr]   You can try fixing this setting the `OPENSSL_DIR` environment variable
[INFO] [stderr]   pointing to your OpenSSL installation or installing OpenSSL headers package
[INFO] [stderr]   specific to your distribution:
[INFO] [stderr] 
[INFO] [stderr]       # On Ubuntu
[INFO] [stderr]       sudo apt-get install libssl-dev
[INFO] [stderr]       # On Arch Linux
[INFO] [stderr]       sudo pacman -S openssl
[INFO] [stderr]       # On Fedora
[INFO] [stderr]       sudo dnf install openssl-devel
[INFO] [stderr] 
[INFO] [stderr]   See rust-openssl README for more information:
[INFO] [stderr] 
[INFO] [stderr]       https://github.com/sfackler/rust-openssl#linux
[INFO] [stderr] 
[INFO] [stderr]   stack backtrace:
[INFO] [stderr]      0:     0x62bbec84b631 - <<std[97b98282bc616a66]::sys::backtrace::BacktraceLock>::print::DisplayBacktrace as core[832e9a552fc17241]::fmt::Display>::fmt
[INFO] [stderr]      1:     0x62bbec85f86a - core[832e9a552fc17241]::fmt::write
[INFO] [stderr]      2:     0x62bbec8513dc - <std[97b98282bc616a66]::sys::stdio::unix::Stderr as std[97b98282bc616a66]::io::Write>::write_fmt
[INFO] [stderr]      3:     0x62bbec82cf06 - std[97b98282bc616a66]::panicking::default_hook::{closure#0}
[INFO] [stderr]      4:     0x62bbec845ed1 - std[97b98282bc616a66]::panicking::default_hook
[INFO] [stderr]      5:     0x62bbec84608b - std[97b98282bc616a66]::panicking::panic_with_hook
[INFO] [stderr]      6:     0x62bbec82cfb2 - std[97b98282bc616a66]::panicking::panic_handler::{closure#0}
[INFO] [stderr]      7:     0x62bbec8245f9 - std[97b98282bc616a66]::sys::backtrace::__rust_end_short_backtrace::<std[97b98282bc616a66]::panicking::panic_handler::{closure#0}, !>
[INFO] [stderr]      8:     0x62bbec82d84d - __rustc[e3d8617bb01b7f69]::rust_begin_unwind
[INFO] [stderr]      9:     0x62bbec85ffdc - core[832e9a552fc17241]::panicking::panic_fmt
[INFO] [stderr]     10:     0x62bbec7bd26f - build_script_main[8e061fd658357fcd]::validate_headers
[INFO] [stderr]     11:     0x62bbec7c0683 - build_script_main[8e061fd658357fcd]::find_normal::try_pkg_config
[INFO] [stderr]     12:     0x62bbec7c0a48 - build_script_main[8e061fd658357fcd]::find_normal::find_openssl_dir
[INFO] [stderr]     13:     0x62bbec7bb667 - build_script_main[8e061fd658357fcd]::find_normal::get_openssl::{closure#0}
[INFO] [stderr]     14:     0x62bbec7b97e0 - <core[832e9a552fc17241]::option::Option<std[97b98282bc616a66]::ffi::os_str::OsString>>::unwrap_or_else::<build_script_main[8e061fd658357fcd]::find_normal::get_openssl::{closure#0}>
[INFO] [stderr]     15:     0x62bbec7bff7f - build_script_main[8e061fd658357fcd]::find_normal::get_openssl
[INFO] [stderr]     16:     0x62bbec7bb73d - build_script_main[8e061fd658357fcd]::find_openssl
[INFO] [stderr]     17:     0x62bbec7bd889 - build_script_main[8e061fd658357fcd]::main
[INFO] [stderr]     18:     0x62bbec7c32e3 - <fn() as core[832e9a552fc17241]::ops::function::FnOnce<()>>::call_once
[INFO] [stderr]     19:     0x62bbec7ba296 - std[97b98282bc616a66]::sys::backtrace::__rust_begin_short_backtrace::<fn(), ()>
[INFO] [stderr]     20:     0x62bbec7baab9 - std[97b98282bc616a66]::rt::lang_start::<()>::{closure#0}
[INFO] [stderr]     21:     0x62bbec8451f7 - std[97b98282bc616a66]::rt::lang_start_internal
[INFO] [stderr]     22:     0x62bbec7ba121 - std[97b98282bc616a66]::rt::lang_start::<()>
[INFO] [stderr]     23:     0x62bbec7c3525 - main
[INFO] [stderr]     24:     0x77c22b21f601 - <unknown>
[INFO] [stderr]     25:     0x77c22b21f718 - __libc_start_main
[INFO] [stderr]     26:     0x62bbec7b9485 - _start
[INFO] [stderr]     27:                0x0 - <unknown>
[INFO] [stderr] warning: build failed, waiting for other jobs to finish...
[INFO] running `Command { std: "docker" "inspect" "95f48d41aff266223e077772a7108b0be8a0660644e6b4802c77398c5e46e462", kill_on_drop: false }`
[INFO] running `Command { std: "docker" "rm" "-f" "95f48d41aff266223e077772a7108b0be8a0660644e6b4802c77398c5e46e462", kill_on_drop: false }`
[INFO] [stdout] 95f48d41aff266223e077772a7108b0be8a0660644e6b4802c77398c5e46e462
