[INFO] cloning repository https://github.com/taqiussa/exambrosmpalfa
[INFO] running `Command { std: "git" "-c" "credential.helper=" "-c" "credential.helper=/workspace/cargo-home/bin/git-credential-null" "clone" "--bare" "https://github.com/taqiussa/exambrosmpalfa" "/workspace/cache/git-repos/https%3A%2F%2Fgithub.com%2Ftaqiussa%2Fexambrosmpalfa", kill_on_drop: false }`
[INFO] [stderr] Cloning into bare repository '/workspace/cache/git-repos/https%3A%2F%2Fgithub.com%2Ftaqiussa%2Fexambrosmpalfa'...
[INFO] running `Command { std: "git" "rev-parse" "HEAD", kill_on_drop: false }`
[INFO] [stdout] 2f5152df912767148c8238b01c4b3746a52d1981
[INFO] testing taqiussa/exambrosmpalfa against 1.98.0-beta.8+cargoflags=--release for beta-release-1.99-2
[INFO] running `Command { std: "git" "clone" "/workspace/cache/git-repos/https%3A%2F%2Fgithub.com%2Ftaqiussa%2Fexambrosmpalfa" "/workspace/builds/worker-5-tc1/source", kill_on_drop: false }`
[INFO] [stderr] Cloning into '/workspace/builds/worker-5-tc1/source'...
[INFO] [stderr] done.
[INFO] started tweaking git repo https://github.com/taqiussa/exambrosmpalfa
[INFO] finished tweaking git repo https://github.com/taqiussa/exambrosmpalfa
[INFO] tweaked toml for git repo https://github.com/taqiussa/exambrosmpalfa written to /workspace/builds/worker-5-tc1/source/Cargo.toml
[INFO] validating manifest of git repo https://github.com/taqiussa/exambrosmpalfa on toolchain 1.98.0-beta.8
[INFO] running `Command { std: CARGO_HOME="/workspace/cargo-home" RUSTUP_HOME="/workspace/rustup-home" "/workspace/cargo-home/bin/cargo" "+1.98.0-beta.8" "metadata" "--manifest-path" "Cargo.toml" "--no-deps", kill_on_drop: false }`
[INFO] crate git repo https://github.com/taqiussa/exambrosmpalfa already has a lockfile, it will not be regenerated
[INFO] running `Command { std: CARGO_HOME="/workspace/cargo-home" RUSTUP_HOME="/workspace/rustup-home" "/workspace/cargo-home/bin/cargo" "+1.98.0-beta.8" "fetch" "--manifest-path" "Cargo.toml", kill_on_drop: false }`
[INFO] [stderr]     Updating crates.io index
[INFO] [stderr]  Downloading crates ...
[INFO] [stderr]   Downloaded webview2-com-macros v0.7.0
[INFO] [stderr]   Downloaded webview2-com v0.30.0
[INFO] [stderr]   Downloaded servo_arc v0.1.1
[INFO] [stderr]   Downloaded wry v0.40.1
[INFO] [stderr]   Downloaded thin-slice v0.1.1
[INFO] [stderr]   Downloaded phf_codegen v0.8.0
[INFO] [stderr]   Downloaded phf_shared v0.8.0
[INFO] [stderr]   Downloaded phf_generator v0.8.0
[INFO] [stderr]   Downloaded webkit2gtk-sys v2.0.1
[INFO] [stderr]   Downloaded kuchikiki v0.8.2
[INFO] [stderr]   Downloaded phf v0.8.0
[INFO] [stderr]   Downloaded phf_macros v0.8.0
[INFO] [stderr]   Downloaded selectors v0.22.0
[INFO] [stderr]   Downloaded webkit2gtk v2.0.1
[INFO] [stderr]   Downloaded cssparser v0.27.2
[INFO] [stderr]   Downloaded dlopen2 v0.7.0
[INFO] [stderr]   Downloaded tao v0.28.1
[INFO] [stderr]   Downloaded webview2-com-sys v0.30.0
[INFO] running `Command { std: "docker" "create" "-v" "/var/lib/crater-agent-workspace/builds/worker-5-tc1/source:/opt/rustwide/workdir:ro,Z" "-v" "/var/lib/crater-agent-workspace/builds/worker-5-tc1/target:/opt/rustwide/target:rw,Z" "-v" "/var/lib/crater-agent-workspace/cargo-home:/opt/rustwide/cargo-home:ro,Z" "-v" "/var/lib/crater-agent-workspace/rustup-home:/opt/rustwide/rustup-home:ro,Z" "-m" "1610612736" "--network" "none" "ghcr.io/rust-lang/crates-build-env/linux@sha256:8683fc1fc2eb5c9ac98e0d076ab094b2ffac7f99da555d2b6a2e27f346de2ec7" "sleep" "infinity", kill_on_drop: false }`
[INFO] [stdout] ddb86ae7477852053ccb714e955d7fdde7d85a1a54749ad2fc3cf9111eb37918
[INFO] running `Command { std: "docker" "start" "ddb86ae7477852053ccb714e955d7fdde7d85a1a54749ad2fc3cf9111eb37918", kill_on_drop: false }`
[INFO] running `Command { std: "docker" "inspect" "ddb86ae7477852053ccb714e955d7fdde7d85a1a54749ad2fc3cf9111eb37918", kill_on_drop: false }`
[INFO] running `Command { std: "docker" "exec" "-e" "SOURCE_DIR=/opt/rustwide/workdir" "-e" "CARGO_HOME=/opt/rustwide/cargo-home" "-e" "RUSTUP_HOME=/opt/rustwide/rustup-home" "-e" "CARGO_TARGET_DIR=/opt/rustwide/target" "-w" "/opt/rustwide/workdir" "--user" "0:0" "ddb86ae7477852053ccb714e955d7fdde7d85a1a54749ad2fc3cf9111eb37918" "/opt/rustwide/cargo-home/bin/cargo" "+1.98.0-beta.8" "metadata" "--no-deps" "--format-version=1", kill_on_drop: false }`
[INFO] running `Command { std: "docker" "inspect" "ddb86ae7477852053ccb714e955d7fdde7d85a1a54749ad2fc3cf9111eb37918", kill_on_drop: false }`
[INFO] running `Command { std: "docker" "exec" "-e" "SOURCE_DIR=/opt/rustwide/workdir" "-e" "CARGO_HOME=/opt/rustwide/cargo-home" "-e" "RUSTUP_HOME=/opt/rustwide/rustup-home" "-e" "CARGO_TARGET_DIR=/opt/rustwide/target" "-e" "CARGO_INCREMENTAL=0" "-e" "RUST_BACKTRACE=full" "-e" "RUSTFLAGS=--cap-lints=warn" "-e" "RUSTDOCFLAGS=--cap-lints=warn" "-w" "/opt/rustwide/workdir" "--user" "0:0" "ddb86ae7477852053ccb714e955d7fdde7d85a1a54749ad2fc3cf9111eb37918" "/opt/rustwide/cargo-home/bin/cargo" "+1.98.0-beta.8" "build" "--frozen" "--message-format=json" "--release", kill_on_drop: false }`
[INFO] [stderr]    Compiling serde_core v1.0.228
[INFO] [stderr]    Compiling serde v1.0.228
[INFO] [stderr]    Compiling equivalent v1.0.2
[INFO] [stderr]    Compiling hashbrown v0.16.1
[INFO] [stderr]    Compiling winnow v0.5.40
[INFO] [stderr]    Compiling target-lexicon v0.12.16
[INFO] [stderr]    Compiling smallvec v1.15.1
[INFO] [stderr]    Compiling version-compare v0.2.1
[INFO] [stderr]    Compiling heck v0.5.0
[INFO] [stderr]    Compiling unicode-ident v1.0.23
[INFO] [stderr]    Compiling quote v1.0.44
[INFO] [stderr]    Compiling libc v0.2.181
[INFO] [stderr]    Compiling proc-macro2 v1.0.106
[INFO] [stderr]    Compiling proc-macro-error-attr v1.0.4
[INFO] [stderr]    Compiling cfg-expr v0.15.8
[INFO] [stderr]    Compiling syn v1.0.109
[INFO] [stderr]    Compiling proc-macro-error v1.0.4
[INFO] [stderr]    Compiling futures-core v0.3.31
[INFO] [stderr]    Compiling slab v0.4.12
[INFO] [stderr]    Compiling indexmap v2.13.0
[INFO] [stderr]    Compiling thiserror v1.0.69
[INFO] [stderr]    Compiling futures-channel v0.3.31
[INFO] [stderr]    Compiling stable_deref_trait v1.2.1
[INFO] [stderr]    Compiling bitflags v2.10.0
[INFO] [stderr]    Compiling syn v2.0.115
[INFO] [stderr]    Compiling memchr v2.8.0
[INFO] [stderr]    Compiling gio v0.18.4
[INFO] [stderr]    Compiling futures-io v0.3.31
[INFO] [stderr]    Compiling semver v1.0.27
[INFO] [stderr]    Compiling litemap v0.8.1
[INFO] [stderr]    Compiling writeable v0.6.2
[INFO] [stderr]    Compiling rustc_version v0.4.1
[INFO] [stderr]    Compiling memoffset v0.9.1
[INFO] [stderr]    Compiling icu_normalizer_data v2.1.1
[INFO] [stderr]    Compiling icu_properties_data v2.1.2
[INFO] [stderr]    Compiling field-offset v0.3.6
[INFO] [stderr]    Compiling x11 v2.21.0
[INFO] [stderr]    Compiling once_cell v1.21.3
[INFO] [stderr]    Compiling windows_x86_64_gnu v0.52.6
[INFO] [stderr]    Compiling gtk v0.18.2
[INFO] [stderr]    Compiling x11-dl v2.21.0
[INFO] [stderr]    Compiling crossbeam-utils v0.8.21
[INFO] [stderr]    Compiling windows-targets v0.52.6
[INFO] [stderr]    Compiling windows-result v0.1.2
[INFO] [stderr]    Compiling parking_lot_core v0.9.12
[INFO] [stderr]    Compiling form_urlencoded v1.2.2
[INFO] [stderr]    Compiling itoa v1.0.17
[INFO] [stderr]    Compiling wry v0.40.1
[INFO] [stderr]    Compiling anyhow v1.0.101
[INFO] [stderr]    Compiling bytes v1.11.1
[INFO] [stderr]    Compiling dpi v0.1.2
[INFO] [stderr]    Compiling crossbeam-channel v0.5.15
[INFO] [stderr]    Compiling parking_lot v0.12.5
[INFO] [stderr]    Compiling instant v0.1.13
[INFO] [stderr]    Compiling log v0.4.29
[INFO] [stderr]    Compiling http v1.4.0
[INFO] [stderr]    Compiling toml_datetime v0.6.3
[INFO] [stderr]    Compiling serde_spanned v0.6.9
[INFO] [stderr]    Compiling toml v0.5.11
[INFO] [stderr]    Compiling toml_edit v0.20.2
[INFO] [stderr]    Compiling toml_edit v0.19.15
[INFO] [stderr]    Compiling winres v0.1.12
[INFO] [stderr]    Compiling smpalfa v0.1.0 (/opt/rustwide/workdir)
[INFO] [stderr]    Compiling synstructure v0.13.2
[INFO] [stderr]    Compiling proc-macro-crate v1.3.1
[INFO] [stderr]    Compiling futures-macro v0.3.31
[INFO] [stderr]    Compiling zerofrom-derive v0.1.6
[INFO] [stderr]    Compiling thiserror-impl v1.0.69
[INFO] [stderr]    Compiling yoke-derive v0.8.1
[INFO] [stderr]    Compiling zerovec-derive v0.11.2
[INFO] [stderr]    Compiling displaydoc v0.2.5
[INFO] [stderr]    Compiling toml v0.8.2
[INFO] [stderr]    Compiling futures-util v0.3.31
[INFO] [stderr]    Compiling proc-macro-crate v2.0.2
[INFO] [stderr]    Compiling system-deps v6.2.2
[INFO] [stderr]    Compiling zerofrom v0.1.6
[INFO] [stderr]    Compiling yoke v0.8.1
[INFO] [stderr]    Compiling gtk3-macros v0.18.2
[INFO] [stderr]    Compiling zerotrie v0.2.3
[INFO] [stderr]    Compiling windows-interface v0.57.0
[INFO] [stderr]    Compiling zerovec v0.11.5
[INFO] [stderr]    Compiling windows-implement v0.57.0
[INFO] [stderr]    Compiling glib-macros v0.18.5
[INFO] [stderr]    Compiling dlopen2_derive v0.4.3
[INFO] [stderr]    Compiling glib-sys v0.18.1
[INFO] [stderr]    Compiling gobject-sys v0.18.0
[INFO] [stderr]    Compiling gio-sys v0.18.1
[INFO] [stderr]    Compiling gdk-sys v0.18.2
[INFO] [stderr]    Compiling pango-sys v0.18.0
[INFO] [stderr]    Compiling cairo-sys-rs v0.18.2
[INFO] [stderr]    Compiling gdk-pixbuf-sys v0.18.0
[INFO] [stderr]    Compiling atk-sys v0.18.2
[INFO] [stderr]    Compiling gtk-sys v0.18.2
[INFO] [stderr]    Compiling tinystr v0.8.2
[INFO] [stderr]    Compiling potential_utf v0.1.4
[INFO] [stderr]    Compiling icu_locale_core v2.1.1
[INFO] [stderr]    Compiling icu_collections v2.1.1
[INFO] [stderr]    Compiling soup3-sys v0.5.0
[INFO] [stderr]    Compiling futures-executor v0.3.31
[INFO] [stderr]    Compiling javascriptcore-rs-sys v1.1.1
[INFO] [stderr]    Compiling gdkx11-sys v0.18.2
[INFO] [stderr]    Compiling webkit2gtk-sys v2.0.1
[INFO] [stderr]    Compiling icu_provider v2.1.1
[INFO] [stderr]    Compiling icu_properties v2.1.2
[INFO] [stderr]    Compiling icu_normalizer v2.1.1
[INFO] [stderr]    Compiling gdkwayland-sys v0.18.2
[INFO] [stderr]    Compiling dlopen2 v0.7.0
[INFO] [stderr]    Compiling windows-core v0.57.0
[INFO] [stderr]    Compiling glib v0.18.5
[INFO] [stderr]    Compiling idna_adapter v1.2.1
[INFO] [stderr]    Compiling idna v1.1.0
[INFO] [stderr]    Compiling url v2.5.8
[INFO] [stderr]    Compiling windows v0.57.0
[INFO] [stderr]    Compiling cairo-rs v0.18.5
[INFO] [stderr]    Compiling atk v0.18.2
[INFO] [stderr]    Compiling javascriptcore-rs v1.1.2
[INFO] [stderr]    Compiling gdk-pixbuf v0.18.5
[INFO] [stderr]    Compiling pango v0.18.3
[INFO] [stderr]    Compiling soup3 v0.5.0
[INFO] [stderr]    Compiling gdk v0.18.2
[INFO] [stderr]    Compiling gdkx11 v0.18.2
[INFO] [stderr]    Compiling webkit2gtk v2.0.1
[INFO] [stderr]    Compiling tao v0.28.1
[INFO] [stdout] error: linking with `cc` failed: exit status: 1
[INFO] [stdout]   |
[INFO] [stdout]   = note:  "cc" "-m64" "/opt/rustwide/target/release/deps/rustcwhDGFi/symbols.o" "<17 object files omitted>" "-Wl,--as-needed" "-Wl,-Bstatic" "/opt/rustwide/target/release/deps/{libwry-0e89e6eedfbc2b88,libwebkit2gtk-20872ad50f70af5d,libsoup-247f5f64384b92da,libwebkit2gtk_sys-889117b8a7e55dd5,libsoup3_sys-7c1b014c4a123e3f,libjavascriptcore-d54c1dd516136c67,libjavascriptcore_rs_sys-99227eee4f56d24e,libhttp-f544f9bce4deed7c,libitoa-e7338abb6ca85e31,libbytes-4eeb723b82a97eeb,libgdkx11-04d5555e5fa1913b,libwindows-9e57cd9e8c5048ec,libwindows_core-a61aa95700ae9ec5,libwindows_result-b75ade87d2b58bc3,libwindows_targets-0f401e3ca27b07b6,libtao-d056582cde57349d,libgdk_x11_sys-640dd267974ea834,libx11-119ed4f45343339c,libgdk_wayland_sys-cf7b282dd9f828e0,liburl-5ebce7cfda6f6513,libidna-1e445cc90f36bbff,libutf8_iter-050834cd1b25caa4,libidna_adapter-cccd8875e8602195,libicu_properties-21e38b23e74b14ea,libicu_properties_data-f70733ada46899c6,libicu_normalizer-278ed85c2c79f623,libicu_normalizer_data-c2e93120ad654ffd,libicu_collections-b6f56309f5451385,libpotential_utf-ac835945793d3ac3,libicu_provider-3a3e987603c4c85c,libicu_locale_core-5eb641ce0b630e55,libtinystr-48646ee75653f228,liblitemap-04068225f61d60c6,libwriteable-82ffe1f15312b9f8,libzerovec-20ac24b8db914a9c,libzerotrie-14779b090895599a,libyoke-22358c73c0eb4243,libstable_deref_trait-1fabeba25560deaf,libzerofrom-407bb5ecbbec00f1,libform_urlencoded-016366c6c4d6389e,libpercent_encoding-6ee9e8dd7e10ccaa,libparking_lot-fc7cdff21ba0f7a6,libparking_lot_core-a797fb516c974a46,liblock_api-0c6a3406bef68330,libscopeguard-5f9373ec660020b4,libdlopen2-cf8663bb765300b2,libcrossbeam_channel-05572b463b2a1f6d,libcrossbeam_utils-dfae1366581d5be5,libx11_dl-a17f43c45504c935,libgtk-c73c602b9654f893,libfield_offset-abed0be4eec00ccc,libmemoffset-f78b5bb6cb58d3d0,libgdk-1e5a663e806ba4a7,libpango-7f8802d766dff97d,libgdk_pixbuf-211cf0f4444b1459,libgio-f80e8a6de1189e5c,libfutures_io-19ff2883c7873987,libcairo-d359fb6face968ec,libatk-d8dc397bfac89e0a,libglib-88053fcca4f087d0,libfutures_executor-2bb04cbab54074df,libmemchr-67bd3f6c39c2c1d0,libsmallvec-cceb5f276923f9ef,libthiserror-edc43425d5b7c179,libfutures_util-806766c682184569,libslab-fc33110460bc6c9a,libpin_project_lite-a042d89c9815bfb5,libpin_utils-bd5b26767cd4a338,libfutures_task-4b529e0327c731b5,libfutures_channel-7bc2678135ec805b,libfutures_core-5adffef6bac868a8,libonce_cell-35d4cc1b6bbf4e72,libgtk_sys-90f83d61a70da5e8,libatk_sys-3ca93d2a65bf0431,libgdk_sys-d2541faeb29efd67,libpango_sys-df7133650332736b,libgdk_pixbuf_sys-ff52ed74f34501f1,libgio_sys-e6778feed70aaf3e,libcairo_sys-c224c03791c93072,libgobject_sys-cc3892105fb86514,libglib_sys-cdc956ad9cebcd59,liblibc-7e6a8b94f917411a,libinstant-c69aba7c0fd421b5,libcfg_if-6d8dca19095bb388,libdpi-9f97fb09bfd68738,libraw_window_handle-afe0a38bc301a9c7,libbitflags-8de73b99f8fb1681,liblog-e86fe1484206d3e6,liblazy_static-fdd6af0286056ca3,libanyhow-d788e39926d16bf1}.rlib" "<sysroot>/lib/rustlib/x86_64-unknown-linux-gnu/lib/{libstd-*,libpanic_unwind-*,libobject-*,libmemchr-*,libaddr2line-*,libgimli-*,libcfg_if-*,librustc_demangle-*,libstd_detect-*,libhashbrown-*,librustc_std_workspace_alloc-*,libminiz_oxide-*,libadler2-*,libunwind-*,liblibc-*,librustc_std_workspace_core-*,liballoc-*,libcore-*,libcompiler_builtins-*}.rlib" "-Wl,-Bdynamic" "-lwebkit2gtk-4.1" "-lgtk-3" "-lgdk-3" "-lpangocairo-1.0" "-lcairo-gobject" "-lgdk_pixbuf-2.0" "-latk-1.0" "-lpango-1.0" "-lcairo" "-lharfbuzz" "-lsoup-3.0" "-lgio-2.0" "-lgmodule-2.0" "-lz" "-ljavascriptcoregtk-4.1" "-lgobject-2.0" "-lglib-2.0" "-lsoup-3.0" "-lgio-2.0" "-lgobject-2.0" "-lgmodule-2.0" "-lglib-2.0" "-ljavascriptcoregtk-4.1" "-lgobject-2.0" "-lglib-2.0" "-lgdk-3" "-lpangocairo-1.0" "-lpango-1.0" "-lharfbuzz" "-lgdk_pixbuf-2.0" "-lcairo-gobject" "-lgobject-2.0" "-lglib-2.0" "-lcairo" "-lz" "-ldl" "-lgobject-2.0" "-lgtk-3" "-lgdk-3" "-lpangocairo-1.0" "-lcairo-gobject" "-lgdk_pixbuf-2.0" "-latk-1.0" "-lpango-1.0" "-lcairo" "-lharfbuzz" "-lgio-2.0" "-lgobject-2.0" "-lglib-2.0" "-lz" "-latk-1.0" "-lgobject-2.0" "-lglib-2.0" "-lgdk-3" "-lpangocairo-1.0" "-lpango-1.0" "-lharfbuzz" "-lgdk_pixbuf-2.0" "-lcairo-gobject" "-lgobject-2.0" "-lglib-2.0" "-lcairo" "-lz" "-lpango-1.0" "-lharfbuzz" "-lgobject-2.0" "-lglib-2.0" "-lgdk_pixbuf-2.0" "-lgobject-2.0" "-lglib-2.0" "-lgio-2.0" "-lgobject-2.0" "-lglib-2.0" "-lcairo-gobject" "-lcairo" "-lgobject-2.0" "-lglib-2.0" "-lgobject-2.0" "-lglib-2.0" "-lgobject-2.0" "-lglib-2.0" "-lgcc_s" "-lutil" "-lrt" "-lpthread" "-lm" "-ldl" "-lc" "-L" "/opt/rustwide/target/release/deps/rustcwhDGFi/raw-dylibs" "-B<sysroot>/lib/rustlib/x86_64-unknown-linux-gnu/bin/gcc-ld" "-fuse-ld=lld" "-Wl,--eh-frame-hdr" "-Wl,-z,noexecstack" "-L" "/opt/rustwide/cargo-home/registry/src/index.crates.io-1949cf8c6b5b557f/windows_x86_64_gnu-0.52.6/lib" "-L" "<sysroot>/lib/rustlib/x86_64-unknown-linux-gnu/lib" "-o" "/opt/rustwide/target/release/deps/smpalfa-86332fc1717a87fd" "-Wl,--gc-sections" "-pie" "-Wl,-z,relro,-z,now" "-Wl,-O1" "-Wl,--strip-debug" "-nodefaultlibs"
[INFO] [stdout]   = note: some arguments are omitted. use `--verbose` to show all linker arguments
[INFO] [stdout]   = note: rust-lld: error: undefined symbol: FindWindowW
[INFO] [stdout]           >>> referenced by smpalfa.4c832bdc0813bc50-cgu.06
[INFO] [stdout]           >>>               /opt/rustwide/target/release/deps/smpalfa-86332fc1717a87fd.smpalfa.4c832bdc0813bc50-cgu.06.rcgu.o:(smpalfa::restore_taskbar)
[INFO] [stdout]           >>> referenced by smpalfa.4c832bdc0813bc50-cgu.06
[INFO] [stdout]           >>>               /opt/rustwide/target/release/deps/smpalfa-86332fc1717a87fd.smpalfa.4c832bdc0813bc50-cgu.06.rcgu.o:(smpalfa::main)
[INFO] [stdout]           >>> referenced by smpalfa.4c832bdc0813bc50-cgu.06
[INFO] [stdout]           >>>               /opt/rustwide/target/release/deps/smpalfa-86332fc1717a87fd.smpalfa.4c832bdc0813bc50-cgu.06.rcgu.o:(smpalfa::main)
[INFO] [stdout]           >>> referenced 1 more times
[INFO] [stdout]           
[INFO] [stdout]           rust-lld: error: undefined symbol: ShowWindow
[INFO] [stdout]           >>> referenced by smpalfa.4c832bdc0813bc50-cgu.06
[INFO] [stdout]           >>>               /opt/rustwide/target/release/deps/smpalfa-86332fc1717a87fd.smpalfa.4c832bdc0813bc50-cgu.06.rcgu.o:(smpalfa::restore_taskbar)
[INFO] [stdout]           >>> referenced by smpalfa.4c832bdc0813bc50-cgu.06
[INFO] [stdout]           >>>               /opt/rustwide/target/release/deps/smpalfa-86332fc1717a87fd.smpalfa.4c832bdc0813bc50-cgu.06.rcgu.o:(smpalfa::main)
[INFO] [stdout]           >>> referenced by smpalfa.4c832bdc0813bc50-cgu.06
[INFO] [stdout]           >>>               /opt/rustwide/target/release/deps/smpalfa-86332fc1717a87fd.smpalfa.4c832bdc0813bc50-cgu.06.rcgu.o:(smpalfa::main)
[INFO] [stdout]           >>> referenced 1 more times
[INFO] [stdout]           
[INFO] [stdout]           rust-lld: error: undefined symbol: CallNextHookEx
[INFO] [stdout]           >>> referenced by smpalfa.4c832bdc0813bc50-cgu.06
[INFO] [stdout]           >>>               /opt/rustwide/target/release/deps/smpalfa-86332fc1717a87fd.smpalfa.4c832bdc0813bc50-cgu.06.rcgu.o:(smpalfa::low_level_keyboard_proc)
[INFO] [stdout]           
[INFO] [stdout]           rust-lld: error: undefined symbol: UnhookWindowsHookEx
[INFO] [stdout]           >>> referenced by smpalfa.4c832bdc0813bc50-cgu.06
[INFO] [stdout]           >>>               /opt/rustwide/target/release/deps/smpalfa-86332fc1717a87fd.smpalfa.4c832bdc0813bc50-cgu.06.rcgu.o:(smpalfa::uninstall_keyboard_hook)
[INFO] [stdout]           >>> referenced by smpalfa.4c832bdc0813bc50-cgu.06
[INFO] [stdout]           >>>               /opt/rustwide/target/release/deps/smpalfa-86332fc1717a87fd.smpalfa.4c832bdc0813bc50-cgu.06.rcgu.o:(smpalfa::main)
[INFO] [stdout]           >>> referenced by smpalfa.4c832bdc0813bc50-cgu.08
[INFO] [stdout]           >>>               /opt/rustwide/target/release/deps/smpalfa-86332fc1717a87fd.smpalfa.4c832bdc0813bc50-cgu.08.rcgu.o:(smpalfa::run::{closure#0})
[INFO] [stdout]           
[INFO] [stdout]           rust-lld: error: undefined symbol: SetWindowsHookExW
[INFO] [stdout]           >>> referenced by smpalfa.4c832bdc0813bc50-cgu.06
[INFO] [stdout]           >>>               /opt/rustwide/target/release/deps/smpalfa-86332fc1717a87fd.smpalfa.4c832bdc0813bc50-cgu.06.rcgu.o:(smpalfa::main)
[INFO] [stdout]           
[INFO] [stdout]           rust-lld: error: undefined symbol: GetProcessHeap
[INFO] [stdout]           >>> referenced by windows_result.8ef15b77359b391a-cgu.0
[INFO] [stdout]           >>>               windows_result-b75ade87d2b58bc3.windows_result.8ef15b77359b391a-cgu.0.rcgu.o:(core::ptr::drop_glue::<windows_result::strings::HeapString>) in archive /opt/rustwide/target/release/deps/libwindows_result-b75ade87d2b58bc3.rlib
[INFO] [stdout]           >>> referenced by windows_result.8ef15b77359b391a-cgu.0
[INFO] [stdout]           >>>               windows_result-b75ade87d2b58bc3.windows_result.8ef15b77359b391a-cgu.0.rcgu.o:(<windows_result::hresult::HRESULT>::message) in archive /opt/rustwide/target/release/deps/libwindows_result-b75ade87d2b58bc3.rlib
[INFO] [stdout]           
[INFO] [stdout]           rust-lld: error: undefined symbol: HeapFree
[INFO] [stdout]           >>> referenced by windows_result.8ef15b77359b391a-cgu.0
[INFO] [stdout]           >>>               windows_result-b75ade87d2b58bc3.windows_result.8ef15b77359b391a-cgu.0.rcgu.o:(core::ptr::drop_glue::<windows_result::strings::HeapString>) in archive /opt/rustwide/target/release/deps/libwindows_result-b75ade87d2b58bc3.rlib
[INFO] [stdout]           >>> referenced by windows_result.8ef15b77359b391a-cgu.0
[INFO] [stdout]           >>>               windows_result-b75ade87d2b58bc3.windows_result.8ef15b77359b391a-cgu.0.rcgu.o:(<windows_result::hresult::HRESULT>::message) in archive /opt/rustwide/target/release/deps/libwindows_result-b75ade87d2b58bc3.rlib
[INFO] [stdout]           
[INFO] [stdout]           rust-lld: error: undefined symbol: GetLastError
[INFO] [stdout]           >>> referenced by windows_result.8ef15b77359b391a-cgu.0
[INFO] [stdout]           >>>               windows_result-b75ade87d2b58bc3.windows_result.8ef15b77359b391a-cgu.0.rcgu.o:(<windows_result::error::Error>::from_win32) in archive /opt/rustwide/target/release/deps/libwindows_result-b75ade87d2b58bc3.rlib
[INFO] [stdout]           
[INFO] [stdout]           rust-lld: error: undefined symbol: SysFreeString
[INFO] [stdout]           >>> referenced by windows_result.8ef15b77359b391a-cgu.0
[INFO] [stdout]           >>>               windows_result-b75ade87d2b58bc3.windows_result.8ef15b77359b391a-cgu.0.rcgu.o:(<windows_result::error::Error>::message) in archive /opt/rustwide/target/release/deps/libwindows_result-b75ade87d2b58bc3.rlib
[INFO] [stdout]           >>> referenced by windows_result.8ef15b77359b391a-cgu.0
[INFO] [stdout]           >>>               windows_result-b75ade87d2b58bc3.windows_result.8ef15b77359b391a-cgu.0.rcgu.o:(<windows_result::error::Error>::message) in archive /opt/rustwide/target/release/deps/libwindows_result-b75ade87d2b58bc3.rlib
[INFO] [stdout]           >>> referenced by windows_result.8ef15b77359b391a-cgu.0
[INFO] [stdout]           >>>               windows_result-b75ade87d2b58bc3.windows_result.8ef15b77359b391a-cgu.0.rcgu.o:(<windows_result::error::Error>::message) in archive /opt/rustwide/target/release/deps/libwindows_result-b75ade87d2b58bc3.rlib
[INFO] [stdout]           >>> referenced 2 more times
[INFO] [stdout]           
[INFO] [stdout]           rust-lld: error: undefined symbol: SysStringLen
[INFO] [stdout]           >>> referenced by windows_result.8ef15b77359b391a-cgu.0
[INFO] [stdout]           >>>               windows_result-b75ade87d2b58bc3.windows_result.8ef15b77359b391a-cgu.0.rcgu.o:(<windows_result::error::Error>::message) in archive /opt/rustwide/target/release/deps/libwindows_result-b75ade87d2b58bc3.rlib
[INFO] [stdout]           >>> referenced by windows_result.8ef15b77359b391a-cgu.0
[INFO] [stdout]           >>>               windows_result-b75ade87d2b58bc3.windows_result.8ef15b77359b391a-cgu.0.rcgu.o:(<windows_result::error::Error>::message) in archive /opt/rustwide/target/release/deps/libwindows_result-b75ade87d2b58bc3.rlib
[INFO] [stdout]           >>> referenced by windows_result.8ef15b77359b391a-cgu.0
[INFO] [stdout]           >>>               windows_result-b75ade87d2b58bc3.windows_result.8ef15b77359b391a-cgu.0.rcgu.o:(<windows_result::error::Error>::message) in archive /opt/rustwide/target/release/deps/libwindows_result-b75ade87d2b58bc3.rlib
[INFO] [stdout]           >>> referenced 1 more times
[INFO] [stdout]           
[INFO] [stdout]           rust-lld: error: undefined symbol: LoadLibraryExA
[INFO] [stdout]           >>> referenced by windows_result.8ef15b77359b391a-cgu.0
[INFO] [stdout]           >>>               windows_result-b75ade87d2b58bc3.windows_result.8ef15b77359b391a-cgu.0.rcgu.o:(<windows_result::hresult::HRESULT>::message) in archive /opt/rustwide/target/release/deps/libwindows_result-b75ade87d2b58bc3.rlib
[INFO] [stdout]           
[INFO] [stdout]           rust-lld: error: undefined symbol: FormatMessageW
[INFO] [stdout]           >>> referenced by windows_result.8ef15b77359b391a-cgu.0
[INFO] [stdout]           >>>               windows_result-b75ade87d2b58bc3.windows_result.8ef15b77359b391a-cgu.0.rcgu.o:(<windows_result::hresult::HRESULT>::message) in archive /opt/rustwide/target/release/deps/libwindows_result-b75ade87d2b58bc3.rlib
[INFO] [stdout]           collect2: error: ld returned 1 exit status
[INFO] [stdout]           
[INFO] [stdout] 
[INFO] [stdout] 
[INFO] [stderr] error: could not compile `smpalfa` (bin "smpalfa") due to 1 previous error
[INFO] running `Command { std: "docker" "inspect" "ddb86ae7477852053ccb714e955d7fdde7d85a1a54749ad2fc3cf9111eb37918", kill_on_drop: false }`
[INFO] running `Command { std: "docker" "rm" "-f" "ddb86ae7477852053ccb714e955d7fdde7d85a1a54749ad2fc3cf9111eb37918", kill_on_drop: false }`
[INFO] [stdout] ddb86ae7477852053ccb714e955d7fdde7d85a1a54749ad2fc3cf9111eb37918
