[INFO] cloning repository https://github.com/odaata/marketplace
[INFO] running `Command { std: "git" "-c" "credential.helper=" "-c" "credential.helper=/workspace/cargo-home/bin/git-credential-null" "clone" "--bare" "https://github.com/odaata/marketplace" "/workspace/cache/git-repos/https%3A%2F%2Fgithub.com%2Fodaata%2Fmarketplace", kill_on_drop: false }`
[INFO] [stderr] Cloning into bare repository '/workspace/cache/git-repos/https%3A%2F%2Fgithub.com%2Fodaata%2Fmarketplace'...
[INFO] running `Command { std: "git" "rev-parse" "HEAD", kill_on_drop: false }`
[INFO] [stdout] 68d9c48509cd4bd0f80506306dd50eebe16dbea4
[INFO] testing odaata/marketplace against 1.99.0-beta.1+cargoflags=--release for beta-release-1.99-2
[INFO] running `Command { std: "git" "clone" "/workspace/cache/git-repos/https%3A%2F%2Fgithub.com%2Fodaata%2Fmarketplace" "/workspace/builds/worker-4-tc2/source", kill_on_drop: false }`
[INFO] [stderr] Cloning into '/workspace/builds/worker-4-tc2/source'...
[INFO] [stderr] done.
[INFO] started tweaking git repo https://github.com/odaata/marketplace
[INFO] finished tweaking git repo https://github.com/odaata/marketplace
[INFO] tweaked toml for git repo https://github.com/odaata/marketplace written to /workspace/builds/worker-4-tc2/source/Cargo.toml
[INFO] validating manifest of git repo https://github.com/odaata/marketplace on toolchain 1.99.0-beta.1
[INFO] running `Command { std: CARGO_HOME="/workspace/cargo-home" RUSTUP_HOME="/workspace/rustup-home" "/workspace/cargo-home/bin/cargo" "+1.99.0-beta.1" "metadata" "--manifest-path" "Cargo.toml" "--no-deps", kill_on_drop: false }`
[INFO] crate git repo https://github.com/odaata/marketplace already has a lockfile, it will not be regenerated
[INFO] running `Command { std: CARGO_HOME="/workspace/cargo-home" RUSTUP_HOME="/workspace/rustup-home" "/workspace/cargo-home/bin/cargo" "+1.99.0-beta.1" "fetch" "--manifest-path" "Cargo.toml", kill_on_drop: false }`
[INFO] running `Command { std: "docker" "create" "-v" "/var/lib/crater-agent-workspace/builds/worker-4-tc2/source:/opt/rustwide/workdir:ro,Z" "-v" "/var/lib/crater-agent-workspace/builds/worker-4-tc2/target:/opt/rustwide/target:rw,Z" "-v" "/var/lib/crater-agent-workspace/cargo-home:/opt/rustwide/cargo-home:ro,Z" "-v" "/var/lib/crater-agent-workspace/rustup-home:/opt/rustwide/rustup-home:ro,Z" "-m" "1610612736" "--network" "none" "ghcr.io/rust-lang/crates-build-env/linux@sha256:8683fc1fc2eb5c9ac98e0d076ab094b2ffac7f99da555d2b6a2e27f346de2ec7" "sleep" "infinity", kill_on_drop: false }`
[INFO] [stdout] 3269755fa3febdbf4c9ffff727d3c4c444b5362ed1fe0d670237e4ab071c9c7c
[INFO] running `Command { std: "docker" "start" "3269755fa3febdbf4c9ffff727d3c4c444b5362ed1fe0d670237e4ab071c9c7c", kill_on_drop: false }`
[INFO] running `Command { std: "docker" "inspect" "3269755fa3febdbf4c9ffff727d3c4c444b5362ed1fe0d670237e4ab071c9c7c", kill_on_drop: false }`
[INFO] running `Command { std: "docker" "exec" "-e" "SOURCE_DIR=/opt/rustwide/workdir" "-e" "CARGO_HOME=/opt/rustwide/cargo-home" "-e" "RUSTUP_HOME=/opt/rustwide/rustup-home" "-e" "CARGO_TARGET_DIR=/opt/rustwide/target" "-w" "/opt/rustwide/workdir" "--user" "0:0" "3269755fa3febdbf4c9ffff727d3c4c444b5362ed1fe0d670237e4ab071c9c7c" "/opt/rustwide/cargo-home/bin/cargo" "+1.99.0-beta.1" "metadata" "--no-deps" "--format-version=1", kill_on_drop: false }`
[INFO] running `Command { std: "docker" "inspect" "3269755fa3febdbf4c9ffff727d3c4c444b5362ed1fe0d670237e4ab071c9c7c", kill_on_drop: false }`
[INFO] running `Command { std: "docker" "exec" "-e" "SOURCE_DIR=/opt/rustwide/workdir" "-e" "CARGO_HOME=/opt/rustwide/cargo-home" "-e" "RUSTUP_HOME=/opt/rustwide/rustup-home" "-e" "CARGO_TARGET_DIR=/opt/rustwide/target" "-e" "CARGO_INCREMENTAL=0" "-e" "RUST_BACKTRACE=full" "-e" "RUSTFLAGS=--cap-lints=warn" "-e" "RUSTDOCFLAGS=--cap-lints=warn" "-w" "/opt/rustwide/workdir" "--user" "0:0" "3269755fa3febdbf4c9ffff727d3c4c444b5362ed1fe0d670237e4ab071c9c7c" "/opt/rustwide/cargo-home/bin/cargo" "+1.99.0-beta.1" "build" "--frozen" "--message-format=json" "--release", kill_on_drop: false }`
[INFO] [stderr]    Compiling cfg-if v1.0.1
[INFO] [stderr]    Compiling libc v0.2.174
[INFO] [stderr]    Compiling subtle v2.6.1
[INFO] [stderr]    Compiling zerocopy v0.8.26
[INFO] [stderr]    Compiling hashbrown v0.15.4
[INFO] [stderr]    Compiling toml_datetime v0.6.11
[INFO] [stderr]    Compiling winnow v0.7.12
[INFO] [stderr]    Compiling autocfg v1.5.0
[INFO] [stderr]    Compiling five8 v0.2.1
[INFO] [stderr]    Compiling syn v2.0.104
[INFO] [stderr]    Compiling curve25519-dalek v4.2.0
[INFO] [stderr]    Compiling crypto-common v0.1.6
[INFO] [stderr]    Compiling memchr v2.7.5
[INFO] [stderr]    Compiling solana-program-memory v2.3.1
[INFO] [stderr]    Compiling crunchy v0.2.4
[INFO] [stderr]    Compiling cc v1.2.29
[INFO] [stderr]    Compiling digest v0.10.7
[INFO] [stderr]    Compiling inout v0.1.4
[INFO] [stderr]    Compiling derivation-path v0.2.0
[INFO] [stderr]    Compiling solana-signature v2.3.0
[INFO] [stderr]    Compiling either v1.15.0
[INFO] [stderr]    Compiling byteorder v1.5.0
[INFO] [stderr]    Compiling sha2 v0.9.9
[INFO] [stderr]    Compiling solana-derivation-path v2.2.1
[INFO] [stderr]    Compiling itertools v0.12.1
[INFO] [stderr]    Compiling libsecp256k1-core v0.2.2
[INFO] [stderr]    Compiling sha2 v0.10.9
[INFO] [stderr]    Compiling solana-seed-derivable v2.2.1
[INFO] [stderr]    Compiling bitflags v2.9.1
[INFO] [stderr]    Compiling solana-native-token v2.3.0
[INFO] [stderr]    Compiling rustversion v1.0.21
[INFO] [stderr]    Compiling num-derive v0.3.3
[INFO] [stderr]    Compiling indexmap v2.10.0
[INFO] [stderr]    Compiling num-traits v0.2.19
[INFO] [stderr]    Compiling memoffset v0.9.1
[INFO] [stderr]    Compiling getrandom v0.2.16
[INFO] [stderr]    Compiling getrandom v0.1.16
[INFO] [stderr]    Compiling rand_core v0.6.4
[INFO] [stderr]    Compiling rand_core v0.5.1
[INFO] [stderr]    Compiling libsecp256k1-gen-genmult v0.2.1
[INFO] [stderr]    Compiling libsecp256k1-gen-ecmult v0.2.1
[INFO] [stderr]    Compiling cipher v0.4.4
[INFO] [stderr]    Compiling universal-hash v0.5.1
[INFO] [stderr]    Compiling sha3 v0.10.8
[INFO] [stderr]    Compiling aes v0.8.4
[INFO] [stderr]    Compiling ctr v0.9.2
[INFO] [stderr]    Compiling polyval v0.6.2
[INFO] [stderr]    Compiling hmac v0.12.1
[INFO] [stderr]    Compiling pbkdf2 v0.11.0
[INFO] [stderr]    Compiling aead v0.5.2
[INFO] [stderr]    Compiling solana-seed-phrase v2.2.1
[INFO] [stderr]    Compiling solana-decode-error v2.3.0
[INFO] [stderr]    Compiling num-integer v0.1.46
[INFO] [stderr]    Compiling num-bigint v0.4.6
[INFO] [stderr]    Compiling toml_edit v0.22.27
[INFO] [stderr]    Compiling libsecp256k1 v0.6.0
[INFO] [stderr]    Compiling ahash v0.8.12
[INFO] [stderr]    Compiling ppv-lite86 v0.2.21
[INFO] [stderr]    Compiling hashbrown v0.13.2
[INFO] [stderr]    Compiling rand_chacha v0.3.1
[INFO] [stderr]    Compiling rand_chacha v0.2.2
[INFO] [stderr]    Compiling rand v0.7.3
[INFO] [stderr]    Compiling rand v0.8.5
[INFO] [stderr]    Compiling solana-big-mod-exp v2.2.1
[INFO] [stderr]    Compiling proc-macro-crate v3.3.0
[INFO] [stderr]    Compiling blake3 v1.8.2
[INFO] [stderr]    Compiling serde_derive v1.0.219
[INFO] [stderr]    Compiling bytemuck_derive v1.9.3
[INFO] [stderr]    Compiling borsh-derive v1.5.7
[INFO] [stderr]    Compiling zeroize_derive v1.4.2
[INFO] [stderr]    Compiling curve25519-dalek-derive v0.1.1
[INFO] [stderr]    Compiling thiserror-impl v1.0.69
[INFO] [stderr]    Compiling solana-sdk-macro v2.2.1
[INFO] [stderr]    Compiling thiserror-impl v2.0.12
[INFO] [stderr]    Compiling num-derive v0.4.2
[INFO] [stderr]    Compiling spl-program-error-derive v0.4.1
[INFO] [stderr]    Compiling num_enum_derive v0.7.4
[INFO] [stderr]    Compiling zeroize v1.8.1
[INFO] [stderr]    Compiling merlin v3.0.0
[INFO] [stderr]    Compiling aes-gcm-siv v0.11.1
[INFO] [stderr]    Compiling num_enum v0.7.4
[INFO] [stderr]    Compiling thiserror v1.0.69
[INFO] [stderr]    Compiling spl-discriminator-syn v0.2.0
[INFO] [stderr]    Compiling thiserror v2.0.12
[INFO] [stderr]    Compiling bytemuck v1.23.1
[INFO] [stderr]    Compiling spl-discriminator-derive v0.2.0
[INFO] [stderr]    Compiling borsh v1.5.7
[INFO] [stderr]    Compiling serde v1.0.219
[INFO] [stderr]    Compiling toml v0.5.11
[INFO] [stderr]    Compiling solana-hash v2.3.0
[INFO] [stderr]    Compiling bincode v1.3.3
[INFO] [stderr]    Compiling serde_json v1.0.140
[INFO] [stderr]    Compiling serde_bytes v0.11.17
[INFO] [stderr]    Compiling solana-short-vec v2.2.1
[INFO] [stderr]    Compiling solana-fee-calculator v2.2.1
[INFO] [stderr]    Compiling bv v0.11.1
[INFO] [stderr]    Compiling solana-serde-varint v2.2.2
[INFO] [stderr]    Compiling anchor-lang-idl-spec v0.1.0
[INFO] [stderr]    Compiling solana-sha256-hasher v2.2.1
[INFO] [stderr]    Compiling solana-keccak-hasher v2.2.1
[INFO] [stderr]    Compiling solana-blake3-hasher v2.2.1
[INFO] [stderr]    Compiling solana-curve25519 v2.3.4
[INFO] [stderr]    Compiling anchor-syn v0.31.1
[INFO] [stderr]    Compiling anchor-lang-idl v0.1.2
[INFO] [stderr]    Compiling proc-macro-crate v0.1.5
[INFO] [stderr]    Compiling borsh-derive v0.10.4
[INFO] [stderr]    Compiling solana-secp256k1-recover v2.2.1
[INFO] [stderr]    Compiling borsh v0.10.4
[INFO] [stderr]    Compiling solana-pubkey v2.4.0
[INFO] [stderr]    Compiling solana-borsh v2.2.1
[INFO] [stderr]    Compiling solana-instruction v2.3.0
[INFO] [stderr]    Compiling solana-sdk-ids v2.2.1
[INFO] [stderr]    Compiling solana-nonce v2.2.1
[INFO] [stderr]    Compiling solana-sysvar-id v2.2.1
[INFO] [stderr]    Compiling solana-clock v2.2.2
[INFO] [stderr]    Compiling solana-slot-hashes v2.2.1
[INFO] [stderr]    Compiling solana-rent v2.2.1
[INFO] [stderr]    Compiling solana-epoch-schedule v2.2.1
[INFO] [stderr]    Compiling solana-last-restart-slot v2.2.1
[INFO] [stderr]    Compiling solana-slot-history v2.2.1
[INFO] [stderr]    Compiling solana-epoch-rewards v2.2.1
[INFO] [stderr]    Compiling solana-program-error v2.2.2
[INFO] [stderr]    Compiling solana-transaction-error v2.2.1
[INFO] [stderr]    Compiling solana-system-interface v1.0.0
[INFO] [stderr]    Compiling solana-serialize-utils v2.2.1
[INFO] [stderr]    Compiling solana-bincode v2.2.1
[INFO] [stderr]    Compiling solana-loader-v2-interface v2.2.1
[INFO] [stderr]    Compiling solana-stable-layout v2.2.1
[INFO] [stderr]    Compiling spl-associated-token-account-client v2.0.0
[INFO] [stderr]    Compiling solana-address-lookup-table-interface v2.2.2
[INFO] [stderr]    Compiling solana-signer v2.2.1
[INFO] [stderr]    Compiling solana-account-info v2.3.0
[INFO] [stderr]    Compiling solana-program-pack v2.2.1
[INFO] [stderr]    Compiling spl-discriminator v0.4.1
[INFO] [stderr]    Compiling solana-cpi v2.2.1
[INFO] [stderr]    Compiling solana-program-entrypoint v2.3.0
[INFO] [stderr]    Compiling solana-instructions-sysvar v2.2.2
[INFO] [stderr]    Compiling solana-account v2.2.1
[INFO] [stderr]    Compiling solana-message v2.4.0
[INFO] [stderr]    Compiling solana-loader-v3-interface v5.0.0
[INFO] [stderr]    Compiling solana-loader-v4-interface v2.2.1
[INFO] [stderr]    Compiling solana-vote-interface v2.2.6
[INFO] [stderr]    Compiling solana-stake-interface v1.2.1
[INFO] [stderr]    Compiling solana-feature-gate-interface v2.2.2
[INFO] [stderr]    Compiling spl-memo v6.0.0
[INFO] [stderr]    Compiling solana-zk-sdk v2.3.4
[INFO] [stderr]    Compiling solana-sysvar v2.2.2
[INFO] [stderr]    Compiling solana-example-mocks v2.2.1
[INFO] [stderr]    Compiling solana-program v2.3.0
[INFO] [stderr]    Compiling spl-program-error v0.6.0
[INFO] [stderr]    Compiling spl-token v7.0.0
[INFO] [stderr]    Compiling mpl-token-metadata v5.1.0
[INFO] [stderr]    Compiling spl-pod v0.5.1
[INFO] [stderr]    Compiling spl-token-confidential-transfer-ciphertext-arithmetic v0.2.1
[INFO] [stderr]    Compiling spl-token-confidential-transfer-proof-generation v0.2.0
[INFO] [stderr]    Compiling anchor-derive-serde v0.31.1
[INFO] [stderr]    Compiling anchor-attribute-event v0.31.1
[INFO] [stderr]    Compiling anchor-attribute-access-control v0.31.1
[INFO] [stderr]    Compiling anchor-attribute-constant v0.31.1
[INFO] [stderr]    Compiling anchor-derive-accounts v0.31.1
[INFO] [stderr]    Compiling anchor-attribute-account v0.31.1
[INFO] [stderr]    Compiling anchor-attribute-error v0.31.1
[INFO] [stderr]    Compiling spl-type-length-value v0.7.0
[INFO] [stderr]    Compiling spl-token-confidential-transfer-proof-extraction v0.2.1
[INFO] [stderr]    Compiling spl-token-group-interface v0.5.0
[INFO] [stderr]    Compiling spl-elgamal-registry v0.1.1
[INFO] [stderr]    Compiling spl-tlv-account-resolution v0.9.0
[INFO] [stderr]    Compiling spl-token-metadata-interface v0.6.0
[INFO] [stderr]    Compiling spl-transfer-hook-interface v0.9.0
[INFO] [stderr]    Compiling spl-token-2022 v6.0.0
[INFO] [stderr]    Compiling anchor-attribute-program v0.31.1
[INFO] [stderr]    Compiling anchor-lang v0.31.1
[INFO] [stderr]    Compiling spl-associated-token-account v6.0.0
[INFO] [stderr]    Compiling anchor-spl v0.31.1
[INFO] [stderr]    Compiling marketplace v0.1.0 (/opt/rustwide/workdir/programs/marketplace)
[INFO] [stdout] error: mut must be provided before close
[INFO] [stdout]   --> programs/marketplace/src/instructions/purchase.rs:48:9
[INFO] [stdout]    |
[INFO] [stdout] 48 |         close = buyer_ata,
[INFO] [stdout]    |         ^^^^^
[INFO] [stdout] 
[INFO] [stdout] 
[INFO] [stdout] error[E0425]: cannot find value `name` in this scope
[INFO] [stdout]   --> programs/marketplace/src/instructions/list.rs:20:34
[INFO] [stdout]    |
[INFO] [stdout] 20 |         seeds = [b"marketplace", name.as_bytes()],
[INFO] [stdout]    |                                  ^^^^ not found in this scope
[INFO] [stdout] 
[INFO] [stdout] 
[INFO] [stdout] warning: unexpected `cfg` condition value: `custom-heap`
[INFO] [stdout]   --> programs/marketplace/src/lib.rs:14:1
[INFO] [stdout]    |
[INFO] [stdout] 14 | #[program]
[INFO] [stdout]    | ^^^^^^^^^^
[INFO] [stdout]    |
[INFO] [stdout]    = note: expected values for `feature` are: `cpi`, `default`, `idl-build`, `no-entrypoint`, `no-idl`, and `no-log-ix-name`
[INFO] [stdout]    = note: using a cfg inside a macro will use the cfgs from the destination crate and not the ones from the defining crate
[INFO] [stdout]    = help: try referring to `$crate::custom_heap_default` crate for guidance on how handle this unexpected cfg
[INFO] [stdout]    = note: see <https://doc.rust-lang.org/nightly/rustc/check-cfg/cargo-specifics.html> for more information about checking conditional configuration
[INFO] [stdout]    = note: `#[warn(unexpected_cfgs)]` on by default
[INFO] [stdout]    = note: this warning originates in the macro `$crate::custom_heap_default` which comes from the expansion of the attribute macro `program` (in Nightly builds, run with -Z macro-backtrace for more info)
[INFO] [stdout] 
[INFO] [stdout] 
[INFO] [stdout] warning: unexpected `cfg` condition value: `solana`
[INFO] [stdout]   --> programs/marketplace/src/lib.rs:14:1
[INFO] [stdout]    |
[INFO] [stdout] 14 | #[program]
[INFO] [stdout]    | ^^^^^^^^^^
[INFO] [stdout]    |
[INFO] [stdout]    = note: expected values for `target_os` are: `aix`, `amdhsa`, `android`, `cuda`, `cygwin`, `dragonfly`, `emscripten`, `espidf`, `freebsd`, `fuchsia`, `haiku`, `helenos`, `hermit`, `horizon`, `hurd`, `illumos`, `ios`, `l4re`, `linux`, `lynxos178`, `macos`, `managarm`, `motor`, `netbsd`, `none`, `nto`, `nuttx`, `openbsd`, `psp`, `psx`, `qnx`, `qurt`, `redox`, `rtems`, and `solaris` and 15 more
[INFO] [stdout]    = note: using a cfg inside a macro will use the cfgs from the destination crate and not the ones from the defining crate
[INFO] [stdout]    = help: try referring to `$crate::custom_heap_default` crate for guidance on how handle this unexpected cfg
[INFO] [stdout]    = note: see <https://doc.rust-lang.org/nightly/rustc/check-cfg/cargo-specifics.html> for more information about checking conditional configuration
[INFO] [stdout]    = note: this warning originates in the macro `$crate::custom_heap_default` which comes from the expansion of the attribute macro `program` (in Nightly builds, run with -Z macro-backtrace for more info)
[INFO] [stdout] 
[INFO] [stdout] 
[INFO] [stdout] warning: unexpected `cfg` condition value: `custom-panic`
[INFO] [stdout]   --> programs/marketplace/src/lib.rs:14:1
[INFO] [stdout]    |
[INFO] [stdout] 14 | #[program]
[INFO] [stdout]    | ^^^^^^^^^^
[INFO] [stdout]    |
[INFO] [stdout]    = note: expected values for `feature` are: `cpi`, `default`, `idl-build`, `no-entrypoint`, `no-idl`, and `no-log-ix-name`
[INFO] [stdout]    = note: using a cfg inside a macro will use the cfgs from the destination crate and not the ones from the defining crate
[INFO] [stdout]    = help: try referring to `$crate::custom_panic_default` crate for guidance on how handle this unexpected cfg
[INFO] [stdout]    = note: see <https://doc.rust-lang.org/nightly/rustc/check-cfg/cargo-specifics.html> for more information about checking conditional configuration
[INFO] [stdout]    = note: this warning originates in the macro `$crate::custom_panic_default` which comes from the expansion of the attribute macro `program` (in Nightly builds, run with -Z macro-backtrace for more info)
[INFO] [stdout] 
[INFO] [stdout] 
[INFO] [stdout] warning: unexpected `cfg` condition value: `solana`
[INFO] [stdout]   --> programs/marketplace/src/lib.rs:14:1
[INFO] [stdout]    |
[INFO] [stdout] 14 | #[program]
[INFO] [stdout]    | ^^^^^^^^^^
[INFO] [stdout]    |
[INFO] [stdout]    = note: expected values for `target_os` are: `aix`, `amdhsa`, `android`, `cuda`, `cygwin`, `dragonfly`, `emscripten`, `espidf`, `freebsd`, `fuchsia`, `haiku`, `helenos`, `hermit`, `horizon`, `hurd`, `illumos`, `ios`, `l4re`, `linux`, `lynxos178`, `macos`, `managarm`, `motor`, `netbsd`, `none`, `nto`, `nuttx`, `openbsd`, `psp`, `psx`, `qnx`, `qurt`, `redox`, `rtems`, and `solaris` and 15 more
[INFO] [stdout]    = note: using a cfg inside a macro will use the cfgs from the destination crate and not the ones from the defining crate
[INFO] [stdout]    = help: try referring to `$crate::custom_panic_default` crate for guidance on how handle this unexpected cfg
[INFO] [stdout]    = note: see <https://doc.rust-lang.org/nightly/rustc/check-cfg/cargo-specifics.html> for more information about checking conditional configuration
[INFO] [stdout]    = note: this warning originates in the macro `$crate::custom_panic_default` which comes from the expansion of the attribute macro `program` (in Nightly builds, run with -Z macro-backtrace for more info)
[INFO] [stdout] 
[INFO] [stdout] 
[INFO] [stdout] warning: unexpected `cfg` condition value: `anchor-debug`
[INFO] [stdout]  --> programs/marketplace/src/instructions/initialize.rs:7:10
[INFO] [stdout]   |
[INFO] [stdout] 7 | #[derive(Accounts)]
[INFO] [stdout]   |          ^^^^^^^^
[INFO] [stdout]   |
[INFO] [stdout]   = note: expected values for `feature` are: `cpi`, `default`, `idl-build`, `no-entrypoint`, `no-idl`, and `no-log-ix-name`
[INFO] [stdout]   = note: using a cfg inside a derive macro will use the cfgs from the destination crate and not the ones from the defining crate
[INFO] [stdout]   = help: try referring to `Accounts` crate for guidance on how handle this unexpected cfg
[INFO] [stdout]   = note: see <https://doc.rust-lang.org/nightly/rustc/check-cfg/cargo-specifics.html> for more information about checking conditional configuration
[INFO] [stdout]   = note: this warning originates in the derive macro `Accounts` (in Nightly builds, run with -Z macro-backtrace for more info)
[INFO] [stdout] 
[INFO] [stdout] 
[INFO] [stdout] warning: unused import: `Mint`
[INFO] [stdout]  --> programs/marketplace/src/instructions/list.rs:5:23
[INFO] [stdout]   |
[INFO] [stdout] 5 |     transfer_checked, Mint, TokenAccount, TokenInterface, TransferChecked,
[INFO] [stdout]   |                       ^^^^
[INFO] [stdout]   |
[INFO] [stdout]   = note: `#[warn(unused_imports)]` (part of `#[warn(unused)]`) on by default
[INFO] [stdout] 
[INFO] [stdout] 
[INFO] [stdout] warning: unused import: `error::MarketplaceError`
[INFO] [stdout]   --> programs/marketplace/src/instructions/list.rs:10:5
[INFO] [stdout]    |
[INFO] [stdout] 10 |     error::MarketplaceError,
[INFO] [stdout]    |     ^^^^^^^^^^^^^^^^^^^^^^^
[INFO] [stdout] 
[INFO] [stdout] 
[INFO] [stdout] warning: unexpected `cfg` condition value: `anchor-debug`
[INFO] [stdout]   --> programs/marketplace/src/instructions/list.rs:14:10
[INFO] [stdout]    |
[INFO] [stdout] 14 | #[derive(Accounts)]
[INFO] [stdout]    |          ^^^^^^^^
[INFO] [stdout]    |
[INFO] [stdout]    = note: expected values for `feature` are: `cpi`, `default`, `idl-build`, `no-entrypoint`, `no-idl`, and `no-log-ix-name`
[INFO] [stdout]    = note: using a cfg inside a derive macro will use the cfgs from the destination crate and not the ones from the defining crate
[INFO] [stdout]    = help: try referring to `Accounts` crate for guidance on how handle this unexpected cfg
[INFO] [stdout]    = note: see <https://doc.rust-lang.org/nightly/rustc/check-cfg/cargo-specifics.html> for more information about checking conditional configuration
[INFO] [stdout]    = note: this warning originates in the derive macro `Accounts` (in Nightly builds, run with -Z macro-backtrace for more info)
[INFO] [stdout] 
[INFO] [stdout] 
[INFO] [stdout] warning: unused imports: `MasterEditionAccount`, `MetadataAccount`, and `Metadata`
[INFO] [stdout]  --> programs/marketplace/src/instructions/purchase.rs:4:28
[INFO] [stdout]   |
[INFO] [stdout] 4 | use anchor_spl::metadata::{MasterEditionAccount, Metadata, MetadataAccount};
[INFO] [stdout]   |                            ^^^^^^^^^^^^^^^^^^^^  ^^^^^^^^  ^^^^^^^^^^^^^^^
[INFO] [stdout] 
[INFO] [stdout] 
[INFO] [stdout] warning: unused import: `Mint`
[INFO] [stdout]  --> programs/marketplace/src/instructions/purchase.rs:6:23
[INFO] [stdout]   |
[INFO] [stdout] 6 |     transfer_checked, Mint, TokenAccount, TokenInterface, TransferChecked,
[INFO] [stdout]   |                       ^^^^
[INFO] [stdout] 
[INFO] [stdout] 
[INFO] [stdout] warning: unused import: `crate::constants::ANCHOR_DISCRIMINATOR`
[INFO] [stdout]  --> programs/marketplace/src/instructions/purchase.rs:9:5
[INFO] [stdout]   |
[INFO] [stdout] 9 | use crate::constants::ANCHOR_DISCRIMINATOR;
[INFO] [stdout]   |     ^^^^^^^^^^^^^^^^^^^^^^^^^^^^^^^^^^^^^^
[INFO] [stdout] 
[INFO] [stdout] 
[INFO] [stdout] warning: unused import: `error::MarketplaceError`
[INFO] [stdout]   --> programs/marketplace/src/instructions/purchase.rs:11:5
[INFO] [stdout]    |
[INFO] [stdout] 11 |     error::MarketplaceError,
[INFO] [stdout]    |     ^^^^^^^^^^^^^^^^^^^^^^^
[INFO] [stdout] 
[INFO] [stdout] 
[INFO] [stdout] warning: unexpected `cfg` condition value: `anchor-debug`
[INFO] [stdout]   --> programs/marketplace/src/lib.rs:14:1
[INFO] [stdout]    |
[INFO] [stdout] 14 | #[program]
[INFO] [stdout]    | ^^^^^^^^^^
[INFO] [stdout]    |
[INFO] [stdout]    = note: expected values for `feature` are: `cpi`, `default`, `idl-build`, `no-entrypoint`, `no-idl`, and `no-log-ix-name`
[INFO] [stdout]    = note: using a cfg inside a attribute macro will use the cfgs from the destination crate and not the ones from the defining crate
[INFO] [stdout]    = help: try referring to `program` crate for guidance on how handle this unexpected cfg
[INFO] [stdout]    = note: see <https://doc.rust-lang.org/nightly/rustc/check-cfg/cargo-specifics.html> for more information about checking conditional configuration
[INFO] [stdout]    = note: this warning originates in the attribute macro `program` (in Nightly builds, run with -Z macro-backtrace for more info)
[INFO] [stdout] 
[INFO] [stdout] 
[INFO] [stdout] warning: unexpected `cfg` condition value: `anchor-debug`
[INFO] [stdout]   --> programs/marketplace/src/lib.rs:14:1
[INFO] [stdout]    |
[INFO] [stdout] 14 | #[program]
[INFO] [stdout]    | ^^^^^^^^^^
[INFO] [stdout]    |
[INFO] [stdout]    = note: expected values for `feature` are: `cpi`, `default`, `idl-build`, `no-entrypoint`, `no-idl`, and `no-log-ix-name`
[INFO] [stdout]    = note: using a cfg inside a derive macro will use the cfgs from the destination crate and not the ones from the defining crate
[INFO] [stdout]    = help: try referring to `Accounts` crate for guidance on how handle this unexpected cfg
[INFO] [stdout]    = note: see <https://doc.rust-lang.org/nightly/rustc/check-cfg/cargo-specifics.html> for more information about checking conditional configuration
[INFO] [stdout]    = note: this warning originates in the derive macro `Accounts` (in Nightly builds, run with -Z macro-backtrace for more info)
[INFO] [stdout] 
[INFO] [stdout] 
[INFO] [stdout] warning: unexpected `cfg` condition value: `anchor-debug`
[INFO] [stdout]   --> programs/marketplace/src/lib.rs:14:1
[INFO] [stdout]    |
[INFO] [stdout] 14 | #[program]
[INFO] [stdout]    | ^^^^^^^^^^
[INFO] [stdout]    |
[INFO] [stdout]    = note: expected values for `feature` are: `cpi`, `default`, `idl-build`, `no-entrypoint`, `no-idl`, and `no-log-ix-name`
[INFO] [stdout]    = note: using a cfg inside a derive macro will use the cfgs from the destination crate and not the ones from the defining crate
[INFO] [stdout]    = help: try referring to `Accounts` crate for guidance on how handle this unexpected cfg
[INFO] [stdout]    = note: see <https://doc.rust-lang.org/nightly/rustc/check-cfg/cargo-specifics.html> for more information about checking conditional configuration
[INFO] [stdout]    = note: this warning originates in the derive macro `Accounts` (in Nightly builds, run with -Z macro-backtrace for more info)
[INFO] [stdout] 
[INFO] [stdout] 
[INFO] [stdout] warning: unexpected `cfg` condition value: `anchor-debug`
[INFO] [stdout]   --> programs/marketplace/src/lib.rs:14:1
[INFO] [stdout]    |
[INFO] [stdout] 14 | #[program]
[INFO] [stdout]    | ^^^^^^^^^^
[INFO] [stdout]    |
[INFO] [stdout]    = note: expected values for `feature` are: `cpi`, `default`, `idl-build`, `no-entrypoint`, `no-idl`, and `no-log-ix-name`
[INFO] [stdout]    = note: using a cfg inside a derive macro will use the cfgs from the destination crate and not the ones from the defining crate
[INFO] [stdout]    = help: try referring to `Accounts` crate for guidance on how handle this unexpected cfg
[INFO] [stdout]    = note: see <https://doc.rust-lang.org/nightly/rustc/check-cfg/cargo-specifics.html> for more information about checking conditional configuration
[INFO] [stdout]    = note: this warning originates in the derive macro `Accounts` (in Nightly builds, run with -Z macro-backtrace for more info)
[INFO] [stdout] 
[INFO] [stdout] 
[INFO] [stdout] warning: unexpected `cfg` condition value: `anchor-debug`
[INFO] [stdout]   --> programs/marketplace/src/lib.rs:14:1
[INFO] [stdout]    |
[INFO] [stdout] 14 | #[program]
[INFO] [stdout]    | ^^^^^^^^^^
[INFO] [stdout]    |
[INFO] [stdout]    = note: expected values for `feature` are: `cpi`, `default`, `idl-build`, `no-entrypoint`, `no-idl`, and `no-log-ix-name`
[INFO] [stdout]    = note: using a cfg inside a derive macro will use the cfgs from the destination crate and not the ones from the defining crate
[INFO] [stdout]    = help: try referring to `Accounts` crate for guidance on how handle this unexpected cfg
[INFO] [stdout]    = note: see <https://doc.rust-lang.org/nightly/rustc/check-cfg/cargo-specifics.html> for more information about checking conditional configuration
[INFO] [stdout]    = note: this warning originates in the derive macro `Accounts` (in Nightly builds, run with -Z macro-backtrace for more info)
[INFO] [stdout] 
[INFO] [stdout] 
[INFO] [stdout] warning: unexpected `cfg` condition value: `anchor-debug`
[INFO] [stdout]   --> programs/marketplace/src/lib.rs:14:1
[INFO] [stdout]    |
[INFO] [stdout] 14 | #[program]
[INFO] [stdout]    | ^^^^^^^^^^
[INFO] [stdout]    |
[INFO] [stdout]    = note: expected values for `feature` are: `cpi`, `default`, `idl-build`, `no-entrypoint`, `no-idl`, and `no-log-ix-name`
[INFO] [stdout]    = note: using a cfg inside a derive macro will use the cfgs from the destination crate and not the ones from the defining crate
[INFO] [stdout]    = help: try referring to `Accounts` crate for guidance on how handle this unexpected cfg
[INFO] [stdout]    = note: see <https://doc.rust-lang.org/nightly/rustc/check-cfg/cargo-specifics.html> for more information about checking conditional configuration
[INFO] [stdout]    = note: this warning originates in the derive macro `Accounts` (in Nightly builds, run with -Z macro-backtrace for more info)
[INFO] [stdout] 
[INFO] [stdout] 
[INFO] [stdout] warning: unexpected `cfg` condition value: `anchor-debug`
[INFO] [stdout]   --> programs/marketplace/src/lib.rs:14:1
[INFO] [stdout]    |
[INFO] [stdout] 14 | #[program]
[INFO] [stdout]    | ^^^^^^^^^^
[INFO] [stdout]    |
[INFO] [stdout]    = note: expected values for `feature` are: `cpi`, `default`, `idl-build`, `no-entrypoint`, `no-idl`, and `no-log-ix-name`
[INFO] [stdout]    = note: using a cfg inside a derive macro will use the cfgs from the destination crate and not the ones from the defining crate
[INFO] [stdout]    = help: try referring to `Accounts` crate for guidance on how handle this unexpected cfg
[INFO] [stdout]    = note: see <https://doc.rust-lang.org/nightly/rustc/check-cfg/cargo-specifics.html> for more information about checking conditional configuration
[INFO] [stdout]    = note: this warning originates in the derive macro `Accounts` (in Nightly builds, run with -Z macro-backtrace for more info)
[INFO] [stdout] 
[INFO] [stdout] 
[INFO] [stdout] error[E0061]: this function takes 3 arguments but 1 argument was supplied
[INFO] [stdout]   --> programs/marketplace/src/instructions/list.rs:95:9
[INFO] [stdout]    |
[INFO] [stdout] 95 |         transfer_checked(cpi_ctx, )
[INFO] [stdout]    |         ^^^^^^^^^^^^^^^^----------- two arguments of type `u64` and `u8` are missing
[INFO] [stdout]    |
[INFO] [stdout] note: function defined here
[INFO] [stdout]   --> /opt/rustwide/cargo-home/registry/src/index.crates.io-1949cf8c6b5b557f/anchor-spl-0.31.1/src/token_2022.rs:34:8
[INFO] [stdout]    |
[INFO] [stdout] 34 | pub fn transfer_checked<'info>(
[INFO] [stdout]    |        ^^^^^^^^^^^^^^^^
[INFO] [stdout] help: provide the arguments
[INFO] [stdout]    |
[INFO] [stdout] 95 |         transfer_checked(cpi_ctx, /* u64 */, /* u8 */)
[INFO] [stdout]    |                                   +++++++++++++++++++
[INFO] [stdout] 
[INFO] [stdout] 
[INFO] [stdout] error[E0061]: this function takes 2 arguments but 3 arguments were supplied
[INFO] [stdout]    --> programs/marketplace/src/instructions/purchase.rs:72:9
[INFO] [stdout]     |
[INFO] [stdout]  72 |         transfer(self.buyer.key(), &self.treasury.key(), price_to_be_sent);
[INFO] [stdout]     |         ^^^^^^^^                   -------------------- unexpected argument #2 of type `&__Pubkey`
[INFO] [stdout]     |
[INFO] [stdout] note: expected `CpiContext<'_, '_, '_, '_, Transfer<'_>>`, found `Pubkey`
[INFO] [stdout]    --> programs/marketplace/src/instructions/purchase.rs:72:18
[INFO] [stdout]     |
[INFO] [stdout]  72 |         transfer(self.buyer.key(), &self.treasury.key(), price_to_be_sent);
[INFO] [stdout]     |                  ^^^^^^^^^^^^^^^^
[INFO] [stdout]     = note: expected struct `anchor_lang::context::CpiContext<'_, '_, '_, '_, anchor_lang::system_program::Transfer<'_>>`
[INFO] [stdout]                found struct `__Pubkey`
[INFO] [stdout] note: function defined here
[INFO] [stdout]    --> /opt/rustwide/cargo-home/registry/src/index.crates.io-1949cf8c6b5b557f/anchor-lang-0.31.1/src/system_program.rs:298:8
[INFO] [stdout]     |
[INFO] [stdout] 298 | pub fn transfer<'info>(
[INFO] [stdout]     |        ^^^^^^^^
[INFO] [stdout] help: remove the extra argument
[INFO] [stdout]     |
[INFO] [stdout]  72 -         transfer(self.buyer.key(), &self.treasury.key(), price_to_be_sent);
[INFO] [stdout]  72 +         transfer(/* CpiContext<'_, '_, '_, '_, Transfer<'_>> */, price_to_be_sent);
[INFO] [stdout]     |
[INFO] [stdout] 
[INFO] [stdout] 
[INFO] [stdout] error[E0308]: mismatched types
[INFO] [stdout]   --> programs/marketplace/src/instructions/purchase.rs:94:13
[INFO] [stdout]    |
[INFO] [stdout] 94 |             &[self.listing.bump],
[INFO] [stdout]    |             ^^^^^^^^^^^^^^^^^^^^ expected `&&[u8]`, found `&[u8; 1]`
[INFO] [stdout]    |
[INFO] [stdout]    = note: expected reference `&&[u8]`
[INFO] [stdout]               found reference `&[u8; 1]`
[INFO] [stdout] 
[INFO] [stdout] 
[INFO] [stdout] warning: use of deprecated method `anchor_lang::prelude::AccountInfo::<'a>::realloc`: Use AccountInfo::resize() instead
[INFO] [stdout]   --> programs/marketplace/src/lib.rs:14:1
[INFO] [stdout]    |
[INFO] [stdout] 14 | #[program]
[INFO] [stdout]    | ^^^^^^^^^^
[INFO] [stdout]    |
[INFO] [stdout]    = note: `#[warn(deprecated)]` on by default
[INFO] [stdout]    = note: this warning originates in the attribute macro `program` (in Nightly builds, run with -Z macro-backtrace for more info)
[INFO] [stdout] 
[INFO] [stdout] 
[INFO] [stdout] Some errors have detailed explanations: E0061, E0308, E0425.
[INFO] [stdout] 
[INFO] [stdout] For more information about an error, try `rustc --explain E0061`.
[INFO] [stdout] 
[INFO] [stderr] error: could not compile `marketplace` (lib) due to 5 previous errors; 20 warnings emitted
[INFO] running `Command { std: "docker" "inspect" "3269755fa3febdbf4c9ffff727d3c4c444b5362ed1fe0d670237e4ab071c9c7c", kill_on_drop: false }`
[INFO] running `Command { std: "docker" "rm" "-f" "3269755fa3febdbf4c9ffff727d3c4c444b5362ed1fe0d670237e4ab071c9c7c", kill_on_drop: false }`
[INFO] [stdout] 3269755fa3febdbf4c9ffff727d3c4c444b5362ed1fe0d670237e4ab071c9c7c
