[INFO] cloning repository https://github.com/minimous35/staking-near
[INFO] running `Command { std: "git" "-c" "credential.helper=" "-c" "credential.helper=/workspace/cargo-home/bin/git-credential-null" "clone" "--bare" "https://github.com/minimous35/staking-near" "/workspace/cache/git-repos/https%3A%2F%2Fgithub.com%2Fminimous35%2Fstaking-near", kill_on_drop: false }`
[INFO] [stderr] Cloning into bare repository '/workspace/cache/git-repos/https%3A%2F%2Fgithub.com%2Fminimous35%2Fstaking-near'...
[INFO] running `Command { std: "git" "rev-parse" "HEAD", kill_on_drop: false }`
[INFO] [stdout] 6abd82cd8610b1ba1e3ee475bcaafbbef9e41599
[INFO] testing minimous35/staking-near against 1.98.0-beta.8+cargoflags=--release for beta-release-1.99-2
[INFO] running `Command { std: "git" "clone" "/workspace/cache/git-repos/https%3A%2F%2Fgithub.com%2Fminimous35%2Fstaking-near" "/workspace/builds/worker-3-tc1/source", kill_on_drop: false }`
[INFO] [stderr] Cloning into '/workspace/builds/worker-3-tc1/source'...
[INFO] [stderr] done.
[INFO] started tweaking git repo https://github.com/minimous35/staking-near
[INFO] finished tweaking git repo https://github.com/minimous35/staking-near
[INFO] tweaked toml for git repo https://github.com/minimous35/staking-near written to /workspace/builds/worker-3-tc1/source/Cargo.toml
[INFO] validating manifest of git repo https://github.com/minimous35/staking-near on toolchain 1.98.0-beta.8
[INFO] running `Command { std: CARGO_HOME="/workspace/cargo-home" RUSTUP_HOME="/workspace/rustup-home" "/workspace/cargo-home/bin/cargo" "+1.98.0-beta.8" "metadata" "--manifest-path" "Cargo.toml" "--no-deps", kill_on_drop: false }`
[INFO] crate git repo https://github.com/minimous35/staking-near already has a lockfile, it will not be regenerated
[INFO] running `Command { std: CARGO_HOME="/workspace/cargo-home" RUSTUP_HOME="/workspace/rustup-home" "/workspace/cargo-home/bin/cargo" "+1.98.0-beta.8" "fetch" "--manifest-path" "Cargo.toml", kill_on_drop: false }`
[INFO] [stderr]     Blocking waiting for file lock on package cache
[INFO] [stderr]     Updating crates.io index
[INFO] [stderr]     Blocking waiting for file lock on package cache
[INFO] [stderr]  Downloading crates ...
[INFO] [stderr]   Downloaded memory_units v0.4.0
[INFO] [stderr]   Downloaded cfg-if v0.1.10
[INFO] [stderr]   Downloaded wee_alloc v0.4.5
[INFO] [stderr]   Downloaded near-runtime-utils v4.0.0-pre.1
[INFO] [stderr]   Downloaded unicode-xid v0.2.1
[INFO] [stderr]   Downloaded cpuid-bool v0.1.2
[INFO] [stderr]   Downloaded block-buffer v0.9.0
[INFO] [stderr]   Downloaded digest v0.9.0
[INFO] [stderr]   Downloaded near-sdk v3.1.0
[INFO] [stderr]   Downloaded keccak v0.1.2
[INFO] [stderr]   Downloaded near-sdk-core v3.1.0
[INFO] [stderr]   Downloaded near-rpc-error-macro v0.1.0
[INFO] [stderr]   Downloaded borsh-derive-internal v0.8.2
[INFO] [stderr]   Downloaded near-sdk-macros v3.1.0
[INFO] [stderr]   Downloaded hex v0.4.2
[INFO] [stderr]   Downloaded borsh-derive v0.8.2
[INFO] [stderr]   Downloaded itoa v1.0.1
[INFO] [stderr]   Downloaded opaque-debug v0.3.0
[INFO] [stderr]   Downloaded proc-macro-crate v0.1.5
[INFO] [stderr]   Downloaded borsh-schema-derive-internal v0.8.2
[INFO] [stderr]   Downloaded generic-array v0.14.4
[INFO] [stderr]   Downloaded block-padding v0.2.1
[INFO] [stderr]   Downloaded near-vm-errors v4.0.0-pre.1
[INFO] [stderr]   Downloaded near-rpc-error-core v0.1.0
[INFO] [stderr]   Downloaded Inflector v0.11.4
[INFO] [stderr]   Downloaded bs58 v0.4.0
[INFO] [stderr]   Downloaded sha2 v0.9.3
[INFO] [stderr]   Downloaded num-integer v0.1.44
[INFO] [stderr]   Downloaded borsh v0.8.2
[INFO] [stderr]   Downloaded near-primitives-core v0.4.0
[INFO] [stderr]   Downloaded num-rational v0.3.2
[INFO] [stderr]   Downloaded byteorder v1.4.2
[INFO] [stderr]   Downloaded version_check v0.9.2
[INFO] [stderr]   Downloaded quote v1.0.18
[INFO] [stderr]   Downloaded proc-macro2 v1.0.36
[INFO] [stderr]   Downloaded typenum v1.12.0
[INFO] [stderr]   Downloaded near-contract-standards v3.2.0
[INFO] [stderr]   Downloaded near-vm-logic v4.0.0-pre.1
[INFO] [stderr]   Downloaded num-traits v0.2.14
[INFO] [stderr]   Downloaded serde_derive v1.0.118
[INFO] [stderr]   Downloaded toml v0.5.8
[INFO] [stderr]   Downloaded serde v1.0.118
[INFO] [stderr]   Downloaded ryu v1.0.5
[INFO] [stderr]   Downloaded hashbrown v0.9.1
[INFO] [stderr]   Downloaded base64 v0.13.0
[INFO] [stderr]   Downloaded indexmap v1.6.1
[INFO] [stderr]   Downloaded ahash v0.4.7
[INFO] [stderr]   Downloaded num-bigint v0.3.1
[INFO] [stderr]   Downloaded derive_more v0.99.11
[INFO] [stderr]   Downloaded serde_json v1.0.79
[INFO] [stderr]   Downloaded aho-corasick v0.7.18
[INFO] [stderr]   Downloaded regex v1.5.5
[INFO] [stderr]   Downloaded syn v1.0.57
[INFO] [stderr]   Downloaded regex-syntax v0.6.25
[INFO] [stderr]   Downloaded sha3 v0.9.1
[INFO] [stderr]   Downloaded libc v0.2.125
[INFO] running `Command { std: "docker" "create" "-v" "/var/lib/crater-agent-workspace/builds/worker-3-tc1/source:/opt/rustwide/workdir:ro,Z" "-v" "/var/lib/crater-agent-workspace/builds/worker-3-tc1/target:/opt/rustwide/target:rw,Z" "-v" "/var/lib/crater-agent-workspace/cargo-home:/opt/rustwide/cargo-home:ro,Z" "-v" "/var/lib/crater-agent-workspace/rustup-home:/opt/rustwide/rustup-home:ro,Z" "-m" "1610612736" "--network" "none" "ghcr.io/rust-lang/crates-build-env/linux@sha256:8683fc1fc2eb5c9ac98e0d076ab094b2ffac7f99da555d2b6a2e27f346de2ec7" "sleep" "infinity", kill_on_drop: false }`
[INFO] [stdout] 90bbbc9b4567914941e617300224fa8df03ba469222ceddd800e84484da2c948
[INFO] running `Command { std: "docker" "start" "90bbbc9b4567914941e617300224fa8df03ba469222ceddd800e84484da2c948", kill_on_drop: false }`
[INFO] running `Command { std: "docker" "inspect" "90bbbc9b4567914941e617300224fa8df03ba469222ceddd800e84484da2c948", kill_on_drop: false }`
[INFO] running `Command { std: "docker" "exec" "-e" "SOURCE_DIR=/opt/rustwide/workdir" "-e" "CARGO_HOME=/opt/rustwide/cargo-home" "-e" "RUSTUP_HOME=/opt/rustwide/rustup-home" "-e" "CARGO_TARGET_DIR=/opt/rustwide/target" "-w" "/opt/rustwide/workdir" "--user" "0:0" "90bbbc9b4567914941e617300224fa8df03ba469222ceddd800e84484da2c948" "/opt/rustwide/cargo-home/bin/cargo" "+1.98.0-beta.8" "metadata" "--no-deps" "--format-version=1", kill_on_drop: false }`
[INFO] running `Command { std: "docker" "inspect" "90bbbc9b4567914941e617300224fa8df03ba469222ceddd800e84484da2c948", kill_on_drop: false }`
[INFO] running `Command { std: "docker" "exec" "-e" "SOURCE_DIR=/opt/rustwide/workdir" "-e" "CARGO_HOME=/opt/rustwide/cargo-home" "-e" "RUSTUP_HOME=/opt/rustwide/rustup-home" "-e" "CARGO_TARGET_DIR=/opt/rustwide/target" "-e" "CARGO_INCREMENTAL=0" "-e" "RUST_BACKTRACE=full" "-e" "RUSTFLAGS=--cap-lints=warn" "-e" "RUSTDOCFLAGS=--cap-lints=warn" "-w" "/opt/rustwide/workdir" "--user" "0:0" "90bbbc9b4567914941e617300224fa8df03ba469222ceddd800e84484da2c948" "/opt/rustwide/cargo-home/bin/cargo" "+1.98.0-beta.8" "build" "--frozen" "--message-format=json" "--release", kill_on_drop: false }`
[INFO] [stderr]    Compiling proc-macro2 v1.0.36
[INFO] [stderr]    Compiling autocfg v1.0.1
[INFO] [stderr]    Compiling unicode-xid v0.2.1
[INFO] [stderr]    Compiling syn v1.0.57
[INFO] [stderr]    Compiling serde v1.0.118
[INFO] [stderr]    Compiling serde_derive v1.0.118
[INFO] [stderr]    Compiling ryu v1.0.5
[INFO] [stderr]    Compiling serde_json v1.0.79
[INFO] [stderr]    Compiling version_check v0.9.2
[INFO] [stderr]    Compiling typenum v1.12.0
[INFO] [stderr]    Compiling ahash v0.4.7
[INFO] [stderr]    Compiling indexmap v1.6.1
[INFO] [stderr]    Compiling num-traits v0.2.14
[INFO] [stderr]    Compiling hashbrown v0.9.1
[INFO] [stderr]    Compiling num-integer v0.1.44
[INFO] [stderr]    Compiling memchr v2.4.1
[INFO] [stderr]    Compiling num-bigint v0.3.1
[INFO] [stderr]    Compiling generic-array v0.14.4
[INFO] [stderr]    Compiling itoa v1.0.1
[INFO] [stderr]    Compiling block-padding v0.2.1
[INFO] [stderr]    Compiling num-rational v0.3.2
[INFO] [stderr]    Compiling opaque-debug v0.3.0
[INFO] [stderr]    Compiling quote v1.0.18
[INFO] [stderr]    Compiling cfg-if v1.0.0
[INFO] [stderr]    Compiling aho-corasick v0.7.18
[INFO] [stderr]    Compiling regex-syntax v0.6.25
[INFO] [stderr]    Compiling lazy_static v1.4.0
[INFO] [stderr]    Compiling cpuid-bool v0.1.2
[INFO] [stderr]    Compiling hex v0.4.2
[INFO] [stderr]    Compiling libc v0.2.125
[INFO] [stderr]    Compiling keccak v0.1.2
[INFO] [stderr]    Compiling wee_alloc v0.4.5
[INFO] [stderr]    Compiling base64 v0.13.0
[INFO] [stderr]    Compiling bs58 v0.4.0
[INFO] [stderr]    Compiling Inflector v0.11.4
[INFO] [stderr]    Compiling digest v0.9.0
[INFO] [stderr]    Compiling block-buffer v0.9.0
[INFO] [stderr]    Compiling cfg-if v0.1.10
[INFO] [stderr]    Compiling sha2 v0.9.3
[INFO] [stderr]    Compiling sha3 v0.9.1
[INFO] [stdout] error[E0308]: mismatched types
[INFO] [stdout]    --> /opt/rustwide/cargo-home/registry/src/index.crates.io-1949cf8c6b5b557f/num-bigint-0.3.1/src/biguint.rs:208:19
[INFO] [stdout]     |
[INFO] [stdout] 208 |         .div_ceil(&big_digit::BITS.into())
[INFO] [stdout]     |          -------- ^^^^^^^^^^^^^^^^^^^^^^^ expected `u64`, found `&_`
[INFO] [stdout]     |          |
[INFO] [stdout]     |          arguments to this method are incorrect
[INFO] [stdout]     |
[INFO] [stdout]     = note:   expected type `u64`
[INFO] [stdout]             found reference `&_`
[INFO] [stdout] note: method defined here
[INFO] [stdout]    --> /rustc/04eb0d7194012623e82369b466d5084522957446/library/core/src/num/uint_macros.rs:3747:21
[INFO] [stdout]    --> /rustc/04eb0d7194012623e82369b466d5084522957446/library/core/src/num/mod.rs:1319:4
[INFO] [stdout]    ::: /rustc/04eb0d7194012623e82369b466d5084522957446/library/core/src/num/mod.rs:1343:5
[INFO] [stdout]     |
[INFO] [stdout]     = note: in this macro invocation
[INFO] [stdout]     = note: this error originates in the macro `uint_impl` (in Nightly builds, run with -Z macro-backtrace for more info)
[INFO] [stdout] help: consider removing the borrow
[INFO] [stdout]     |
[INFO] [stdout] 208 -         .div_ceil(&big_digit::BITS.into())
[INFO] [stdout] 208 +         .div_ceil(big_digit::BITS.into())
[INFO] [stdout]     |
[INFO] [stdout] 
[INFO] [stdout] 
[INFO] [stderr]    Compiling byteorder v1.4.2
[INFO] [stdout] error[E0308]: mismatched types
[INFO] [stdout]     --> /opt/rustwide/cargo-home/registry/src/index.crates.io-1949cf8c6b5b557f/num-bigint-0.3.1/src/biguint.rs:1712:54
[INFO] [stdout]      |
[INFO] [stdout] 1712 |                 let root_scale = extra_bits.div_ceil(&n64);
[INFO] [stdout]      |                                             -------- ^^^^ expected `u64`, found `&u64`
[INFO] [stdout]      |                                             |
[INFO] [stdout]      |                                             arguments to this method are incorrect
[INFO] [stdout]      |
[INFO] [stdout] note: method defined here
[INFO] [stdout]     --> /rustc/04eb0d7194012623e82369b466d5084522957446/library/core/src/num/uint_macros.rs:3747:21
[INFO] [stdout]     --> /rustc/04eb0d7194012623e82369b466d5084522957446/library/core/src/num/mod.rs:1319:4
[INFO] [stdout]     ::: /rustc/04eb0d7194012623e82369b466d5084522957446/library/core/src/num/mod.rs:1343:5
[INFO] [stdout]      |
[INFO] [stdout]      = note: in this macro invocation
[INFO] [stdout]      = note: this error originates in the macro `uint_impl` (in Nightly builds, run with -Z macro-backtrace for more info)
[INFO] [stdout] help: consider removing the borrow
[INFO] [stdout]      |
[INFO] [stdout] 1712 -                 let root_scale = extra_bits.div_ceil(&n64);
[INFO] [stdout] 1712 +                 let root_scale = extra_bits.div_ceil(n64);
[INFO] [stdout]      |
[INFO] [stdout] 
[INFO] [stdout] 
[INFO] [stdout] error[E0308]: mismatched types
[INFO] [stdout]     --> /opt/rustwide/cargo-home/registry/src/index.crates.io-1949cf8c6b5b557f/num-bigint-0.3.1/src/biguint.rs:2128:19
[INFO] [stdout]      |
[INFO] [stdout] 2128 |         .div_ceil(&u64::from(bits))
[INFO] [stdout]      |          -------- ^^^^^^^^^^^^^^^^ expected `u64`, found `&u64`
[INFO] [stdout]      |          |
[INFO] [stdout]      |          arguments to this method are incorrect
[INFO] [stdout]      |
[INFO] [stdout] note: method defined here
[INFO] [stdout]     --> /rustc/04eb0d7194012623e82369b466d5084522957446/library/core/src/num/uint_macros.rs:3747:21
[INFO] [stdout]     --> /rustc/04eb0d7194012623e82369b466d5084522957446/library/core/src/num/mod.rs:1319:4
[INFO] [stdout]     ::: /rustc/04eb0d7194012623e82369b466d5084522957446/library/core/src/num/mod.rs:1343:5
[INFO] [stdout]      |
[INFO] [stdout]      = note: in this macro invocation
[INFO] [stdout]      = note: this error originates in the macro `uint_impl` (in Nightly builds, run with -Z macro-backtrace for more info)
[INFO] [stdout] help: consider removing the borrow
[INFO] [stdout]      |
[INFO] [stdout] 2128 -         .div_ceil(&u64::from(bits))
[INFO] [stdout] 2128 +         .div_ceil(u64::from(bits))
[INFO] [stdout]      |
[INFO] [stdout] 
[INFO] [stdout] 
[INFO] [stdout] error[E0308]: mismatched types
[INFO] [stdout]     --> /opt/rustwide/cargo-home/registry/src/index.crates.io-1949cf8c6b5b557f/num-bigint-0.3.1/src/biguint.rs:2156:19
[INFO] [stdout]      |
[INFO] [stdout] 2156 |         .div_ceil(&u64::from(bits))
[INFO] [stdout]      |          -------- ^^^^^^^^^^^^^^^^ expected `u64`, found `&u64`
[INFO] [stdout]      |          |
[INFO] [stdout]      |          arguments to this method are incorrect
[INFO] [stdout]      |
[INFO] [stdout] note: method defined here
[INFO] [stdout]     --> /rustc/04eb0d7194012623e82369b466d5084522957446/library/core/src/num/uint_macros.rs:3747:21
[INFO] [stdout]     --> /rustc/04eb0d7194012623e82369b466d5084522957446/library/core/src/num/mod.rs:1319:4
[INFO] [stdout]     ::: /rustc/04eb0d7194012623e82369b466d5084522957446/library/core/src/num/mod.rs:1343:5
[INFO] [stdout]      |
[INFO] [stdout]      = note: in this macro invocation
[INFO] [stdout]      = note: this error originates in the macro `uint_impl` (in Nightly builds, run with -Z macro-backtrace for more info)
[INFO] [stdout] help: consider removing the borrow
[INFO] [stdout]      |
[INFO] [stdout] 2156 -         .div_ceil(&u64::from(bits))
[INFO] [stdout] 2156 +         .div_ceil(u64::from(bits))
[INFO] [stdout]      |
[INFO] [stdout] 
[INFO] [stdout] 
[INFO] [stderr]    Compiling memory_units v0.4.0
[INFO] [stdout] For more information about this error, try `rustc --explain E0308`.
[INFO] [stdout] 
[INFO] [stderr] error: could not compile `num-bigint` (lib) due to 4 previous errors
[INFO] [stderr] warning: build failed, waiting for other jobs to finish...
[INFO] running `Command { std: "docker" "inspect" "90bbbc9b4567914941e617300224fa8df03ba469222ceddd800e84484da2c948", kill_on_drop: false }`
[INFO] running `Command { std: "docker" "rm" "-f" "90bbbc9b4567914941e617300224fa8df03ba469222ceddd800e84484da2c948", kill_on_drop: false }`
[INFO] [stdout] 90bbbc9b4567914941e617300224fa8df03ba469222ceddd800e84484da2c948
