[INFO] cloning repository https://github.com/miggx/windows-api-adventures
[INFO] running `Command { std: "git" "-c" "credential.helper=" "-c" "credential.helper=/workspace/cargo-home/bin/git-credential-null" "clone" "--bare" "https://github.com/miggx/windows-api-adventures" "/workspace/cache/git-repos/https%3A%2F%2Fgithub.com%2Fmiggx%2Fwindows-api-adventures", kill_on_drop: false }`
[INFO] [stderr] Cloning into bare repository '/workspace/cache/git-repos/https%3A%2F%2Fgithub.com%2Fmiggx%2Fwindows-api-adventures'...
[INFO] running `Command { std: "git" "rev-parse" "HEAD", kill_on_drop: false }`
[INFO] [stdout] 7bbb68a6300331f54fb49802efc558872a233aa4
[INFO] testing miggx/windows-api-adventures against 1.99.0-beta.1+cargoflags=--release for beta-release-1.99-2
[INFO] running `Command { std: "git" "clone" "/workspace/cache/git-repos/https%3A%2F%2Fgithub.com%2Fmiggx%2Fwindows-api-adventures" "/workspace/builds/worker-7-tc2/source", kill_on_drop: false }`
[INFO] [stderr] Cloning into '/workspace/builds/worker-7-tc2/source'...
[INFO] [stderr] done.
[INFO] started tweaking git repo https://github.com/miggx/windows-api-adventures
[INFO] finished tweaking git repo https://github.com/miggx/windows-api-adventures
[INFO] tweaked toml for git repo https://github.com/miggx/windows-api-adventures written to /workspace/builds/worker-7-tc2/source/Cargo.toml
[INFO] validating manifest of git repo https://github.com/miggx/windows-api-adventures on toolchain 1.99.0-beta.1
[INFO] running `Command { std: CARGO_HOME="/workspace/cargo-home" RUSTUP_HOME="/workspace/rustup-home" "/workspace/cargo-home/bin/cargo" "+1.99.0-beta.1" "metadata" "--manifest-path" "Cargo.toml" "--no-deps", kill_on_drop: false }`
[INFO] crate git repo https://github.com/miggx/windows-api-adventures already has a lockfile, it will not be regenerated
[INFO] running `Command { std: CARGO_HOME="/workspace/cargo-home" RUSTUP_HOME="/workspace/rustup-home" "/workspace/cargo-home/bin/cargo" "+1.99.0-beta.1" "fetch" "--manifest-path" "Cargo.toml", kill_on_drop: false }`
[INFO] running `Command { std: "docker" "create" "-v" "/var/lib/crater-agent-workspace/builds/worker-7-tc2/source:/opt/rustwide/workdir:ro,Z" "-v" "/var/lib/crater-agent-workspace/builds/worker-7-tc2/target:/opt/rustwide/target:rw,Z" "-v" "/var/lib/crater-agent-workspace/cargo-home:/opt/rustwide/cargo-home:ro,Z" "-v" "/var/lib/crater-agent-workspace/rustup-home:/opt/rustwide/rustup-home:ro,Z" "-m" "1610612736" "--network" "none" "ghcr.io/rust-lang/crates-build-env/linux@sha256:8683fc1fc2eb5c9ac98e0d076ab094b2ffac7f99da555d2b6a2e27f346de2ec7" "sleep" "infinity", kill_on_drop: false }`
[INFO] [stdout] 1878d68c4f7cdd32adfda14833ba437f615f667952bc198348db538ea4ebbb6d
[INFO] running `Command { std: "docker" "start" "1878d68c4f7cdd32adfda14833ba437f615f667952bc198348db538ea4ebbb6d", kill_on_drop: false }`
[INFO] running `Command { std: "docker" "inspect" "1878d68c4f7cdd32adfda14833ba437f615f667952bc198348db538ea4ebbb6d", kill_on_drop: false }`
[INFO] running `Command { std: "docker" "exec" "-e" "SOURCE_DIR=/opt/rustwide/workdir" "-e" "CARGO_HOME=/opt/rustwide/cargo-home" "-e" "RUSTUP_HOME=/opt/rustwide/rustup-home" "-e" "CARGO_TARGET_DIR=/opt/rustwide/target" "-w" "/opt/rustwide/workdir" "--user" "0:0" "1878d68c4f7cdd32adfda14833ba437f615f667952bc198348db538ea4ebbb6d" "/opt/rustwide/cargo-home/bin/cargo" "+1.99.0-beta.1" "metadata" "--no-deps" "--format-version=1", kill_on_drop: false }`
[INFO] running `Command { std: "docker" "inspect" "1878d68c4f7cdd32adfda14833ba437f615f667952bc198348db538ea4ebbb6d", kill_on_drop: false }`
[INFO] running `Command { std: "docker" "exec" "-e" "SOURCE_DIR=/opt/rustwide/workdir" "-e" "CARGO_HOME=/opt/rustwide/cargo-home" "-e" "RUSTUP_HOME=/opt/rustwide/rustup-home" "-e" "CARGO_TARGET_DIR=/opt/rustwide/target" "-e" "CARGO_INCREMENTAL=0" "-e" "RUST_BACKTRACE=full" "-e" "RUSTFLAGS=--cap-lints=warn" "-e" "RUSTDOCFLAGS=--cap-lints=warn" "-w" "/opt/rustwide/workdir" "--user" "0:0" "1878d68c4f7cdd32adfda14833ba437f615f667952bc198348db538ea4ebbb6d" "/opt/rustwide/cargo-home/bin/cargo" "+1.99.0-beta.1" "build" "--frozen" "--message-format=json" "--release", kill_on_drop: false }`
[INFO] [stderr]    Compiling windows_x86_64_gnu v0.48.5
[INFO] [stderr]    Compiling eyre v0.6.8
[INFO] [stderr]    Compiling once_cell v1.18.0
[INFO] [stderr]    Compiling indenter v0.3.3
[INFO] [stderr]    Compiling windows-targets v0.48.5
[INFO] [stderr]    Compiling windows-core v0.51.1
[INFO] [stderr]    Compiling windows v0.51.1
[INFO] [stderr]    Compiling lib v0.1.0 (/opt/rustwide/workdir/lib)
[INFO] [stderr]    Compiling bin v0.1.0 (/opt/rustwide/workdir/bin)
[INFO] [stdout] error: linking with `cc` failed: exit status: 1
[INFO] [stdout]   |
[INFO] [stdout]   = note:  "cc" "-m64" "/opt/rustwide/target/release/deps/rustcxeTWCm/symbols.o" "<2 object files omitted>" "-Wl,--as-needed" "-Wl,-Bstatic" "/opt/rustwide/target/release/deps/{liblib-99a8fb13783f8408,libwindows-f5c53eead7e0ec76,libwindows_core-5b82c52ff8ff793b,libwindows_targets-7d1e2880fe441718,libeyre-65bdba5e81dd5a90,libindenter-eb2cbd7e8135535d,libonce_cell-fea566fa5e4a55ed}.rlib" "<sysroot>/lib/rustlib/x86_64-unknown-linux-gnu/lib/{libstd-*,libpanic_unwind-*,libobject-*,libmemchr-*,libaddr2line-*,libgimli-*,libcfg_if-*,librustc_demangle-*,libstd_detect-*,libhashbrown-*,librustc_std_workspace_alloc-*,libminiz_oxide-*,libadler2-*,libunwind-*,liblibc-*,librustc_std_workspace_core-*,liballoc-*,libcore-*,libcompiler_builtins-*}.rlib" "-Wl,-Bdynamic" "-lgcc_s" "-lutil" "-lrt" "-lpthread" "-lm" "-ldl" "-lc" "-L" "/opt/rustwide/target/release/deps/rustcxeTWCm/raw-dylibs" "-B<sysroot>/lib/rustlib/x86_64-unknown-linux-gnu/bin/gcc-ld" "-fuse-ld=lld" "-Wl,--eh-frame-hdr" "-Wl,-z,noexecstack" "-L" "<sysroot>/lib/rustlib/x86_64-unknown-linux-gnu/lib" "-o" "/opt/rustwide/target/release/deps/bin-fbe0652dd1317938" "-Wl,--gc-sections" "-pie" "-Wl,-z,relro,-z,now" "-Wl,-O1" "-Wl,--strip-debug" "-nodefaultlibs"
[INFO] [stdout]   = note: some arguments are omitted. use `--verbose` to show all linker arguments
[INFO] [stdout]   = note: rust-lld: error: undefined symbol: GetProcessHeap
[INFO] [stdout]           >>> referenced by windows_core.f96144e24bdd6731-cgu.1
[INFO] [stdout]           >>>               windows_core-5b82c52ff8ff793b.windows_core.f96144e24bdd6731-cgu.1.rcgu.o:(core::ptr::drop_glue::<windows_core::strings::hstring::HSTRING>) in archive /opt/rustwide/target/release/deps/libwindows_core-5b82c52ff8ff793b.rlib
[INFO] [stdout]           >>> referenced by windows_core.f96144e24bdd6731-cgu.2
[INFO] [stdout]           >>>               windows_core-5b82c52ff8ff793b.windows_core.f96144e24bdd6731-cgu.2.rcgu.o:(<windows_core::hresult::HRESULT>::message) in archive /opt/rustwide/target/release/deps/libwindows_core-5b82c52ff8ff793b.rlib
[INFO] [stdout]           >>> referenced by windows_core.f96144e24bdd6731-cgu.2
[INFO] [stdout]           >>>               windows_core-5b82c52ff8ff793b.windows_core.f96144e24bdd6731-cgu.2.rcgu.o:(<windows_core::hresult::HRESULT>::message) in archive /opt/rustwide/target/release/deps/libwindows_core-5b82c52ff8ff793b.rlib
[INFO] [stdout]           >>> referenced 8 more times
[INFO] [stdout]           
[INFO] [stdout]           rust-lld: error: undefined symbol: HeapFree
[INFO] [stdout]           >>> referenced by windows_core.f96144e24bdd6731-cgu.1
[INFO] [stdout]           >>>               windows_core-5b82c52ff8ff793b.windows_core.f96144e24bdd6731-cgu.1.rcgu.o:(core::ptr::drop_glue::<windows_core::strings::hstring::HSTRING>) in archive /opt/rustwide/target/release/deps/libwindows_core-5b82c52ff8ff793b.rlib
[INFO] [stdout]           >>> referenced by windows_core.f96144e24bdd6731-cgu.2
[INFO] [stdout]           >>>               windows_core-5b82c52ff8ff793b.windows_core.f96144e24bdd6731-cgu.2.rcgu.o:(<windows_core::hresult::HRESULT>::message) in archive /opt/rustwide/target/release/deps/libwindows_core-5b82c52ff8ff793b.rlib
[INFO] [stdout]           >>> referenced by windows_core.f96144e24bdd6731-cgu.2
[INFO] [stdout]           >>>               windows_core-5b82c52ff8ff793b.windows_core.f96144e24bdd6731-cgu.2.rcgu.o:(<windows_core::hresult::HRESULT>::message) in archive /opt/rustwide/target/release/deps/libwindows_core-5b82c52ff8ff793b.rlib
[INFO] [stdout]           >>> referenced 5 more times
[INFO] [stdout]           
[INFO] [stdout]           rust-lld: error: undefined symbol: VirtualAllocEx
[INFO] [stdout]           >>> referenced by lib.f1e2a2bf19f85654-cgu.0
[INFO] [stdout]           >>>               lib-99a8fb13783f8408.lib.f1e2a2bf19f85654-cgu.0.rcgu.o:(lib::memory::virtual_alloc_ex) in archive /opt/rustwide/target/release/deps/liblib-99a8fb13783f8408.rlib
[INFO] [stdout]           
[INFO] [stdout]           rust-lld: error: undefined symbol: GetLastError
[INFO] [stdout]           >>> referenced by windows_core.f96144e24bdd6731-cgu.1
[INFO] [stdout]           >>>               windows_core-5b82c52ff8ff793b.windows_core.f96144e24bdd6731-cgu.1.rcgu.o:(<windows_core::error::Error>::from_win32) in archive /opt/rustwide/target/release/deps/libwindows_core-5b82c52ff8ff793b.rlib
[INFO] [stdout]           >>> referenced by lib.f1e2a2bf19f85654-cgu.0
[INFO] [stdout]           >>>               lib-99a8fb13783f8408.lib.f1e2a2bf19f85654-cgu.0.rcgu.o:(lib::memory::virtual_alloc_ex) in archive /opt/rustwide/target/release/deps/liblib-99a8fb13783f8408.rlib
[INFO] [stdout]           
[INFO] [stdout]           rust-lld: error: undefined symbol: LoadLibraryExA
[INFO] [stdout]           >>> referenced by windows_core.f96144e24bdd6731-cgu.1
[INFO] [stdout]           >>>               windows_core-5b82c52ff8ff793b.windows_core.f96144e24bdd6731-cgu.1.rcgu.o:(<windows_core::error::Error>::new) in archive /opt/rustwide/target/release/deps/libwindows_core-5b82c52ff8ff793b.rlib
[INFO] [stdout]           
[INFO] [stdout]           rust-lld: error: undefined symbol: FormatMessageW
[INFO] [stdout]           >>> referenced by windows_core.f96144e24bdd6731-cgu.2
[INFO] [stdout]           >>>               windows_core-5b82c52ff8ff793b.windows_core.f96144e24bdd6731-cgu.2.rcgu.o:(<windows_core::hresult::HRESULT>::message) in archive /opt/rustwide/target/release/deps/libwindows_core-5b82c52ff8ff793b.rlib
[INFO] [stdout]           
[INFO] [stdout]           rust-lld: error: undefined symbol: CreateRemoteThreadEx
[INFO] [stdout]           >>> referenced by lib.f1e2a2bf19f85654-cgu.0
[INFO] [stdout]           >>>               lib-99a8fb13783f8408.lib.f1e2a2bf19f85654-cgu.0.rcgu.o:(lib::memory::create_remote_thread) in archive /opt/rustwide/target/release/deps/liblib-99a8fb13783f8408.rlib
[INFO] [stdout]           
[INFO] [stdout]           rust-lld: error: undefined symbol: HeapAlloc
[INFO] [stdout]           >>> referenced by windows_core.f96144e24bdd6731-cgu.2
[INFO] [stdout]           >>>               windows_core-5b82c52ff8ff793b.windows_core.f96144e24bdd6731-cgu.2.rcgu.o:(<windows_core::hresult::HRESULT>::message) in archive /opt/rustwide/target/release/deps/libwindows_core-5b82c52ff8ff793b.rlib
[INFO] [stdout]           >>> referenced by windows_core.f96144e24bdd6731-cgu.1
[INFO] [stdout]           >>>               windows_core-5b82c52ff8ff793b.windows_core.f96144e24bdd6731-cgu.1.rcgu.o:(<windows_core::error::Error>::message) in archive /opt/rustwide/target/release/deps/libwindows_core-5b82c52ff8ff793b.rlib
[INFO] [stdout]           >>> referenced by windows_core.f96144e24bdd6731-cgu.1
[INFO] [stdout]           >>>               windows_core-5b82c52ff8ff793b.windows_core.f96144e24bdd6731-cgu.1.rcgu.o:(<windows_core::error::Error as core::convert::From<windows_core::hresult::HRESULT>>::from) in archive /opt/rustwide/target/release/deps/libwindows_core-5b82c52ff8ff793b.rlib
[INFO] [stdout]           
[INFO] [stdout]           rust-lld: error: undefined symbol: WriteProcessMemory
[INFO] [stdout]           >>> referenced by lib.f1e2a2bf19f85654-cgu.0
[INFO] [stdout]           >>>               lib-99a8fb13783f8408.lib.f1e2a2bf19f85654-cgu.0.rcgu.o:(lib::memory::write_process_memory) in archive /opt/rustwide/target/release/deps/liblib-99a8fb13783f8408.rlib
[INFO] [stdout]           
[INFO] [stdout]           rust-lld: error: undefined symbol: CloseHandle
[INFO] [stdout]           >>> referenced by lib.f1e2a2bf19f85654-cgu.0
[INFO] [stdout]           >>>               lib-99a8fb13783f8408.lib.f1e2a2bf19f85654-cgu.0.rcgu.o:(lib::process::close_handle) in archive /opt/rustwide/target/release/deps/liblib-99a8fb13783f8408.rlib
[INFO] [stdout]           
[INFO] [stdout]           rust-lld: error: undefined symbol: OpenProcess
[INFO] [stdout]           >>> referenced by lib.f1e2a2bf19f85654-cgu.0
[INFO] [stdout]           >>>               lib-99a8fb13783f8408.lib.f1e2a2bf19f85654-cgu.0.rcgu.o:(lib::process::get_process_name) in archive /opt/rustwide/target/release/deps/liblib-99a8fb13783f8408.rlib
[INFO] [stdout]           >>> referenced by lib.f1e2a2bf19f85654-cgu.0
[INFO] [stdout]           >>>               lib-99a8fb13783f8408.lib.f1e2a2bf19f85654-cgu.0.rcgu.o:(lib::process::get_process_handle) in archive /opt/rustwide/target/release/deps/liblib-99a8fb13783f8408.rlib
[INFO] [stdout]           
[INFO] [stdout]           rust-lld: error: undefined symbol: QueryFullProcessImageNameW
[INFO] [stdout]           >>> referenced by lib.f1e2a2bf19f85654-cgu.0
[INFO] [stdout]           >>>               lib-99a8fb13783f8408.lib.f1e2a2bf19f85654-cgu.0.rcgu.o:(lib::process::get_process_name) in archive /opt/rustwide/target/release/deps/liblib-99a8fb13783f8408.rlib
[INFO] [stdout]           
[INFO] [stdout]           rust-lld: error: undefined symbol: GetProcAddress
[INFO] [stdout]           >>> referenced by windows_core.f96144e24bdd6731-cgu.1
[INFO] [stdout]           >>>               windows_core-5b82c52ff8ff793b.windows_core.f96144e24bdd6731-cgu.1.rcgu.o:(<windows_core::error::Error>::new) in archive /opt/rustwide/target/release/deps/libwindows_core-5b82c52ff8ff793b.rlib
[INFO] [stdout]           
[INFO] [stdout]           rust-lld: error: undefined symbol: FreeLibrary
[INFO] [stdout]           >>> referenced by windows_core.f96144e24bdd6731-cgu.1
[INFO] [stdout]           >>>               windows_core-5b82c52ff8ff793b.windows_core.f96144e24bdd6731-cgu.1.rcgu.o:(<windows_core::error::Error>::new) in archive /opt/rustwide/target/release/deps/libwindows_core-5b82c52ff8ff793b.rlib
[INFO] [stdout]           
[INFO] [stdout]           rust-lld: error: undefined symbol: GetErrorInfo
[INFO] [stdout]           >>> referenced by windows_core.f96144e24bdd6731-cgu.1
[INFO] [stdout]           >>>               windows_core-5b82c52ff8ff793b.windows_core.f96144e24bdd6731-cgu.1.rcgu.o:(<windows_core::error::Error>::new) in archive /opt/rustwide/target/release/deps/libwindows_core-5b82c52ff8ff793b.rlib
[INFO] [stdout]           >>> referenced by windows_core.f96144e24bdd6731-cgu.1
[INFO] [stdout]           >>>               windows_core-5b82c52ff8ff793b.windows_core.f96144e24bdd6731-cgu.1.rcgu.o:(<windows_core::error::Error as core::convert::From<windows_core::hresult::HRESULT>>::from) in archive /opt/rustwide/target/release/deps/libwindows_core-5b82c52ff8ff793b.rlib
[INFO] [stdout]           >>> referenced by windows_core.f96144e24bdd6731-cgu.1
[INFO] [stdout]           >>>               windows_core-5b82c52ff8ff793b.windows_core.f96144e24bdd6731-cgu.1.rcgu.o:(<windows_core::error::Error as core::convert::From<windows_core::hresult::HRESULT>>::from) in archive /opt/rustwide/target/release/deps/libwindows_core-5b82c52ff8ff793b.rlib
[INFO] [stdout]           
[INFO] [stdout]           rust-lld: error: undefined symbol: SysFreeString
[INFO] [stdout]           >>> referenced by windows_core.f96144e24bdd6731-cgu.1
[INFO] [stdout]           >>>               windows_core-5b82c52ff8ff793b.windows_core.f96144e24bdd6731-cgu.1.rcgu.o:(<windows_core::error::Error>::message) in archive /opt/rustwide/target/release/deps/libwindows_core-5b82c52ff8ff793b.rlib
[INFO] [stdout]           >>> referenced by windows_core.f96144e24bdd6731-cgu.1
[INFO] [stdout]           >>>               windows_core-5b82c52ff8ff793b.windows_core.f96144e24bdd6731-cgu.1.rcgu.o:(<windows_core::error::Error>::message) in archive /opt/rustwide/target/release/deps/libwindows_core-5b82c52ff8ff793b.rlib
[INFO] [stdout]           >>> referenced by windows_core.f96144e24bdd6731-cgu.1
[INFO] [stdout]           >>>               windows_core-5b82c52ff8ff793b.windows_core.f96144e24bdd6731-cgu.1.rcgu.o:(<windows_core::error::Error>::message) in archive /opt/rustwide/target/release/deps/libwindows_core-5b82c52ff8ff793b.rlib
[INFO] [stdout]           >>> referenced 9 more times
[INFO] [stdout]           
[INFO] [stdout]           rust-lld: error: undefined symbol: SysStringLen
[INFO] [stdout]           >>> referenced by windows_core.f96144e24bdd6731-cgu.1
[INFO] [stdout]           >>>               windows_core-5b82c52ff8ff793b.windows_core.f96144e24bdd6731-cgu.1.rcgu.o:(<windows_core::error::Error>::message) in archive /opt/rustwide/target/release/deps/libwindows_core-5b82c52ff8ff793b.rlib
[INFO] [stdout]           >>> referenced by windows_core.f96144e24bdd6731-cgu.1
[INFO] [stdout]           >>>               windows_core-5b82c52ff8ff793b.windows_core.f96144e24bdd6731-cgu.1.rcgu.o:(<windows_core::error::Error>::message) in archive /opt/rustwide/target/release/deps/libwindows_core-5b82c52ff8ff793b.rlib
[INFO] [stdout]           >>> referenced by windows_core.f96144e24bdd6731-cgu.1
[INFO] [stdout]           >>>               windows_core-5b82c52ff8ff793b.windows_core.f96144e24bdd6731-cgu.1.rcgu.o:(<windows_core::error::Error as core::convert::From<windows_core::hresult::HRESULT>>::from) in archive /opt/rustwide/target/release/deps/libwindows_core-5b82c52ff8ff793b.rlib
[INFO] [stdout]           collect2: error: ld returned 1 exit status
[INFO] [stdout]           
[INFO] [stdout] 
[INFO] [stdout] 
[INFO] [stderr] error: could not compile `bin` (bin "bin") due to 1 previous error
[INFO] running `Command { std: "docker" "inspect" "1878d68c4f7cdd32adfda14833ba437f615f667952bc198348db538ea4ebbb6d", kill_on_drop: false }`
[INFO] running `Command { std: "docker" "rm" "-f" "1878d68c4f7cdd32adfda14833ba437f615f667952bc198348db538ea4ebbb6d", kill_on_drop: false }`
[INFO] [stdout] 1878d68c4f7cdd32adfda14833ba437f615f667952bc198348db538ea4ebbb6d
