[INFO] cloning repository https://github.com/michaeltrefry/mlx-gen
[INFO] running `Command { std: "git" "-c" "credential.helper=" "-c" "credential.helper=/workspace/cargo-home/bin/git-credential-null" "clone" "--bare" "https://github.com/michaeltrefry/mlx-gen" "/workspace/cache/git-repos/https%3A%2F%2Fgithub.com%2Fmichaeltrefry%2Fmlx-gen", kill_on_drop: false }`
[INFO] [stderr] Cloning into bare repository '/workspace/cache/git-repos/https%3A%2F%2Fgithub.com%2Fmichaeltrefry%2Fmlx-gen'...
[INFO] running `Command { std: "git" "rev-parse" "HEAD", kill_on_drop: false }`
[INFO] [stdout] 45428fa9727c569f3f3723c7343c96b0944f9007
[INFO] testing michaeltrefry/mlx-gen against 1.99.0-beta.1+cargoflags=--release for beta-release-1.99-2
[INFO] running `Command { std: "git" "clone" "/workspace/cache/git-repos/https%3A%2F%2Fgithub.com%2Fmichaeltrefry%2Fmlx-gen" "/workspace/builds/worker-3-tc2/source", kill_on_drop: false }`
[INFO] [stderr] Cloning into '/workspace/builds/worker-3-tc2/source'...
[INFO] [stderr] done.
[INFO] [stderr] Updating files:  63% (947/1480)
Updating files:  64% (948/1480)
Updating files:  65% (962/1480)
Updating files:  66% (977/1480)
Updating files:  67% (992/1480)
Updating files:  68% (1007/1480)
Updating files:  69% (1022/1480)
Updating files:  70% (1036/1480)
Updating files:  71% (1051/1480)
Updating files:  72% (1066/1480)
Updating files:  73% (1081/1480)
Updating files:  74% (1096/1480)
Updating files:  75% (1110/1480)
Updating files:  76% (1125/1480)
Updating files:  77% (1140/1480)
Updating files:  78% (1155/1480)
Updating files:  79% (1170/1480)
Updating files:  80% (1184/1480)
Updating files:  81% (1199/1480)
Updating files:  82% (1214/1480)
Updating files:  83% (1229/1480)
Updating files:  84% (1244/1480)
Updating files:  85% (1258/1480)
Updating files:  86% (1273/1480)
Updating files:  87% (1288/1480)
Updating files:  88% (1303/1480)
Updating files:  89% (1318/1480)
Updating files:  90% (1332/1480)
Updating files:  91% (1347/1480)
Updating files:  92% (1362/1480)
Updating files:  93% (1377/1480)
Updating files:  94% (1392/1480)
Updating files:  95% (1406/1480)
Updating files:  96% (1421/1480)
Updating files:  97% (1436/1480)
Updating files:  98% (1451/1480)
Updating files:  99% (1466/1480)
Updating files: 100% (1480/1480)
Updating files: 100% (1480/1480), done.
[INFO] removed /workspace/builds/worker-3-tc2/source/.cargo/config.toml
[INFO] removed /workspace/builds/worker-3-tc2/source/rust-toolchain.toml
[INFO] started tweaking git repo https://github.com/michaeltrefry/mlx-gen
[INFO] finished tweaking git repo https://github.com/michaeltrefry/mlx-gen
[INFO] tweaked toml for git repo https://github.com/michaeltrefry/mlx-gen written to /workspace/builds/worker-3-tc2/source/Cargo.toml
[INFO] validating manifest of git repo https://github.com/michaeltrefry/mlx-gen on toolchain 1.99.0-beta.1
[INFO] running `Command { std: CARGO_HOME="/workspace/cargo-home" RUSTUP_HOME="/workspace/rustup-home" "/workspace/cargo-home/bin/cargo" "+1.99.0-beta.1" "metadata" "--manifest-path" "Cargo.toml" "--no-deps", kill_on_drop: false }`
[INFO] crate git repo https://github.com/michaeltrefry/mlx-gen already has a lockfile, it will not be regenerated
[INFO] running `Command { std: CARGO_HOME="/workspace/cargo-home" RUSTUP_HOME="/workspace/rustup-home" "/workspace/cargo-home/bin/cargo" "+1.99.0-beta.1" "fetch" "--manifest-path" "Cargo.toml", kill_on_drop: false }`
[INFO] running `Command { std: "docker" "create" "-v" "/var/lib/crater-agent-workspace/builds/worker-3-tc2/source:/opt/rustwide/workdir:ro,Z" "-v" "/var/lib/crater-agent-workspace/builds/worker-3-tc2/target:/opt/rustwide/target:rw,Z" "-v" "/var/lib/crater-agent-workspace/cargo-home:/opt/rustwide/cargo-home:ro,Z" "-v" "/var/lib/crater-agent-workspace/rustup-home:/opt/rustwide/rustup-home:ro,Z" "-m" "1610612736" "--network" "none" "ghcr.io/rust-lang/crates-build-env/linux@sha256:8683fc1fc2eb5c9ac98e0d076ab094b2ffac7f99da555d2b6a2e27f346de2ec7" "sleep" "infinity", kill_on_drop: false }`
[INFO] [stdout] 625f1a16ee8aff94b4e8dfc248c9ba66529df659035f06c6828813ae25a1fbcc
[INFO] running `Command { std: "docker" "start" "625f1a16ee8aff94b4e8dfc248c9ba66529df659035f06c6828813ae25a1fbcc", kill_on_drop: false }`
[INFO] running `Command { std: "docker" "inspect" "625f1a16ee8aff94b4e8dfc248c9ba66529df659035f06c6828813ae25a1fbcc", kill_on_drop: false }`
[INFO] running `Command { std: "docker" "exec" "-e" "SOURCE_DIR=/opt/rustwide/workdir" "-e" "CARGO_HOME=/opt/rustwide/cargo-home" "-e" "RUSTUP_HOME=/opt/rustwide/rustup-home" "-e" "CARGO_TARGET_DIR=/opt/rustwide/target" "-w" "/opt/rustwide/workdir" "--user" "0:0" "625f1a16ee8aff94b4e8dfc248c9ba66529df659035f06c6828813ae25a1fbcc" "/opt/rustwide/cargo-home/bin/cargo" "+1.99.0-beta.1" "metadata" "--no-deps" "--format-version=1", kill_on_drop: false }`
[INFO] running `Command { std: "docker" "inspect" "625f1a16ee8aff94b4e8dfc248c9ba66529df659035f06c6828813ae25a1fbcc", kill_on_drop: false }`
[INFO] running `Command { std: "docker" "exec" "-e" "SOURCE_DIR=/opt/rustwide/workdir" "-e" "CARGO_HOME=/opt/rustwide/cargo-home" "-e" "RUSTUP_HOME=/opt/rustwide/rustup-home" "-e" "CARGO_TARGET_DIR=/opt/rustwide/target" "-e" "CARGO_INCREMENTAL=0" "-e" "RUST_BACKTRACE=full" "-e" "RUSTFLAGS=--cap-lints=warn" "-e" "RUSTDOCFLAGS=--cap-lints=warn" "-w" "/opt/rustwide/workdir" "--user" "0:0" "625f1a16ee8aff94b4e8dfc248c9ba66529df659035f06c6828813ae25a1fbcc" "/opt/rustwide/cargo-home/bin/cargo" "+1.99.0-beta.1" "build" "--frozen" "--message-format=json" "--release", kill_on_drop: false }`
[INFO] [stderr]    Compiling cc v1.2.63
[INFO] [stderr]    Compiling either v1.16.0
[INFO] [stderr]    Compiling libc v0.2.186
[INFO] [stderr]    Compiling memchr v2.8.1
[INFO] [stderr]    Compiling regex-syntax v0.8.10
[INFO] [stderr]    Compiling serde_derive v1.0.228
[INFO] [stderr]    Compiling zerocopy-derive v0.8.50
[INFO] [stderr]    Compiling darling_core v0.20.11
[INFO] [stderr]    Compiling serde_json v1.0.150
[INFO] [stderr]    Compiling winnow v1.0.3
[INFO] [stderr]    Compiling darling_core v0.21.3
[INFO] [stderr]    Compiling prettyplease v0.2.37
[INFO] [stderr]    Compiling thiserror-impl v2.0.18
[INFO] [stderr]    Compiling esaxx-rs v0.1.10
[INFO] [stderr]    Compiling toml_datetime v1.1.1+spec-1.1.0
[INFO] [stderr]    Compiling regex-automata v0.4.14
[INFO] [stderr]    Compiling num-traits v0.2.19
[INFO] [stderr]    Compiling monostate-impl v0.1.18
[INFO] [stderr]    Compiling unicode-segmentation v1.13.2
[INFO] [stderr]    Compiling itertools v0.13.0
[INFO] [stderr]    Compiling fastrand v2.4.1
[INFO] [stderr]    Compiling nom v7.1.3
[INFO] [stderr]    Compiling memo-map v0.3.3
[INFO] [stderr]    Compiling macro_rules_attribute-proc_macro v0.2.2
[INFO] [stderr]    Compiling cmake v0.1.58
[INFO] [stderr]    Compiling toml_parser v1.1.2+spec-1.1.0
[INFO] [stderr]    Compiling macro_rules_attribute v0.2.2
[INFO] [stderr]    Compiling mach-sys v0.5.4
[INFO] [stderr]    Compiling monostate v0.1.18
[INFO] [stderr]    Compiling thiserror v2.0.18
[INFO] [stderr]    Compiling toml_edit v0.25.12+spec-1.1.0
[INFO] [stderr]    Compiling zerocopy v0.8.50
[INFO] [stderr]    Compiling rayon-cond v0.4.0
[INFO] [stderr]    Compiling unicode-normalization-alignments v0.1.12
[INFO] [stderr]    Compiling onig_sys v69.9.3
[INFO] [stderr]    Compiling clang-sys v1.8.1
[INFO] [stderr]    Compiling unicode_categories v0.1.1
[INFO] [stderr]    Compiling strum_macros v0.27.2
[INFO] [stderr]    Compiling proc-macro-crate v3.5.0
[INFO] [stderr]    Compiling parking_lot_core v0.9.12
[INFO] [stderr]    Compiling cexpr v0.6.0
[INFO] [stderr]    Compiling regex v1.12.3
[INFO] [stderr]    Compiling itertools v0.14.0
[INFO] [stderr]    Compiling num_enum_derive v0.7.6
[INFO] [stderr]    Compiling inventory v0.3.24
[INFO] [stderr]    Compiling parking_lot v0.12.5
[INFO] [stderr]    Compiling num-complex v0.4.6
[INFO] [stderr]    Compiling darling_macro v0.20.11
[INFO] [stderr]    Compiling serde v1.0.228
[INFO] [stderr]    Compiling darling v0.20.11
[INFO] [stderr]    Compiling derive_builder_core v0.20.2
[INFO] [stderr]    Compiling dyn-clone v1.0.20
[INFO] [stderr]    Compiling darling_macro v0.21.3
[INFO] [stderr]    Compiling bindgen v0.72.1
[INFO] [stderr]    Compiling darling v0.21.3
[INFO] [stderr]    Compiling num_enum v0.7.6
[INFO] [stderr]    Compiling mlx-macros v0.25.3 (https://github.com/michaeltrefry/mlx-rs?rev=38e1cc1730a11b1e40c2c8ecda01606763a12d51#38e1cc17)
[INFO] [stderr]    Compiling compact_str v0.9.1
[INFO] [stderr]    Compiling spm_precompiled v0.1.4
[INFO] [stderr]    Compiling minijinja v2.21.0
[INFO] [stderr]    Compiling dary_heap v0.3.9
[INFO] [stderr]    Compiling strum v0.27.2
[INFO] [stderr]    Compiling safetensors v0.4.5
[INFO] [stderr]    Compiling mlx-internal-macros v0.25.3 (https://github.com/michaeltrefry/mlx-rs?rev=38e1cc1730a11b1e40c2c8ecda01606763a12d51#38e1cc17)
[INFO] [stderr]    Compiling derive_builder_macro v0.20.2
[INFO] [stderr]    Compiling derive_builder v0.20.2
[INFO] [stderr]    Compiling ppv-lite86 v0.2.21
[INFO] [stderr]    Compiling ahash v0.8.12
[INFO] [stderr]    Compiling half v2.7.1
[INFO] [stderr]    Compiling rand_chacha v0.9.0
[INFO] [stderr]    Compiling rand v0.9.4
[INFO] [stderr]    Compiling pmetal-mlx-sys v0.2.4 (https://github.com/michaeltrefry/mlx-rs?rev=38e1cc1730a11b1e40c2c8ecda01606763a12d51#38e1cc17)
[INFO] [stderr]    Compiling minijinja-contrib v2.21.0
[INFO] [stderr] error: failed to run custom build command for `pmetal-mlx-sys v0.2.4 (https://github.com/michaeltrefry/mlx-rs?rev=38e1cc1730a11b1e40c2c8ecda01606763a12d51#38e1cc17)`
[INFO] [stderr] note: To improve backtraces for build dependencies, set the CARGO_PROFILE_RELEASE_BUILD_OVERRIDE_DEBUG=true environment variable to enable debug information generation.
[INFO] [stderr] 
[INFO] [stderr] Caused by:
[INFO] [stderr]   process didn't exit successfully: `/opt/rustwide/target/release/build/pmetal-mlx-sys-0ff742179121b319/build-script-build` (exit status: 101)
[INFO] [stderr]   --- stdout
[INFO] [stderr]   patching file mlx/c/fft.cpp
[INFO] [stderr]   cargo:rerun-if-changed=patches/mlx-c-fft-norm.patch
[INFO] [stderr]   cargo:rerun-if-changed=patches/metallib-search-path.patch
[INFO] [stderr]   cargo:rerun-if-changed=patches/command-buffer-recoverable.patch
[INFO] [stderr]   CMAKE_TOOLCHAIN_FILE_x86_64-unknown-linux-gnu = None
[INFO] [stderr]   CMAKE_TOOLCHAIN_FILE_x86_64_unknown_linux_gnu = None
[INFO] [stderr]   HOST_CMAKE_TOOLCHAIN_FILE = None
[INFO] [stderr]   CMAKE_TOOLCHAIN_FILE = None
[INFO] [stderr]   CMAKE_GENERATOR_x86_64-unknown-linux-gnu = None
[INFO] [stderr]   CMAKE_GENERATOR_x86_64_unknown_linux_gnu = None
[INFO] [stderr]   HOST_CMAKE_GENERATOR = None
[INFO] [stderr]   CMAKE_GENERATOR = None
[INFO] [stderr]   CMAKE_PREFIX_PATH_x86_64-unknown-linux-gnu = None
[INFO] [stderr]   CMAKE_PREFIX_PATH_x86_64_unknown_linux_gnu = None
[INFO] [stderr]   HOST_CMAKE_PREFIX_PATH = None
[INFO] [stderr]   CMAKE_PREFIX_PATH = None
[INFO] [stderr]   CMAKE_x86_64-unknown-linux-gnu = None
[INFO] [stderr]   CMAKE_x86_64_unknown_linux_gnu = None
[INFO] [stderr]   HOST_CMAKE = None
[INFO] [stderr]   CMAKE = None
[INFO] [stderr]   Running with debug output on.
[INFO] [stderr]   -- The CXX compiler identification is GNU 15.2.0
[INFO] [stderr]      Called from: [3]	/opt/rustwide/target/release/build/pmetal-mlx-sys-868a6fc17edf4bd6/out/mlx-c-staged/CMakeLists.txt
[INFO] [stderr]                   [2]	/usr/share/cmake-4.2/Modules/CMakeDetermineCXXCompiler.cmake
[INFO] [stderr]                   [1]	/usr/share/cmake-4.2/Modules/CMakeDetermineCompilerId.cmake
[INFO] [stderr]   -- The C compiler identification is GNU 15.2.0
[INFO] [stderr]      Called from: [3]	/opt/rustwide/target/release/build/pmetal-mlx-sys-868a6fc17edf4bd6/out/mlx-c-staged/CMakeLists.txt
[INFO] [stderr]                   [2]	/usr/share/cmake-4.2/Modules/CMakeDetermineCCompiler.cmake
[INFO] [stderr]                   [1]	/usr/share/cmake-4.2/Modules/CMakeDetermineCompilerId.cmake
[INFO] [stderr]   -- Detecting CXX compiler ABI info
[INFO] [stderr]      Called from: [3]	/opt/rustwide/target/release/build/pmetal-mlx-sys-868a6fc17edf4bd6/out/mlx-c-staged/CMakeLists.txt
[INFO] [stderr]                   [2]	/usr/share/cmake-4.2/Modules/CMakeTestCXXCompiler.cmake
[INFO] [stderr]                   [1]	/usr/share/cmake-4.2/Modules/CMakeDetermineCompilerABI.cmake
[INFO] [stderr]   -- Detecting CXX compiler ABI info - done
[INFO] [stderr]      Called from: [3]	/opt/rustwide/target/release/build/pmetal-mlx-sys-868a6fc17edf4bd6/out/mlx-c-staged/CMakeLists.txt
[INFO] [stderr]                   [2]	/usr/share/cmake-4.2/Modules/CMakeTestCXXCompiler.cmake
[INFO] [stderr]                   [1]	/usr/share/cmake-4.2/Modules/CMakeDetermineCompilerABI.cmake
[INFO] [stderr]   -- Check for working CXX compiler: /usr/bin/c++ - skipped
[INFO] [stderr]      Called from: [2]	/opt/rustwide/target/release/build/pmetal-mlx-sys-868a6fc17edf4bd6/out/mlx-c-staged/CMakeLists.txt
[INFO] [stderr]                   [1]	/usr/share/cmake-4.2/Modules/CMakeTestCXXCompiler.cmake
[INFO] [stderr]   -- Detecting CXX compile features
[INFO] [stderr]      Called from: [3]	/opt/rustwide/target/release/build/pmetal-mlx-sys-868a6fc17edf4bd6/out/mlx-c-staged/CMakeLists.txt
[INFO] [stderr]                   [2]	/usr/share/cmake-4.2/Modules/CMakeTestCXXCompiler.cmake
[INFO] [stderr]                   [1]	/usr/share/cmake-4.2/Modules/CMakeDetermineCompilerSupport.cmake
[INFO] [stderr]   -- Detecting CXX compile features - done
[INFO] [stderr]      Called from: [3]	/opt/rustwide/target/release/build/pmetal-mlx-sys-868a6fc17edf4bd6/out/mlx-c-staged/CMakeLists.txt
[INFO] [stderr]                   [2]	/usr/share/cmake-4.2/Modules/CMakeTestCXXCompiler.cmake
[INFO] [stderr]                   [1]	/usr/share/cmake-4.2/Modules/CMakeDetermineCompilerSupport.cmake
[INFO] [stderr]   -- Detecting C compiler ABI info
[INFO] [stderr]      Called from: [3]	/opt/rustwide/target/release/build/pmetal-mlx-sys-868a6fc17edf4bd6/out/mlx-c-staged/CMakeLists.txt
[INFO] [stderr]                   [2]	/usr/share/cmake-4.2/Modules/CMakeTestCCompiler.cmake
[INFO] [stderr]                   [1]	/usr/share/cmake-4.2/Modules/CMakeDetermineCompilerABI.cmake
[INFO] [stderr]   -- Detecting C compiler ABI info - done
[INFO] [stderr]      Called from: [3]	/opt/rustwide/target/release/build/pmetal-mlx-sys-868a6fc17edf4bd6/out/mlx-c-staged/CMakeLists.txt
[INFO] [stderr]                   [2]	/usr/share/cmake-4.2/Modules/CMakeTestCCompiler.cmake
[INFO] [stderr]                   [1]	/usr/share/cmake-4.2/Modules/CMakeDetermineCompilerABI.cmake
[INFO] [stderr]   -- Check for working C compiler: /usr/bin/cc - skipped
[INFO] [stderr]      Called from: [2]	/opt/rustwide/target/release/build/pmetal-mlx-sys-868a6fc17edf4bd6/out/mlx-c-staged/CMakeLists.txt
[INFO] [stderr]                   [1]	/usr/share/cmake-4.2/Modules/CMakeTestCCompiler.cmake
[INFO] [stderr]   -- Detecting C compile features
[INFO] [stderr]      Called from: [3]	/opt/rustwide/target/release/build/pmetal-mlx-sys-868a6fc17edf4bd6/out/mlx-c-staged/CMakeLists.txt
[INFO] [stderr]                   [2]	/usr/share/cmake-4.2/Modules/CMakeTestCCompiler.cmake
[INFO] [stderr]                   [1]	/usr/share/cmake-4.2/Modules/CMakeDetermineCompilerSupport.cmake
[INFO] [stderr]   -- Detecting C compile features - done
[INFO] [stderr]      Called from: [3]	/opt/rustwide/target/release/build/pmetal-mlx-sys-868a6fc17edf4bd6/out/mlx-c-staged/CMakeLists.txt
[INFO] [stderr]                   [2]	/usr/share/cmake-4.2/Modules/CMakeTestCCompiler.cmake
[INFO] [stderr]                   [1]	/usr/share/cmake-4.2/Modules/CMakeDetermineCompilerSupport.cmake
[INFO] [stderr]   -- Configuring incomplete, errors occurred!
[INFO] [stderr] 
[INFO] [stderr]   --- stderr
[INFO] [stderr]   running: cd "/opt/rustwide/target/release/build/pmetal-mlx-sys-868a6fc17edf4bd6/out/build" && CMAKE_PREFIX_PATH="" LC_ALL="C" "cmake" "-Wdev" "--debug-output" "/opt/rustwide/target/release/build/pmetal-mlx-sys-868a6fc17edf4bd6/out/mlx-c-staged" "-B" "/opt/rustwide/target/release/build/pmetal-mlx-sys-868a6fc17edf4bd6/out/build" "-DCMAKE_INSTALL_PREFIX=." "-DCMAKE_C_COMPILER=/usr/bin/cc" "-DCMAKE_CXX_COMPILER=/usr/bin/c++" "-DCMAKE_BUILD_TYPE=Release" "-DMLX_BUILD_METAL=OFF" "-DMLX_BUILD_ACCELERATE=OFF" "-DMLX_BUILD_METAL=ON" "-DMLX_BUILD_ACCELERATE=ON" "-DCMAKE_C_FLAGS= -ffunction-sections -fdata-sections -fPIC -m64 -w" "-DCMAKE_CXX_FLAGS= -ffunction-sections -fdata-sections -fPIC -m64 -w" "-DCMAKE_ASM_FLAGS= -ffunction-sections -fdata-sections -fPIC -m64 -w" "-DCMAKE_ASM_COMPILER=/usr/bin/cc" "-DCMAKE_VERBOSE_MAKEFILE:BOOL=ON"
[INFO] [stderr]   CMake Warning (dev) at /usr/share/cmake-4.2/Modules/CMakeDetermineCompiler.cmake:128 (set):
[INFO] [stderr]     Policy CMP0126 is not set: set(CACHE) does not remove a normal variable of
[INFO] [stderr]     the same name.  Run "cmake --help-policy CMP0126" for policy details.  Use
[INFO] [stderr]     the cmake_policy command to set the policy and suppress this warning.
[INFO] [stderr] 
[INFO] [stderr]     For compatibility with older versions of CMake, normal variable
[INFO] [stderr]     "CMAKE_CXX_COMPILER" will be removed from the current scope.
[INFO] [stderr]   Call Stack (most recent call first):
[INFO] [stderr]     /usr/share/cmake-4.2/Modules/CMakeDetermineCXXCompiler.cmake:71 (_cmake_find_compiler_path)
[INFO] [stderr]     CMakeLists.txt:6 (project)
[INFO] [stderr]   This warning is for project developers.  Use -Wno-dev to suppress it.
[INFO] [stderr] 
[INFO] [stderr]      Called from: [3]	/opt/rustwide/target/release/build/pmetal-mlx-sys-868a6fc17edf4bd6/out/mlx-c-staged/CMakeLists.txt
[INFO] [stderr]                   [2]	/usr/share/cmake-4.2/Modules/CMakeDetermineCXXCompiler.cmake
[INFO] [stderr]                   [1]	/usr/share/cmake-4.2/Modules/CMakeDetermineCompiler.cmake
[INFO] [stderr]   CMake Warning (dev) at /usr/share/cmake-4.2/Modules/CMakeDetermineCompiler.cmake:128 (set):
[INFO] [stderr]     Policy CMP0126 is not set: set(CACHE) does not remove a normal variable of
[INFO] [stderr]     the same name.  Run "cmake --help-policy CMP0126" for policy details.  Use
[INFO] [stderr]     the cmake_policy command to set the policy and suppress this warning.
[INFO] [stderr] 
[INFO] [stderr]     For compatibility with older versions of CMake, normal variable
[INFO] [stderr]     "CMAKE_C_COMPILER" will be removed from the current scope.
[INFO] [stderr]   Call Stack (most recent call first):
[INFO] [stderr]     /usr/share/cmake-4.2/Modules/CMakeDetermineCCompiler.cmake:67 (_cmake_find_compiler_path)
[INFO] [stderr]     CMakeLists.txt:6 (project)
[INFO] [stderr]   This warning is for project developers.  Use -Wno-dev to suppress it.
[INFO] [stderr] 
[INFO] [stderr]      Called from: [3]	/opt/rustwide/target/release/build/pmetal-mlx-sys-868a6fc17edf4bd6/out/mlx-c-staged/CMakeLists.txt
[INFO] [stderr]                   [2]	/usr/share/cmake-4.2/Modules/CMakeDetermineCCompiler.cmake
[INFO] [stderr]                   [1]	/usr/share/cmake-4.2/Modules/CMakeDetermineCompiler.cmake
[INFO] [stderr]   CMake Warning (dev) at /usr/share/cmake-4.2/Modules/CMakeFindBinUtils.cmake:243 (find_program):
[INFO] [stderr]     Policy CMP0126 is not set: set(CACHE) does not remove a normal variable of
[INFO] [stderr]     the same name.  Run "cmake --help-policy CMP0126" for policy details.  Use
[INFO] [stderr]     the cmake_policy command to set the policy and suppress this warning.
[INFO] [stderr] 
[INFO] [stderr]     For compatibility with older versions of CMake, normal variable
[INFO] [stderr]     "CMAKE_TAPI" will be removed from the current scope.
[INFO] [stderr]   Call Stack (most recent call first):
[INFO] [stderr]     /usr/share/cmake-4.2/Modules/CMakeDetermineCCompiler.cmake:200 (include)
[INFO] [stderr]     CMakeLists.txt:6 (project)
[INFO] [stderr]   This warning is for project developers.  Use -Wno-dev to suppress it.
[INFO] [stderr] 
[INFO] [stderr]      Called from: [3]	/opt/rustwide/target/release/build/pmetal-mlx-sys-868a6fc17edf4bd6/out/mlx-c-staged/CMakeLists.txt
[INFO] [stderr]                   [2]	/usr/share/cmake-4.2/Modules/CMakeDetermineCCompiler.cmake
[INFO] [stderr]                   [1]	/usr/share/cmake-4.2/Modules/CMakeFindBinUtils.cmake
[INFO] [stderr]   [ 11%] Creating directories for 'mlx-populate'
[INFO] [stderr]   [ 22%] Performing download step (git clone) for 'mlx-populate'
[INFO] [stderr]   Cloning into 'mlx-src'...
[INFO] [stderr]   fatal: unable to access 'https://github.com/ml-explore/mlx.git/': Could not resolve host: github.com
[INFO] [stderr]   Cloning into 'mlx-src'...
[INFO] [stderr]   fatal: unable to access 'https://github.com/ml-explore/mlx.git/': Could not resolve host: github.com
[INFO] [stderr]   Cloning into 'mlx-src'...
[INFO] [stderr]   fatal: unable to access 'https://github.com/ml-explore/mlx.git/': Could not resolve host: github.com
[INFO] [stderr]   Had to git clone more than once: 3 times.
[INFO] [stderr]   CMake Error at mlx-subbuild/mlx-populate-prefix/tmp/mlx-populate-gitclone.cmake:50 (message):
[INFO] [stderr]     Failed to clone repository: 'https://github.com/ml-explore/mlx.git'
[INFO] [stderr] 
[INFO] [stderr] 
[INFO] [stderr]   gmake[2]: *** [CMakeFiles/mlx-populate.dir/build.make:102: mlx-populate-prefix/src/mlx-populate-stamp/mlx-populate-download] Error 1
[INFO] [stderr]   gmake[1]: *** [CMakeFiles/Makefile2:87: CMakeFiles/mlx-populate.dir/all] Error 2
[INFO] [stderr]   gmake: *** [Makefile:91: all] Error 2
[INFO] [stderr] 
[INFO] [stderr]      Called from: [6]	/opt/rustwide/target/release/build/pmetal-mlx-sys-868a6fc17edf4bd6/out/mlx-c-staged/CMakeLists.txt
[INFO] [stderr]                   [5]	/usr/share/cmake-4.2/Modules/FetchContent.cmake
[INFO] [stderr]                   [4]	/usr/share/cmake-4.2/Modules/FetchContent.cmake
[INFO] [stderr]                   [3]	/usr/share/cmake-4.2/Modules/FetchContent.cmake:2155:EVAL
[INFO] [stderr]                   [2]	/usr/share/cmake-4.2/Modules/FetchContent.cmake
[INFO] [stderr]                   [1]	/usr/share/cmake-4.2/Modules/FetchContent.cmake
[INFO] [stderr]   CMake Error at /usr/share/cmake-4.2/Modules/FetchContent.cmake:1928 (message):
[INFO] [stderr]     Build step for mlx failed: 2
[INFO] [stderr]   Call Stack (most recent call first):
[INFO] [stderr]     /usr/share/cmake-4.2/Modules/FetchContent.cmake:1619 (__FetchContent_populateSubbuild)
[INFO] [stderr]     /usr/share/cmake-4.2/Modules/FetchContent.cmake:2155:EVAL:2 (__FetchContent_doPopulation)
[INFO] [stderr]     /usr/share/cmake-4.2/Modules/FetchContent.cmake:2155 (cmake_language)
[INFO] [stderr]     /usr/share/cmake-4.2/Modules/FetchContent.cmake:2394 (__FetchContent_Populate)
[INFO] [stderr]     CMakeLists.txt:40 (FetchContent_MakeAvailable)
[INFO] [stderr] 
[INFO] [stderr] 
[INFO] [stderr]      Called from: [6]	/opt/rustwide/target/release/build/pmetal-mlx-sys-868a6fc17edf4bd6/out/mlx-c-staged/CMakeLists.txt
[INFO] [stderr]                   [5]	/usr/share/cmake-4.2/Modules/FetchContent.cmake
[INFO] [stderr]                   [4]	/usr/share/cmake-4.2/Modules/FetchContent.cmake
[INFO] [stderr]                   [3]	/usr/share/cmake-4.2/Modules/FetchContent.cmake:2155:EVAL
[INFO] [stderr]                   [2]	/usr/share/cmake-4.2/Modules/FetchContent.cmake
[INFO] [stderr]                   [1]	/usr/share/cmake-4.2/Modules/FetchContent.cmake
[INFO] [stderr] 
[INFO] [stderr]   thread 'main' (1324) panicked at /opt/rustwide/cargo-home/registry/src/index.crates.io-1949cf8c6b5b557f/cmake-0.1.58/src/lib.rs:1132:5:
[INFO] [stderr] 
[INFO] [stderr]   command did not execute successfully, got: exit status: 1
[INFO] [stderr] 
[INFO] [stderr]   build script failed, must exit now
[INFO] [stderr]   stack backtrace:
[INFO] [stderr]      0:     0x62c8aa70f751 - <<std[104cf6e2632825ea]::sys::backtrace::BacktraceLock>::print::DisplayBacktrace as core[7c831bd917ebf35f]::fmt::Display>::fmt
[INFO] [stderr]      1:     0x62c8aa72780a - core[7c831bd917ebf35f]::fmt::write
[INFO] [stderr]      2:     0x62c8aa715c1c - <std[104cf6e2632825ea]::sys::stdio::unix::Stderr as core[7c831bd917ebf35f]::io::write::Write>::write_fmt
[INFO] [stderr]      3:     0x62c8aa6eb436 - std[104cf6e2632825ea]::panicking::default_hook::{closure#0}
[INFO] [stderr]      4:     0x62c8aa708491 - std[104cf6e2632825ea]::panicking::default_hook
[INFO] [stderr]      5:     0x62c8aa7087bb - std[104cf6e2632825ea]::panicking::panic_with_hook
[INFO] [stderr]      6:     0x62c8aa6eb4e2 - std[104cf6e2632825ea]::panicking::panic_handler::{closure#0}
[INFO] [stderr]      7:     0x62c8aa6e3749 - std[104cf6e2632825ea]::sys::backtrace::__rust_end_short_backtrace::<std[104cf6e2632825ea]::panicking::panic_handler::{closure#0}, !>
[INFO] [stderr]      8:     0x62c8aa6ebcfd - __rustc[b0d56fa5b193ad05]::rust_begin_unwind
[INFO] [stderr]      9:     0x62c8aa72802c - core[7c831bd917ebf35f]::panicking::panic_fmt
[INFO] [stderr]     10:     0x62c8aa679f37 - cmake[7064754ea5ad3ead]::fail
[INFO] [stderr]     11:     0x62c8aa679bc3 - cmake[7064754ea5ad3ead]::run
[INFO] [stderr]     12:     0x62c8aa67f4a2 - <cmake[7064754ea5ad3ead]::Config>::build
[INFO] [stderr]     13:     0x62c8aa187ef5 - build_script_build[5592d12b2115e4b5]::build_and_link_mlx_c
[INFO] [stderr]     14:     0x62c8aa1898f5 - build_script_build[5592d12b2115e4b5]::main
[INFO] [stderr]     15:     0x62c8aa18bbc3 - <fn() as core[7c831bd917ebf35f]::ops::function::FnOnce<()>>::call_once
[INFO] [stderr]     16:     0x62c8aa186106 - std[104cf6e2632825ea]::sys::backtrace::__rust_begin_short_backtrace::<fn(), ()>
[INFO] [stderr]     17:     0x62c8aa1861f9 - std[104cf6e2632825ea]::rt::lang_start::<()>::{closure#0}
[INFO] [stderr]     18:     0x62c8aa707749 - std[104cf6e2632825ea]::rt::lang_start_internal
[INFO] [stderr]     19:     0x62c8aa1857e1 - std[104cf6e2632825ea]::rt::lang_start::<()>
[INFO] [stderr]     20:     0x62c8aa18bf45 - main
[INFO] [stderr]     21:     0x7edac819a601 - <unknown>
[INFO] [stderr]     22:     0x7edac819a718 - __libc_start_main
[INFO] [stderr]     23:     0x62c8aa1838a5 - _start
[INFO] [stderr]     24:                0x0 - <unknown>
[INFO] [stderr] warning: build failed, waiting for other jobs to finish...
[INFO] running `Command { std: "docker" "inspect" "625f1a16ee8aff94b4e8dfc248c9ba66529df659035f06c6828813ae25a1fbcc", kill_on_drop: false }`
[INFO] running `Command { std: "docker" "rm" "-f" "625f1a16ee8aff94b4e8dfc248c9ba66529df659035f06c6828813ae25a1fbcc", kill_on_drop: false }`
[INFO] [stdout] 625f1a16ee8aff94b4e8dfc248c9ba66529df659035f06c6828813ae25a1fbcc
