[INFO] cloning repository https://github.com/melkonyanup/serum-dex
[INFO] running `Command { std: "git" "-c" "credential.helper=" "-c" "credential.helper=/workspace/cargo-home/bin/git-credential-null" "clone" "--bare" "https://github.com/melkonyanup/serum-dex" "/workspace/cache/git-repos/https%3A%2F%2Fgithub.com%2Fmelkonyanup%2Fserum-dex", kill_on_drop: false }`
[INFO] [stderr] Cloning into bare repository '/workspace/cache/git-repos/https%3A%2F%2Fgithub.com%2Fmelkonyanup%2Fserum-dex'...
[INFO] running `Command { std: "git" "rev-parse" "HEAD", kill_on_drop: false }`
[INFO] [stdout] 062728d6e3ff71b4e4fd8c58ccac79b02120756a
[INFO] testing melkonyanup/serum-dex against 1.99.0-beta.1+cargoflags=--release for beta-release-1.99-2
[INFO] running `Command { std: "git" "clone" "/workspace/cache/git-repos/https%3A%2F%2Fgithub.com%2Fmelkonyanup%2Fserum-dex" "/workspace/builds/worker-4-tc2/source", kill_on_drop: false }`
[INFO] [stderr] Cloning into '/workspace/builds/worker-4-tc2/source'...
[INFO] [stderr] done.
[INFO] started tweaking git repo https://github.com/melkonyanup/serum-dex
[INFO] finished tweaking git repo https://github.com/melkonyanup/serum-dex
[INFO] tweaked toml for git repo https://github.com/melkonyanup/serum-dex written to /workspace/builds/worker-4-tc2/source/Cargo.toml
[INFO] validating manifest of git repo https://github.com/melkonyanup/serum-dex on toolchain 1.99.0-beta.1
[INFO] running `Command { std: CARGO_HOME="/workspace/cargo-home" RUSTUP_HOME="/workspace/rustup-home" "/workspace/cargo-home/bin/cargo" "+1.99.0-beta.1" "metadata" "--manifest-path" "Cargo.toml" "--no-deps", kill_on_drop: false }`
[INFO] crate git repo https://github.com/melkonyanup/serum-dex already has a lockfile, it will not be regenerated
[INFO] running `Command { std: CARGO_HOME="/workspace/cargo-home" RUSTUP_HOME="/workspace/rustup-home" "/workspace/cargo-home/bin/cargo" "+1.99.0-beta.1" "fetch" "--manifest-path" "Cargo.toml", kill_on_drop: false }`
[INFO] [stderr]     Blocking waiting for file lock on package cache
[ERROR] error running command: no output for 300 seconds
[INFO] testing melkonyanup/serum-dex against 1.99.0-beta.1+cargoflags=--release for beta-release-1.99-2
[INFO] running `Command { std: "git" "clone" "/workspace/cache/git-repos/https%3A%2F%2Fgithub.com%2Fmelkonyanup%2Fserum-dex" "/workspace/builds/worker-4-tc2/source", kill_on_drop: false }`
[INFO] [stderr] Cloning into '/workspace/builds/worker-4-tc2/source'...
[INFO] [stderr] done.
[INFO] started tweaking git repo https://github.com/melkonyanup/serum-dex
[INFO] finished tweaking git repo https://github.com/melkonyanup/serum-dex
[INFO] tweaked toml for git repo https://github.com/melkonyanup/serum-dex written to /workspace/builds/worker-4-tc2/source/Cargo.toml
[INFO] validating manifest of git repo https://github.com/melkonyanup/serum-dex on toolchain 1.99.0-beta.1
[INFO] running `Command { std: CARGO_HOME="/workspace/cargo-home" RUSTUP_HOME="/workspace/rustup-home" "/workspace/cargo-home/bin/cargo" "+1.99.0-beta.1" "metadata" "--manifest-path" "Cargo.toml" "--no-deps", kill_on_drop: false }`
[INFO] crate git repo https://github.com/melkonyanup/serum-dex already has a lockfile, it will not be regenerated
[INFO] running `Command { std: CARGO_HOME="/workspace/cargo-home" RUSTUP_HOME="/workspace/rustup-home" "/workspace/cargo-home/bin/cargo" "+1.99.0-beta.1" "fetch" "--manifest-path" "Cargo.toml", kill_on_drop: false }`
[INFO] [stderr]     Blocking waiting for file lock on package cache
[INFO] [stderr]     Updating crates.io index
[INFO] [stderr]     Blocking waiting for file lock on package cache
[ERROR] error running command: no output for 300 seconds
[INFO] testing melkonyanup/serum-dex against 1.99.0-beta.1+cargoflags=--release for beta-release-1.99-2
[INFO] running `Command { std: "git" "clone" "/workspace/cache/git-repos/https%3A%2F%2Fgithub.com%2Fmelkonyanup%2Fserum-dex" "/workspace/builds/worker-4-tc2/source", kill_on_drop: false }`
[INFO] [stderr] Cloning into '/workspace/builds/worker-4-tc2/source'...
[INFO] [stderr] done.
[INFO] started tweaking git repo https://github.com/melkonyanup/serum-dex
[INFO] finished tweaking git repo https://github.com/melkonyanup/serum-dex
[INFO] tweaked toml for git repo https://github.com/melkonyanup/serum-dex written to /workspace/builds/worker-4-tc2/source/Cargo.toml
[INFO] validating manifest of git repo https://github.com/melkonyanup/serum-dex on toolchain 1.99.0-beta.1
[INFO] running `Command { std: CARGO_HOME="/workspace/cargo-home" RUSTUP_HOME="/workspace/rustup-home" "/workspace/cargo-home/bin/cargo" "+1.99.0-beta.1" "metadata" "--manifest-path" "Cargo.toml" "--no-deps", kill_on_drop: false }`
[INFO] crate git repo https://github.com/melkonyanup/serum-dex already has a lockfile, it will not be regenerated
[INFO] running `Command { std: CARGO_HOME="/workspace/cargo-home" RUSTUP_HOME="/workspace/rustup-home" "/workspace/cargo-home/bin/cargo" "+1.99.0-beta.1" "fetch" "--manifest-path" "Cargo.toml", kill_on_drop: false }`
[INFO] [stderr]     Blocking waiting for file lock on package cache
[ERROR] error running command: no output for 300 seconds
[INFO] testing melkonyanup/serum-dex against 1.99.0-beta.1+cargoflags=--release for beta-release-1.99-2
[INFO] running `Command { std: "git" "clone" "/workspace/cache/git-repos/https%3A%2F%2Fgithub.com%2Fmelkonyanup%2Fserum-dex" "/workspace/builds/worker-4-tc2/source", kill_on_drop: false }`
[INFO] [stderr] Cloning into '/workspace/builds/worker-4-tc2/source'...
[INFO] [stderr] done.
[INFO] started tweaking git repo https://github.com/melkonyanup/serum-dex
[INFO] finished tweaking git repo https://github.com/melkonyanup/serum-dex
[INFO] tweaked toml for git repo https://github.com/melkonyanup/serum-dex written to /workspace/builds/worker-4-tc2/source/Cargo.toml
[INFO] validating manifest of git repo https://github.com/melkonyanup/serum-dex on toolchain 1.99.0-beta.1
[INFO] running `Command { std: CARGO_HOME="/workspace/cargo-home" RUSTUP_HOME="/workspace/rustup-home" "/workspace/cargo-home/bin/cargo" "+1.99.0-beta.1" "metadata" "--manifest-path" "Cargo.toml" "--no-deps", kill_on_drop: false }`
[INFO] crate git repo https://github.com/melkonyanup/serum-dex already has a lockfile, it will not be regenerated
[INFO] running `Command { std: CARGO_HOME="/workspace/cargo-home" RUSTUP_HOME="/workspace/rustup-home" "/workspace/cargo-home/bin/cargo" "+1.99.0-beta.1" "fetch" "--manifest-path" "Cargo.toml", kill_on_drop: false }`
[INFO] [stderr]     Blocking waiting for file lock on package cache
[ERROR] error running command: no output for 300 seconds
[INFO] testing melkonyanup/serum-dex against 1.99.0-beta.1+cargoflags=--release for beta-release-1.99-2
[INFO] running `Command { std: "git" "clone" "/workspace/cache/git-repos/https%3A%2F%2Fgithub.com%2Fmelkonyanup%2Fserum-dex" "/workspace/builds/worker-4-tc2/source", kill_on_drop: false }`
[INFO] [stderr] Cloning into '/workspace/builds/worker-4-tc2/source'...
[INFO] [stderr] done.
[INFO] started tweaking git repo https://github.com/melkonyanup/serum-dex
[INFO] finished tweaking git repo https://github.com/melkonyanup/serum-dex
[INFO] tweaked toml for git repo https://github.com/melkonyanup/serum-dex written to /workspace/builds/worker-4-tc2/source/Cargo.toml
[INFO] validating manifest of git repo https://github.com/melkonyanup/serum-dex on toolchain 1.99.0-beta.1
[INFO] running `Command { std: CARGO_HOME="/workspace/cargo-home" RUSTUP_HOME="/workspace/rustup-home" "/workspace/cargo-home/bin/cargo" "+1.99.0-beta.1" "metadata" "--manifest-path" "Cargo.toml" "--no-deps", kill_on_drop: false }`
[INFO] crate git repo https://github.com/melkonyanup/serum-dex already has a lockfile, it will not be regenerated
[INFO] running `Command { std: CARGO_HOME="/workspace/cargo-home" RUSTUP_HOME="/workspace/rustup-home" "/workspace/cargo-home/bin/cargo" "+1.99.0-beta.1" "fetch" "--manifest-path" "Cargo.toml", kill_on_drop: false }`
[INFO] [stderr]     Blocking waiting for file lock on package cache
[INFO] [stderr]     Updating crates.io index
[INFO] [stderr]     Blocking waiting for file lock on package cache
[INFO] [stderr]      Locking 68 packages to highest compatible versions
[INFO] [stderr]     Updating bytes v0.6.0 -> v1.12.1
[INFO] [stderr]     Updating cc v1.0.49 -> v1.0.94 (available: v1.4.4)
[INFO] [stderr]       Adding console v0.14.1
[INFO] [stderr]       Adding crypto-mac v0.9.1
[INFO] [stderr]       Adding curve25519-dalek v3.2.1
[INFO] [stderr]       Adding derivation-path v0.1.3
[INFO] [stderr]       Adding dirs-next v2.0.0
[INFO] [stderr]       Adding dirs-sys-next v0.1.2
[INFO] [stderr]     Updating ed25519-dalek v1.0.0-pre.4 -> v1.0.1
[INFO] [stderr]       Adding ed25519-dalek-bip32 v0.1.1
[INFO] [stderr]     Updating env_logger v0.8.2 -> v0.8.4
[INFO] [stderr]       Adding futures-executor v0.3.8 (available: v0.3.34)
[INFO] [stderr]       Adding getrandom v0.2.5 (available: v0.2.17)
[INFO] [stderr]       Adding h2 v0.3.12 (available: v0.3.27)
[INFO] [stderr]       Adding hmac v0.8.1
[INFO] [stderr]       Adding hmac v0.9.0
[INFO] [stderr]       Adding http-body v0.4.6
[INFO] [stderr]       Adding hyper v0.14.5 (available: v0.14.32)
[INFO] [stderr]     Updating hyper-rustls v0.21.0 -> v0.23.2
[INFO] [stderr]       Adding itoa v1.0.18
[INFO] [stderr]     Updating jsonrpc-core v15.1.0 -> v17.1.0
[INFO] [stderr]       Adding libredox v0.1.23
[INFO] [stderr]     Updating pbkdf2 v0.3.0 -> v0.4.0
[INFO] [stderr]       Adding qstring v0.7.2
[INFO] [stderr]       Adding redox_users v0.4.6
[INFO] [stderr]     Updating reqwest v0.10.9 -> v0.11.10 (available: v0.11.27)
[INFO] [stderr]     Updating ring v0.16.12 -> v0.16.20
[INFO] [stderr]     Updating rustls v0.18.1 -> v0.20.9
[INFO] [stderr]       Adding rustls-pemfile v0.3.0
[INFO] [stderr]     Updating sct v0.6.0 -> v0.7.0 (available: v0.7.1)
[INFO] [stderr]     Updating serde_urlencoded v0.7.0 -> v0.7.1
[INFO] [stderr]     Updating serum_dex v0.3.1 (/workspace/builds/worker-4-tc2/source/dex) -> v0.4.0
[INFO] [stderr]       Adding socket2 v0.4.0 (available: v0.4.10)
[INFO] [stderr]     Updating solana-account-decoder v1.5.11 -> v1.7.1 (available: v1.18.26)
[INFO] [stderr]     Updating solana-clap-utils v1.5.11 -> v1.7.1 (available: v1.18.26)
[INFO] [stderr]       Adding solana-cli-config v1.7.1 (available: v1.18.26)
[INFO] [stderr]     Updating solana-client v1.5.11 -> v1.7.1 (available: v1.18.26)
[INFO] [stderr]     Updating solana-config-program v1.5.11 -> v1.7.1 (available: v1.18.26)
[INFO] [stderr]     Updating solana-crate-features v1.5.11 -> v1.7.1 (available: v1.8.16)
[INFO] [stderr]       Adding solana-faucet v1.7.1 (available: v1.18.26)
[INFO] [stderr]     Updating solana-frozen-abi v1.5.11 -> v1.7.1 (available: v1.18.26)
[INFO] [stderr]     Updating solana-frozen-abi-macro v1.5.11 -> v1.7.1 (available: v1.18.26)
[INFO] [stderr]     Updating solana-logger v1.5.11 -> v1.7.1 (available: v1.18.26)
[INFO] [stderr]     Updating solana-measure v1.5.11 -> v1.7.1 (available: v1.18.26)
[INFO] [stderr]     Updating solana-metrics v1.5.11 -> v1.7.1 (available: v1.18.26)
[INFO] [stderr]     Updating solana-net-utils v1.5.11 -> v1.7.1 (available: v1.18.26)
[INFO] [stderr]     Updating solana-program v1.5.11 -> v1.7.1 (available: v1.18.26)
[INFO] [stderr]     Updating solana-rayon-threadlimit v1.5.11 -> v1.7.1 (available: v1.18.26)
[INFO] [stderr]     Updating solana-remote-wallet v1.5.11 -> v1.7.1 (available: v1.18.26)
[INFO] [stderr]     Updating solana-runtime v1.5.11 -> v1.7.1 (available: v1.18.26)
[INFO] [stderr]     Updating solana-sdk v1.5.11 -> v1.7.1 (available: v1.18.26)
[INFO] [stderr]     Updating solana-sdk-macro v1.5.11 -> v1.7.1 (available: v1.18.26)
[INFO] [stderr]     Updating solana-secp256k1-program v1.5.11 -> v1.7.1 (available: v1.8.16)
[INFO] [stderr]     Updating solana-stake-program v1.5.11 -> v1.7.1 (available: v1.18.26)
[INFO] [stderr]     Updating solana-transaction-status v1.5.11 -> v1.7.1 (available: v1.18.26)
[INFO] [stderr]     Updating solana-version v1.5.11 -> v1.7.1 (available: v1.18.26)
[INFO] [stderr]     Updating solana-vote-program v1.5.11 -> v1.7.1 (available: v1.18.26)
[INFO] [stderr]       Adding spl-associated-token-account v1.0.2 (available: v1.1.3)
[INFO] [stderr]       Adding spl-memo v3.0.1
[INFO] [stderr]     Updating tiny-bip39 v0.7.3 -> v0.8.0 (available: v0.8.2)
[INFO] [stderr]     Updating tokio v0.3.7 -> v1.16.1 (available: v1.53.1)
[INFO] [stderr]     Updating tokio-macros v0.3.2 -> v1.8.2
[INFO] [stderr]     Updating tokio-rustls v0.14.1 -> v0.23.4
[INFO] [stderr]       Adding tokio-util v0.6.10
[INFO] [stderr]       Adding uriparse v0.6.4
[INFO] [stderr]     Updating webpki v0.21.2 -> v0.22.2 (available: v0.22.4)
[INFO] [stderr]     Updating webpki-roots v0.20.0 -> v0.22.6
[INFO] [stderr]     Updating winreg v0.7.0 -> v0.10.1
[INFO] [stderr]     Blocking waiting for file lock on package cache
[INFO] [stderr]  Downloading crates ...
[INFO] [stderr]   Downloaded solana-program v1.7.1
[INFO] [stderr]   Downloaded thiserror v1.0.22
[INFO] [stderr]   Downloaded thiserror-impl v1.0.22
[INFO] [stderr]   Downloaded solana-sdk-macro v1.7.1
[INFO] [stderr]   Downloaded rustversion v1.0.4
[INFO] [stderr]   Downloaded urlencoding v1.1.1
[INFO] [stderr]   Downloaded borsh-derive-internal v0.8.1
[INFO] [stderr]   Downloaded subtle v2.3.0
[INFO] [stderr]   Downloaded zeroize_derive v1.0.1
[INFO] [stderr]   Downloaded borsh v0.8.1
[INFO] [stderr]   Downloaded getrandom v0.1.15
[INFO] [stderr]   Downloaded solana-logger v1.7.1
[INFO] [stderr]   Downloaded cpuid-bool v0.1.2
[INFO] [stderr]   Downloaded hex v0.4.2
[INFO] [stderr]   Downloaded borsh-schema-derive-internal v0.8.1
[INFO] [stderr]   Downloaded sha-1 v0.9.2
[INFO] [stderr]   Downloaded borsh-derive v0.8.1
[INFO] [stderr]   Downloaded zeroize v1.1.1
[INFO] [stderr]   Downloaded tower-service v0.3.0
[INFO] [stderr]   Downloaded solana-frozen-abi v1.7.1
[INFO] [stderr]   Downloaded thread_local v1.0.1
[INFO] [stderr]   Downloaded zerocopy v0.3.0
[INFO] [stderr]   Downloaded input_buffer v0.3.1
[INFO] [stderr]   Downloaded slice-of-array v0.2.1
[INFO] [stderr]   Downloaded tracing-futures v0.2.4
[INFO] [stderr]   Downloaded keccak v0.1.0
[INFO] [stderr]   Downloaded num_enum_derive v0.5.1
[INFO] [stderr]   Downloaded utf-8 v0.7.5
[INFO] [stderr]   Downloaded solana-frozen-abi-macro v1.7.1
[INFO] [stderr]   Downloaded futures-io v0.3.8
[INFO] [stderr]   Downloaded futures-core v0.3.8
[INFO] [stderr]   Downloaded proc-macro-nested v0.1.6
[INFO] [stderr]   Downloaded futures-task v0.3.8
[INFO] [stderr]   Downloaded serde_urlencoded v0.6.1
[INFO] [stderr]   Downloaded bs58 v0.3.1
[INFO] [stderr]   Downloaded sha2 v0.9.3
[INFO] [stderr]   Downloaded jobserver v0.1.21
[INFO] [stderr]   Downloaded anyhow v1.0.34
[INFO] [stderr]   Downloaded tokio-tungstenite v0.11.0
[INFO] [stderr]   Downloaded http-body v0.3.1
[INFO] [stderr]   Downloaded futures-sink v0.3.8
[INFO] [stderr]   Downloaded solana-crate-features v1.7.1
[INFO] [stderr]   Downloaded spl-token v3.1.0
[INFO] [stderr]   Downloaded num_enum v0.5.1
[INFO] [stderr]   Downloaded serum-borsh v0.8.1-serum.1
[INFO] [stderr]   Downloaded bytemuck v1.4.1
[INFO] [stderr]   Downloaded pin-project-lite v0.2.0
[INFO] [stderr]   Downloaded signal-hook-registry v1.2.2
[INFO] [stderr]   Downloaded pin-project-lite v0.1.11
[INFO] [stderr]   Downloaded pin-project-internal v1.0.2
[INFO] [stderr]   Downloaded smallvec v1.5.0
[INFO] [stderr]   Downloaded cloudabi v0.1.0
[INFO] [stderr]   Downloaded buf_redux v0.8.4
[INFO] [stderr]   Downloaded pin-project-internal v0.4.27
[INFO] [stderr]   Downloaded tinyvec v1.1.0
[INFO] [stderr]   Downloaded zstd v0.5.3+zstd.1.4.5
[INFO] [stderr]   Downloaded futures-macro v0.3.8
[INFO] [stderr]   Downloaded futures-channel v0.3.8
[INFO] [stderr]   Downloaded futures-executor v0.3.8
[INFO] [stderr]   Downloaded wasm-bindgen-macro v0.2.69
[INFO] [stderr]   Downloaded wasm-bindgen-shared v0.2.69
[INFO] [stderr]   Downloaded wasm-bindgen-futures v0.4.19
[INFO] [stderr]   Downloaded rustls-pemfile v0.3.0
[INFO] [stderr]   Downloaded signature v1.2.2
[INFO] [stderr]   Downloaded hmac-drbg v0.2.0
[INFO] [stderr]   Downloaded ed25519-dalek-bip32 v0.1.1
[INFO] [stderr]   Downloaded assert_matches v1.4.0
[INFO] [stderr]   Downloaded derivative v2.1.1
[INFO] [stderr]   Downloaded pin-project v0.4.27
[INFO] [stderr]   Downloaded tungstenite v0.11.1
[INFO] [stderr]   Downloaded parking_lot_core v0.8.0
[INFO] [stderr]   Downloaded wasm-bindgen-macro-support v0.2.69
[INFO] [stderr]   Downloaded hmac v0.9.0
[INFO] [stderr]   Downloaded jsonrpc-core v17.1.0
[INFO] [stderr]   Downloaded indicatif v0.15.0
[INFO] [stderr]   Downloaded wasm-bindgen-backend v0.2.69
[INFO] [stderr]   Downloaded crypto-mac v0.10.0
[INFO] [stderr]   Downloaded semver-parser v0.10.1
[INFO] [stderr]   Downloaded number_prefix v0.3.0
[INFO] [stderr]   Downloaded crypto-mac v0.9.1
[INFO] [stderr]   Downloaded derivation-path v0.1.3
[INFO] [stderr]   Downloaded security-framework-sys v2.0.0
[INFO] [stderr]   Downloaded gethostname v0.2.1
[INFO] [stderr]   Downloaded solana-version v1.7.1
[INFO] [stderr]   Downloaded indexmap v1.6.0
[INFO] [stderr]   Downloaded futures v0.3.8
[INFO] [stderr]   Downloaded ed25519 v1.0.3
[INFO] [stderr]   Downloaded spl-memo v3.0.1
[INFO] [stderr]   Downloaded solana-config-program v1.7.1
[INFO] [stderr]   Downloaded zstd-safe v2.0.5+zstd.1.4.5
[INFO] [stderr]   Downloaded socket2 v0.3.17
[INFO] [stderr]   Downloaded pin-project v1.0.2
[INFO] [stderr]   Downloaded addr2line v0.14.0
[INFO] [stderr]   Downloaded native-tls v0.2.6
[INFO] [stderr]   Downloaded cc v1.0.94
[INFO] [stderr]   Downloaded solana-net-utils v1.7.1
[INFO] [stderr]   Downloaded toml v0.5.7
[INFO] [stderr]   Downloaded multipart v0.17.0
[INFO] [stderr]   Downloaded solana-vote-program v1.7.1
[INFO] [stderr]   Downloaded solana-transaction-status v1.7.1
[INFO] [stderr]   Downloaded slog-stdlog v4.1.0
[INFO] [stderr]   Downloaded xattr v0.2.2
[INFO] [stderr]   Downloaded pbkdf2 v0.6.0
[INFO] [stderr]   Downloaded solana-client v1.7.1
[INFO] [stderr]   Downloaded solana-metrics v1.7.1
[INFO] [stderr]   Downloaded spl-associated-token-account v1.0.2
[INFO] [stderr]   Downloaded solana-stake-program v1.7.1
[INFO] [stderr]   Downloaded filetime v0.2.13
[INFO] [stderr]   Downloaded solana-secp256k1-program v1.7.1
[INFO] [stderr]   Downloaded solana-rayon-threadlimit v1.7.1
[INFO] [stderr]   Downloaded solana-measure v1.7.1
[INFO] [stderr]   Downloaded const_fn v0.4.3
[INFO] [stderr]   Downloaded ouroboros v0.5.1
[INFO] [stderr]   Downloaded ouroboros_macro v0.5.1
[INFO] [stderr]   Downloaded solana-clap-utils v1.7.1
[INFO] [stderr]   Downloaded headers v0.3.2
[INFO] [stderr]   Downloaded solana-sdk v1.7.1
[INFO] [stderr]   Downloaded js-sys v0.3.46
[INFO] [stderr]   Downloaded webpki v0.22.2
[INFO] [stderr]   Downloaded security-framework v2.0.0
[INFO] [stderr]   Downloaded symlink v0.1.0
[INFO] [stderr]   Downloaded alloc-traits v0.1.1
[INFO] [stderr]   Downloaded safe-transmute v0.11.0
[INFO] [stderr]   Downloaded field-offset v0.3.4
[INFO] [stderr]   Downloaded enumflags2_derive v0.6.4
[INFO] [stderr]   Downloaded http v0.2.1
[INFO] [stderr]   Downloaded console v0.11.3
[INFO] [stderr]   Downloaded tokio-util v0.6.10
[INFO] [stderr]   Downloaded tungstenite v0.10.1
[INFO] [stderr]   Downloaded tar v0.4.30
[INFO] [stderr]   Downloaded serde_yaml v0.8.14
[INFO] [stderr]   Downloaded backtrace v0.3.55
[INFO] [stderr]   Downloaded rpassword v4.0.5
[INFO] [stderr]   Downloaded warp v0.2.5
[INFO] [stderr]   Downloaded serde_json v1.0.59
[INFO] [stderr]   Downloaded blake3 v0.3.7
[INFO] [stderr]   Downloaded futures-util v0.3.8
[INFO] [stderr]   Downloaded terminal_size v0.1.15
[INFO] [stderr]   Downloaded linked-hash-map v0.5.3
[INFO] [stderr]   Downloaded hyper v0.13.9
[INFO] [stderr]   Downloaded dialoguer v0.6.2
[INFO] [stderr]   Downloaded trackable v1.0.0
[INFO] [stderr]   Downloaded wasm-bindgen v0.2.69
[INFO] [stderr]   Downloaded reqwest v0.11.10
[INFO] [stderr]   Downloaded hyper v0.14.5
[INFO] [stderr]   Downloaded h2 v0.3.12
[INFO] [stderr]   Downloaded solana-account-decoder v1.7.1
[INFO] [stderr]   Downloaded solana-cli-config v1.7.1
[INFO] [stderr]   Downloaded slog-term v2.6.0
[INFO] [stderr]   Downloaded slog-async v2.5.0
[INFO] [stderr]   Downloaded take_mut v0.2.2
[INFO] [stderr]   Downloaded libflate_lz77 v1.0.0
[INFO] [stderr]   Downloaded without-alloc v0.2.1
[INFO] [stderr]   Downloaded futures v0.1.30
[INFO] [stderr]   Downloaded enumflags2 v0.6.4
[INFO] [stderr]   Downloaded getrandom v0.2.5
[INFO] [stderr]   Downloaded regex v1.4.2
[INFO] [stderr]   Downloaded console v0.13.0
[INFO] [stderr]   Downloaded slog-scope v4.3.0
[INFO] [stderr]   Downloaded libloading v0.6.5
[INFO] [stderr]   Downloaded regex-syntax v0.6.21
[INFO] [stderr]   Downloaded solana-remote-wallet v1.7.1
[INFO] [stderr]   Downloaded console v0.14.1
[INFO] [stderr]   Downloaded solana-faucet v1.7.1
[INFO] [stderr]   Downloaded slog-kvfilter v0.7.0
[INFO] [stderr]   Downloaded slog v2.7.0
[INFO] [stderr]   Downloaded tokio v0.2.23
[INFO] [stderr]   Downloaded solana-runtime v1.7.1
[INFO] [stderr]   Downloaded sloggers v1.0.1
[INFO] [stderr]   Downloaded term v0.6.1
[INFO] [stderr]   Downloaded libflate v1.0.3
[INFO] [stderr]   Downloaded spl-token v2.0.6
[INFO] [stderr]   Downloaded arc-swap v0.4.7
[INFO] [stderr]   Downloaded libc v0.2.86
[INFO] [stderr]   Downloaded rle-decode-fast v1.0.1
[INFO] [stderr]   Downloaded curve25519-dalek v2.1.0
[INFO] [stderr]   Downloaded zerocopy-derive v0.2.0
[INFO] [stderr]   Downloaded heck v0.3.1
[INFO] [stderr]   Downloaded flate2 v1.0.19
[INFO] [stderr]   Downloaded yaml-rust v0.4.4
[INFO] [stderr]   Downloaded tokio v1.16.1
[INFO] [stderr]   Downloaded tiny-bip39 v0.8.0
[INFO] [stderr]   Downloaded hidapi v1.2.5
[INFO] [stderr]   Downloaded web-sys v0.3.46
[INFO] [stderr]   Downloaded nix v0.19.1
[INFO] [stderr]   Downloaded encoding_rs v0.8.26
[INFO] [stderr]   Downloaded dir-diff v0.3.2
[INFO] [stderr]   Downloaded libsecp256k1 v0.3.5
[INFO] [stderr]   Downloaded zstd-sys v1.4.17+zstd.1.4.5
[INFO] [stderr]   Downloaded bzip2-sys v0.1.9+1.0.8
[INFO] running `Command { std: "docker" "create" "-v" "/var/lib/crater-agent-workspace/builds/worker-4-tc2/source:/opt/rustwide/workdir:ro,Z" "-v" "/var/lib/crater-agent-workspace/builds/worker-4-tc2/target:/opt/rustwide/target:rw,Z" "-v" "/var/lib/crater-agent-workspace/cargo-home:/opt/rustwide/cargo-home:ro,Z" "-v" "/var/lib/crater-agent-workspace/rustup-home:/opt/rustwide/rustup-home:ro,Z" "-m" "1610612736" "--network" "none" "ghcr.io/rust-lang/crates-build-env/linux@sha256:8683fc1fc2eb5c9ac98e0d076ab094b2ffac7f99da555d2b6a2e27f346de2ec7" "sleep" "infinity", kill_on_drop: false }`
[INFO] [stdout] 842ef5e60040468d5d20ae1486fd20f20850ed0f549e954f312cc2250bce1da5
[INFO] running `Command { std: "docker" "start" "842ef5e60040468d5d20ae1486fd20f20850ed0f549e954f312cc2250bce1da5", kill_on_drop: false }`
[INFO] running `Command { std: "docker" "inspect" "842ef5e60040468d5d20ae1486fd20f20850ed0f549e954f312cc2250bce1da5", kill_on_drop: false }`
[INFO] running `Command { std: "docker" "exec" "-e" "SOURCE_DIR=/opt/rustwide/workdir" "-e" "CARGO_HOME=/opt/rustwide/cargo-home" "-e" "RUSTUP_HOME=/opt/rustwide/rustup-home" "-e" "CARGO_TARGET_DIR=/opt/rustwide/target" "-w" "/opt/rustwide/workdir" "--user" "0:0" "842ef5e60040468d5d20ae1486fd20f20850ed0f549e954f312cc2250bce1da5" "/opt/rustwide/cargo-home/bin/cargo" "+1.99.0-beta.1" "metadata" "--no-deps" "--format-version=1", kill_on_drop: false }`
[INFO] running `Command { std: "docker" "inspect" "842ef5e60040468d5d20ae1486fd20f20850ed0f549e954f312cc2250bce1da5", kill_on_drop: false }`
[INFO] running `Command { std: "docker" "exec" "-e" "SOURCE_DIR=/opt/rustwide/workdir" "-e" "CARGO_HOME=/opt/rustwide/cargo-home" "-e" "RUSTUP_HOME=/opt/rustwide/rustup-home" "-e" "CARGO_TARGET_DIR=/opt/rustwide/target" "-e" "CARGO_INCREMENTAL=0" "-e" "RUST_BACKTRACE=full" "-e" "RUSTFLAGS=--cap-lints=warn" "-e" "RUSTDOCFLAGS=--cap-lints=warn" "-w" "/opt/rustwide/workdir" "--user" "0:0" "842ef5e60040468d5d20ae1486fd20f20850ed0f549e954f312cc2250bce1da5" "/opt/rustwide/cargo-home/bin/cargo" "+1.99.0-beta.1" "build" "--frozen" "--message-format=json" "--release", kill_on_drop: false }`
[INFO] [stderr]    Compiling libc v0.2.86
[INFO] [stderr]    Compiling proc-macro2 v1.0.24
[INFO] [stderr]    Compiling syn v1.0.60
[INFO] [stderr]    Compiling unicode-xid v0.2.1
[INFO] [stderr]    Compiling spin v0.5.2
[INFO] [stderr]    Compiling serde_derive v1.0.123
[INFO] [stderr]    Compiling serde v1.0.123
[INFO] [stderr]    Compiling version_check v0.9.2
[INFO] [stderr]    Compiling memchr v2.3.4
[INFO] [stderr]    Compiling log v0.4.11
[INFO] [stderr]    Compiling typenum v1.12.0
[INFO] [stderr]    Compiling byteorder v1.3.4
[INFO] [stderr]    Compiling getrandom v0.1.15
[INFO] [stderr]    Compiling subtle v2.3.0
[INFO] [stderr]    Compiling smallvec v1.5.0
[INFO] [stderr]    Compiling instant v0.1.9
[INFO] [stderr]    Compiling ppv-lite86 v0.2.10
[INFO] [stderr]    Compiling lock_api v0.4.2
[INFO] [stderr]    Compiling lazy_static v1.4.0
[INFO] [stderr]    Compiling regex-syntax v0.6.21
[INFO] [stderr]    Compiling thread_local v1.0.1
[INFO] [stderr]    Compiling either v1.6.1
[INFO] [stderr]    Compiling block-padding v0.2.1
[INFO] [stderr]    Compiling ahash v0.4.7
[INFO] [stderr]    Compiling opaque-debug v0.3.0
[INFO] [stderr]    Compiling cpuid-bool v0.1.2
[INFO] [stderr]    Compiling generic-array v0.14.4
[INFO] [stderr]    Compiling crossbeam-utils v0.7.2
[INFO] [stderr]    Compiling maybe-uninit v2.0.0
[INFO] [stderr]    Compiling itoa v0.4.6
[INFO] [stderr]    Compiling bytes v0.5.6
[INFO] [stderr]    Compiling hashbrown v0.9.1
[INFO] [stderr]    Compiling num-traits v0.2.14
[INFO] [stderr]    Compiling futures-core v0.3.8
[INFO] [stderr]    Compiling feature-probe v0.1.1
[INFO] [stderr]    Compiling aho-corasick v0.7.15
[INFO] [stderr]    Compiling futures-sink v0.3.8
[INFO] [stderr]    Compiling proc-macro-hack v0.5.19
[INFO] [stderr]    Compiling termcolor v1.1.2
[INFO] [stderr]    Compiling bv v0.11.1
[INFO] [stderr]    Compiling solana-frozen-abi-macro v1.7.1
[INFO] [stderr]    Compiling humantime v2.1.0
[INFO] [stderr]    Compiling rustversion v1.0.4
[INFO] [stderr]    Compiling proc-macro-nested v0.1.6
[INFO] [stderr]    Compiling http v0.2.1
[INFO] [stderr]    Compiling quote v1.0.7
[INFO] [stderr]    Compiling solana-frozen-abi v1.7.1
[INFO] [stderr]    Compiling arrayref v0.3.6
[INFO] [stderr]    Compiling pin-project-lite v0.2.0
[INFO] [stderr]    Compiling futures v0.1.30
[INFO] [stderr]    Compiling futures-channel v0.3.8
[INFO] [stderr]    Compiling solana-program v1.7.1
[INFO] [stderr]    Compiling keccak v0.1.0
[INFO] [stderr]    Compiling bs58 v0.3.1
[INFO] [stderr]    Compiling arrayvec v0.5.2
[INFO] [stderr]    Compiling generic-array v0.12.3
[INFO] [stderr]    Compiling futures-io v0.3.8
[INFO] [stderr]    Compiling constant_time_eq v0.1.5
[INFO] [stderr]    Compiling tinyvec_macros v0.1.0
[INFO] [stderr]    Compiling itertools v0.9.0
[INFO] [stderr]    Compiling tinyvec v1.1.0
[INFO] [stderr]    Compiling percent-encoding v2.1.0
[INFO] [stderr]    Compiling hex v0.4.2
[INFO] [stderr]    Compiling httparse v1.3.4
[INFO] [stderr]    Compiling indexmap v1.6.0
[INFO] [stderr]    Compiling tracing-core v0.1.17
[INFO] [stderr]    Compiling jobserver v0.1.21
[INFO] [stderr]    Compiling num_cpus v1.13.0
[INFO] [stderr]    Compiling parking_lot_core v0.8.0
[INFO] [stderr]    Compiling digest v0.8.1
[INFO] [stderr]    Compiling cc v1.0.94
[INFO] [stderr]    Compiling rand_core v0.5.1
[INFO] [stderr]    Compiling atty v0.2.14
[INFO] [stderr]    Compiling iovec v0.1.4
[INFO] [stderr]    Compiling signal-hook-registry v1.2.2
[INFO] [stderr]    Compiling rand_chacha v0.2.2
[INFO] [stderr]    Compiling net2 v0.2.37
[INFO] [stderr]    Compiling parking_lot v0.11.1
[INFO] [stderr]    Compiling memmap2 v0.1.0
[INFO] [stderr]    Compiling rand v0.7.3
[INFO] [stderr]    Compiling once_cell v1.5.2
[INFO] [stderr]    Compiling mio v0.6.22
[INFO] [stderr]    Compiling futures-task v0.3.8
[INFO] [stderr]    Compiling tokio-executor v0.1.10
[INFO] [stderr]    Compiling form_urlencoded v1.0.0
[INFO] [stderr]    Compiling bytes v0.4.12
[INFO] [stderr]    Compiling regex v1.4.2
[INFO] [stderr]    Compiling unicode-normalization v0.1.16
[INFO] [stderr]    Compiling tracing v0.1.22
[INFO] [stderr]    Compiling parking_lot_core v0.6.2
[INFO] [stderr]    Compiling untrusted v0.7.1
[INFO] [stderr]    Compiling mio v0.7.9
[INFO] [stderr]    Compiling smallvec v0.6.13
[INFO] [stderr]    Compiling parking_lot v0.9.0
[INFO] [stderr]    Compiling lock_api v0.3.4
[INFO] [stderr]    Compiling miniz_oxide v0.4.3
[INFO] [stderr]    Compiling memoffset v0.5.6
[INFO] [stderr]    Compiling tokio-io v0.1.13
[INFO] [stderr]    Compiling mio-uds v0.6.8
[INFO] [stderr]    Compiling byte-tools v0.3.1
[INFO] [stderr]    Compiling ryu v1.0.5
[INFO] [stderr]    Compiling block-padding v0.1.5
[INFO] [stderr]    Compiling crossbeam-epoch v0.8.2
[INFO] [stderr]    Compiling try-lock v0.2.3
[INFO] [stderr]    Compiling adler v0.2.3
[INFO] [stderr]    Compiling idna v0.2.0
[INFO] [stderr]    Compiling want v0.3.0
[INFO] [stderr]    Compiling block-buffer v0.7.3
[INFO] [stderr]    Compiling tokio-sync v0.1.8
[INFO] [stderr]    Compiling httpdate v0.3.2
[INFO] [stderr]    Compiling fake-simd v0.1.2
[INFO] [stderr]    Compiling blake3 v0.3.7
[INFO] [stderr]    Compiling ring v0.16.20
[INFO] [stderr]    Compiling gimli v0.23.0
[INFO] [stderr]    Compiling serde_json v1.0.59
[INFO] [stderr]    Compiling tower-service v0.3.0
[INFO] [stderr]    Compiling mime v0.3.16
[INFO] [stderr]    Compiling base64 v0.13.0
[INFO] [stderr]    Compiling opaque-debug v0.2.3
[INFO] [stderr]    Compiling env_logger v0.8.4
[INFO] [stderr]    Compiling url v2.2.0
[INFO] [stderr]    Compiling rustls v0.20.9
[INFO] [stderr]    Compiling tokio-reactor v0.1.12
[INFO] [stderr]    Compiling time v0.1.44
[INFO] [stderr]    Compiling num-integer v0.1.44
[INFO] [stderr]    Compiling failure_derive v0.1.8
[INFO] [stderr]    Compiling pkg-config v0.3.19
[INFO] [stderr]    Compiling solana-logger v1.7.1
[INFO] [stderr]    Compiling rustc-demangle v0.1.18
[INFO] [stderr]    Compiling proc-macro2 v0.4.30
[INFO] [stderr]    Compiling object v0.22.0
[INFO] [stderr]    Compiling crossbeam-deque v0.7.3
[INFO] [stderr]    Compiling tokio-codec v0.1.2
[INFO] [stderr]    Compiling http-body v0.4.6
[INFO] [stderr]    Compiling socket2 v0.4.0
[INFO] [stderr]    Compiling crossbeam-queue v0.2.3
[INFO] [stderr]    Compiling unicode-xid v0.1.0
[INFO] [stderr]    Compiling signature v1.2.2
[INFO] [stderr]    Compiling subtle v1.0.0
[INFO] [stderr]    Compiling encoding_rs v0.8.26
[INFO] [stderr]    Compiling crypto-mac v0.7.0
[INFO] [stderr]    Compiling tokio-threadpool v0.1.18
[INFO] [stderr]    Compiling crunchy v0.2.2
[INFO] [stderr]    Compiling winapi v0.3.9
[INFO] [stderr]    Compiling syn v0.15.44
[INFO] [stderr]    Compiling hmac v0.7.1
[INFO] [stderr]    Compiling quote v0.6.13
[INFO] [stderr]    Compiling tokio-uds v0.2.7
[INFO] [stderr]    Compiling tokio-udp v0.1.6
[INFO] [stderr]    Compiling synstructure v0.12.4
[INFO] [stderr]    Compiling borsh-derive-internal v0.8.1
[INFO] [stderr]    Compiling borsh-schema-derive-internal v0.8.1
[INFO] [stderr]    Compiling tokio-fs v0.1.7
[INFO] [stderr]    Compiling tokio-tcp v0.1.4
[INFO] [stderr]    Compiling rustls-pemfile v0.3.0
[INFO] [stderr]    Compiling tokio-current-thread v0.1.7
[INFO] [stderr]    Compiling tokio-timer v0.2.13
[INFO] [stderr]    Compiling ipnet v2.3.0
[INFO] [stderr]    Compiling addr2line v0.14.0
[INFO] [stderr]    Compiling tokio v0.1.22
[INFO] [stderr]    Compiling hmac-drbg v0.2.0
[INFO] [stderr]    Compiling sha2 v0.8.2
[INFO] [stderr]    Compiling solana-sdk v1.7.1
[INFO] [stderr]    Compiling qstring v0.7.2
[INFO] [stderr]    Compiling uriparse v0.6.4
[INFO] [stderr]    Compiling assert_matches v1.4.0
[INFO] [stderr]    Compiling rand_core v0.6.2
[INFO] [stderr]    Compiling unicode-width v0.1.8
[INFO] [stderr]    Compiling memoffset v0.6.1
[INFO] [stderr]    Compiling remove_dir_all v0.5.0
[INFO] [stderr]    Compiling libsecp256k1 v0.3.5
[INFO] [stderr]    Compiling crossbeam-utils v0.8.1
[INFO] [stderr]    Compiling tempfile v3.1.0
[INFO] [stderr]    Compiling zeroize_derive v1.0.1
[INFO] [stderr]    Compiling thiserror-impl v1.0.22
[INFO] [stderr]    Compiling zeroize v1.1.1
[INFO] [stderr]    Compiling pin-project-internal v1.0.2
[INFO] [stderr]    Compiling curve25519-dalek v2.1.0
[INFO] [stderr]    Compiling futures-macro v0.3.8
[INFO] [stderr] error: could not compile `libsecp256k1` (lib)
[INFO] [stderr] 
[INFO] [stderr] Caused by:
[INFO] [stderr]   process didn't exit successfully: `/opt/rustwide/rustup-home/toolchains/1.99.0-beta.1-x86_64-unknown-linux-gnu/bin/rustc --crate-name secp256k1 --edition=2018 /opt/rustwide/cargo-home/registry/src/index.crates.io-1949cf8c6b5b557f/libsecp256k1-0.3.5/src/lib.rs --error-format=json --json=diagnostic-rendered-ansi,artifacts,future-incompat --crate-type lib --emit=dep-info,metadata,link -C opt-level=3 -C embed-bitcode=no --cfg 'feature="default"' --cfg 'feature="hmac"' --cfg 'feature="hmac-drbg"' --cfg 'feature="sha2"' --cfg 'feature="std"' --cfg 'feature="typenum"' --check-cfg 'cfg(docsrs,test)' --check-cfg 'cfg(feature, values("default", "hmac", "hmac-drbg", "sha2", "std", "typenum"))' -C metadata=46b290892ba61f2a -C extra-filename=-2a6e04411fc03021 --out-dir /opt/rustwide/target/release/deps -C strip=debuginfo -L dependency=/opt/rustwide/target/release/deps --extern arrayref=/opt/rustwide/target/release/deps/libarrayref-b8776d1a89c4833a.rmeta --extern crunchy=/opt/rustwide/target/release/deps/libcrunchy-4b32577cb826db03.rmeta --extern digest=/opt/rustwide/target/release/deps/libdigest-3b5e5620df62ed12.rmeta --extern hmac_drbg=/opt/rustwide/target/release/deps/libhmac_drbg-d871fd0222e2dbf0.rmeta --extern rand=/opt/rustwide/target/release/deps/librand-5ad54290e23b3458.rmeta --extern sha2=/opt/rustwide/target/release/deps/libsha2-600df5a52aa1146a.rmeta --extern subtle=/opt/rustwide/target/release/deps/libsubtle-934f7af55f1df447.rmeta --extern typenum=/opt/rustwide/target/release/deps/libtypenum-29856f4e699e648d.rmeta --cap-lints allow --cap-lints=warn` (signal: 9, SIGKILL: kill)
[INFO] [stderr] warning: build failed, waiting for other jobs to finish...
[INFO] running `Command { std: "docker" "inspect" "842ef5e60040468d5d20ae1486fd20f20850ed0f549e954f312cc2250bce1da5", kill_on_drop: false }`
[INFO] running `Command { std: "docker" "rm" "-f" "842ef5e60040468d5d20ae1486fd20f20850ed0f549e954f312cc2250bce1da5", kill_on_drop: false }`
[INFO] [stdout] 842ef5e60040468d5d20ae1486fd20f20850ed0f549e954f312cc2250bce1da5
