[INFO] cloning repository https://github.com/me-nata/checkers-rust
[INFO] running `Command { std: "git" "-c" "credential.helper=" "-c" "credential.helper=/workspace/cargo-home/bin/git-credential-null" "clone" "--bare" "https://github.com/me-nata/checkers-rust" "/workspace/cache/git-repos/https%3A%2F%2Fgithub.com%2Fme-nata%2Fcheckers-rust", kill_on_drop: false }`
[INFO] [stderr] Cloning into bare repository '/workspace/cache/git-repos/https%3A%2F%2Fgithub.com%2Fme-nata%2Fcheckers-rust'...
[INFO] running `Command { std: "git" "rev-parse" "HEAD", kill_on_drop: false }`
[INFO] [stdout] 72c7622fb98891d137ec36d666f9e4059f50a1d2
[INFO] testing me-nata/checkers-rust against 1.99.0-beta.1+cargoflags=--release for beta-release-1.99-2
[INFO] running `Command { std: "git" "clone" "/workspace/cache/git-repos/https%3A%2F%2Fgithub.com%2Fme-nata%2Fcheckers-rust" "/workspace/builds/worker-7-tc2/source", kill_on_drop: false }`
[INFO] [stderr] Cloning into '/workspace/builds/worker-7-tc2/source'...
[INFO] [stderr] done.
[INFO] started tweaking git repo https://github.com/me-nata/checkers-rust
[INFO] finished tweaking git repo https://github.com/me-nata/checkers-rust
[INFO] tweaked toml for git repo https://github.com/me-nata/checkers-rust written to /workspace/builds/worker-7-tc2/source/Cargo.toml
[INFO] validating manifest of git repo https://github.com/me-nata/checkers-rust on toolchain 1.99.0-beta.1
[INFO] running `Command { std: CARGO_HOME="/workspace/cargo-home" RUSTUP_HOME="/workspace/rustup-home" "/workspace/cargo-home/bin/cargo" "+1.99.0-beta.1" "metadata" "--manifest-path" "Cargo.toml" "--no-deps", kill_on_drop: false }`
[INFO] crate git repo https://github.com/me-nata/checkers-rust already has a lockfile, it will not be regenerated
[INFO] running `Command { std: CARGO_HOME="/workspace/cargo-home" RUSTUP_HOME="/workspace/rustup-home" "/workspace/cargo-home/bin/cargo" "+1.99.0-beta.1" "fetch" "--manifest-path" "Cargo.toml", kill_on_drop: false }`
[INFO] [stderr]     Blocking waiting for file lock on package cache
[INFO] [stderr]     Blocking waiting for file lock on package cache
[INFO] running `Command { std: "docker" "create" "-v" "/var/lib/crater-agent-workspace/builds/worker-7-tc2/source:/opt/rustwide/workdir:ro,Z" "-v" "/var/lib/crater-agent-workspace/builds/worker-7-tc2/target:/opt/rustwide/target:rw,Z" "-v" "/var/lib/crater-agent-workspace/cargo-home:/opt/rustwide/cargo-home:ro,Z" "-v" "/var/lib/crater-agent-workspace/rustup-home:/opt/rustwide/rustup-home:ro,Z" "-m" "1610612736" "--network" "none" "ghcr.io/rust-lang/crates-build-env/linux@sha256:8683fc1fc2eb5c9ac98e0d076ab094b2ffac7f99da555d2b6a2e27f346de2ec7" "sleep" "infinity", kill_on_drop: false }`
[INFO] [stdout] 230b669af2fe78525b0e39621850f04db347c1e62abbcee24572b9e3ca8bd16c
[INFO] running `Command { std: "docker" "start" "230b669af2fe78525b0e39621850f04db347c1e62abbcee24572b9e3ca8bd16c", kill_on_drop: false }`
[INFO] running `Command { std: "docker" "inspect" "230b669af2fe78525b0e39621850f04db347c1e62abbcee24572b9e3ca8bd16c", kill_on_drop: false }`
[INFO] running `Command { std: "docker" "exec" "-e" "SOURCE_DIR=/opt/rustwide/workdir" "-e" "CARGO_HOME=/opt/rustwide/cargo-home" "-e" "RUSTUP_HOME=/opt/rustwide/rustup-home" "-e" "CARGO_TARGET_DIR=/opt/rustwide/target" "-w" "/opt/rustwide/workdir" "--user" "0:0" "230b669af2fe78525b0e39621850f04db347c1e62abbcee24572b9e3ca8bd16c" "/opt/rustwide/cargo-home/bin/cargo" "+1.99.0-beta.1" "metadata" "--no-deps" "--format-version=1", kill_on_drop: false }`
[INFO] running `Command { std: "docker" "inspect" "230b669af2fe78525b0e39621850f04db347c1e62abbcee24572b9e3ca8bd16c", kill_on_drop: false }`
[INFO] running `Command { std: "docker" "exec" "-e" "SOURCE_DIR=/opt/rustwide/workdir" "-e" "CARGO_HOME=/opt/rustwide/cargo-home" "-e" "RUSTUP_HOME=/opt/rustwide/rustup-home" "-e" "CARGO_TARGET_DIR=/opt/rustwide/target" "-e" "CARGO_INCREMENTAL=0" "-e" "RUST_BACKTRACE=full" "-e" "RUSTFLAGS=--cap-lints=warn" "-e" "RUSTDOCFLAGS=--cap-lints=warn" "-w" "/opt/rustwide/workdir" "--user" "0:0" "230b669af2fe78525b0e39621850f04db347c1e62abbcee24572b9e3ca8bd16c" "/opt/rustwide/cargo-home/bin/cargo" "+1.99.0-beta.1" "build" "--frozen" "--message-format=json" "--release", kill_on_drop: false }`
[INFO] [stderr]    Compiling checkers v0.1.0 (/opt/rustwide/workdir)
[INFO] [stdout] error[E0061]: this method takes 2 arguments but 1 argument was supplied
[INFO] [stdout]   --> src/main.rs:16:10
[INFO] [stdout]    |
[INFO] [stdout] 16 |     game.move_piece(MovementAction(p1, p2));
[INFO] [stdout]    |          ^^^^^^^^^^ ---------------------- argument #1 of type `&player::Player` is missing
[INFO] [stdout]    |
[INFO] [stdout] note: method defined here
[INFO] [stdout]   --> src/game.rs:29:12
[INFO] [stdout]    |
[INFO] [stdout] 29 |     pub fn move_piece(&mut self, player: &Player, action: MovementAction) {
[INFO] [stdout]    |            ^^^^^^^^^^            ---------------
[INFO] [stdout] help: provide the argument
[INFO] [stdout]    |
[INFO] [stdout] 16 |     game.move_piece(/* &Player */, MovementAction(p1, p2));
[INFO] [stdout]    |                     ++++++++++++++
[INFO] [stdout] 
[INFO] [stdout] 
[INFO] [stdout] error[E0061]: this method takes 2 arguments but 1 argument was supplied
[INFO] [stdout]   --> src/main.rs:19:10
[INFO] [stdout]    |
[INFO] [stdout] 19 |     game.move_piece(MovementAction(p1, p2));
[INFO] [stdout]    |          ^^^^^^^^^^ ---------------------- argument #1 of type `&player::Player` is missing
[INFO] [stdout]    |
[INFO] [stdout] note: method defined here
[INFO] [stdout]   --> src/game.rs:29:12
[INFO] [stdout]    |
[INFO] [stdout] 29 |     pub fn move_piece(&mut self, player: &Player, action: MovementAction) {
[INFO] [stdout]    |            ^^^^^^^^^^            ---------------
[INFO] [stdout] help: provide the argument
[INFO] [stdout]    |
[INFO] [stdout] 19 |     game.move_piece(/* &Player */, MovementAction(p1, p2));
[INFO] [stdout]    |                     ++++++++++++++
[INFO] [stdout] 
[INFO] [stdout] 
[INFO] [stdout] error[E0061]: this method takes 2 arguments but 1 argument was supplied
[INFO] [stdout]   --> src/main.rs:22:10
[INFO] [stdout]    |
[INFO] [stdout] 22 |     game.move_piece(MovementAction(p1, p2));
[INFO] [stdout]    |          ^^^^^^^^^^ ---------------------- argument #1 of type `&player::Player` is missing
[INFO] [stdout]    |
[INFO] [stdout] note: method defined here
[INFO] [stdout]   --> src/game.rs:29:12
[INFO] [stdout]    |
[INFO] [stdout] 29 |     pub fn move_piece(&mut self, player: &Player, action: MovementAction) {
[INFO] [stdout]    |            ^^^^^^^^^^            ---------------
[INFO] [stdout] help: provide the argument
[INFO] [stdout]    |
[INFO] [stdout] 22 |     game.move_piece(/* &Player */, MovementAction(p1, p2));
[INFO] [stdout]    |                     ++++++++++++++
[INFO] [stdout] 
[INFO] [stdout] 
[INFO] [stdout] For more information about this error, try `rustc --explain E0061`.
[INFO] [stdout] 
[INFO] [stderr] error: could not compile `checkers` (bin "checkers") due to 3 previous errors
[INFO] running `Command { std: "docker" "inspect" "230b669af2fe78525b0e39621850f04db347c1e62abbcee24572b9e3ca8bd16c", kill_on_drop: false }`
[INFO] running `Command { std: "docker" "rm" "-f" "230b669af2fe78525b0e39621850f04db347c1e62abbcee24572b9e3ca8bd16c", kill_on_drop: false }`
[INFO] [stdout] 230b669af2fe78525b0e39621850f04db347c1e62abbcee24572b9e3ca8bd16c
