[INFO] cloning repository https://github.com/mckeenicholas/wca-odds-web
[INFO] running `Command { std: "git" "-c" "credential.helper=" "-c" "credential.helper=/workspace/cargo-home/bin/git-credential-null" "clone" "--bare" "https://github.com/mckeenicholas/wca-odds-web" "/workspace/cache/git-repos/https%3A%2F%2Fgithub.com%2Fmckeenicholas%2Fwca-odds-web", kill_on_drop: false }`
[INFO] [stderr] Cloning into bare repository '/workspace/cache/git-repos/https%3A%2F%2Fgithub.com%2Fmckeenicholas%2Fwca-odds-web'...
[INFO] running `Command { std: "git" "rev-parse" "HEAD", kill_on_drop: false }`
[INFO] [stdout] fbd51359340bdcf8ab5c957f2ca6e9ddaaee5277
[INFO] testing mckeenicholas/wca-odds-web against 1.98.0-beta.8+cargoflags=--release for beta-release-1.99-2
[INFO] running `Command { std: "git" "clone" "/workspace/cache/git-repos/https%3A%2F%2Fgithub.com%2Fmckeenicholas%2Fwca-odds-web" "/workspace/builds/worker-1-tc1/source", kill_on_drop: false }`
[INFO] [stderr] Cloning into '/workspace/builds/worker-1-tc1/source'...
[INFO] [stderr] done.
[INFO] removed /workspace/builds/worker-1-tc1/source/.cargo/config.toml
[INFO] started tweaking git repo https://github.com/mckeenicholas/wca-odds-web
[INFO] finished tweaking git repo https://github.com/mckeenicholas/wca-odds-web
[INFO] tweaked toml for git repo https://github.com/mckeenicholas/wca-odds-web written to /workspace/builds/worker-1-tc1/source/Cargo.toml
[INFO] validating manifest of git repo https://github.com/mckeenicholas/wca-odds-web on toolchain 1.98.0-beta.8
[INFO] running `Command { std: CARGO_HOME="/workspace/cargo-home" RUSTUP_HOME="/workspace/rustup-home" "/workspace/cargo-home/bin/cargo" "+1.98.0-beta.8" "metadata" "--manifest-path" "Cargo.toml" "--no-deps", kill_on_drop: false }`
[INFO] crate git repo https://github.com/mckeenicholas/wca-odds-web already has a lockfile, it will not be regenerated
[INFO] running `Command { std: CARGO_HOME="/workspace/cargo-home" RUSTUP_HOME="/workspace/rustup-home" "/workspace/cargo-home/bin/cargo" "+1.98.0-beta.8" "fetch" "--manifest-path" "Cargo.toml", kill_on_drop: false }`
[INFO] [stderr]     Updating crates.io index
[INFO] [stderr]  Downloading crates ...
[INFO] [stderr]   Downloaded wasm-bindgen v0.2.101
[INFO] [stderr]   Downloaded wasm-bindgen-macro v0.2.101
[INFO] [stderr]   Downloaded unicode-ident v1.0.19
[INFO] [stderr]   Downloaded wasm-bindgen-shared v0.2.101
[INFO] [stderr]   Downloaded cfg-if v1.0.3
[INFO] [stderr]   Downloaded wasi v0.14.5+wasi-0.2.4
[INFO] [stderr]   Downloaded potential_utf v0.1.3
[INFO] [stderr]   Downloaded wasm-bindgen-futures v0.4.51
[INFO] [stderr]   Downloaded windows-registry v0.5.3
[INFO] [stderr]   Downloaded windows-interface v0.59.1
[INFO] [stderr]   Downloaded windows-link v0.2.0
[INFO] [stderr]   Downloaded windows-implement v0.60.0
[INFO] [stderr]   Downloaded wasm-bindgen-macro-support v0.2.101
[INFO] [stderr]   Downloaded iana-time-zone v0.1.63
[INFO] [stderr]   Downloaded tokio-rustls v0.26.2
[INFO] [stderr]   Downloaded find-msvc-tools v0.1.1
[INFO] [stderr]   Downloaded proc-macro2 v1.0.101
[INFO] [stderr]   Downloaded wasm-bindgen-backend v0.2.101
[INFO] [stderr]   Downloaded bitflags v2.9.4
[INFO] [stderr]   Downloaded js-sys v0.3.78
[INFO] [stderr]   Downloaded wit-bindgen v0.45.1
[INFO] [stderr]   Downloaded socket2 v0.6.0
[INFO] [stderr]   Downloaded tempfile v3.22.0
[INFO] [stderr]   Downloaded rustls-pki-types v1.12.0
[INFO] [stderr]   Downloaded rand_distr v0.5.1
[INFO] [stderr]   Downloaded rustls-webpki v0.103.5
[INFO] [stderr]   Downloaded url v2.5.7
[INFO] [stderr]   Downloaded io-uring v0.7.10
[INFO] [stderr]   Downloaded cc v1.2.36
[INFO] [stderr]   Downloaded hyper-util v0.1.16
[INFO] [stderr]   Downloaded indexmap v2.11.1
[INFO] [stderr]   Downloaded wasip2 v1.0.0+wasi-0.2.4
[INFO] [stderr]   Downloaded tower-http v0.6.6
[INFO] [stderr]   Downloaded hyper v1.7.0
[INFO] [stderr]   Downloaded tokio-util v0.7.16
[INFO] [stderr]   Downloaded reqwest v0.12.23
[INFO] [stderr]   Downloaded zerovec v0.11.4
[INFO] [stderr]   Downloaded serde_json v1.0.143
[INFO] [stderr]   Downloaded iri-string v0.7.8
[INFO] [stderr]   Downloaded h2 v0.4.12
[INFO] [stderr]   Downloaded syn v2.0.106
[INFO] [stderr]   Downloaded rustls v0.23.31
[INFO] [stderr]   Downloaded rustix v1.1.2
[INFO] [stderr]   Downloaded web-sys v0.3.78
[INFO] [stderr]   Downloaded libc v0.2.175
[INFO] [stderr]   Downloaded tokio v1.47.1
[INFO] [stderr]   Downloaded windows-sys v0.61.0
[INFO] running `Command { std: "docker" "create" "-v" "/var/lib/crater-agent-workspace/builds/worker-1-tc1/source:/opt/rustwide/workdir:ro,Z" "-v" "/var/lib/crater-agent-workspace/builds/worker-1-tc1/target:/opt/rustwide/target:rw,Z" "-v" "/var/lib/crater-agent-workspace/cargo-home:/opt/rustwide/cargo-home:ro,Z" "-v" "/var/lib/crater-agent-workspace/rustup-home:/opt/rustwide/rustup-home:ro,Z" "-m" "1610612736" "--network" "none" "ghcr.io/rust-lang/crates-build-env/linux@sha256:8683fc1fc2eb5c9ac98e0d076ab094b2ffac7f99da555d2b6a2e27f346de2ec7" "sleep" "infinity", kill_on_drop: false }`
[INFO] [stdout] 8484ced1a90ed9b5c4195921115bf5f2dbc063fcb7448ba0f1995ea5b3b836cf
[INFO] running `Command { std: "docker" "start" "8484ced1a90ed9b5c4195921115bf5f2dbc063fcb7448ba0f1995ea5b3b836cf", kill_on_drop: false }`
[INFO] running `Command { std: "docker" "inspect" "8484ced1a90ed9b5c4195921115bf5f2dbc063fcb7448ba0f1995ea5b3b836cf", kill_on_drop: false }`
[INFO] running `Command { std: "docker" "exec" "-e" "SOURCE_DIR=/opt/rustwide/workdir" "-e" "CARGO_HOME=/opt/rustwide/cargo-home" "-e" "RUSTUP_HOME=/opt/rustwide/rustup-home" "-e" "CARGO_TARGET_DIR=/opt/rustwide/target" "-w" "/opt/rustwide/workdir" "--user" "0:0" "8484ced1a90ed9b5c4195921115bf5f2dbc063fcb7448ba0f1995ea5b3b836cf" "/opt/rustwide/cargo-home/bin/cargo" "+1.98.0-beta.8" "metadata" "--no-deps" "--format-version=1", kill_on_drop: false }`
[INFO] running `Command { std: "docker" "inspect" "8484ced1a90ed9b5c4195921115bf5f2dbc063fcb7448ba0f1995ea5b3b836cf", kill_on_drop: false }`
[INFO] running `Command { std: "docker" "exec" "-e" "SOURCE_DIR=/opt/rustwide/workdir" "-e" "CARGO_HOME=/opt/rustwide/cargo-home" "-e" "RUSTUP_HOME=/opt/rustwide/rustup-home" "-e" "CARGO_TARGET_DIR=/opt/rustwide/target" "-e" "CARGO_INCREMENTAL=0" "-e" "RUST_BACKTRACE=full" "-e" "RUSTFLAGS=--cap-lints=warn" "-e" "RUSTDOCFLAGS=--cap-lints=warn" "-w" "/opt/rustwide/workdir" "--user" "0:0" "8484ced1a90ed9b5c4195921115bf5f2dbc063fcb7448ba0f1995ea5b3b836cf" "/opt/rustwide/cargo-home/bin/cargo" "+1.98.0-beta.8" "build" "--frozen" "--message-format=json" "--release", kill_on_drop: false }`
[INFO] [stderr]    Compiling unicode-ident v1.0.19
[INFO] [stderr]    Compiling proc-macro2 v1.0.101
[INFO] [stderr]    Compiling libc v0.2.175
[INFO] [stderr]    Compiling cfg-if v1.0.3
[INFO] [stderr]    Compiling pin-project-lite v0.2.16
[INFO] [stderr]    Compiling once_cell v1.21.3
[INFO] [stderr]    Compiling stable_deref_trait v1.2.0
[INFO] [stderr]    Compiling futures-core v0.3.31
[INFO] [stderr]    Compiling wasm-bindgen-shared v0.2.101
[INFO] [stderr]    Compiling bytes v1.10.1
[INFO] [stderr]    Compiling futures-sink v0.3.31
[INFO] [stderr]    Compiling find-msvc-tools v0.1.1
[INFO] [stderr]    Compiling itoa v1.0.15
[INFO] [stderr]    Compiling shlex v1.3.0
[INFO] [stderr]    Compiling vcpkg v0.2.15
[INFO] [stderr]    Compiling pkg-config v0.3.32
[INFO] [stderr]    Compiling cc v1.2.36
[INFO] [stderr]    Compiling slab v0.4.11
[INFO] [stderr]    Compiling futures-channel v0.3.31
[INFO] [stderr]    Compiling fnv v1.0.7
[INFO] [stderr]    Compiling pin-utils v0.1.0
[INFO] [stderr]    Compiling memchr v2.7.5
[INFO] [stderr]    Compiling writeable v0.6.1
[INFO] [stderr]    Compiling quote v1.0.40
[INFO] [stderr]    Compiling futures-io v0.3.31
[INFO] [stderr]    Compiling http v1.3.1
[INFO] [stderr]    Compiling bumpalo v3.19.0
[INFO] [stderr]    Compiling litemap v0.8.0
[INFO] [stderr]    Compiling syn v2.0.106
[INFO] [stderr]    Compiling log v0.4.28
[INFO] [stderr]    Compiling socket2 v0.6.0
[INFO] [stderr]    Compiling mio v1.0.4
[INFO] [stderr]    Compiling futures-task v0.3.31
[INFO] [stderr]    Compiling smallvec v1.15.1
[INFO] [stderr]    Compiling serde v1.0.219
[INFO] [stderr]    Compiling icu_properties_data v2.0.1
[INFO] [stderr]    Compiling openssl-sys v0.9.109
[INFO] [stderr]    Compiling rustversion v1.0.22
[INFO] [stderr]    Compiling icu_normalizer_data v2.0.0
[INFO] [stderr]    Compiling tokio v1.47.1
[INFO] [stderr]    Compiling tracing-core v0.1.34
[INFO] [stderr]    Compiling hashbrown v0.15.5
[INFO] [stderr]    Compiling percent-encoding v2.3.2
[INFO] [stderr]    Compiling getrandom v0.3.3
[INFO] [stderr]    Compiling foreign-types-shared v0.1.1
[INFO] [stderr]    Compiling zerocopy v0.8.27
[INFO] [stderr]    Compiling equivalent v1.0.2
[INFO] [stderr]    Compiling wasm-bindgen v0.2.101
[INFO] [stderr]    Compiling httparse v1.10.1
[INFO] [stderr]    Compiling bitflags v2.9.4
[INFO] [stderr]    Compiling openssl v0.10.73
[INFO] [stderr]    Compiling tracing v0.1.41
[INFO] [stderr]    Compiling foreign-types v0.3.2
[INFO] [stderr]    Compiling http-body v1.0.1
[INFO] [stderr]    Compiling indexmap v2.11.1
[INFO] [stderr]    Compiling autocfg v1.5.0
[INFO] [stderr]    Compiling tower-service v0.3.3
[INFO] [stderr]    Compiling libm v0.2.15
[INFO] [stderr]    Compiling native-tls v0.2.14
[INFO] [stderr]    Compiling try-lock v0.2.5
[INFO] [stderr]    Compiling atomic-waker v1.1.2
[INFO] [stderr]    Compiling want v0.3.1
[INFO] [stderr]    Compiling num-traits v0.2.19
[INFO] [stderr]    Compiling openssl-probe v0.1.6
[INFO] [stderr]    Compiling rand_core v0.9.3
[INFO] [stderr]    Compiling form_urlencoded v1.2.2
[INFO] [stderr]    Compiling sync_wrapper v1.0.2
[INFO] [stderr]    Compiling utf8_iter v1.0.4
[INFO] [stderr]    Compiling tower-layer v0.3.3
[INFO] [stderr]    Compiling ryu v1.0.20
[INFO] [stderr]    Compiling serde_json v1.0.143
[INFO] [stderr]    Compiling base64 v0.22.1
[INFO] [stderr]    Compiling ipnet v2.11.0
[INFO] [stderr]    Compiling http-body-util v0.1.3
[INFO] [stderr]    Compiling iri-string v0.7.8
[INFO] [stderr]    Compiling zeroize v1.8.1
[INFO] [stderr]    Compiling encoding_rs v0.8.35
[INFO] [stderr]    Compiling rustls-pki-types v1.12.0
[INFO] [stderr]    Compiling mime v0.3.17
[INFO] [stderr]    Compiling iana-time-zone v0.1.63
[INFO] [stderr]    Compiling ppv-lite86 v0.2.21
[INFO] [stderr]    Compiling rand_chacha v0.9.0
[INFO] [stderr]    Compiling chrono v0.4.42
[INFO] [stderr]    Compiling rand v0.9.2
[INFO] [stderr]    Compiling synstructure v0.13.2
[INFO] [stderr]    Compiling wasm-bindgen-backend v0.2.101
[INFO] [stderr]    Compiling tokio-util v0.7.16
[INFO] [stderr]    Compiling rand_distr v0.5.1
[INFO] [stderr]    Compiling h2 v0.4.12
[INFO] [stderr]    Compiling zerofrom-derive v0.1.6
[INFO] [stderr]    Compiling yoke-derive v0.8.0
[INFO] [stderr]    Compiling zerovec-derive v0.11.1
[INFO] [stderr]    Compiling displaydoc v0.2.5
[INFO] [stderr]    Compiling futures-macro v0.3.31
[INFO] [stderr]    Compiling wasm-bindgen-macro-support v0.2.101
[INFO] [stderr]    Compiling serde_derive v1.0.219
[INFO] [stderr]    Compiling openssl-macros v0.1.1
[INFO] [stderr]    Compiling zerofrom v0.1.6
[INFO] [stderr]    Compiling yoke v0.8.0
[INFO] [stderr]    Compiling futures-util v0.3.31
[INFO] [stderr]    Compiling zerovec v0.11.4
[INFO] [stderr]    Compiling zerotrie v0.2.2
[INFO] [stderr]    Compiling wasm-bindgen-macro v0.2.101
[INFO] [stderr]    Compiling js-sys v0.3.78
[INFO] [stderr]    Compiling tinystr v0.8.1
[INFO] [stderr]    Compiling potential_utf v0.1.3
[INFO] [stderr]    Compiling icu_collections v2.0.0
[INFO] [stderr]    Compiling icu_locale_core v2.0.0
[INFO] [stderr]    Compiling hyper v1.7.0
[INFO] [stderr]    Compiling icu_provider v2.0.0
[INFO] [stderr]    Compiling icu_normalizer v2.0.0
[INFO] [stderr]    Compiling icu_properties v2.0.1
[INFO] [stderr]    Compiling hyper-util v0.1.16
[INFO] [stderr]    Compiling tokio-native-tls v0.3.1
[INFO] [stderr]    Compiling tower v0.5.2
[INFO] [stderr]    Compiling futures-executor v0.3.31
[INFO] [stderr]    Compiling futures v0.3.31
[INFO] [stderr]    Compiling idna_adapter v1.2.1
[INFO] [stderr]    Compiling idna v1.1.0
[INFO] [stderr]    Compiling tower-http v0.6.6
[INFO] [stderr]    Compiling web-sys v0.3.78
[INFO] [stderr]    Compiling wasm-bindgen-futures v0.4.51
[INFO] [stderr]    Compiling hyper-tls v0.6.0
[INFO] [stderr]    Compiling serde_urlencoded v0.7.1
[INFO] [stderr]    Compiling url v2.5.7
[INFO] [stderr]    Compiling serde-wasm-bindgen v0.6.5
[INFO] [stderr]    Compiling reqwest v0.12.23
[INFO] [stderr]    Compiling odds-web v0.1.0 (/opt/rustwide/workdir)
[INFO] [stdout] error[E0432]: unresolved import `core::arch::wasm32`
[INFO] [stdout]   --> src/rust/event_simulator.rs:11:17
[INFO] [stdout]    |
[INFO] [stdout] 11 | use core::arch::wasm32::v128;
[INFO] [stdout]    |                 ^^^^^^ could not find `wasm32` in `arch`
[INFO] [stdout] 
[INFO] [stdout] 
[INFO] [stdout] error[E0432]: unresolved import `core::arch::wasm32`
[INFO] [stdout]  --> src/rust/simd.rs:1:17
[INFO] [stdout]   |
[INFO] [stdout] 1 | use core::arch::wasm32::{
[INFO] [stdout]   |                 ^^^^^^ could not find `wasm32` in `arch`
[INFO] [stdout] 
[INFO] [stdout] 
[INFO] [stdout] error[E0433]: cannot find `wasm32` in `arch`
[INFO] [stdout]    --> src/rust/simd.rs:32:23
[INFO] [stdout]     |
[INFO] [stdout]  32 |         ::core::arch::wasm32::f32x4_min($vec, f32x4_min_n!($($rest),+))
[INFO] [stdout]     |                       ^^^^^^ could not find `wasm32` in `arch`
[INFO] [stdout] ...
[INFO] [stdout] 157 |     let max_v128 = f32x4_min_n!(v1, v2, v3);
[INFO] [stdout]     |                    ------------------------ in this macro invocation
[INFO] [stdout]     |
[INFO] [stdout]     = note: this error originates in the macro `f32x4_min_n` (in Nightly builds, run with -Z macro-backtrace for more info)
[INFO] [stdout] 
[INFO] [stdout] 
[INFO] [stdout] error[E0433]: cannot find `wasm32` in `arch`
[INFO] [stdout]    --> src/rust/simd.rs:32:23
[INFO] [stdout]     |
[INFO] [stdout]  32 |         ::core::arch::wasm32::f32x4_min($vec, f32x4_min_n!($($rest),+))
[INFO] [stdout]     |                       ^^^^^^ could not find `wasm32` in `arch`
[INFO] [stdout] ...
[INFO] [stdout] 157 |     let max_v128 = f32x4_min_n!(v1, v2, v3);
[INFO] [stdout]     |                    ------------------------ in this macro invocation
[INFO] [stdout]     |
[INFO] [stdout]     = note: this error originates in the macro `f32x4_min_n` (in Nightly builds, run with -Z macro-backtrace for more info)
[INFO] [stdout] 
[INFO] [stdout] 
[INFO] [stdout] error[E0433]: cannot find `wasm32` in `arch`
[INFO] [stdout]    --> src/rust/simd.rs:42:23
[INFO] [stdout]     |
[INFO] [stdout]  42 |         ::core::arch::wasm32::f32x4_add($vec, f32x4_sum_n!($($rest),+))
[INFO] [stdout]     |                       ^^^^^^ could not find `wasm32` in `arch`
[INFO] [stdout] ...
[INFO] [stdout] 163 |     let sum_v128 = f32x4_sum_n!(v1, v2, v3);
[INFO] [stdout]     |                    ------------------------ in this macro invocation
[INFO] [stdout]     |
[INFO] [stdout]     = note: this error originates in the macro `f32x4_sum_n` (in Nightly builds, run with -Z macro-backtrace for more info)
[INFO] [stdout] 
[INFO] [stdout] 
[INFO] [stdout] error[E0433]: cannot find `wasm32` in `arch`
[INFO] [stdout]    --> src/rust/simd.rs:42:23
[INFO] [stdout]     |
[INFO] [stdout]  42 |         ::core::arch::wasm32::f32x4_add($vec, f32x4_sum_n!($($rest),+))
[INFO] [stdout]     |                       ^^^^^^ could not find `wasm32` in `arch`
[INFO] [stdout] ...
[INFO] [stdout] 163 |     let sum_v128 = f32x4_sum_n!(v1, v2, v3);
[INFO] [stdout]     |                    ------------------------ in this macro invocation
[INFO] [stdout]     |
[INFO] [stdout]     = note: this error originates in the macro `f32x4_sum_n` (in Nightly builds, run with -Z macro-backtrace for more info)
[INFO] [stdout] 
[INFO] [stdout] 
[INFO] [stdout] error[E0433]: cannot find `wasm32` in `arch`
[INFO] [stdout]    --> src/rust/simd.rs:22:23
[INFO] [stdout]     |
[INFO] [stdout]  22 |         ::core::arch::wasm32::f32x4_max($vec, f32x4_max_n!($($rest),+))
[INFO] [stdout]     |                       ^^^^^^ could not find `wasm32` in `arch`
[INFO] [stdout] ...
[INFO] [stdout] 170 |     let max_all = f32x4_max_n!(v1, v2, v3, v4, v5);
[INFO] [stdout]     |                   -------------------------------- in this macro invocation
[INFO] [stdout]     |
[INFO] [stdout]     = note: this error originates in the macro `f32x4_max_n` (in Nightly builds, run with -Z macro-backtrace for more info)
[INFO] [stdout] 
[INFO] [stdout] 
[INFO] [stdout] error[E0433]: cannot find `wasm32` in `arch`
[INFO] [stdout]    --> src/rust/simd.rs:22:23
[INFO] [stdout]     |
[INFO] [stdout]  22 |         ::core::arch::wasm32::f32x4_max($vec, f32x4_max_n!($($rest),+))
[INFO] [stdout]     |                       ^^^^^^ could not find `wasm32` in `arch`
[INFO] [stdout] ...
[INFO] [stdout] 170 |     let max_all = f32x4_max_n!(v1, v2, v3, v4, v5);
[INFO] [stdout]     |                   -------------------------------- in this macro invocation
[INFO] [stdout]     |
[INFO] [stdout]     = note: this error originates in the macro `f32x4_max_n` (in Nightly builds, run with -Z macro-backtrace for more info)
[INFO] [stdout] 
[INFO] [stdout] 
[INFO] [stdout] error[E0433]: cannot find `wasm32` in `arch`
[INFO] [stdout]    --> src/rust/simd.rs:22:23
[INFO] [stdout]     |
[INFO] [stdout]  22 |         ::core::arch::wasm32::f32x4_max($vec, f32x4_max_n!($($rest),+))
[INFO] [stdout]     |                       ^^^^^^ could not find `wasm32` in `arch`
[INFO] [stdout] ...
[INFO] [stdout] 170 |     let max_all = f32x4_max_n!(v1, v2, v3, v4, v5);
[INFO] [stdout]     |                   -------------------------------- in this macro invocation
[INFO] [stdout]     |
[INFO] [stdout]     = note: this error originates in the macro `f32x4_max_n` (in Nightly builds, run with -Z macro-backtrace for more info)
[INFO] [stdout] 
[INFO] [stdout] 
[INFO] [stdout] error[E0433]: cannot find `wasm32` in `arch`
[INFO] [stdout]    --> src/rust/simd.rs:22:23
[INFO] [stdout]     |
[INFO] [stdout]  22 |         ::core::arch::wasm32::f32x4_max($vec, f32x4_max_n!($($rest),+))
[INFO] [stdout]     |                       ^^^^^^ could not find `wasm32` in `arch`
[INFO] [stdout] ...
[INFO] [stdout] 170 |     let max_all = f32x4_max_n!(v1, v2, v3, v4, v5);
[INFO] [stdout]     |                   -------------------------------- in this macro invocation
[INFO] [stdout]     |
[INFO] [stdout]     = note: this error originates in the macro `f32x4_max_n` (in Nightly builds, run with -Z macro-backtrace for more info)
[INFO] [stdout] 
[INFO] [stdout] 
[INFO] [stdout] error[E0433]: cannot find `wasm32` in `arch`
[INFO] [stdout]    --> src/rust/simd.rs:32:23
[INFO] [stdout]     |
[INFO] [stdout]  32 |         ::core::arch::wasm32::f32x4_min($vec, f32x4_min_n!($($rest),+))
[INFO] [stdout]     |                       ^^^^^^ could not find `wasm32` in `arch`
[INFO] [stdout] ...
[INFO] [stdout] 171 |     let min_all = f32x4_min_n!(v1, v2, v3, v4, v5);
[INFO] [stdout]     |                   -------------------------------- in this macro invocation
[INFO] [stdout]     |
[INFO] [stdout]     = note: this error originates in the macro `f32x4_min_n` (in Nightly builds, run with -Z macro-backtrace for more info)
[INFO] [stdout] 
[INFO] [stdout] 
[INFO] [stdout] error[E0433]: cannot find `wasm32` in `arch`
[INFO] [stdout]    --> src/rust/simd.rs:32:23
[INFO] [stdout]     |
[INFO] [stdout]  32 |         ::core::arch::wasm32::f32x4_min($vec, f32x4_min_n!($($rest),+))
[INFO] [stdout]     |                       ^^^^^^ could not find `wasm32` in `arch`
[INFO] [stdout] ...
[INFO] [stdout] 171 |     let min_all = f32x4_min_n!(v1, v2, v3, v4, v5);
[INFO] [stdout]     |                   -------------------------------- in this macro invocation
[INFO] [stdout]     |
[INFO] [stdout]     = note: this error originates in the macro `f32x4_min_n` (in Nightly builds, run with -Z macro-backtrace for more info)
[INFO] [stdout] 
[INFO] [stdout] 
[INFO] [stdout] error[E0433]: cannot find `wasm32` in `arch`
[INFO] [stdout]    --> src/rust/simd.rs:32:23
[INFO] [stdout]     |
[INFO] [stdout]  32 |         ::core::arch::wasm32::f32x4_min($vec, f32x4_min_n!($($rest),+))
[INFO] [stdout]     |                       ^^^^^^ could not find `wasm32` in `arch`
[INFO] [stdout] ...
[INFO] [stdout] 171 |     let min_all = f32x4_min_n!(v1, v2, v3, v4, v5);
[INFO] [stdout]     |                   -------------------------------- in this macro invocation
[INFO] [stdout]     |
[INFO] [stdout]     = note: this error originates in the macro `f32x4_min_n` (in Nightly builds, run with -Z macro-backtrace for more info)
[INFO] [stdout] 
[INFO] [stdout] 
[INFO] [stdout] error[E0433]: cannot find `wasm32` in `arch`
[INFO] [stdout]    --> src/rust/simd.rs:32:23
[INFO] [stdout]     |
[INFO] [stdout]  32 |         ::core::arch::wasm32::f32x4_min($vec, f32x4_min_n!($($rest),+))
[INFO] [stdout]     |                       ^^^^^^ could not find `wasm32` in `arch`
[INFO] [stdout] ...
[INFO] [stdout] 171 |     let min_all = f32x4_min_n!(v1, v2, v3, v4, v5);
[INFO] [stdout]     |                   -------------------------------- in this macro invocation
[INFO] [stdout]     |
[INFO] [stdout]     = note: this error originates in the macro `f32x4_min_n` (in Nightly builds, run with -Z macro-backtrace for more info)
[INFO] [stdout] 
[INFO] [stdout] 
[INFO] [stdout] error[E0433]: cannot find `wasm32` in `arch`
[INFO] [stdout]    --> src/rust/simd.rs:42:23
[INFO] [stdout]     |
[INFO] [stdout]  42 |         ::core::arch::wasm32::f32x4_add($vec, f32x4_sum_n!($($rest),+))
[INFO] [stdout]     |                       ^^^^^^ could not find `wasm32` in `arch`
[INFO] [stdout] ...
[INFO] [stdout] 173 |     let sum = f32x4_sum_n!(v1, v2, v3, v4, v5);
[INFO] [stdout]     |               -------------------------------- in this macro invocation
[INFO] [stdout]     |
[INFO] [stdout]     = note: this error originates in the macro `f32x4_sum_n` (in Nightly builds, run with -Z macro-backtrace for more info)
[INFO] [stdout] 
[INFO] [stdout] 
[INFO] [stdout] error[E0433]: cannot find `wasm32` in `arch`
[INFO] [stdout]    --> src/rust/simd.rs:42:23
[INFO] [stdout]     |
[INFO] [stdout]  42 |         ::core::arch::wasm32::f32x4_add($vec, f32x4_sum_n!($($rest),+))
[INFO] [stdout]     |                       ^^^^^^ could not find `wasm32` in `arch`
[INFO] [stdout] ...
[INFO] [stdout] 173 |     let sum = f32x4_sum_n!(v1, v2, v3, v4, v5);
[INFO] [stdout]     |               -------------------------------- in this macro invocation
[INFO] [stdout]     |
[INFO] [stdout]     = note: this error originates in the macro `f32x4_sum_n` (in Nightly builds, run with -Z macro-backtrace for more info)
[INFO] [stdout] 
[INFO] [stdout] 
[INFO] [stdout] error[E0433]: cannot find `wasm32` in `arch`
[INFO] [stdout]    --> src/rust/simd.rs:42:23
[INFO] [stdout]     |
[INFO] [stdout]  42 |         ::core::arch::wasm32::f32x4_add($vec, f32x4_sum_n!($($rest),+))
[INFO] [stdout]     |                       ^^^^^^ could not find `wasm32` in `arch`
[INFO] [stdout] ...
[INFO] [stdout] 173 |     let sum = f32x4_sum_n!(v1, v2, v3, v4, v5);
[INFO] [stdout]     |               -------------------------------- in this macro invocation
[INFO] [stdout]     |
[INFO] [stdout]     = note: this error originates in the macro `f32x4_sum_n` (in Nightly builds, run with -Z macro-backtrace for more info)
[INFO] [stdout] 
[INFO] [stdout] 
[INFO] [stdout] error[E0433]: cannot find `wasm32` in `arch`
[INFO] [stdout]    --> src/rust/simd.rs:42:23
[INFO] [stdout]     |
[INFO] [stdout]  42 |         ::core::arch::wasm32::f32x4_add($vec, f32x4_sum_n!($($rest),+))
[INFO] [stdout]     |                       ^^^^^^ could not find `wasm32` in `arch`
[INFO] [stdout] ...
[INFO] [stdout] 173 |     let sum = f32x4_sum_n!(v1, v2, v3, v4, v5);
[INFO] [stdout]     |               -------------------------------- in this macro invocation
[INFO] [stdout]     |
[INFO] [stdout]     = note: this error originates in the macro `f32x4_sum_n` (in Nightly builds, run with -Z macro-backtrace for more info)
[INFO] [stdout] 
[INFO] [stdout] 
[INFO] [stdout] Some errors have detailed explanations: E0432, E0433.
[INFO] [stdout] 
[INFO] [stdout] For more information about an error, try `rustc --explain E0432`.
[INFO] [stdout] 
[INFO] [stderr] error: could not compile `odds-web` (lib) due to 18 previous errors
[INFO] running `Command { std: "docker" "inspect" "8484ced1a90ed9b5c4195921115bf5f2dbc063fcb7448ba0f1995ea5b3b836cf", kill_on_drop: false }`
[INFO] running `Command { std: "docker" "rm" "-f" "8484ced1a90ed9b5c4195921115bf5f2dbc063fcb7448ba0f1995ea5b3b836cf", kill_on_drop: false }`
[INFO] [stdout] 8484ced1a90ed9b5c4195921115bf5f2dbc063fcb7448ba0f1995ea5b3b836cf
