[INFO] cloning repository https://github.com/matthewhilton/pose-from-video
[INFO] running `Command { std: "git" "-c" "credential.helper=" "-c" "credential.helper=/workspace/cargo-home/bin/git-credential-null" "clone" "--bare" "https://github.com/matthewhilton/pose-from-video" "/workspace/cache/git-repos/https%3A%2F%2Fgithub.com%2Fmatthewhilton%2Fpose-from-video", kill_on_drop: false }`
[INFO] [stderr] Cloning into bare repository '/workspace/cache/git-repos/https%3A%2F%2Fgithub.com%2Fmatthewhilton%2Fpose-from-video'...
[INFO] running `Command { std: "git" "rev-parse" "HEAD", kill_on_drop: false }`
[INFO] [stdout] f95ad75b09e9fca93b944288dd02be3244f36451
[INFO] testing matthewhilton/pose-from-video against 1.98.0-beta.8+cargoflags=--release for beta-release-1.99-2
[INFO] running `Command { std: "git" "clone" "/workspace/cache/git-repos/https%3A%2F%2Fgithub.com%2Fmatthewhilton%2Fpose-from-video" "/workspace/builds/worker-2-tc1/source", kill_on_drop: false }`
[INFO] [stderr] Cloning into '/workspace/builds/worker-2-tc1/source'...
[INFO] [stderr] done.
[INFO] started tweaking git repo https://github.com/matthewhilton/pose-from-video
[INFO] finished tweaking git repo https://github.com/matthewhilton/pose-from-video
[INFO] tweaked toml for git repo https://github.com/matthewhilton/pose-from-video written to /workspace/builds/worker-2-tc1/source/Cargo.toml
[INFO] validating manifest of git repo https://github.com/matthewhilton/pose-from-video on toolchain 1.98.0-beta.8
[INFO] running `Command { std: CARGO_HOME="/workspace/cargo-home" RUSTUP_HOME="/workspace/rustup-home" "/workspace/cargo-home/bin/cargo" "+1.98.0-beta.8" "metadata" "--manifest-path" "Cargo.toml" "--no-deps", kill_on_drop: false }`
[INFO] crate git repo https://github.com/matthewhilton/pose-from-video already has a lockfile, it will not be regenerated
[INFO] running `Command { std: CARGO_HOME="/workspace/cargo-home" RUSTUP_HOME="/workspace/rustup-home" "/workspace/cargo-home/bin/cargo" "+1.98.0-beta.8" "fetch" "--manifest-path" "Cargo.toml", kill_on_drop: false }`
[INFO] [stderr]     Updating crates.io index
[INFO] [stderr]  Downloading crates ...
[INFO] [stderr]   Downloaded windows-link v0.1.0
[INFO] [stderr]   Downloaded windows-core v0.59.0
[INFO] [stderr]   Downloaded windows-result v0.3.1
[INFO] [stderr]   Downloaded noisy_float v0.2.0
[INFO] [stderr]   Downloaded windows-implement v0.59.0
[INFO] [stderr]   Downloaded windows-interface v0.59.0
[INFO] [stderr]   Downloaded ffmpeg-sys-next v7.1.0
[INFO] [stderr]   Downloaded cmake v0.1.54
[INFO] [stderr]   Downloaded apriltag v0.4.0
[INFO] [stderr]   Downloaded measurements v0.11.0
[INFO] [stderr]   Downloaded clang v2.0.0
[INFO] [stderr]   Downloaded clap v4.5.32
[INFO] [stderr]   Downloaded ffmpeg-next v7.1.0
[INFO] [stderr]   Downloaded opencv-binding-generator v0.95.0
[INFO] [stderr]   Downloaded clap_builder v4.5.32
[INFO] [stderr]   Downloaded bindgen v0.70.1
[INFO] [stderr]   Downloaded apriltag-sys v0.3.0
[INFO] [stderr]   Downloaded opencv v0.94.2
[INFO] [stderr]   Downloaded windows v0.59.0
[INFO] running `Command { std: "docker" "create" "-v" "/var/lib/crater-agent-workspace/builds/worker-2-tc1/source:/opt/rustwide/workdir:ro,Z" "-v" "/var/lib/crater-agent-workspace/builds/worker-2-tc1/target:/opt/rustwide/target:rw,Z" "-v" "/var/lib/crater-agent-workspace/cargo-home:/opt/rustwide/cargo-home:ro,Z" "-v" "/var/lib/crater-agent-workspace/rustup-home:/opt/rustwide/rustup-home:ro,Z" "-m" "1610612736" "--network" "none" "ghcr.io/rust-lang/crates-build-env/linux@sha256:8683fc1fc2eb5c9ac98e0d076ab094b2ffac7f99da555d2b6a2e27f346de2ec7" "sleep" "infinity", kill_on_drop: false }`
[INFO] [stdout] d49fd16cad4d5b7886de7ee218fa7b8015bfef3180b5c56c9af532a440d8ff32
[INFO] running `Command { std: "docker" "start" "d49fd16cad4d5b7886de7ee218fa7b8015bfef3180b5c56c9af532a440d8ff32", kill_on_drop: false }`
[INFO] running `Command { std: "docker" "inspect" "d49fd16cad4d5b7886de7ee218fa7b8015bfef3180b5c56c9af532a440d8ff32", kill_on_drop: false }`
[INFO] running `Command { std: "docker" "exec" "-e" "SOURCE_DIR=/opt/rustwide/workdir" "-e" "CARGO_HOME=/opt/rustwide/cargo-home" "-e" "RUSTUP_HOME=/opt/rustwide/rustup-home" "-e" "CARGO_TARGET_DIR=/opt/rustwide/target" "-w" "/opt/rustwide/workdir" "--user" "0:0" "d49fd16cad4d5b7886de7ee218fa7b8015bfef3180b5c56c9af532a440d8ff32" "/opt/rustwide/cargo-home/bin/cargo" "+1.98.0-beta.8" "metadata" "--no-deps" "--format-version=1", kill_on_drop: false }`
[INFO] running `Command { std: "docker" "inspect" "d49fd16cad4d5b7886de7ee218fa7b8015bfef3180b5c56c9af532a440d8ff32", kill_on_drop: false }`
[INFO] running `Command { std: "docker" "exec" "-e" "SOURCE_DIR=/opt/rustwide/workdir" "-e" "CARGO_HOME=/opt/rustwide/cargo-home" "-e" "RUSTUP_HOME=/opt/rustwide/rustup-home" "-e" "CARGO_TARGET_DIR=/opt/rustwide/target" "-e" "CARGO_INCREMENTAL=0" "-e" "RUST_BACKTRACE=full" "-e" "RUSTFLAGS=--cap-lints=warn" "-e" "RUSTDOCFLAGS=--cap-lints=warn" "-w" "/opt/rustwide/workdir" "--user" "0:0" "d49fd16cad4d5b7886de7ee218fa7b8015bfef3180b5c56c9af532a440d8ff32" "/opt/rustwide/cargo-home/bin/cargo" "+1.98.0-beta.8" "build" "--frozen" "--message-format=json" "--release", kill_on_drop: false }`
[INFO] [stderr]    Compiling libc v0.2.171
[INFO] [stderr]    Compiling glob v0.3.2
[INFO] [stderr]    Compiling memchr v2.7.4
[INFO] [stderr]    Compiling once_cell v1.21.1
[INFO] [stderr]    Compiling bindgen v0.70.1
[INFO] [stderr]    Compiling libloading v0.8.6
[INFO] [stderr]    Compiling itertools v0.13.0
[INFO] [stderr]    Compiling bitflags v2.9.0
[INFO] [stderr]    Compiling semver v1.0.26
[INFO] [stderr]    Compiling anyhow v1.0.97
[INFO] [stderr]    Compiling num-traits v0.2.19
[INFO] [stderr]    Compiling percent-encoding v2.3.1
[INFO] [stderr]    Compiling libm v0.2.11
[INFO] [stderr]    Compiling dunce v1.0.5
[INFO] [stderr]    Compiling syn v2.0.100
[INFO] [stderr]    Compiling indexmap v2.8.0
[INFO] [stderr]    Compiling rayon-core v1.12.1
[INFO] [stderr]    Compiling ffmpeg-next v7.1.0
[INFO] [stderr]    Compiling winnow v0.7.4
[INFO] [stderr]    Compiling clap_builder v4.5.32
[INFO] [stderr]    Compiling either v1.15.0
[INFO] [stderr]    Compiling clang-sys v1.8.1
[INFO] [stderr]    Compiling aho-corasick v1.1.3
[INFO] [stderr]    Compiling nom v7.1.3
[INFO] [stderr]    Compiling jobserver v0.1.32
[INFO] [stderr]    Compiling num_cpus v1.16.0
[INFO] [stderr]    Compiling measurements v0.11.0
[INFO] [stderr]    Compiling rayon v1.10.0
[INFO] [stderr]    Compiling cc v1.2.16
[INFO] [stderr]    Compiling noisy_float v0.2.0
[INFO] [stderr]    Compiling regex-automata v0.4.9
[INFO] [stderr]    Compiling cmake v0.1.54
[INFO] [stderr]    Compiling apriltag-sys v0.3.0
[INFO] [stderr]    Compiling cexpr v0.6.0
[INFO] [stderr]    Compiling clang v2.0.0
[INFO] [stderr] warning: apriltag-sys@0.3.0: apriltag-src/common/zmaxheap.c: In function 'zmaxheap_vmap':
[INFO] [stderr] warning: apriltag-sys@0.3.0: apriltag-src/common/zmaxheap.c:182:9: error: too many arguments to function 'f'; expected 0, have 1
[INFO] [stderr] warning: apriltag-sys@0.3.0:   182 |         f(p);
[INFO] [stderr] warning: apriltag-sys@0.3.0:       |         ^ ~
[INFO] [stderr] warning: apriltag-sys@0.3.0: ToolExecError: command did not execute successfully (status code exit status: 1): LC_ALL="C" "cc" "-O3" "-ffunction-sections" "-fdata-sections" "-fPIC" "-m64" "-I" "apriltag-src" "-Wall" "-o" "/opt/rustwide/target/release/build/apriltag-sys-f30d662327ef25e6/out/b1aa4f7ace6081b6-zmaxheap.o" "-c" "apriltag-src/common/zmaxheap.c"cargo:warning=apriltag-src/common/getopt.c: In function 'getopt_destroy':
[INFO] [stderr] warning: apriltag-sys@0.3.0: apriltag-src/common/getopt.c:92:34: error: passing argument 2 of 'zarray_vmap' from incompatible pointer type [-Wincompatible-pointer-types]
[INFO] [stderr] warning: apriltag-sys@0.3.0:    92 |     zarray_vmap(gopt->extraargs, free);
[INFO] [stderr] warning: apriltag-sys@0.3.0:       |                                  ^~~~
[INFO] [stderr] warning: apriltag-sys@0.3.0:       |                                  |
[INFO] [stderr] warning: apriltag-sys@0.3.0:       |                                  void (*)(void *)
[INFO] [stderr] warning: apriltag-sys@0.3.0: In file included from apriltag-src/common/zhash.h:36,
[INFO] [stderr] warning: apriltag-sys@0.3.0:                  from apriltag-src/common/getopt.c:35:
[INFO] [stderr] warning: apriltag-sys@0.3.0: apriltag-src/common/zarray.h:358:43: note: expected 'void (*)(void)' but argument is of type 'void (*)(void *)'
[INFO] [stderr] warning: apriltag-sys@0.3.0:   358 |     void zarray_vmap(zarray_t *za, void (*f)());
[INFO] [stderr] warning: apriltag-sys@0.3.0:       |                                    ~~~~~~~^~~~
[INFO] [stderr] warning: apriltag-sys@0.3.0: In file included from apriltag-src/common/getopt.c:29:
[INFO] [stderr] warning: apriltag-sys@0.3.0: /usr/include/stdlib.h:691:13: note: 'free' declared here
[INFO] [stderr] warning: apriltag-sys@0.3.0:   691 | extern void free (void *__ptr) __THROW;
[INFO] [stderr] warning: apriltag-sys@0.3.0:       |             ^~~~
[INFO] [stderr] warning: apriltag-sys@0.3.0: apriltag-src/common/getopt.c:97:32: error: passing argument 2 of 'zarray_vmap' from incompatible pointer type [-Wincompatible-pointer-types]
[INFO] [stderr] warning: apriltag-sys@0.3.0:    97 |     zarray_vmap(gopt->options, getopt_option_destroy);
[INFO] [stderr] warning: apriltag-sys@0.3.0:       |                                ^~~~~~~~~~~~~~~~~~~~~
[INFO] [stderr] warning: apriltag-sys@0.3.0:       |                                |
[INFO] [stderr] warning: apriltag-sys@0.3.0:       |                                void (*)(getopt_option_t *) {aka void (*)(struct getopt_option *)}
[INFO] [stderr] warning: apriltag-sys@0.3.0: apriltag-src/common/zarray.h:358:43: note: expected 'void (*)(void)' but argument is of type 'void (*)(getopt_option_t *)' {aka 'void (*)(struct getopt_option *)'}
[INFO] [stderr] warning: apriltag-sys@0.3.0:   358 |     void zarray_vmap(zarray_t *za, void (*f)());
[INFO] [stderr] warning: apriltag-sys@0.3.0:       |                                    ~~~~~~~^~~~
[INFO] [stderr] warning: apriltag-sys@0.3.0: apriltag-src/common/getopt.c:79:6: note: 'getopt_option_destroy' declared here
[INFO] [stderr] warning: apriltag-sys@0.3.0:    79 | void getopt_option_destroy(getopt_option_t *goo)
[INFO] [stderr] warning: apriltag-sys@0.3.0:       |      ^~~~~~~~~~~~~~~~~~~~~
[INFO] [stderr] warning: apriltag-sys@0.3.0: ToolExecError: command did not execute successfully (status code exit status: 1): LC_ALL="C" "cc" "-O3" "-ffunction-sections" "-fdata-sections" "-fPIC" "-m64" "-I" "apriltag-src" "-Wall" "-o" "/opt/rustwide/target/release/build/apriltag-sys-f30d662327ef25e6/out/b1aa4f7ace6081b6-getopt.o" "-c" "apriltag-src/common/getopt.c"cargo:warning=apriltag-src/common/zarray.c: In function 'zarray_vmap':
[INFO] [stderr] warning: apriltag-sys@0.3.0: apriltag-src/common/zarray.c:55:9: error: too many arguments to function 'f'; expected 0, have 1
[INFO] [stderr] warning: apriltag-sys@0.3.0:    55 |         f(p);
[INFO] [stderr] warning: apriltag-sys@0.3.0:       |         ^ ~
[INFO] [stderr] warning: apriltag-sys@0.3.0: ToolExecError: command did not execute successfully (status code exit status: 1): LC_ALL="C" "cc" "-O3" "-ffunction-sections" "-fdata-sections" "-fPIC" "-m64" "-I" "apriltag-src" "-Wall" "-o" "/opt/rustwide/target/release/build/apriltag-sys-f30d662327ef25e6/out/b1aa4f7ace6081b6-zarray.o" "-c" "apriltag-src/common/zarray.c"cargo:warning=apriltag-src/common/zhash.c: In function 'zhash_map_keys':
[INFO] [stderr] warning: apriltag-sys@0.3.0: apriltag-src/common/zhash.c:368:9: error: too many arguments to function 'f'; expected 0, have 1
[INFO] [stderr] warning: apriltag-sys@0.3.0:   368 |         f(key);
[INFO] [stderr] warning: apriltag-sys@0.3.0:       |         ^ ~~~
[INFO] [stderr] warning: apriltag-sys@0.3.0: apriltag-src/common/zhash.c: In function 'zhash_vmap_keys':
[INFO] [stderr] warning: apriltag-sys@0.3.0: apriltag-src/common/zhash.c:385:9: error: too many arguments to function 'f'; expected 0, have 1
[INFO] [stderr] warning: apriltag-sys@0.3.0:   385 |         f(p);
[INFO] [stderr] warning: apriltag-sys@0.3.0:       |         ^ ~
[INFO] [stderr] warning: apriltag-sys@0.3.0: apriltag-src/common/zhash.c: In function 'zhash_map_values':
[INFO] [stderr] warning: apriltag-sys@0.3.0: apriltag-src/common/zhash.c:400:9: error: too many arguments to function 'f'; expected 0, have 1
[INFO] [stderr] warning: apriltag-sys@0.3.0:   400 |         f(value);
[INFO] [stderr] warning: apriltag-sys@0.3.0:       |         ^ ~~~~~
[INFO] [stderr] warning: apriltag-sys@0.3.0: apriltag-src/common/zhash.c: In function 'zhash_vmap_values':
[INFO] [stderr] warning: apriltag-sys@0.3.0: apriltag-src/common/zhash.c:416:9: error: too many arguments to function 'f'; expected 0, have 1
[INFO] [stderr] warning: apriltag-sys@0.3.0:   416 |         f(p);
[INFO] [stderr] warning: apriltag-sys@0.3.0:       |         ^ ~
[INFO] [stderr] warning: apriltag-sys@0.3.0: ToolExecError: command did not execute successfully (status code exit status: 1): LC_ALL="C" "cc" "-O3" "-ffunction-sections" "-fdata-sections" "-fPIC" "-m64" "-I" "apriltag-src" "-Wall" "-o" "/opt/rustwide/target/release/build/apriltag-sys-f30d662327ef25e6/out/b1aa4f7ace6081b6-zhash.o" "-c" "apriltag-src/common/zhash.c"cargo:warning=apriltag-src/common/string_util.c: In function 'str_split_destroy':
[INFO] [stderr] warning: apriltag-sys@0.3.0: apriltag-src/common/string_util.c:221:21: error: passing argument 2 of 'zarray_vmap' from incompatible pointer type [-Wincompatible-pointer-types]
[INFO] [stderr] warning: apriltag-sys@0.3.0:   221 |     zarray_vmap(za, free);
[INFO] [stderr] warning: apriltag-sys@0.3.0:       |                     ^~~~
[INFO] [stderr] warning: apriltag-sys@0.3.0:       |                     |
[INFO] [stderr] warning: apriltag-sys@0.3.0:       |                     void (*)(void *)
[INFO] [stderr] warning: apriltag-sys@0.3.0: In file included from apriltag-src/common/string_util.h:35,
[INFO] [stderr] warning: apriltag-sys@0.3.0:                  from apriltag-src/common/string_util.c:36:
[INFO] [stderr] warning: apriltag-sys@0.3.0: apriltag-src/common/zarray.h:358:43: note: expected 'void (*)(void)' but argument is of type 'void (*)(void *)'
[INFO] [stderr] warning: apriltag-sys@0.3.0:   358 |     void zarray_vmap(zarray_t *za, void (*f)());
[INFO] [stderr] warning: apriltag-sys@0.3.0:       |                                    ~~~~~~~^~~~
[INFO] [stderr] warning: apriltag-sys@0.3.0: In file included from apriltag-src/common/string_util.c:33:
[INFO] [stderr] warning: apriltag-sys@0.3.0: /usr/include/stdlib.h:691:13: note: 'free' declared here
[INFO] [stderr] warning: apriltag-sys@0.3.0:   691 | extern void free (void *__ptr) __THROW;
[INFO] [stderr] warning: apriltag-sys@0.3.0:       |             ^~~~
[INFO] [stderr] warning: apriltag-sys@0.3.0: ToolExecError: command did not execute successfully (status code exit status: 1): LC_ALL="C" "cc" "-O3" "-ffunction-sections" "-fdata-sections" "-fPIC" "-m64" "-I" "apriltag-src" "-Wall" "-o" "/opt/rustwide/target/release/build/apriltag-sys-f30d662327ef25e6/out/b1aa4f7ace6081b6-string_util.o" "-c" "apriltag-src/common/string_util.c"cargo:warning=apriltag-src/common/g2d.c: In function 'g2d_polygon_contains_point':
[INFO] [stderr] warning: apriltag-sys@0.3.0: apriltag-src/common/g2d.c:358:17: warning: 'last_quadrant' may be used uninitialized [-Wmaybe-uninitialized]
[INFO] [stderr] warning: apriltag-sys@0.3.0:   358 |             int dquadrant = quadrant - last_quadrant;
[INFO] [stderr] warning: apriltag-sys@0.3.0:       |                 ^~~~~~~~~
[INFO] [stderr] warning: apriltag-sys@0.3.0: apriltag-src/common/g2d.c:331:9: note: 'last_quadrant' was declared here
[INFO] [stderr] warning: apriltag-sys@0.3.0:   331 |     int last_quadrant;
[INFO] [stderr] warning: apriltag-sys@0.3.0:       |         ^~~~~~~~~~~~~
[INFO] [stderr] warning: apriltag-sys@0.3.0: In file included from /usr/include/stdio.h:974,
[INFO] [stderr] warning: apriltag-sys@0.3.0:                  from apriltag-src/common/matd.c:28:
[INFO] [stderr] warning: apriltag-sys@0.3.0: In function 'printf',
[INFO] [stderr] warning: apriltag-sys@0.3.0:     inlined from 'matd_svd_tall' at apriltag-src/common/matd.c:1378:9:
[INFO] [stderr] warning: apriltag-sys@0.3.0: /usr/include/x86_64-linux-gnu/bits/stdio2.h:118:10: warning: 'maxv' may be used uninitialized [-Wmaybe-uninitialized]
[INFO] [stderr] warning: apriltag-sys@0.3.0:   118 |   return __printf_chk (__USE_FORTIFY_LEVEL - 1, __fmt, __va_arg_pack ());
[INFO] [stderr] warning: apriltag-sys@0.3.0:       |          ^~~~~~~~~~~~~~~~~~~~~~~~~~~~~~~~~~~~~~~~~~~~~~~~~~~~~~~~~~~~~~~
[INFO] [stderr] warning: apriltag-sys@0.3.0: apriltag-src/common/matd.c: In function 'matd_svd_tall':
[INFO] [stderr] warning: apriltag-sys@0.3.0: apriltag-src/common/matd.c:1151:12: note: 'maxv' was declared here
[INFO] [stderr] warning: apriltag-sys@0.3.0:  1151 |     double maxv; // maximum non-zero value being reduced this iteration
[INFO] [stderr] warning: apriltag-sys@0.3.0:       |            ^~~~
[INFO] [stderr] error: failed to run custom build command for `apriltag-sys v0.3.0`
[INFO] [stderr] note: To improve backtraces for build dependencies, set the CARGO_PROFILE_RELEASE_BUILD_OVERRIDE_DEBUG=true environment variable to enable debug information generation.
[INFO] [stderr] 
[INFO] [stderr] Caused by:
[INFO] [stderr]   process didn't exit successfully: `/opt/rustwide/target/release/build/apriltag-sys-7161c86bf7fad0a6/build-script-build` (exit status: 1)
[INFO] [stderr]   --- stdout
[INFO] [stderr]   cargo:rerun-if-changed=wrapper.h
[INFO] [stderr]   cargo:rerun-if-env-changed=APRILTAG_SRC
[INFO] [stderr]   cargo:rerun-if-env-changed=APRILTAG_SYS_METHOD
[INFO] [stderr]   cargo:rerun-if-env-changed=APRILTAG_NO_PKG_CONFIG
[INFO] [stderr]   cargo:rerun-if-env-changed=PKG_CONFIG_x86_64-unknown-linux-gnu
[INFO] [stderr]   cargo:rerun-if-env-changed=PKG_CONFIG_x86_64_unknown_linux_gnu
[INFO] [stderr]   cargo:rerun-if-env-changed=HOST_PKG_CONFIG
[INFO] [stderr]   cargo:rerun-if-env-changed=PKG_CONFIG
[INFO] [stderr]   cargo:rerun-if-env-changed=APRILTAG_STATIC
[INFO] [stderr]   cargo:rerun-if-env-changed=APRILTAG_DYNAMIC
[INFO] [stderr]   cargo:rerun-if-env-changed=PKG_CONFIG_ALL_STATIC
[INFO] [stderr]   cargo:rerun-if-env-changed=PKG_CONFIG_ALL_DYNAMIC
[INFO] [stderr]   cargo:rerun-if-env-changed=PKG_CONFIG_PATH_x86_64-unknown-linux-gnu
[INFO] [stderr]   cargo:rerun-if-env-changed=PKG_CONFIG_PATH_x86_64_unknown_linux_gnu
[INFO] [stderr]   cargo:rerun-if-env-changed=HOST_PKG_CONFIG_PATH
[INFO] [stderr]   cargo:rerun-if-env-changed=PKG_CONFIG_PATH
[INFO] [stderr]   cargo:rerun-if-env-changed=PKG_CONFIG_LIBDIR_x86_64-unknown-linux-gnu
[INFO] [stderr]   cargo:rerun-if-env-changed=PKG_CONFIG_LIBDIR_x86_64_unknown_linux_gnu
[INFO] [stderr]   cargo:rerun-if-env-changed=HOST_PKG_CONFIG_LIBDIR
[INFO] [stderr]   cargo:rerun-if-env-changed=PKG_CONFIG_LIBDIR
[INFO] [stderr]   cargo:rerun-if-env-changed=PKG_CONFIG_SYSROOT_DIR_x86_64-unknown-linux-gnu
[INFO] [stderr]   cargo:rerun-if-env-changed=PKG_CONFIG_SYSROOT_DIR_x86_64_unknown_linux_gnu
[INFO] [stderr]   cargo:rerun-if-env-changed=HOST_PKG_CONFIG_SYSROOT_DIR
[INFO] [stderr]   cargo:rerun-if-env-changed=PKG_CONFIG_SYSROOT_DIR
[INFO] [stderr]   OUT_DIR = Some(/opt/rustwide/target/release/build/apriltag-sys-f30d662327ef25e6/out)
[INFO] [stderr]   OPT_LEVEL = Some(3)
[INFO] [stderr]   TARGET = Some(x86_64-unknown-linux-gnu)
[INFO] [stderr]   HOST = Some(x86_64-unknown-linux-gnu)
[INFO] [stderr]   cargo:rerun-if-env-changed=CC_x86_64-unknown-linux-gnu
[INFO] [stderr]   CC_x86_64-unknown-linux-gnu = None
[INFO] [stderr]   cargo:rerun-if-env-changed=CC_x86_64_unknown_linux_gnu
[INFO] [stderr]   CC_x86_64_unknown_linux_gnu = None
[INFO] [stderr]   cargo:rerun-if-env-changed=HOST_CC
[INFO] [stderr]   HOST_CC = None
[INFO] [stderr]   cargo:rerun-if-env-changed=CC
[INFO] [stderr]   CC = None
[INFO] [stderr]   cargo:rerun-if-env-changed=CC_ENABLE_DEBUG_OUTPUT
[INFO] [stderr]   RUSTC_WRAPPER = None
[INFO] [stderr]   cargo:rerun-if-env-changed=CRATE_CC_NO_DEFAULTS
[INFO] [stderr]   CRATE_CC_NO_DEFAULTS = None
[INFO] [stderr]   DEBUG = Some(false)
[INFO] [stderr]   CARGO_CFG_TARGET_FEATURE = Some(fxsr,sse,sse2)
[INFO] [stderr]   cargo:rerun-if-env-changed=CFLAGS
[INFO] [stderr]   CFLAGS = None
[INFO] [stderr]   cargo:rerun-if-env-changed=HOST_CFLAGS
[INFO] [stderr]   HOST_CFLAGS = None
[INFO] [stderr]   cargo:rerun-if-env-changed=CFLAGS_x86_64_unknown_linux_gnu
[INFO] [stderr]   CFLAGS_x86_64_unknown_linux_gnu = None
[INFO] [stderr]   cargo:rerun-if-env-changed=CFLAGS_x86_64-unknown-linux-gnu
[INFO] [stderr]   CFLAGS_x86_64-unknown-linux-gnu = None
[INFO] [stderr]   CARGO_ENCODED_RUSTFLAGS = Some(--cap-lints=warn)
[INFO] [stderr]   cargo:warning=apriltag-src/common/zmaxheap.c: In function 'zmaxheap_vmap':
[INFO] [stderr]   cargo:warning=apriltag-src/common/zmaxheap.c:182:9: error: too many arguments to function 'f'; expected 0, have 1
[INFO] [stderr]   cargo:warning=  182 |         f(p);
[INFO] [stderr]   cargo:warning=      |         ^ ~
[INFO] [stderr]   exit status: 0
[INFO] [stderr]   exit status: 0
[INFO] [stderr]   exit status: 0
[INFO] [stderr]   exit status: 0
[INFO] [stderr]   exit status: 0
[INFO] [stderr]   exit status: 0
[INFO] [stderr]   exit status: 0
[INFO] [stderr]   exit status: 0
[INFO] [stderr]   exit status: 1
[INFO] [stderr]   cargo:warning=ToolExecError: command did not execute successfully (status code exit status: 1): LC_ALL="C" "cc" "-O3" "-ffunction-sections" "-fdata-sections" "-fPIC" "-m64" "-I" "apriltag-src" "-Wall" "-o" "/opt/rustwide/target/release/build/apriltag-sys-f30d662327ef25e6/out/b1aa4f7ace6081b6-zmaxheap.o" "-c" "apriltag-src/common/zmaxheap.c"cargo:warning=apriltag-src/common/getopt.c: In function 'getopt_destroy':
[INFO] [stderr]   cargo:warning=apriltag-src/common/getopt.c:92:34: error: passing argument 2 of 'zarray_vmap' from incompatible pointer type [-Wincompatible-pointer-types]
[INFO] [stderr]   cargo:warning=   92 |     zarray_vmap(gopt->extraargs, free);
[INFO] [stderr]   cargo:warning=      |                                  ^~~~
[INFO] [stderr]   cargo:warning=      |                                  |
[INFO] [stderr]   cargo:warning=      |                                  void (*)(void *)
[INFO] [stderr]   cargo:warning=In file included from apriltag-src/common/zhash.h:36,
[INFO] [stderr]   cargo:warning=                 from apriltag-src/common/getopt.c:35:
[INFO] [stderr]   cargo:warning=apriltag-src/common/zarray.h:358:43: note: expected 'void (*)(void)' but argument is of type 'void (*)(void *)'
[INFO] [stderr]   cargo:warning=  358 |     void zarray_vmap(zarray_t *za, void (*f)());
[INFO] [stderr]   cargo:warning=      |                                    ~~~~~~~^~~~
[INFO] [stderr]   cargo:warning=In file included from apriltag-src/common/getopt.c:29:
[INFO] [stderr]   cargo:warning=/usr/include/stdlib.h:691:13: note: 'free' declared here
[INFO] [stderr]   cargo:warning=  691 | extern void free (void *__ptr) __THROW;
[INFO] [stderr]   cargo:warning=      |             ^~~~
[INFO] [stderr]   cargo:warning=apriltag-src/common/getopt.c:97:32: error: passing argument 2 of 'zarray_vmap' from incompatible pointer type [-Wincompatible-pointer-types]
[INFO] [stderr]   cargo:warning=   97 |     zarray_vmap(gopt->options, getopt_option_destroy);
[INFO] [stderr]   cargo:warning=      |                                ^~~~~~~~~~~~~~~~~~~~~
[INFO] [stderr]   cargo:warning=      |                                |
[INFO] [stderr]   cargo:warning=      |                                void (*)(getopt_option_t *) {aka void (*)(struct getopt_option *)}
[INFO] [stderr]   cargo:warning=apriltag-src/common/zarray.h:358:43: note: expected 'void (*)(void)' but argument is of type 'void (*)(getopt_option_t *)' {aka 'void (*)(struct getopt_option *)'}
[INFO] [stderr]   cargo:warning=  358 |     void zarray_vmap(zarray_t *za, void (*f)());
[INFO] [stderr]   cargo:warning=      |                                    ~~~~~~~^~~~
[INFO] [stderr]   cargo:warning=apriltag-src/common/getopt.c:79:6: note: 'getopt_option_destroy' declared here
[INFO] [stderr]   cargo:warning=   79 | void getopt_option_destroy(getopt_option_t *goo)
[INFO] [stderr]   cargo:warning=      |      ^~~~~~~~~~~~~~~~~~~~~
[INFO] [stderr] 
[INFO] [stderr]   exit status: 0
[INFO] [stderr]   exit status: 0
[INFO] [stderr]   exit status: 0
[INFO] [stderr]   exit status: 0
[INFO] [stderr]   exit status: 1
[INFO] [stderr]   cargo:warning=ToolExecError: command did not execute successfully (status code exit status: 1): LC_ALL="C" "cc" "-O3" "-ffunction-sections" "-fdata-sections" "-fPIC" "-m64" "-I" "apriltag-src" "-Wall" "-o" "/opt/rustwide/target/release/build/apriltag-sys-f30d662327ef25e6/out/b1aa4f7ace6081b6-getopt.o" "-c" "apriltag-src/common/getopt.c"cargo:warning=apriltag-src/common/zarray.c: In function 'zarray_vmap':
[INFO] [stderr]   cargo:warning=apriltag-src/common/zarray.c:55:9: error: too many arguments to function 'f'; expected 0, have 1
[INFO] [stderr]   cargo:warning=   55 |         f(p);
[INFO] [stderr]   cargo:warning=      |         ^ ~
[INFO] [stderr] 
[INFO] [stderr]   exit status: 0
[INFO] [stderr]   exit status: 0
[INFO] [stderr]   exit status: 0
[INFO] [stderr]   exit status: 0
[INFO] [stderr]   exit status: 0
[INFO] [stderr]   exit status: 0
[INFO] [stderr]   exit status: 1
[INFO] [stderr]   cargo:warning=ToolExecError: command did not execute successfully (status code exit status: 1): LC_ALL="C" "cc" "-O3" "-ffunction-sections" "-fdata-sections" "-fPIC" "-m64" "-I" "apriltag-src" "-Wall" "-o" "/opt/rustwide/target/release/build/apriltag-sys-f30d662327ef25e6/out/b1aa4f7ace6081b6-zarray.o" "-c" "apriltag-src/common/zarray.c"cargo:warning=apriltag-src/common/zhash.c: In function 'zhash_map_keys':
[INFO] [stderr]   cargo:warning=apriltag-src/common/zhash.c:368:9: error: too many arguments to function 'f'; expected 0, have 1
[INFO] [stderr]   cargo:warning=  368 |         f(key);
[INFO] [stderr]   cargo:warning=      |         ^ ~~~
[INFO] [stderr]   cargo:warning=apriltag-src/common/zhash.c: In function 'zhash_vmap_keys':
[INFO] [stderr]   cargo:warning=apriltag-src/common/zhash.c:385:9: error: too many arguments to function 'f'; expected 0, have 1
[INFO] [stderr]   cargo:warning=  385 |         f(p);
[INFO] [stderr]   cargo:warning=      |         ^ ~
[INFO] [stderr]   cargo:warning=apriltag-src/common/zhash.c: In function 'zhash_map_values':
[INFO] [stderr]   cargo:warning=apriltag-src/common/zhash.c:400:9: error: too many arguments to function 'f'; expected 0, have 1
[INFO] [stderr]   cargo:warning=  400 |         f(value);
[INFO] [stderr]   cargo:warning=      |         ^ ~~~~~
[INFO] [stderr]   cargo:warning=apriltag-src/common/zhash.c: In function 'zhash_vmap_values':
[INFO] [stderr]   cargo:warning=apriltag-src/common/zhash.c:416:9: error: too many arguments to function 'f'; expected 0, have 1
[INFO] [stderr]   cargo:warning=  416 |         f(p);
[INFO] [stderr]   cargo:warning=      |         ^ ~
[INFO] [stderr] 
[INFO] [stderr]   exit status: 1
[INFO] [stderr]   cargo:warning=ToolExecError: command did not execute successfully (status code exit status: 1): LC_ALL="C" "cc" "-O3" "-ffunction-sections" "-fdata-sections" "-fPIC" "-m64" "-I" "apriltag-src" "-Wall" "-o" "/opt/rustwide/target/release/build/apriltag-sys-f30d662327ef25e6/out/b1aa4f7ace6081b6-zhash.o" "-c" "apriltag-src/common/zhash.c"cargo:warning=apriltag-src/common/string_util.c: In function 'str_split_destroy':
[INFO] [stderr]   cargo:warning=apriltag-src/common/string_util.c:221:21: error: passing argument 2 of 'zarray_vmap' from incompatible pointer type [-Wincompatible-pointer-types]
[INFO] [stderr]   cargo:warning=  221 |     zarray_vmap(za, free);
[INFO] [stderr]   cargo:warning=      |                     ^~~~
[INFO] [stderr]   cargo:warning=      |                     |
[INFO] [stderr]   cargo:warning=      |                     void (*)(void *)
[INFO] [stderr]   cargo:warning=In file included from apriltag-src/common/string_util.h:35,
[INFO] [stderr]   cargo:warning=                 from apriltag-src/common/string_util.c:36:
[INFO] [stderr]   cargo:warning=apriltag-src/common/zarray.h:358:43: note: expected 'void (*)(void)' but argument is of type 'void (*)(void *)'
[INFO] [stderr]   cargo:warning=  358 |     void zarray_vmap(zarray_t *za, void (*f)());
[INFO] [stderr]   cargo:warning=      |                                    ~~~~~~~^~~~
[INFO] [stderr]   cargo:warning=In file included from apriltag-src/common/string_util.c:33:
[INFO] [stderr]   cargo:warning=/usr/include/stdlib.h:691:13: note: 'free' declared here
[INFO] [stderr]   cargo:warning=  691 | extern void free (void *__ptr) __THROW;
[INFO] [stderr]   cargo:warning=      |             ^~~~
[INFO] [stderr] 
[INFO] [stderr]   exit status: 0
[INFO] [stderr]   exit status: 1
[INFO] [stderr]   cargo:warning=ToolExecError: command did not execute successfully (status code exit status: 1): LC_ALL="C" "cc" "-O3" "-ffunction-sections" "-fdata-sections" "-fPIC" "-m64" "-I" "apriltag-src" "-Wall" "-o" "/opt/rustwide/target/release/build/apriltag-sys-f30d662327ef25e6/out/b1aa4f7ace6081b6-string_util.o" "-c" "apriltag-src/common/string_util.c"cargo:warning=apriltag-src/common/g2d.c: In function 'g2d_polygon_contains_point':
[INFO] [stderr]   cargo:warning=apriltag-src/common/g2d.c:358:17: warning: 'last_quadrant' may be used uninitialized [-Wmaybe-uninitialized]
[INFO] [stderr]   cargo:warning=  358 |             int dquadrant = quadrant - last_quadrant;
[INFO] [stderr]   cargo:warning=      |                 ^~~~~~~~~
[INFO] [stderr]   cargo:warning=apriltag-src/common/g2d.c:331:9: note: 'last_quadrant' was declared here
[INFO] [stderr]   cargo:warning=  331 |     int last_quadrant;
[INFO] [stderr]   cargo:warning=      |         ^~~~~~~~~~~~~
[INFO] [stderr]   cargo:warning=In file included from /usr/include/stdio.h:974,
[INFO] [stderr]   cargo:warning=                 from apriltag-src/common/matd.c:28:
[INFO] [stderr]   cargo:warning=In function 'printf',
[INFO] [stderr]   cargo:warning=    inlined from 'matd_svd_tall' at apriltag-src/common/matd.c:1378:9:
[INFO] [stderr]   cargo:warning=/usr/include/x86_64-linux-gnu/bits/stdio2.h:118:10: warning: 'maxv' may be used uninitialized [-Wmaybe-uninitialized]
[INFO] [stderr]   cargo:warning=  118 |   return __printf_chk (__USE_FORTIFY_LEVEL - 1, __fmt, __va_arg_pack ());
[INFO] [stderr]   cargo:warning=      |          ^~~~~~~~~~~~~~~~~~~~~~~~~~~~~~~~~~~~~~~~~~~~~~~~~~~~~~~~~~~~~~~
[INFO] [stderr]   cargo:warning=apriltag-src/common/matd.c: In function 'matd_svd_tall':
[INFO] [stderr]   cargo:warning=apriltag-src/common/matd.c:1151:12: note: 'maxv' was declared here
[INFO] [stderr]   cargo:warning= 1151 |     double maxv; // maximum non-zero value being reduced this iteration
[INFO] [stderr]   cargo:warning=      |            ^~~~
[INFO] [stderr] 
[INFO] [stderr]   exit status: 0
[INFO] [stderr]   exit status: 0
[INFO] [stderr]   exit status: 0
[INFO] [stderr]   exit status: 0
[INFO] [stderr]   exit status: 0
[INFO] [stderr]   exit status: 0
[INFO] [stderr]   exit status: 0
[INFO] [stderr] 
[INFO] [stderr]   --- stderr
[INFO] [stderr] 
[INFO] [stderr] 
[INFO] [stderr]   error occurred in cc-rs: command did not execute successfully (status code exit status: 1): LC_ALL="C" "cc" "-O3" "-ffunction-sections" "-fdata-sections" "-fPIC" "-m64" "-I" "apriltag-src" "-Wall" "-o" "/opt/rustwide/target/release/build/apriltag-sys-f30d662327ef25e6/out/b1aa4f7ace6081b6-string_util.o" "-c" "apriltag-src/common/string_util.c"
[INFO] [stderr] 
[INFO] [stderr] 
[INFO] [stderr] warning: build failed, waiting for other jobs to finish...
[INFO] running `Command { std: "docker" "inspect" "d49fd16cad4d5b7886de7ee218fa7b8015bfef3180b5c56c9af532a440d8ff32", kill_on_drop: false }`
[INFO] running `Command { std: "docker" "rm" "-f" "d49fd16cad4d5b7886de7ee218fa7b8015bfef3180b5c56c9af532a440d8ff32", kill_on_drop: false }`
[INFO] [stdout] d49fd16cad4d5b7886de7ee218fa7b8015bfef3180b5c56c9af532a440d8ff32
