[INFO] cloning repository https://github.com/matthewashton-k/word-tool
[INFO] running `Command { std: "git" "-c" "credential.helper=" "-c" "credential.helper=/workspace/cargo-home/bin/git-credential-null" "clone" "--bare" "https://github.com/matthewashton-k/word-tool" "/workspace/cache/git-repos/https%3A%2F%2Fgithub.com%2Fmatthewashton-k%2Fword-tool", kill_on_drop: false }`
[INFO] [stderr] Cloning into bare repository '/workspace/cache/git-repos/https%3A%2F%2Fgithub.com%2Fmatthewashton-k%2Fword-tool'...
[INFO] running `Command { std: "git" "rev-parse" "HEAD", kill_on_drop: false }`
[INFO] [stdout] deeaf896424e8fbc08a5ebcf90f97feffd5794ce
[INFO] testing matthewashton-k/word-tool against 1.99.0-beta.1+cargoflags=--release for beta-release-1.99-2
[INFO] running `Command { std: "git" "clone" "/workspace/cache/git-repos/https%3A%2F%2Fgithub.com%2Fmatthewashton-k%2Fword-tool" "/workspace/builds/worker-4-tc2/source", kill_on_drop: false }`
[INFO] [stderr] Cloning into '/workspace/builds/worker-4-tc2/source'...
[INFO] [stderr] done.
[INFO] started tweaking git repo https://github.com/matthewashton-k/word-tool
[INFO] finished tweaking git repo https://github.com/matthewashton-k/word-tool
[INFO] tweaked toml for git repo https://github.com/matthewashton-k/word-tool written to /workspace/builds/worker-4-tc2/source/Cargo.toml
[INFO] validating manifest of git repo https://github.com/matthewashton-k/word-tool on toolchain 1.99.0-beta.1
[INFO] running `Command { std: CARGO_HOME="/workspace/cargo-home" RUSTUP_HOME="/workspace/rustup-home" "/workspace/cargo-home/bin/cargo" "+1.99.0-beta.1" "metadata" "--manifest-path" "Cargo.toml" "--no-deps", kill_on_drop: false }`
[INFO] crate git repo https://github.com/matthewashton-k/word-tool already has a lockfile, it will not be regenerated
[INFO] running `Command { std: CARGO_HOME="/workspace/cargo-home" RUSTUP_HOME="/workspace/rustup-home" "/workspace/cargo-home/bin/cargo" "+1.99.0-beta.1" "fetch" "--manifest-path" "Cargo.toml", kill_on_drop: false }`
[INFO] running `Command { std: "docker" "create" "-v" "/var/lib/crater-agent-workspace/builds/worker-4-tc2/source:/opt/rustwide/workdir:ro,Z" "-v" "/var/lib/crater-agent-workspace/builds/worker-4-tc2/target:/opt/rustwide/target:rw,Z" "-v" "/var/lib/crater-agent-workspace/cargo-home:/opt/rustwide/cargo-home:ro,Z" "-v" "/var/lib/crater-agent-workspace/rustup-home:/opt/rustwide/rustup-home:ro,Z" "-m" "1610612736" "--network" "none" "ghcr.io/rust-lang/crates-build-env/linux@sha256:8683fc1fc2eb5c9ac98e0d076ab094b2ffac7f99da555d2b6a2e27f346de2ec7" "sleep" "infinity", kill_on_drop: false }`
[INFO] [stdout] 1b9e6c23af2648158f17ed0a6aa4d42e01179d9c3f9d55a7f1d1f8a2c2077969
[INFO] running `Command { std: "docker" "start" "1b9e6c23af2648158f17ed0a6aa4d42e01179d9c3f9d55a7f1d1f8a2c2077969", kill_on_drop: false }`
[INFO] running `Command { std: "docker" "inspect" "1b9e6c23af2648158f17ed0a6aa4d42e01179d9c3f9d55a7f1d1f8a2c2077969", kill_on_drop: false }`
[INFO] running `Command { std: "docker" "exec" "-e" "SOURCE_DIR=/opt/rustwide/workdir" "-e" "CARGO_HOME=/opt/rustwide/cargo-home" "-e" "RUSTUP_HOME=/opt/rustwide/rustup-home" "-e" "CARGO_TARGET_DIR=/opt/rustwide/target" "-w" "/opt/rustwide/workdir" "--user" "0:0" "1b9e6c23af2648158f17ed0a6aa4d42e01179d9c3f9d55a7f1d1f8a2c2077969" "/opt/rustwide/cargo-home/bin/cargo" "+1.99.0-beta.1" "metadata" "--no-deps" "--format-version=1", kill_on_drop: false }`
[INFO] running `Command { std: "docker" "inspect" "1b9e6c23af2648158f17ed0a6aa4d42e01179d9c3f9d55a7f1d1f8a2c2077969", kill_on_drop: false }`
[INFO] running `Command { std: "docker" "exec" "-e" "SOURCE_DIR=/opt/rustwide/workdir" "-e" "CARGO_HOME=/opt/rustwide/cargo-home" "-e" "RUSTUP_HOME=/opt/rustwide/rustup-home" "-e" "CARGO_TARGET_DIR=/opt/rustwide/target" "-e" "CARGO_INCREMENTAL=0" "-e" "RUST_BACKTRACE=full" "-e" "RUSTFLAGS=--cap-lints=warn" "-e" "RUSTDOCFLAGS=--cap-lints=warn" "-w" "/opt/rustwide/workdir" "--user" "0:0" "1b9e6c23af2648158f17ed0a6aa4d42e01179d9c3f9d55a7f1d1f8a2c2077969" "/opt/rustwide/cargo-home/bin/cargo" "+1.99.0-beta.1" "build" "--frozen" "--message-format=json" "--release", kill_on_drop: false }`
[INFO] [stderr]    Compiling autocfg v1.0.1
[INFO] [stderr]    Compiling libc v0.2.80
[INFO] [stderr]    Compiling cfg-if v1.0.0
[INFO] [stderr]    Compiling proc-macro2 v1.0.24
[INFO] [stderr]    Compiling unicode-xid v0.2.1
[INFO] [stderr]    Compiling lazy_static v1.4.0
[INFO] [stderr]    Compiling byteorder v1.3.4
[INFO] [stderr]    Compiling cfg-if v0.1.10
[INFO] [stderr]    Compiling bitflags v1.2.1
[INFO] [stderr]    Compiling syn v1.0.53
[INFO] [stderr]    Compiling serde_derive v1.0.117
[INFO] [stderr]    Compiling serde v1.0.117
[INFO] [stderr]    Compiling const_fn v0.4.3
[INFO] [stderr]    Compiling adler32 v1.2.0
[INFO] [stderr]    Compiling num-traits v0.2.14
[INFO] [stderr]    Compiling crossbeam-utils v0.8.1
[INFO] [stderr]    Compiling memoffset v0.6.1
[INFO] [stderr]    Compiling xml-rs v0.8.3
[INFO] [stderr]    Compiling memchr v2.3.4
[INFO] [stderr]    Compiling scopeguard v1.1.0
[INFO] [stderr]    Compiling pkg-config v0.3.19
[INFO] [stderr]    Compiling rayon-core v1.9.0
[INFO] [stderr]    Compiling libloading v0.6.6
[INFO] [stderr]    Compiling crc32fast v1.2.1
[INFO] [stderr]    Compiling quote v1.0.7
[INFO] [stderr]    Compiling nix v0.17.0
[INFO] [stderr]    Compiling base64 v0.12.3
[INFO] [stderr]    Compiling getrandom v0.1.15
[INFO] [stderr]    Compiling wayland-scanner v0.25.0
[INFO] [stderr]    Compiling dlib v0.4.2
[INFO] [stderr]    Compiling crossbeam-epoch v0.9.1
[INFO] [stderr]    Compiling crossbeam-channel v0.5.0
[INFO] [stderr]    Compiling num-integer v0.1.44
[INFO] [stderr]    Compiling num_cpus v1.13.0
[INFO] [stderr]    Compiling crossbeam-deque v0.8.0
[INFO] [stderr]    Compiling rayon v1.5.0
[INFO] [stderr]    Compiling void v1.0.2
[INFO] [stderr]    Compiling semver-parser v0.7.0
[INFO] [stderr]    Compiling semver v0.9.0
[INFO] [stderr]    Compiling wayland-sys v0.25.0
[INFO] [stderr]    Compiling miniz_oxide v0.4.3
[INFO] [stderr]    Compiling smallvec v1.5.0
[INFO] [stderr]    Compiling once_cell v1.5.2
[INFO] [stderr]    Compiling either v1.6.1
[INFO] [stderr]    Compiling wayland-client v0.25.0
[INFO] [stderr]    Compiling rustc_version v0.2.3
[INFO] [stderr]    Compiling rand_core v0.5.1
[INFO] [stderr]    Compiling xkbcommon-sys v0.7.4
[INFO] [stderr]    Compiling num-rational v0.3.2
[INFO] [stderr]    Compiling num-iter v0.1.42
[INFO] [stderr]    Compiling adler v0.2.3
[INFO] [stderr]    Compiling maybe-uninit v2.0.0
[INFO] [stderr]    Compiling ppv-lite86 v0.2.10
[INFO] [stderr]    Compiling scoped-tls v1.0.0
[INFO] [stderr]    Compiling weezl v0.1.3
[INFO] [stderr]    Compiling downcast-rs v1.2.0
[INFO] [stderr]    Compiling log v0.4.11
[INFO] [stderr]    Compiling rand_chacha v0.2.2
[INFO] [stderr]    Compiling cast v0.2.3
[INFO] [stderr]    Compiling wayland-protocols v0.25.0
[INFO] [stderr]    Compiling euclid v0.20.14
[INFO] [stderr]    Compiling x11-dl v2.18.5
[INFO] [stderr]    Compiling regex-automata v0.1.9
[INFO] [stderr]    Compiling deflate v0.7.20
[INFO] [stderr]    Compiling deflate v0.8.6
[INFO] [stderr]    Compiling inflate v0.4.5
[INFO] [stderr]    Compiling miniz_oxide v0.3.7
[INFO] [stderr]    Compiling cc v1.0.65
[INFO] [stderr]    Compiling wayland-commons v0.25.0
[INFO] [stderr]    Compiling jpeg-decoder v0.1.20
[INFO] [stderr]    Compiling arrayvec v0.5.2
[INFO] [stderr]    Compiling unicode-xid v0.1.0
[INFO] [stderr]    Compiling color_quant v1.1.0
[INFO] [stderr]    Compiling proc-macro2 v0.2.3
[INFO] [stderr]    Compiling lyon_geom v0.15.3
[INFO] [stderr]    Compiling tiff v0.6.0
[INFO] [stderr]    Compiling gif v0.11.1
[INFO] [stderr]    Compiling minifb v0.17.0
[INFO] [stderr]    Compiling png v0.16.7
[INFO] [stderr]    Compiling png v0.15.3
[INFO] [stderr]    Compiling derive_more v0.99.11
[INFO] [stderr]    Compiling bstr v0.2.14
[INFO] [stderr]    Compiling rand v0.7.3
[INFO] [stderr]    Compiling approx v0.3.2
[INFO] [stderr]    Compiling ordered-float v1.1.1
[INFO] [stderr]    Compiling stb_truetype v0.3.1
[INFO] [stderr]    Compiling sw-composite v0.7.14
[INFO] [stderr]    Compiling typed-arena v2.0.1
[INFO] [stderr]    Compiling encoding_rs v0.8.26
[INFO] [stderr]    Compiling remove_dir_all v0.5.3
[INFO] [stderr]    Compiling bytemuck v1.4.1
[INFO] [stderr]    Compiling scoped_threadpool v0.1.9
[INFO] [stderr]    Compiling tempfile v3.1.0
[INFO] [stderr]    Compiling raqote v0.8.0
[INFO] [stderr]    Compiling image v0.23.12
[INFO] [stderr]    Compiling rusttype v0.8.3
[INFO] [stderr]    Compiling xkb v0.2.1
[INFO] [stderr]    Compiling wayland-cursor v0.25.0
[INFO] [stderr]    Compiling quote v0.4.2
[INFO] [stderr]    Compiling aho-corasick v0.7.15
[INFO] [stderr]    Compiling raw-window-handle v0.3.3
[INFO] [stderr]    Compiling thread_local v1.0.1
[INFO] [stderr]    Compiling regex-syntax v0.6.21
[INFO] [stderr]    Compiling ryu v1.0.5
[INFO] [stderr]    Compiling syn v0.12.15
[INFO] [stderr]    Compiling grep-matcher v0.1.4
[INFO] [stderr]    Compiling dirs-sys v0.3.5
[INFO] [stderr]    Compiling case v1.0.0
[INFO] [stderr]    Compiling regex v1.4.2
[INFO] [stderr]    Compiling ron v0.6.2
[INFO] [stderr]    Compiling serde_json v1.0.59
[INFO] [stderr]    Compiling dces v0.3.0
[INFO] [stderr]    Compiling spin_sleep v1.0.0
[INFO] [stdout] error[E0310]: the parameter type `E` may not live long enough
[INFO] [stdout]   --> /opt/rustwide/cargo-home/registry/src/index.crates.io-1949cf8c6b5b557f/dces-0.3.0/src/world.rs:30:13
[INFO] [stdout]    |
[INFO] [stdout] 30 | /             cleanup_system
[INFO] [stdout] 31 | |                 .system
[INFO] [stdout] 32 | |                 .run(&mut self.entity_component_manager);
[INFO] [stdout]    | |                                                        ^
[INFO] [stdout]    | |                                                        |
[INFO] [stdout]    | |________________________________________________________the parameter type `E` must be valid for the static lifetime...
[INFO] [stdout]    |                                                          ...so that the type `E` will meet its required lifetime bounds
[INFO] [stdout]    |
[INFO] [stdout] help: consider adding an explicit lifetime bound
[INFO] [stdout]    |
[INFO] [stdout] 25 |     E: EntityStore + 'static,
[INFO] [stdout]    |                    +++++++++
[INFO] [stdout] 
[INFO] [stdout] 
[INFO] [stdout] error[E0310]: the parameter type `C` may not live long enough
[INFO] [stdout]   --> /opt/rustwide/cargo-home/registry/src/index.crates.io-1949cf8c6b5b557f/dces-0.3.0/src/world.rs:30:13
[INFO] [stdout]    |
[INFO] [stdout] 30 | /             cleanup_system
[INFO] [stdout] 31 | |                 .system
[INFO] [stdout] 32 | |                 .run(&mut self.entity_component_manager);
[INFO] [stdout]    | |                                                        ^
[INFO] [stdout]    | |                                                        |
[INFO] [stdout]    | |________________________________________________________the parameter type `C` must be valid for the static lifetime...
[INFO] [stdout]    |                                                          ...so that the type `C` will meet its required lifetime bounds
[INFO] [stdout]    |
[INFO] [stdout] help: consider adding an explicit lifetime bound
[INFO] [stdout]    |
[INFO] [stdout] 26 |     C: ComponentStore + 'static
[INFO] [stdout]    |                       +++++++++
[INFO] [stdout] 
[INFO] [stdout] 
[INFO] [stdout] error[E0310]: the parameter type `Ctx` may not live long enough
[INFO] [stdout]   --> /opt/rustwide/cargo-home/registry/src/index.crates.io-1949cf8c6b5b557f/dces-0.3.0/src/world.rs:30:13
[INFO] [stdout]    |
[INFO] [stdout] 30 | /             cleanup_system
[INFO] [stdout] 31 | |                 .system
[INFO] [stdout] 32 | |                 .run(&mut self.entity_component_manager);
[INFO] [stdout]    | |                                                        ^
[INFO] [stdout]    | |                                                        |
[INFO] [stdout]    | |________________________________________________________the parameter type `Ctx` must be valid for the static lifetime...
[INFO] [stdout]    |                                                          ...so that the type `Ctx` will meet its required lifetime bounds
[INFO] [stdout]    |
[INFO] [stdout] help: consider adding an explicit lifetime bound
[INFO] [stdout]    |
[INFO] [stdout] 23 | impl<E, C, Ctx: 'static> Drop for World<E, C, Ctx>
[INFO] [stdout]    |               +++++++++
[INFO] [stdout] 
[INFO] [stdout] 
[INFO] [stdout] error[E0310]: the parameter type `E` may not live long enough
[INFO] [stdout]    --> /opt/rustwide/cargo-home/registry/src/index.crates.io-1949cf8c6b5b557f/dces-0.3.0/src/world.rs:115:17
[INFO] [stdout]     |
[INFO] [stdout] 115 |                 init_system.system.run(&mut self.entity_component_manager);
[INFO] [stdout]     |                 ^^^^^^^^^^^^^^^^^^^^^^^^^^^^^^^^^^^^^^^^^^^^^^^^^^^^^^^^^^
[INFO] [stdout]     |                 |
[INFO] [stdout]     |                 the parameter type `E` must be valid for the static lifetime...
[INFO] [stdout]     |                 ...so that the type `E` will meet its required lifetime bounds
[INFO] [stdout]     |
[INFO] [stdout] help: consider adding an explicit lifetime bound
[INFO] [stdout]     |
[INFO] [stdout]  46 |     E: EntityStore + 'static,
[INFO] [stdout]     |                    +++++++++
[INFO] [stdout] 
[INFO] [stdout] 
[INFO] [stderr] error: could not compile `dces` (lib) due to 15 previous errors
[INFO] [stdout] error[E0310]: the parameter type `C` may not live long enough
[INFO] [stdout]    --> /opt/rustwide/cargo-home/registry/src/index.crates.io-1949cf8c6b5b557f/dces-0.3.0/src/world.rs:115:17
[INFO] [stdout]     |
[INFO] [stdout] 115 |                 init_system.system.run(&mut self.entity_component_manager);
[INFO] [stdout]     |                 ^^^^^^^^^^^^^^^^^^^^^^^^^^^^^^^^^^^^^^^^^^^^^^^^^^^^^^^^^^
[INFO] [stdout]     |                 |
[INFO] [stdout]     |                 the parameter type `C` must be valid for the static lifetime...
[INFO] [stdout]     |                 ...so that the type `C` will meet its required lifetime bounds
[INFO] [stdout]     |
[INFO] [stdout] help: consider adding an explicit lifetime bound
[INFO] [stdout]     |
[INFO] [stdout]  47 |     C: ComponentStore + 'static
[INFO] [stdout]     |                       +++++++++
[INFO] [stdout] 
[INFO] [stdout] 
[INFO] [stderr] warning: build failed, waiting for other jobs to finish...
[INFO] [stdout] error[E0310]: the parameter type `Ctx` may not live long enough
[INFO] [stdout]    --> /opt/rustwide/cargo-home/registry/src/index.crates.io-1949cf8c6b5b557f/dces-0.3.0/src/world.rs:115:17
[INFO] [stdout]     |
[INFO] [stdout] 115 |                 init_system.system.run(&mut self.entity_component_manager);
[INFO] [stdout]     |                 ^^^^^^^^^^^^^^^^^^^^^^^^^^^^^^^^^^^^^^^^^^^^^^^^^^^^^^^^^^
[INFO] [stdout]     |                 |
[INFO] [stdout]     |                 the parameter type `Ctx` must be valid for the static lifetime...
[INFO] [stdout]     |                 ...so that the type `Ctx` will meet its required lifetime bounds
[INFO] [stdout]     |
[INFO] [stdout] help: consider adding an explicit lifetime bound
[INFO] [stdout]     |
[INFO] [stdout]  44 | impl<E, C, Ctx: 'static> World<E, C, Ctx>
[INFO] [stdout]     |               +++++++++
[INFO] [stdout] 
[INFO] [stdout] 
[INFO] [stdout] error[E0310]: the parameter type `E` may not live long enough
[INFO] [stdout]    --> /opt/rustwide/cargo-home/registry/src/index.crates.io-1949cf8c6b5b557f/dces-0.3.0/src/world.rs:123:17
[INFO] [stdout]     |
[INFO] [stdout] 123 | /                 self.system_store
[INFO] [stdout] 124 | |                     .borrow_entity_system(*system)
[INFO] [stdout] 125 | |                     .unwrap()
[INFO] [stdout] 126 | |                     .system
[INFO] [stdout] 127 | |                     .run(&mut self.entity_component_manager);
[INFO] [stdout]     | |                                                            ^
[INFO] [stdout]     | |                                                            |
[INFO] [stdout]     | |____________________________________________________________the parameter type `E` must be valid for the static lifetime...
[INFO] [stdout]     |                                                              ...so that the type `E` will meet its required lifetime bounds
[INFO] [stdout]     |
[INFO] [stdout] help: consider adding an explicit lifetime bound
[INFO] [stdout]     |
[INFO] [stdout]  46 |     E: EntityStore + 'static,
[INFO] [stdout]     |                    +++++++++
[INFO] [stdout] 
[INFO] [stdout] 
[INFO] [stdout] error[E0310]: the parameter type `C` may not live long enough
[INFO] [stdout]    --> /opt/rustwide/cargo-home/registry/src/index.crates.io-1949cf8c6b5b557f/dces-0.3.0/src/world.rs:123:17
[INFO] [stdout]     |
[INFO] [stdout] 123 | /                 self.system_store
[INFO] [stdout] 124 | |                     .borrow_entity_system(*system)
[INFO] [stdout] 125 | |                     .unwrap()
[INFO] [stdout] 126 | |                     .system
[INFO] [stdout] 127 | |                     .run(&mut self.entity_component_manager);
[INFO] [stdout]     | |                                                            ^
[INFO] [stdout]     | |                                                            |
[INFO] [stdout]     | |____________________________________________________________the parameter type `C` must be valid for the static lifetime...
[INFO] [stdout]     |                                                              ...so that the type `C` will meet its required lifetime bounds
[INFO] [stdout]     |
[INFO] [stdout] help: consider adding an explicit lifetime bound
[INFO] [stdout]     |
[INFO] [stdout]  47 |     C: ComponentStore + 'static
[INFO] [stdout]     |                       +++++++++
[INFO] [stdout] 
[INFO] [stdout] 
[INFO] [stdout] error[E0310]: the parameter type `Ctx` may not live long enough
[INFO] [stdout]    --> /opt/rustwide/cargo-home/registry/src/index.crates.io-1949cf8c6b5b557f/dces-0.3.0/src/world.rs:123:17
[INFO] [stdout]     |
[INFO] [stdout] 123 | /                 self.system_store
[INFO] [stdout] 124 | |                     .borrow_entity_system(*system)
[INFO] [stdout] 125 | |                     .unwrap()
[INFO] [stdout] 126 | |                     .system
[INFO] [stdout] 127 | |                     .run(&mut self.entity_component_manager);
[INFO] [stdout]     | |                                                            ^
[INFO] [stdout]     | |                                                            |
[INFO] [stdout]     | |____________________________________________________________the parameter type `Ctx` must be valid for the static lifetime...
[INFO] [stdout]     |                                                              ...so that the type `Ctx` will meet its required lifetime bounds
[INFO] [stdout]     |
[INFO] [stdout] help: consider adding an explicit lifetime bound
[INFO] [stdout]     |
[INFO] [stdout]  44 | impl<E, C, Ctx: 'static> World<E, C, Ctx>
[INFO] [stdout]     |               +++++++++
[INFO] [stdout] 
[INFO] [stdout] 
[INFO] [stdout] error[E0310]: the parameter type `E` may not live long enough
[INFO] [stdout]    --> /opt/rustwide/cargo-home/registry/src/index.crates.io-1949cf8c6b5b557f/dces-0.3.0/src/world.rs:136:17
[INFO] [stdout]     |
[INFO] [stdout] 136 |                 init_system.system.run_with_context(&mut self.entity_component_manager, ctx);
[INFO] [stdout]     |                 ^^^^^^^^^^^^^^^^^^^^^^^^^^^^^^^^^^^^^^^^^^^^^^^^^^^^^^^^^^^^^^^^^^^^^^^^^^^^
[INFO] [stdout]     |                 |
[INFO] [stdout]     |                 the parameter type `E` must be valid for the static lifetime...
[INFO] [stdout]     |                 ...so that the type `E` will meet its required lifetime bounds
[INFO] [stdout]     |
[INFO] [stdout] help: consider adding an explicit lifetime bound
[INFO] [stdout]     |
[INFO] [stdout]  46 |     E: EntityStore + 'static,
[INFO] [stdout]     |                    +++++++++
[INFO] [stdout] 
[INFO] [stdout] 
[INFO] [stdout] error[E0310]: the parameter type `C` may not live long enough
[INFO] [stdout]    --> /opt/rustwide/cargo-home/registry/src/index.crates.io-1949cf8c6b5b557f/dces-0.3.0/src/world.rs:136:17
[INFO] [stdout]     |
[INFO] [stdout] 136 |                 init_system.system.run_with_context(&mut self.entity_component_manager, ctx);
[INFO] [stdout]     |                 ^^^^^^^^^^^^^^^^^^^^^^^^^^^^^^^^^^^^^^^^^^^^^^^^^^^^^^^^^^^^^^^^^^^^^^^^^^^^
[INFO] [stdout]     |                 |
[INFO] [stdout]     |                 the parameter type `C` must be valid for the static lifetime...
[INFO] [stdout]     |                 ...so that the type `C` will meet its required lifetime bounds
[INFO] [stdout]     |
[INFO] [stdout] help: consider adding an explicit lifetime bound
[INFO] [stdout]     |
[INFO] [stdout]  47 |     C: ComponentStore + 'static
[INFO] [stdout]     |                       +++++++++
[INFO] [stdout] 
[INFO] [stdout] 
[INFO] [stdout] error[E0310]: the parameter type `Ctx` may not live long enough
[INFO] [stdout]    --> /opt/rustwide/cargo-home/registry/src/index.crates.io-1949cf8c6b5b557f/dces-0.3.0/src/world.rs:136:17
[INFO] [stdout]     |
[INFO] [stdout] 136 |                 init_system.system.run_with_context(&mut self.entity_component_manager, ctx);
[INFO] [stdout]     |                 ^^^^^^^^^^^^^^^^^^^^^^^^^^^^^^^^^^^^^^^^^^^^^^^^^^^^^^^^^^^^^^^^^^^^^^^^^^^^
[INFO] [stdout]     |                 |
[INFO] [stdout]     |                 the parameter type `Ctx` must be valid for the static lifetime...
[INFO] [stdout]     |                 ...so that the type `Ctx` will meet its required lifetime bounds
[INFO] [stdout]     |
[INFO] [stdout] help: consider adding an explicit lifetime bound
[INFO] [stdout]     |
[INFO] [stdout]  44 | impl<E, C, Ctx: 'static> World<E, C, Ctx>
[INFO] [stdout]     |               +++++++++
[INFO] [stdout] 
[INFO] [stdout] 
[INFO] [stdout] error[E0310]: the parameter type `E` may not live long enough
[INFO] [stdout]    --> /opt/rustwide/cargo-home/registry/src/index.crates.io-1949cf8c6b5b557f/dces-0.3.0/src/world.rs:144:17
[INFO] [stdout]     |
[INFO] [stdout] 144 | /                 self.system_store
[INFO] [stdout] 145 | |                     .borrow_entity_system(*system)
[INFO] [stdout] 146 | |                     .unwrap()
[INFO] [stdout] 147 | |                     .system
[INFO] [stdout] 148 | |                     .run_with_context(&mut self.entity_component_manager, ctx);
[INFO] [stdout]     | |                                                                              ^
[INFO] [stdout]     | |                                                                              |
[INFO] [stdout]     | |______________________________________________________________________________the parameter type `E` must be valid for the static lifetime...
[INFO] [stdout]     |                                                                                ...so that the type `E` will meet its required lifetime bounds
[INFO] [stdout]     |
[INFO] [stdout] help: consider adding an explicit lifetime bound
[INFO] [stdout]     |
[INFO] [stdout]  46 |     E: EntityStore + 'static,
[INFO] [stdout]     |                    +++++++++
[INFO] [stdout] 
[INFO] [stdout] 
[INFO] [stdout] error[E0310]: the parameter type `C` may not live long enough
[INFO] [stdout]    --> /opt/rustwide/cargo-home/registry/src/index.crates.io-1949cf8c6b5b557f/dces-0.3.0/src/world.rs:144:17
[INFO] [stdout]     |
[INFO] [stdout] 144 | /                 self.system_store
[INFO] [stdout] 145 | |                     .borrow_entity_system(*system)
[INFO] [stdout] 146 | |                     .unwrap()
[INFO] [stdout] 147 | |                     .system
[INFO] [stdout] 148 | |                     .run_with_context(&mut self.entity_component_manager, ctx);
[INFO] [stdout]     | |                                                                              ^
[INFO] [stdout]     | |                                                                              |
[INFO] [stdout]     | |______________________________________________________________________________the parameter type `C` must be valid for the static lifetime...
[INFO] [stdout]     |                                                                                ...so that the type `C` will meet its required lifetime bounds
[INFO] [stdout]     |
[INFO] [stdout] help: consider adding an explicit lifetime bound
[INFO] [stdout]     |
[INFO] [stdout]  47 |     C: ComponentStore + 'static
[INFO] [stdout]     |                       +++++++++
[INFO] [stdout] 
[INFO] [stdout] 
[INFO] [stdout] error[E0310]: the parameter type `Ctx` may not live long enough
[INFO] [stdout]    --> /opt/rustwide/cargo-home/registry/src/index.crates.io-1949cf8c6b5b557f/dces-0.3.0/src/world.rs:144:17
[INFO] [stdout]     |
[INFO] [stdout] 144 | /                 self.system_store
[INFO] [stdout] 145 | |                     .borrow_entity_system(*system)
[INFO] [stdout] 146 | |                     .unwrap()
[INFO] [stdout] 147 | |                     .system
[INFO] [stdout] 148 | |                     .run_with_context(&mut self.entity_component_manager, ctx);
[INFO] [stdout]     | |                                                                              ^
[INFO] [stdout]     | |                                                                              |
[INFO] [stdout]     | |______________________________________________________________________________the parameter type `Ctx` must be valid for the static lifetime...
[INFO] [stdout]     |                                                                                ...so that the type `Ctx` will meet its required lifetime bounds
[INFO] [stdout]     |
[INFO] [stdout] help: consider adding an explicit lifetime bound
[INFO] [stdout]     |
[INFO] [stdout]  44 | impl<E, C, Ctx: 'static> World<E, C, Ctx>
[INFO] [stdout]     |               +++++++++
[INFO] [stdout] 
[INFO] [stdout] 
[INFO] [stdout] For more information about this error, try `rustc --explain E0310`.
[INFO] [stdout] 
[INFO] running `Command { std: "docker" "inspect" "1b9e6c23af2648158f17ed0a6aa4d42e01179d9c3f9d55a7f1d1f8a2c2077969", kill_on_drop: false }`
[INFO] running `Command { std: "docker" "rm" "-f" "1b9e6c23af2648158f17ed0a6aa4d42e01179d9c3f9d55a7f1d1f8a2c2077969", kill_on_drop: false }`
[INFO] [stdout] 1b9e6c23af2648158f17ed0a6aa4d42e01179d9c3f9d55a7f1d1f8a2c2077969
