[INFO] cloning repository https://github.com/matthehzhang/whisp-arch
[INFO] running `Command { std: "git" "-c" "credential.helper=" "-c" "credential.helper=/workspace/cargo-home/bin/git-credential-null" "clone" "--bare" "https://github.com/matthehzhang/whisp-arch" "/workspace/cache/git-repos/https%3A%2F%2Fgithub.com%2Fmatthehzhang%2Fwhisp-arch", kill_on_drop: false }`
[INFO] [stderr] Cloning into bare repository '/workspace/cache/git-repos/https%3A%2F%2Fgithub.com%2Fmatthehzhang%2Fwhisp-arch'...
[INFO] running `Command { std: "git" "rev-parse" "HEAD", kill_on_drop: false }`
[INFO] [stdout] 8b314ba38cfbe91c79e1fdff09571564236410eb
[INFO] testing matthehzhang/whisp-arch against 1.98.0-beta.8+cargoflags=--release for beta-release-1.99-2
[INFO] running `Command { std: "git" "clone" "/workspace/cache/git-repos/https%3A%2F%2Fgithub.com%2Fmatthehzhang%2Fwhisp-arch" "/workspace/builds/worker-4-tc1/source", kill_on_drop: false }`
[INFO] [stderr] Cloning into '/workspace/builds/worker-4-tc1/source'...
[INFO] [stderr] done.
[INFO] started tweaking git repo https://github.com/matthehzhang/whisp-arch
[INFO] finished tweaking git repo https://github.com/matthehzhang/whisp-arch
[INFO] tweaked toml for git repo https://github.com/matthehzhang/whisp-arch written to /workspace/builds/worker-4-tc1/source/Cargo.toml
[INFO] validating manifest of git repo https://github.com/matthehzhang/whisp-arch on toolchain 1.98.0-beta.8
[INFO] running `Command { std: CARGO_HOME="/workspace/cargo-home" RUSTUP_HOME="/workspace/rustup-home" "/workspace/cargo-home/bin/cargo" "+1.98.0-beta.8" "metadata" "--manifest-path" "Cargo.toml" "--no-deps", kill_on_drop: false }`
[INFO] crate git repo https://github.com/matthehzhang/whisp-arch already has a lockfile, it will not be regenerated
[INFO] running `Command { std: CARGO_HOME="/workspace/cargo-home" RUSTUP_HOME="/workspace/rustup-home" "/workspace/cargo-home/bin/cargo" "+1.98.0-beta.8" "fetch" "--manifest-path" "Cargo.toml", kill_on_drop: false }`
[INFO] [stderr]     Blocking waiting for file lock on package cache
[INFO] [stderr]     Updating crates.io index
[INFO] [stderr]     Blocking waiting for file lock on package cache
[INFO] [stderr]  Downloading crates ...
[INFO] [stderr]   Downloaded whisper-rs v0.16.0
[INFO] [stderr]   Downloaded libpulse-simple-sys v1.22.0
[INFO] [stderr]   Downloaded libpulse-simple-binding v2.29.0
[INFO] [stderr]   Downloaded libpulse-sys v1.23.0
[INFO] [stderr]   Downloaded evdev v0.13.2
[INFO] [stderr]   Downloaded libpulse-binding v2.30.1
[INFO] [stderr]   Downloaded bitvec v1.1.1
[INFO] [stderr]   Downloaded whisper-rs-sys v0.15.0
[INFO] running `Command { std: "docker" "create" "-v" "/var/lib/crater-agent-workspace/builds/worker-4-tc1/source:/opt/rustwide/workdir:ro,Z" "-v" "/var/lib/crater-agent-workspace/builds/worker-4-tc1/target:/opt/rustwide/target:rw,Z" "-v" "/var/lib/crater-agent-workspace/cargo-home:/opt/rustwide/cargo-home:ro,Z" "-v" "/var/lib/crater-agent-workspace/rustup-home:/opt/rustwide/rustup-home:ro,Z" "-m" "1610612736" "--network" "none" "ghcr.io/rust-lang/crates-build-env/linux@sha256:8683fc1fc2eb5c9ac98e0d076ab094b2ffac7f99da555d2b6a2e27f346de2ec7" "sleep" "infinity", kill_on_drop: false }`
[INFO] [stdout] ae25aceb025f9f835f41c512856548a7d8c2269d378222cee2aa5089d3319a40
[INFO] running `Command { std: "docker" "start" "ae25aceb025f9f835f41c512856548a7d8c2269d378222cee2aa5089d3319a40", kill_on_drop: false }`
[INFO] running `Command { std: "docker" "inspect" "ae25aceb025f9f835f41c512856548a7d8c2269d378222cee2aa5089d3319a40", kill_on_drop: false }`
[INFO] running `Command { std: "docker" "exec" "-e" "SOURCE_DIR=/opt/rustwide/workdir" "-e" "CARGO_HOME=/opt/rustwide/cargo-home" "-e" "RUSTUP_HOME=/opt/rustwide/rustup-home" "-e" "CARGO_TARGET_DIR=/opt/rustwide/target" "-w" "/opt/rustwide/workdir" "--user" "0:0" "ae25aceb025f9f835f41c512856548a7d8c2269d378222cee2aa5089d3319a40" "/opt/rustwide/cargo-home/bin/cargo" "+1.98.0-beta.8" "metadata" "--no-deps" "--format-version=1", kill_on_drop: false }`
[INFO] running `Command { std: "docker" "inspect" "ae25aceb025f9f835f41c512856548a7d8c2269d378222cee2aa5089d3319a40", kill_on_drop: false }`
[INFO] running `Command { std: "docker" "exec" "-e" "SOURCE_DIR=/opt/rustwide/workdir" "-e" "CARGO_HOME=/opt/rustwide/cargo-home" "-e" "RUSTUP_HOME=/opt/rustwide/rustup-home" "-e" "CARGO_TARGET_DIR=/opt/rustwide/target" "-e" "CARGO_INCREMENTAL=0" "-e" "RUST_BACKTRACE=full" "-e" "RUSTFLAGS=--cap-lints=warn" "-e" "RUSTDOCFLAGS=--cap-lints=warn" "-w" "/opt/rustwide/workdir" "--user" "0:0" "ae25aceb025f9f835f41c512856548a7d8c2269d378222cee2aa5089d3319a40" "/opt/rustwide/cargo-home/bin/cargo" "+1.98.0-beta.8" "build" "--frozen" "--message-format=json" "--release", kill_on_drop: false }`
[INFO] [stderr]    Compiling syn v2.0.119
[INFO] [stderr]    Compiling glob v0.3.4
[INFO] [stderr]    Compiling libc v0.2.189
[INFO] [stderr]    Compiling prettyplease v0.2.37
[INFO] [stderr]    Compiling regex-syntax v0.8.11
[INFO] [stderr]    Compiling bindgen v0.72.1
[INFO] [stderr]    Compiling either v1.17.0
[INFO] [stderr]    Compiling libloading v0.8.9
[INFO] [stderr]    Compiling nom v7.1.3
[INFO] [stderr]    Compiling num-traits v0.2.19
[INFO] [stderr]    Compiling libpulse-sys v1.23.0
[INFO] [stderr]    Compiling cc v1.4.0
[INFO] [stderr]    Compiling rustc-hash v2.1.3
[INFO] [stderr]    Compiling bitflags v2.13.1
[INFO] [stderr]    Compiling serde_core v1.0.229
[INFO] [stderr]    Compiling cfg_aliases v0.2.2
[INFO] [stderr]    Compiling libpulse-simple-sys v1.22.0
[INFO] [stderr]    Compiling syn v3.0.3
[INFO] [stderr]    Compiling anyhow v1.0.104
[INFO] [stderr]    Compiling clang-sys v1.9.1
[INFO] [stderr]    Compiling itertools v0.13.0
[INFO] [stderr]    Compiling nix v0.29.0
[INFO] [stderr]    Compiling whisper-rs v0.16.0
[INFO] [stderr]    Compiling serde_json v1.0.151
[INFO] [stderr]    Compiling bitvec v1.1.1
[INFO] [stderr]    Compiling memchr v2.8.3
[INFO] [stderr]    Compiling cmake v0.1.58
[INFO] [stderr]    Compiling regex-automata v0.4.18
[INFO] [stderr]    Compiling cexpr v0.6.0
[INFO] [stderr]    Compiling serde_derive v1.0.229
[INFO] [stderr]    Compiling regex v1.13.1
[INFO] [stderr]    Compiling evdev v0.13.2
[INFO] [stderr]    Compiling num-derive v0.4.2
[INFO] [stderr]    Compiling serde v1.0.229
[INFO] [stderr]    Compiling libpulse-binding v2.30.1
[INFO] [stderr]    Compiling libpulse-simple-binding v2.29.0
[INFO] [stderr]    Compiling whisper-rs-sys v0.15.0
[INFO] [stderr] error: failed to run custom build command for `whisper-rs-sys v0.15.0`
[INFO] [stderr] note: To improve backtraces for build dependencies, set the CARGO_PROFILE_RELEASE_BUILD_OVERRIDE_DEBUG=true environment variable to enable debug information generation.
[INFO] [stderr] 
[INFO] [stderr] Caused by:
[INFO] [stderr]   process didn't exit successfully: `/opt/rustwide/target/release/build/whisper-rs-sys-5787b1da03d33738/build-script-build` (exit status: 101)
[INFO] [stderr]   --- stdout
[INFO] [stderr]   cargo:rustc-link-lib=dylib=stdc++
[INFO] [stderr]   cargo:rerun-if-changed=wrapper.h
[INFO] [stderr]   cargo:rerun-if-env-changed=TARGET
[INFO] [stderr]   cargo:rerun-if-env-changed=BINDGEN_EXTRA_CLANG_ARGS_x86_64-unknown-linux-gnu
[INFO] [stderr]   cargo:rerun-if-env-changed=BINDGEN_EXTRA_CLANG_ARGS_x86_64_unknown_linux_gnu
[INFO] [stderr]   cargo:rerun-if-env-changed=BINDGEN_EXTRA_CLANG_ARGS
[INFO] [stderr]   cargo:rerun-if-changed=wrapper.h
[INFO] [stderr]   cargo:rerun-if-changed=./whisper.cpp/include/whisper.h
[INFO] [stderr]   cargo:rerun-if-changed=./whisper.cpp/ggml/include/ggml.h
[INFO] [stderr]   cargo:rerun-if-changed=/usr/lib/llvm-21/lib/clang/21/include/stdbool.h
[INFO] [stderr]   cargo:rerun-if-changed=/usr/lib/llvm-21/lib/clang/21/include/stddef.h
[INFO] [stderr]   cargo:rerun-if-changed=/usr/lib/llvm-21/lib/clang/21/include/__stddef_header_macro.h
[INFO] [stderr]   cargo:rerun-if-changed=/usr/lib/llvm-21/lib/clang/21/include/__stddef_ptrdiff_t.h
[INFO] [stderr]   cargo:rerun-if-changed=/usr/lib/llvm-21/lib/clang/21/include/__stddef_size_t.h
[INFO] [stderr]   cargo:rerun-if-changed=/usr/lib/llvm-21/lib/clang/21/include/__stddef_wchar_t.h
[INFO] [stderr]   cargo:rerun-if-changed=/usr/lib/llvm-21/lib/clang/21/include/__stddef_null.h
[INFO] [stderr]   cargo:rerun-if-changed=/usr/lib/llvm-21/lib/clang/21/include/__stddef_max_align_t.h
[INFO] [stderr]   cargo:rerun-if-changed=/usr/lib/llvm-21/lib/clang/21/include/__stddef_offsetof.h
[INFO] [stderr]   cargo:rerun-if-changed=/usr/lib/llvm-21/lib/clang/21/include/stdint.h
[INFO] [stderr]   cargo:rerun-if-changed=/usr/include/stdint.h
[INFO] [stderr]   cargo:rerun-if-changed=/usr/include/x86_64-linux-gnu/bits/libc-header-start.h
[INFO] [stderr]   cargo:rerun-if-changed=/usr/include/features.h
[INFO] [stderr]   cargo:rerun-if-changed=/usr/include/features-time64.h
[INFO] [stderr]   cargo:rerun-if-changed=/usr/include/x86_64-linux-gnu/bits/wordsize.h
[INFO] [stderr]   cargo:rerun-if-changed=/usr/include/x86_64-linux-gnu/bits/timesize.h
[INFO] [stderr]   cargo:rerun-if-changed=/usr/include/x86_64-linux-gnu/bits/wordsize.h
[INFO] [stderr]   cargo:rerun-if-changed=/usr/include/stdc-predef.h
[INFO] [stderr]   cargo:rerun-if-changed=/usr/include/x86_64-linux-gnu/sys/cdefs.h
[INFO] [stderr]   cargo:rerun-if-changed=/usr/include/x86_64-linux-gnu/bits/wordsize.h
[INFO] [stderr]   cargo:rerun-if-changed=/usr/include/x86_64-linux-gnu/bits/long-double.h
[INFO] [stderr]   cargo:rerun-if-changed=/usr/include/x86_64-linux-gnu/gnu/stubs.h
[INFO] [stderr]   cargo:rerun-if-changed=/usr/include/x86_64-linux-gnu/gnu/stubs-64.h
[INFO] [stderr]   cargo:rerun-if-changed=/usr/include/x86_64-linux-gnu/bits/types.h
[INFO] [stderr]   cargo:rerun-if-changed=/usr/include/features.h
[INFO] [stderr]   cargo:rerun-if-changed=/usr/include/x86_64-linux-gnu/bits/wordsize.h
[INFO] [stderr]   cargo:rerun-if-changed=/usr/include/x86_64-linux-gnu/bits/timesize.h
[INFO] [stderr]   cargo:rerun-if-changed=/usr/include/x86_64-linux-gnu/bits/wordsize.h
[INFO] [stderr]   cargo:rerun-if-changed=/usr/include/x86_64-linux-gnu/bits/typesizes.h
[INFO] [stderr]   cargo:rerun-if-changed=/usr/include/x86_64-linux-gnu/bits/time64.h
[INFO] [stderr]   cargo:rerun-if-changed=/usr/include/x86_64-linux-gnu/bits/wchar.h
[INFO] [stderr]   cargo:rerun-if-changed=/usr/include/x86_64-linux-gnu/bits/wordsize.h
[INFO] [stderr]   cargo:rerun-if-changed=/usr/include/x86_64-linux-gnu/bits/stdint-intn.h
[INFO] [stderr]   cargo:rerun-if-changed=/usr/include/x86_64-linux-gnu/bits/types.h
[INFO] [stderr]   cargo:rerun-if-changed=/usr/include/x86_64-linux-gnu/bits/stdint-uintn.h
[INFO] [stderr]   cargo:rerun-if-changed=/usr/include/x86_64-linux-gnu/bits/types.h
[INFO] [stderr]   cargo:rerun-if-changed=/usr/include/x86_64-linux-gnu/bits/stdint-least.h
[INFO] [stderr]   cargo:rerun-if-changed=/usr/include/x86_64-linux-gnu/bits/types.h
[INFO] [stderr]   cargo:rerun-if-changed=/usr/include/stdio.h
[INFO] [stderr]   cargo:rerun-if-changed=/usr/include/x86_64-linux-gnu/bits/libc-header-start.h
[INFO] [stderr]   cargo:rerun-if-changed=/usr/include/features.h
[INFO] [stderr]   cargo:rerun-if-changed=/usr/lib/llvm-21/lib/clang/21/include/stddef.h
[INFO] [stderr]   cargo:rerun-if-changed=/usr/lib/llvm-21/lib/clang/21/include/__stddef_size_t.h
[INFO] [stderr]   cargo:rerun-if-changed=/usr/lib/llvm-21/lib/clang/21/include/__stddef_null.h
[INFO] [stderr]   cargo:rerun-if-changed=/usr/lib/llvm-21/lib/clang/21/include/stdarg.h
[INFO] [stderr]   cargo:rerun-if-changed=/usr/lib/llvm-21/lib/clang/21/include/__stdarg___gnuc_va_list.h
[INFO] [stderr]   cargo:rerun-if-changed=/usr/include/x86_64-linux-gnu/bits/types.h
[INFO] [stderr]   cargo:rerun-if-changed=/usr/include/x86_64-linux-gnu/bits/types/__fpos_t.h
[INFO] [stderr]   cargo:rerun-if-changed=/usr/include/x86_64-linux-gnu/bits/types.h
[INFO] [stderr]   cargo:rerun-if-changed=/usr/include/x86_64-linux-gnu/bits/types/__mbstate_t.h
[INFO] [stderr]   cargo:rerun-if-changed=/usr/include/x86_64-linux-gnu/bits/types/__fpos64_t.h
[INFO] [stderr]   cargo:rerun-if-changed=/usr/include/x86_64-linux-gnu/bits/types.h
[INFO] [stderr]   cargo:rerun-if-changed=/usr/include/x86_64-linux-gnu/bits/types/__mbstate_t.h
[INFO] [stderr]   cargo:rerun-if-changed=/usr/include/x86_64-linux-gnu/bits/types/__FILE.h
[INFO] [stderr]   cargo:rerun-if-changed=/usr/include/x86_64-linux-gnu/bits/types/FILE.h
[INFO] [stderr]   cargo:rerun-if-changed=/usr/include/x86_64-linux-gnu/bits/types/struct_FILE.h
[INFO] [stderr]   cargo:rerun-if-changed=/usr/include/x86_64-linux-gnu/bits/types.h
[INFO] [stderr]   cargo:rerun-if-changed=/usr/include/x86_64-linux-gnu/bits/wordsize.h
[INFO] [stderr]   cargo:rerun-if-changed=/usr/include/x86_64-linux-gnu/bits/types/cookie_io_functions_t.h
[INFO] [stderr]   cargo:rerun-if-changed=/usr/include/x86_64-linux-gnu/bits/types.h
[INFO] [stderr]   cargo:rerun-if-changed=/usr/include/x86_64-linux-gnu/bits/stdio_lim.h
[INFO] [stderr]   cargo:rerun-if-changed=/usr/include/x86_64-linux-gnu/bits/floatn.h
[INFO] [stderr]   cargo:rerun-if-changed=/usr/include/features.h
[INFO] [stderr]   cargo:rerun-if-changed=/usr/include/x86_64-linux-gnu/bits/floatn-common.h
[INFO] [stderr]   cargo:rerun-if-changed=/usr/include/features.h
[INFO] [stderr]   cargo:rerun-if-changed=/usr/include/x86_64-linux-gnu/bits/long-double.h
[INFO] [stderr]   cargo:rerun-if-changed=./whisper.cpp/ggml/include/ggml-cpu.h
[INFO] [stderr]   cargo:rerun-if-changed=./whisper.cpp/ggml/include/ggml.h
[INFO] [stderr]   cargo:rerun-if-changed=./whisper.cpp/ggml/include/ggml-backend.h
[INFO] [stderr]   cargo:rerun-if-changed=./whisper.cpp/ggml/include/ggml.h
[INFO] [stderr]   cargo:rerun-if-changed=./whisper.cpp/ggml/include/ggml-alloc.h
[INFO] [stderr]   cargo:rerun-if-changed=./whisper.cpp/ggml/include/ggml.h
[INFO] [stderr]   cargo:rerun-if-changed=/usr/lib/llvm-21/lib/clang/21/include/stddef.h
[INFO] [stderr]   cargo:rerun-if-changed=/usr/lib/llvm-21/lib/clang/21/include/__stddef_header_macro.h
[INFO] [stderr]   cargo:rerun-if-changed=/usr/lib/llvm-21/lib/clang/21/include/__stddef_ptrdiff_t.h
[INFO] [stderr]   cargo:rerun-if-changed=/usr/lib/llvm-21/lib/clang/21/include/__stddef_size_t.h
[INFO] [stderr]   cargo:rerun-if-changed=/usr/lib/llvm-21/lib/clang/21/include/__stddef_wchar_t.h
[INFO] [stderr]   cargo:rerun-if-changed=/usr/lib/llvm-21/lib/clang/21/include/__stddef_max_align_t.h
[INFO] [stderr]   cargo:rerun-if-changed=/usr/lib/llvm-21/lib/clang/21/include/__stddef_offsetof.h
[INFO] [stderr]   cargo:rerun-if-changed=/usr/lib/llvm-21/lib/clang/21/include/stdint.h
[INFO] [stderr]   cargo:rerun-if-changed=/usr/lib/llvm-21/lib/clang/21/include/stdbool.h
[INFO] [stderr]   cargo:rerun-if-changed=./whisper.cpp/ggml/include/ggml.h
[INFO] [stderr]   CMAKE_TOOLCHAIN_FILE_x86_64-unknown-linux-gnu = None
[INFO] [stderr]   CMAKE_TOOLCHAIN_FILE_x86_64_unknown_linux_gnu = None
[INFO] [stderr]   HOST_CMAKE_TOOLCHAIN_FILE = None
[INFO] [stderr]   CMAKE_TOOLCHAIN_FILE = None
[INFO] [stderr]   CMAKE_GENERATOR_x86_64-unknown-linux-gnu = None
[INFO] [stderr]   CMAKE_GENERATOR_x86_64_unknown_linux_gnu = None
[INFO] [stderr]   HOST_CMAKE_GENERATOR = None
[INFO] [stderr]   CMAKE_GENERATOR = None
[INFO] [stderr]   CMAKE_PREFIX_PATH_x86_64-unknown-linux-gnu = None
[INFO] [stderr]   CMAKE_PREFIX_PATH_x86_64_unknown_linux_gnu = None
[INFO] [stderr]   HOST_CMAKE_PREFIX_PATH = None
[INFO] [stderr]   CMAKE_PREFIX_PATH = None
[INFO] [stderr]   CMAKE_x86_64-unknown-linux-gnu = None
[INFO] [stderr]   CMAKE_x86_64_unknown_linux_gnu = None
[INFO] [stderr]   HOST_CMAKE = None
[INFO] [stderr]   CMAKE = None
[INFO] [stderr]   Running with debug output on.
[INFO] [stderr]   -- The C compiler identification is GNU 15.2.0
[INFO] [stderr]      Called from: [3]	/opt/rustwide/target/release/build/whisper-rs-sys-d820b1d3bdfe158f/out/whisper.cpp/CMakeLists.txt
[INFO] [stderr]                   [2]	/usr/share/cmake-4.2/Modules/CMakeDetermineCCompiler.cmake
[INFO] [stderr]                   [1]	/usr/share/cmake-4.2/Modules/CMakeDetermineCompilerId.cmake
[INFO] [stderr]   -- The CXX compiler identification is GNU 15.2.0
[INFO] [stderr]      Called from: [3]	/opt/rustwide/target/release/build/whisper-rs-sys-d820b1d3bdfe158f/out/whisper.cpp/CMakeLists.txt
[INFO] [stderr]                   [2]	/usr/share/cmake-4.2/Modules/CMakeDetermineCXXCompiler.cmake
[INFO] [stderr]                   [1]	/usr/share/cmake-4.2/Modules/CMakeDetermineCompilerId.cmake
[INFO] [stderr]   -- Detecting C compiler ABI info
[INFO] [stderr]      Called from: [3]	/opt/rustwide/target/release/build/whisper-rs-sys-d820b1d3bdfe158f/out/whisper.cpp/CMakeLists.txt
[INFO] [stderr]                   [2]	/usr/share/cmake-4.2/Modules/CMakeTestCCompiler.cmake
[INFO] [stderr]                   [1]	/usr/share/cmake-4.2/Modules/CMakeDetermineCompilerABI.cmake
[INFO] [stderr]   -- Detecting C compiler ABI info - done
[INFO] [stderr]      Called from: [3]	/opt/rustwide/target/release/build/whisper-rs-sys-d820b1d3bdfe158f/out/whisper.cpp/CMakeLists.txt
[INFO] [stderr]                   [2]	/usr/share/cmake-4.2/Modules/CMakeTestCCompiler.cmake
[INFO] [stderr]                   [1]	/usr/share/cmake-4.2/Modules/CMakeDetermineCompilerABI.cmake
[INFO] [stderr]   -- Check for working C compiler: /usr/bin/cc - skipped
[INFO] [stderr]      Called from: [2]	/opt/rustwide/target/release/build/whisper-rs-sys-d820b1d3bdfe158f/out/whisper.cpp/CMakeLists.txt
[INFO] [stderr]                   [1]	/usr/share/cmake-4.2/Modules/CMakeTestCCompiler.cmake
[INFO] [stderr]   -- Detecting C compile features
[INFO] [stderr]      Called from: [3]	/opt/rustwide/target/release/build/whisper-rs-sys-d820b1d3bdfe158f/out/whisper.cpp/CMakeLists.txt
[INFO] [stderr]                   [2]	/usr/share/cmake-4.2/Modules/CMakeTestCCompiler.cmake
[INFO] [stderr]                   [1]	/usr/share/cmake-4.2/Modules/CMakeDetermineCompilerSupport.cmake
[INFO] [stderr]   -- Detecting C compile features - done
[INFO] [stderr]      Called from: [3]	/opt/rustwide/target/release/build/whisper-rs-sys-d820b1d3bdfe158f/out/whisper.cpp/CMakeLists.txt
[INFO] [stderr]                   [2]	/usr/share/cmake-4.2/Modules/CMakeTestCCompiler.cmake
[INFO] [stderr]                   [1]	/usr/share/cmake-4.2/Modules/CMakeDetermineCompilerSupport.cmake
[INFO] [stderr]   -- Detecting CXX compiler ABI info
[INFO] [stderr]      Called from: [3]	/opt/rustwide/target/release/build/whisper-rs-sys-d820b1d3bdfe158f/out/whisper.cpp/CMakeLists.txt
[INFO] [stderr]                   [2]	/usr/share/cmake-4.2/Modules/CMakeTestCXXCompiler.cmake
[INFO] [stderr]                   [1]	/usr/share/cmake-4.2/Modules/CMakeDetermineCompilerABI.cmake
[INFO] [stderr]   -- Detecting CXX compiler ABI info - done
[INFO] [stderr]      Called from: [3]	/opt/rustwide/target/release/build/whisper-rs-sys-d820b1d3bdfe158f/out/whisper.cpp/CMakeLists.txt
[INFO] [stderr]                   [2]	/usr/share/cmake-4.2/Modules/CMakeTestCXXCompiler.cmake
[INFO] [stderr]                   [1]	/usr/share/cmake-4.2/Modules/CMakeDetermineCompilerABI.cmake
[INFO] [stderr]   -- Check for working CXX compiler: /usr/bin/c++ - skipped
[INFO] [stderr]      Called from: [2]	/opt/rustwide/target/release/build/whisper-rs-sys-d820b1d3bdfe158f/out/whisper.cpp/CMakeLists.txt
[INFO] [stderr]                   [1]	/usr/share/cmake-4.2/Modules/CMakeTestCXXCompiler.cmake
[INFO] [stderr]   -- Detecting CXX compile features
[INFO] [stderr]      Called from: [3]	/opt/rustwide/target/release/build/whisper-rs-sys-d820b1d3bdfe158f/out/whisper.cpp/CMakeLists.txt
[INFO] [stderr]                   [2]	/usr/share/cmake-4.2/Modules/CMakeTestCXXCompiler.cmake
[INFO] [stderr]                   [1]	/usr/share/cmake-4.2/Modules/CMakeDetermineCompilerSupport.cmake
[INFO] [stderr]   -- Detecting CXX compile features - done
[INFO] [stderr]      Called from: [3]	/opt/rustwide/target/release/build/whisper-rs-sys-d820b1d3bdfe158f/out/whisper.cpp/CMakeLists.txt
[INFO] [stderr]                   [2]	/usr/share/cmake-4.2/Modules/CMakeTestCXXCompiler.cmake
[INFO] [stderr]                   [1]	/usr/share/cmake-4.2/Modules/CMakeDetermineCompilerSupport.cmake
[INFO] [stderr]   -- Found Git: /usr/bin/git (found version "2.53.0")
[INFO] [stderr]      Called from: [5]	/opt/rustwide/target/release/build/whisper-rs-sys-d820b1d3bdfe158f/out/whisper.cpp/CMakeLists.txt
[INFO] [stderr]                   [4]	/opt/rustwide/target/release/build/whisper-rs-sys-d820b1d3bdfe158f/out/whisper.cpp/cmake/git-vars.cmake
[INFO] [stderr]                   [3]	/usr/share/cmake-4.2/Modules/FindGit.cmake
[INFO] [stderr]                   [2]	/usr/share/cmake-4.2/Modules/FindPackageHandleStandardArgs.cmake
[INFO] [stderr]                   [1]	/usr/share/cmake-4.2/Modules/FindPackageMessage.cmake
[INFO] [stderr]   -- The ASM compiler identification is GNU
[INFO] [stderr]      Called from: [2]	/opt/rustwide/target/release/build/whisper-rs-sys-d820b1d3bdfe158f/out/whisper.cpp/ggml/CMakeLists.txt
[INFO] [stderr]                   [1]	/usr/share/cmake-4.2/Modules/CMakeDetermineASMCompiler.cmake
[INFO] [stderr]   -- Found assembler: /usr/bin/cc
[INFO] [stderr]      Called from: [2]	/opt/rustwide/target/release/build/whisper-rs-sys-d820b1d3bdfe158f/out/whisper.cpp/ggml/CMakeLists.txt
[INFO] [stderr]                   [1]	/usr/share/cmake-4.2/Modules/CMakeDetermineASMCompiler.cmake
[INFO] [stderr]   -- Performing Test CMAKE_HAVE_LIBC_PTHREAD
[INFO] [stderr]      Called from: [5]	/opt/rustwide/target/release/build/whisper-rs-sys-d820b1d3bdfe158f/out/whisper.cpp/ggml/CMakeLists.txt
[INFO] [stderr]                   [4]	/usr/share/cmake-4.2/Modules/FindThreads.cmake
[INFO] [stderr]                   [3]	/usr/share/cmake-4.2/Modules/FindThreads.cmake
[INFO] [stderr]                   [2]	/usr/share/cmake-4.2/Modules/CheckCSourceCompiles.cmake
[INFO] [stderr]                   [1]	/usr/share/cmake-4.2/Modules/Internal/CheckSourceCompiles.cmake
[INFO] [stderr]   -- Performing Test CMAKE_HAVE_LIBC_PTHREAD - Success
[INFO] [stderr]      Called from: [5]	/opt/rustwide/target/release/build/whisper-rs-sys-d820b1d3bdfe158f/out/whisper.cpp/ggml/CMakeLists.txt
[INFO] [stderr]                   [4]	/usr/share/cmake-4.2/Modules/FindThreads.cmake
[INFO] [stderr]                   [3]	/usr/share/cmake-4.2/Modules/FindThreads.cmake
[INFO] [stderr]                   [2]	/usr/share/cmake-4.2/Modules/CheckCSourceCompiles.cmake
[INFO] [stderr]                   [1]	/usr/share/cmake-4.2/Modules/Internal/CheckSourceCompiles.cmake
[INFO] [stderr]   -- Found Threads: TRUE
[INFO] [stderr]      Called from: [4]	/opt/rustwide/target/release/build/whisper-rs-sys-d820b1d3bdfe158f/out/whisper.cpp/ggml/CMakeLists.txt
[INFO] [stderr]                   [3]	/usr/share/cmake-4.2/Modules/FindThreads.cmake
[INFO] [stderr]                   [2]	/usr/share/cmake-4.2/Modules/FindPackageHandleStandardArgs.cmake
[INFO] [stderr]                   [1]	/usr/share/cmake-4.2/Modules/FindPackageMessage.cmake
[INFO] [stderr]   -- Warning: ccache not found - consider installing it for faster compilation or disable this warning with GGML_CCACHE=OFF
[INFO] [stderr]      Called from: [1]	/opt/rustwide/target/release/build/whisper-rs-sys-d820b1d3bdfe158f/out/whisper.cpp/ggml/src/CMakeLists.txt
[INFO] [stderr]   -- CMAKE_SYSTEM_PROCESSOR: x86_64
[INFO] [stderr]      Called from: [1]	/opt/rustwide/target/release/build/whisper-rs-sys-d820b1d3bdfe158f/out/whisper.cpp/ggml/src/CMakeLists.txt
[INFO] [stderr]   -- GGML_SYSTEM_ARCH: x86
[INFO] [stderr]      Called from: [1]	/opt/rustwide/target/release/build/whisper-rs-sys-d820b1d3bdfe158f/out/whisper.cpp/ggml/src/CMakeLists.txt
[INFO] [stderr]   -- Including CPU backend
[INFO] [stderr]      Called from: [2]	/opt/rustwide/target/release/build/whisper-rs-sys-d820b1d3bdfe158f/out/whisper.cpp/ggml/src/CMakeLists.txt
[INFO] [stderr]                   [1]	/opt/rustwide/target/release/build/whisper-rs-sys-d820b1d3bdfe158f/out/whisper.cpp/ggml/src/CMakeLists.txt
[INFO] [stderr]   -- x86 detected
[INFO] [stderr]      Called from: [2]	/opt/rustwide/target/release/build/whisper-rs-sys-d820b1d3bdfe158f/out/whisper.cpp/ggml/src/CMakeLists.txt
[INFO] [stderr]                   [1]	/opt/rustwide/target/release/build/whisper-rs-sys-d820b1d3bdfe158f/out/whisper.cpp/ggml/src/ggml-cpu/CMakeLists.txt
[INFO] [stderr]   -- Adding CPU backend variant ggml-cpu: -march=native 
[INFO] [stderr]      Called from: [2]	/opt/rustwide/target/release/build/whisper-rs-sys-d820b1d3bdfe158f/out/whisper.cpp/ggml/src/CMakeLists.txt
[INFO] [stderr]                   [1]	/opt/rustwide/target/release/build/whisper-rs-sys-d820b1d3bdfe158f/out/whisper.cpp/ggml/src/ggml-cpu/CMakeLists.txt
[INFO] [stderr]   -- ggml version: 0.9.5
[INFO] [stderr]      Called from: [1]	/opt/rustwide/target/release/build/whisper-rs-sys-d820b1d3bdfe158f/out/whisper.cpp/ggml/CMakeLists.txt
[INFO] [stderr]   -- ggml commit:  unknown
[INFO] [stderr]      Called from: [1]	/opt/rustwide/target/release/build/whisper-rs-sys-d820b1d3bdfe158f/out/whisper.cpp/ggml/CMakeLists.txt
[INFO] [stderr]   -- Configuring done (1.3s)
[INFO] [stderr]   -- Generating /opt/rustwide/target/release/build/whisper-rs-sys-d820b1d3bdfe158f/out/build
[INFO] [stderr]      Called from: [1]	/opt/rustwide/target/release/build/whisper-rs-sys-d820b1d3bdfe158f/out/whisper.cpp/CMakeLists.txt
[INFO] [stderr]   -- Generating /opt/rustwide/target/release/build/whisper-rs-sys-d820b1d3bdfe158f/out/build/ggml
[INFO] [stderr]      Called from: [1]	/opt/rustwide/target/release/build/whisper-rs-sys-d820b1d3bdfe158f/out/whisper.cpp/ggml/CMakeLists.txt
[INFO] [stderr]   -- Generating /opt/rustwide/target/release/build/whisper-rs-sys-d820b1d3bdfe158f/out/build/ggml/src
[INFO] [stderr]      Called from: [1]	/opt/rustwide/target/release/build/whisper-rs-sys-d820b1d3bdfe158f/out/whisper.cpp/ggml/src/CMakeLists.txt
[INFO] [stderr]   -- Generating /opt/rustwide/target/release/build/whisper-rs-sys-d820b1d3bdfe158f/out/build/ggml/src/ggml-cpu
[INFO] [stderr]      Called from: [1]	/opt/rustwide/target/release/build/whisper-rs-sys-d820b1d3bdfe158f/out/whisper.cpp/ggml/src/ggml-cpu/CMakeLists.txt
[INFO] [stderr]   -- Generating /opt/rustwide/target/release/build/whisper-rs-sys-d820b1d3bdfe158f/out/build/src
[INFO] [stderr]      Called from: [1]	/opt/rustwide/target/release/build/whisper-rs-sys-d820b1d3bdfe158f/out/whisper.cpp/src/CMakeLists.txt
[INFO] [stderr]   -- Generating done (0.0s)
[INFO] [stderr]   -- Build files have been written to: /opt/rustwide/target/release/build/whisper-rs-sys-d820b1d3bdfe158f/out/build
[INFO] [stderr]   Change Dir: '/opt/rustwide/target/release/build/whisper-rs-sys-d820b1d3bdfe158f/out/build'
[INFO] [stderr] 
[INFO] [stderr]   Run Build Command(s): /usr/bin/cmake -E env VERBOSE=1 /usr/bin/gmake -f Makefile install
[INFO] [stderr]   /usr/bin/cmake -S/opt/rustwide/target/release/build/whisper-rs-sys-d820b1d3bdfe158f/out/whisper.cpp -B/opt/rustwide/target/release/build/whisper-rs-sys-d820b1d3bdfe158f/out/build --check-build-system CMakeFiles/Makefile.cmake 0
[INFO] [stderr]   /usr/bin/cmake -E cmake_progress_start /opt/rustwide/target/release/build/whisper-rs-sys-d820b1d3bdfe158f/out/build/CMakeFiles /opt/rustwide/target/release/build/whisper-rs-sys-d820b1d3bdfe158f/out/build//CMakeFiles/progress.marks
[INFO] [stderr]   /usr/bin/gmake  -f CMakeFiles/Makefile2 all
[INFO] [stderr]   gmake[1]: Entering directory '/opt/rustwide/target/release/build/whisper-rs-sys-d820b1d3bdfe158f/out/build'
[INFO] [stderr]   /usr/bin/gmake  -f ggml/src/CMakeFiles/ggml-base.dir/build.make ggml/src/CMakeFiles/ggml-base.dir/depend
[INFO] [stderr]   gmake[2]: Entering directory '/opt/rustwide/target/release/build/whisper-rs-sys-d820b1d3bdfe158f/out/build'
[INFO] [stderr]   cd /opt/rustwide/target/release/build/whisper-rs-sys-d820b1d3bdfe158f/out/build && /usr/bin/cmake -E cmake_depends "Unix Makefiles" /opt/rustwide/target/release/build/whisper-rs-sys-d820b1d3bdfe158f/out/whisper.cpp /opt/rustwide/target/release/build/whisper-rs-sys-d820b1d3bdfe158f/out/whisper.cpp/ggml/src /opt/rustwide/target/release/build/whisper-rs-sys-d820b1d3bdfe158f/out/build /opt/rustwide/target/release/build/whisper-rs-sys-d820b1d3bdfe158f/out/build/ggml/src /opt/rustwide/target/release/build/whisper-rs-sys-d820b1d3bdfe158f/out/build/ggml/src/CMakeFiles/ggml-base.dir/DependInfo.cmake "--color=" ggml-base
[INFO] [stderr]   gmake[2]: Leaving directory '/opt/rustwide/target/release/build/whisper-rs-sys-d820b1d3bdfe158f/out/build'
[INFO] [stderr]   /usr/bin/gmake  -f ggml/src/CMakeFiles/ggml-base.dir/build.make ggml/src/CMakeFiles/ggml-base.dir/build
[INFO] [stderr]   gmake[2]: Entering directory '/opt/rustwide/target/release/build/whisper-rs-sys-d820b1d3bdfe158f/out/build'
[INFO] [stderr]   [  3%] Building CXX object ggml/src/CMakeFiles/ggml-base.dir/ggml.cpp.o
[INFO] [stderr]   [ 10%] Building CXX object ggml/src/CMakeFiles/ggml-base.dir/ggml-threading.cpp.o
[INFO] [stderr]   [ 10%] Building CXX object ggml/src/CMakeFiles/ggml-base.dir/gguf.cpp.o
[INFO] [stderr]   cd /opt/rustwide/target/release/build/whisper-rs-sys-d820b1d3bdfe158f/out/build/ggml/src && /usr/bin/c++ -DGGML_COMMIT=\"unknown\" -DGGML_SCHED_MAX_COPIES=4 -DGGML_VERSION=\"0.9.5\" -D_GNU_SOURCE -D_XOPEN_SOURCE=600 -I/opt/rustwide/target/release/build/whisper-rs-sys-d820b1d3bdfe158f/out/whisper.cpp/ggml/src/. -I/opt/rustwide/target/release/build/whisper-rs-sys-d820b1d3bdfe158f/out/whisper.cpp/ggml/src/../include -ffunction-sections -fdata-sections -fPIC -m64 -w -O3 -DNDEBUG -std=gnu++17 -MD -MT ggml/src/CMakeFiles/ggml-base.dir/ggml.cpp.o -MF CMakeFiles/ggml-base.dir/ggml.cpp.o.d -o CMakeFiles/ggml-base.dir/ggml.cpp.o -c /opt/rustwide/target/release/build/whisper-rs-sys-d820b1d3bdfe158f/out/whisper.cpp/ggml/src/ggml.cpp
[INFO] [stderr]   cd /opt/rustwide/target/release/build/whisper-rs-sys-d820b1d3bdfe158f/out/build/ggml/src && /usr/bin/c++ -DGGML_COMMIT=\"unknown\" -DGGML_SCHED_MAX_COPIES=4 -DGGML_VERSION=\"0.9.5\" -D_GNU_SOURCE -D_XOPEN_SOURCE=600 -I/opt/rustwide/target/release/build/whisper-rs-sys-d820b1d3bdfe158f/out/whisper.cpp/ggml/src/. -I/opt/rustwide/target/release/build/whisper-rs-sys-d820b1d3bdfe158f/out/whisper.cpp/ggml/src/../include -ffunction-sections -fdata-sections -fPIC -m64 -w -O3 -DNDEBUG -std=gnu++17 -MD -MT ggml/src/CMakeFiles/ggml-base.dir/ggml-threading.cpp.o -MF CMakeFiles/ggml-base.dir/ggml-threading.cpp.o.d -o CMakeFiles/ggml-base.dir/ggml-threading.cpp.o -c /opt/rustwide/target/release/build/whisper-rs-sys-d820b1d3bdfe158f/out/whisper.cpp/ggml/src/ggml-threading.cpp
[INFO] [stderr]   cd /opt/rustwide/target/release/build/whisper-rs-sys-d820b1d3bdfe158f/out/build/ggml/src && /usr/bin/c++ -DGGML_COMMIT=\"unknown\" -DGGML_SCHED_MAX_COPIES=4 -DGGML_VERSION=\"0.9.5\" -D_GNU_SOURCE -D_XOPEN_SOURCE=600 -I/opt/rustwide/target/release/build/whisper-rs-sys-d820b1d3bdfe158f/out/whisper.cpp/ggml/src/. -I/opt/rustwide/target/release/build/whisper-rs-sys-d820b1d3bdfe158f/out/whisper.cpp/ggml/src/../include -ffunction-sections -fdata-sections -fPIC -m64 -w -O3 -DNDEBUG -std=gnu++17 -MD -MT ggml/src/CMakeFiles/ggml-base.dir/gguf.cpp.o -MF CMakeFiles/ggml-base.dir/gguf.cpp.o.d -o CMakeFiles/ggml-base.dir/gguf.cpp.o -c /opt/rustwide/target/release/build/whisper-rs-sys-d820b1d3bdfe158f/out/whisper.cpp/ggml/src/gguf.cpp
[INFO] [stderr]   [ 14%] Building CXX object ggml/src/CMakeFiles/ggml-base.dir/ggml-opt.cpp.o
[INFO] [stderr]   [ 17%] Building CXX object ggml/src/CMakeFiles/ggml-base.dir/ggml-backend.cpp.o
[INFO] [stderr]   [ 21%] Building C object ggml/src/CMakeFiles/ggml-base.dir/ggml-quants.c.o
[INFO] [stderr]   cd /opt/rustwide/target/release/build/whisper-rs-sys-d820b1d3bdfe158f/out/build/ggml/src && /usr/bin/cc -DGGML_COMMIT=\"unknown\" -DGGML_SCHED_MAX_COPIES=4 -DGGML_VERSION=\"0.9.5\" -D_GNU_SOURCE -D_XOPEN_SOURCE=600 -I/opt/rustwide/target/release/build/whisper-rs-sys-d820b1d3bdfe158f/out/whisper.cpp/ggml/src/. -I/opt/rustwide/target/release/build/whisper-rs-sys-d820b1d3bdfe158f/out/whisper.cpp/ggml/src/../include -ffunction-sections -fdata-sections -fPIC -m64 -w -O3 -DNDEBUG -std=gnu11 -MD -MT ggml/src/CMakeFiles/ggml-base.dir/ggml-quants.c.o -MF CMakeFiles/ggml-base.dir/ggml-quants.c.o.d -o CMakeFiles/ggml-base.dir/ggml-quants.c.o -c /opt/rustwide/target/release/build/whisper-rs-sys-d820b1d3bdfe158f/out/whisper.cpp/ggml/src/ggml-quants.c
[INFO] [stderr]   cd /opt/rustwide/target/release/build/whisper-rs-sys-d820b1d3bdfe158f/out/build/ggml/src && /usr/bin/c++ -DGGML_COMMIT=\"unknown\" -DGGML_SCHED_MAX_COPIES=4 -DGGML_VERSION=\"0.9.5\" -D_GNU_SOURCE -D_XOPEN_SOURCE=600 -I/opt/rustwide/target/release/build/whisper-rs-sys-d820b1d3bdfe158f/out/whisper.cpp/ggml/src/. -I/opt/rustwide/target/release/build/whisper-rs-sys-d820b1d3bdfe158f/out/whisper.cpp/ggml/src/../include -ffunction-sections -fdata-sections -fPIC -m64 -w -O3 -DNDEBUG -std=gnu++17 -MD -MT ggml/src/CMakeFiles/ggml-base.dir/ggml-backend.cpp.o -MF CMakeFiles/ggml-base.dir/ggml-backend.cpp.o.d -o CMakeFiles/ggml-base.dir/ggml-backend.cpp.o -c /opt/rustwide/target/release/build/whisper-rs-sys-d820b1d3bdfe158f/out/whisper.cpp/ggml/src/ggml-backend.cpp
[INFO] [stderr]   cd /opt/rustwide/target/release/build/whisper-rs-sys-d820b1d3bdfe158f/out/build/ggml/src && /usr/bin/c++ -DGGML_COMMIT=\"unknown\" -DGGML_SCHED_MAX_COPIES=4 -DGGML_VERSION=\"0.9.5\" -D_GNU_SOURCE -D_XOPEN_SOURCE=600 -I/opt/rustwide/target/release/build/whisper-rs-sys-d820b1d3bdfe158f/out/whisper.cpp/ggml/src/. -I/opt/rustwide/target/release/build/whisper-rs-sys-d820b1d3bdfe158f/out/whisper.cpp/ggml/src/../include -ffunction-sections -fdata-sections -fPIC -m64 -w -O3 -DNDEBUG -std=gnu++17 -MD -MT ggml/src/CMakeFiles/ggml-base.dir/ggml-opt.cpp.o -MF CMakeFiles/ggml-base.dir/ggml-opt.cpp.o.d -o CMakeFiles/ggml-base.dir/ggml-opt.cpp.o -c /opt/rustwide/target/release/build/whisper-rs-sys-d820b1d3bdfe158f/out/whisper.cpp/ggml/src/ggml-opt.cpp
[INFO] [stderr]   [ 25%] Building C object ggml/src/CMakeFiles/ggml-base.dir/ggml.c.o
[INFO] [stderr]   [ 28%] Building C object ggml/src/CMakeFiles/ggml-base.dir/ggml-alloc.c.o
[INFO] [stderr]   cd /opt/rustwide/target/release/build/whisper-rs-sys-d820b1d3bdfe158f/out/build/ggml/src && /usr/bin/cc -DGGML_COMMIT=\"unknown\" -DGGML_SCHED_MAX_COPIES=4 -DGGML_VERSION=\"0.9.5\" -D_GNU_SOURCE -D_XOPEN_SOURCE=600 -I/opt/rustwide/target/release/build/whisper-rs-sys-d820b1d3bdfe158f/out/whisper.cpp/ggml/src/. -I/opt/rustwide/target/release/build/whisper-rs-sys-d820b1d3bdfe158f/out/whisper.cpp/ggml/src/../include -ffunction-sections -fdata-sections -fPIC -m64 -w -O3 -DNDEBUG -std=gnu11 -MD -MT ggml/src/CMakeFiles/ggml-base.dir/ggml-alloc.c.o -MF CMakeFiles/ggml-base.dir/ggml-alloc.c.o.d -o CMakeFiles/ggml-base.dir/ggml-alloc.c.o -c /opt/rustwide/target/release/build/whisper-rs-sys-d820b1d3bdfe158f/out/whisper.cpp/ggml/src/ggml-alloc.c
[INFO] [stderr]   cd /opt/rustwide/target/release/build/whisper-rs-sys-d820b1d3bdfe158f/out/build/ggml/src && /usr/bin/cc -DGGML_COMMIT=\"unknown\" -DGGML_SCHED_MAX_COPIES=4 -DGGML_VERSION=\"0.9.5\" -D_GNU_SOURCE -D_XOPEN_SOURCE=600 -I/opt/rustwide/target/release/build/whisper-rs-sys-d820b1d3bdfe158f/out/whisper.cpp/ggml/src/. -I/opt/rustwide/target/release/build/whisper-rs-sys-d820b1d3bdfe158f/out/whisper.cpp/ggml/src/../include -ffunction-sections -fdata-sections -fPIC -m64 -w -O3 -DNDEBUG -std=gnu11 -MD -MT ggml/src/CMakeFiles/ggml-base.dir/ggml.c.o -MF CMakeFiles/ggml-base.dir/ggml.c.o.d -o CMakeFiles/ggml-base.dir/ggml.c.o -c /opt/rustwide/target/release/build/whisper-rs-sys-d820b1d3bdfe158f/out/whisper.cpp/ggml/src/ggml.c
[INFO] [stderr]   [ 32%] Linking CXX static library libggml-base.a
[INFO] [stderr]   cd /opt/rustwide/target/release/build/whisper-rs-sys-d820b1d3bdfe158f/out/build/ggml/src && /usr/bin/cmake -P CMakeFiles/ggml-base.dir/cmake_clean_target.cmake
[INFO] [stderr]   cd /opt/rustwide/target/release/build/whisper-rs-sys-d820b1d3bdfe158f/out/build/ggml/src && /usr/bin/cmake -E cmake_link_script CMakeFiles/ggml-base.dir/link.txt --verbose=1
[INFO] [stderr]   /usr/bin/ar qc libggml-base.a "CMakeFiles/ggml-base.dir/ggml.c.o" "CMakeFiles/ggml-base.dir/ggml.cpp.o" "CMakeFiles/ggml-base.dir/ggml-alloc.c.o" "CMakeFiles/ggml-base.dir/ggml-backend.cpp.o" "CMakeFiles/ggml-base.dir/ggml-opt.cpp.o" "CMakeFiles/ggml-base.dir/ggml-threading.cpp.o" "CMakeFiles/ggml-base.dir/ggml-quants.c.o" "CMakeFiles/ggml-base.dir/gguf.cpp.o"
[INFO] [stderr]   /usr/bin/ranlib libggml-base.a
[INFO] [stderr]   gmake[2]: Leaving directory '/opt/rustwide/target/release/build/whisper-rs-sys-d820b1d3bdfe158f/out/build'
[INFO] [stderr]   [ 32%] Built target ggml-base
[INFO] [stderr]   /usr/bin/gmake  -f ggml/src/CMakeFiles/ggml-cpu.dir/build.make ggml/src/CMakeFiles/ggml-cpu.dir/depend
[INFO] [stderr]   gmake[2]: Entering directory '/opt/rustwide/target/release/build/whisper-rs-sys-d820b1d3bdfe158f/out/build'
[INFO] [stderr]   cd /opt/rustwide/target/release/build/whisper-rs-sys-d820b1d3bdfe158f/out/build && /usr/bin/cmake -E cmake_depends "Unix Makefiles" /opt/rustwide/target/release/build/whisper-rs-sys-d820b1d3bdfe158f/out/whisper.cpp /opt/rustwide/target/release/build/whisper-rs-sys-d820b1d3bdfe158f/out/whisper.cpp/ggml/src /opt/rustwide/target/release/build/whisper-rs-sys-d820b1d3bdfe158f/out/build /opt/rustwide/target/release/build/whisper-rs-sys-d820b1d3bdfe158f/out/build/ggml/src /opt/rustwide/target/release/build/whisper-rs-sys-d820b1d3bdfe158f/out/build/ggml/src/CMakeFiles/ggml-cpu.dir/DependInfo.cmake "--color=" ggml-cpu
[INFO] [stderr]   gmake[2]: Leaving directory '/opt/rustwide/target/release/build/whisper-rs-sys-d820b1d3bdfe158f/out/build'
[INFO] [stderr]   /usr/bin/gmake  -f ggml/src/CMakeFiles/ggml-cpu.dir/build.make ggml/src/CMakeFiles/ggml-cpu.dir/build
[INFO] [stderr]   gmake[2]: Entering directory '/opt/rustwide/target/release/build/whisper-rs-sys-d820b1d3bdfe158f/out/build'
[INFO] [stderr]   [ 39%] Building CXX object ggml/src/CMakeFiles/ggml-cpu.dir/ggml-cpu/ggml-cpu.cpp.o
[INFO] [stderr]   [ 39%] Building C object ggml/src/CMakeFiles/ggml-cpu.dir/ggml-cpu/ggml-cpu.c.o
[INFO] [stderr]   [ 42%] Building CXX object ggml/src/CMakeFiles/ggml-cpu.dir/ggml-cpu/repack.cpp.o
[INFO] [stderr]   [ 46%] Building CXX object ggml/src/CMakeFiles/ggml-cpu.dir/ggml-cpu/hbm.cpp.o
[INFO] [stderr]   [ 50%] Building C object ggml/src/CMakeFiles/ggml-cpu.dir/ggml-cpu/quants.c.o
[INFO] [stderr]   cd /opt/rustwide/target/release/build/whisper-rs-sys-d820b1d3bdfe158f/out/build/ggml/src && /usr/bin/cc -DGGML_SCHED_MAX_COPIES=4 -DGGML_USE_CPU_REPACK -D_GNU_SOURCE -D_XOPEN_SOURCE=600 -I/opt/rustwide/target/release/build/whisper-rs-sys-d820b1d3bdfe158f/out/whisper.cpp/ggml/src/.. -I/opt/rustwide/target/release/build/whisper-rs-sys-d820b1d3bdfe158f/out/whisper.cpp/ggml/src/. -I/opt/rustwide/target/release/build/whisper-rs-sys-d820b1d3bdfe158f/out/whisper.cpp/ggml/src/ggml-cpu -I/opt/rustwide/target/release/build/whisper-rs-sys-d820b1d3bdfe158f/out/whisper.cpp/ggml/src/../include -ffunction-sections -fdata-sections -fPIC -m64 -w -O3 -DNDEBUG -std=gnu11 -march=native -MD -MT ggml/src/CMakeFiles/ggml-cpu.dir/ggml-cpu/ggml-cpu.c.o -MF CMakeFiles/ggml-cpu.dir/ggml-cpu/ggml-cpu.c.o.d -o CMakeFiles/ggml-cpu.dir/ggml-cpu/ggml-cpu.c.o -c /opt/rustwide/target/release/build/whisper-rs-sys-d820b1d3bdfe158f/out/whisper.cpp/ggml/src/ggml-cpu/ggml-cpu.c
[INFO] [stderr]   cd /opt/rustwide/target/release/build/whisper-rs-sys-d820b1d3bdfe158f/out/build/ggml/src && /usr/bin/c++ -DGGML_SCHED_MAX_COPIES=4 -DGGML_USE_CPU_REPACK -D_GNU_SOURCE -D_XOPEN_SOURCE=600 -I/opt/rustwide/target/release/build/whisper-rs-sys-d820b1d3bdfe158f/out/whisper.cpp/ggml/src/.. -I/opt/rustwide/target/release/build/whisper-rs-sys-d820b1d3bdfe158f/out/whisper.cpp/ggml/src/. -I/opt/rustwide/target/release/build/whisper-rs-sys-d820b1d3bdfe158f/out/whisper.cpp/ggml/src/ggml-cpu -I/opt/rustwide/target/release/build/whisper-rs-sys-d820b1d3bdfe158f/out/whisper.cpp/ggml/src/../include -ffunction-sections -fdata-sections -fPIC -m64 -w -O3 -DNDEBUG -std=gnu++17 -march=native -MD -MT ggml/src/CMakeFiles/ggml-cpu.dir/ggml-cpu/repack.cpp.o -MF CMakeFiles/ggml-cpu.dir/ggml-cpu/repack.cpp.o.d -o CMakeFiles/ggml-cpu.dir/ggml-cpu/repack.cpp.o -c /opt/rustwide/target/release/build/whisper-rs-sys-d820b1d3bdfe158f/out/whisper.cpp/ggml/src/ggml-cpu/repack.cpp
[INFO] [stderr]   [ 53%] Building CXX object ggml/src/CMakeFiles/ggml-cpu.dir/ggml-cpu/amx/amx.cpp.o
[INFO] [stderr]   cd /opt/rustwide/target/release/build/whisper-rs-sys-d820b1d3bdfe158f/out/build/ggml/src && /usr/bin/c++ -DGGML_SCHED_MAX_COPIES=4 -DGGML_USE_CPU_REPACK -D_GNU_SOURCE -D_XOPEN_SOURCE=600 -I/opt/rustwide/target/release/build/whisper-rs-sys-d820b1d3bdfe158f/out/whisper.cpp/ggml/src/.. -I/opt/rustwide/target/release/build/whisper-rs-sys-d820b1d3bdfe158f/out/whisper.cpp/ggml/src/. -I/opt/rustwide/target/release/build/whisper-rs-sys-d820b1d3bdfe158f/out/whisper.cpp/ggml/src/ggml-cpu -I/opt/rustwide/target/release/build/whisper-rs-sys-d820b1d3bdfe158f/out/whisper.cpp/ggml/src/../include -ffunction-sections -fdata-sections -fPIC -m64 -w -O3 -DNDEBUG -std=gnu++17 -march=native -MD -MT ggml/src/CMakeFiles/ggml-cpu.dir/ggml-cpu/ggml-cpu.cpp.o -MF CMakeFiles/ggml-cpu.dir/ggml-cpu/ggml-cpu.cpp.o.d -o CMakeFiles/ggml-cpu.dir/ggml-cpu/ggml-cpu.cpp.o -c /opt/rustwide/target/release/build/whisper-rs-sys-d820b1d3bdfe158f/out/whisper.cpp/ggml/src/ggml-cpu/ggml-cpu.cpp
[INFO] [stderr]   [ 57%] Building CXX object ggml/src/CMakeFiles/ggml-cpu.dir/ggml-cpu/amx/mmq.cpp.o
[INFO] [stderr]   cd /opt/rustwide/target/release/build/whisper-rs-sys-d820b1d3bdfe158f/out/build/ggml/src && /usr/bin/c++ -DGGML_SCHED_MAX_COPIES=4 -DGGML_USE_CPU_REPACK -D_GNU_SOURCE -D_XOPEN_SOURCE=600 -I/opt/rustwide/target/release/build/whisper-rs-sys-d820b1d3bdfe158f/out/whisper.cpp/ggml/src/.. -I/opt/rustwide/target/release/build/whisper-rs-sys-d820b1d3bdfe158f/out/whisper.cpp/ggml/src/. -I/opt/rustwide/target/release/build/whisper-rs-sys-d820b1d3bdfe158f/out/whisper.cpp/ggml/src/ggml-cpu -I/opt/rustwide/target/release/build/whisper-rs-sys-d820b1d3bdfe158f/out/whisper.cpp/ggml/src/../include -ffunction-sections -fdata-sections -fPIC -m64 -w -O3 -DNDEBUG -std=gnu++17 -march=native -MD -MT ggml/src/CMakeFiles/ggml-cpu.dir/ggml-cpu/hbm.cpp.o -MF CMakeFiles/ggml-cpu.dir/ggml-cpu/hbm.cpp.o.d -o CMakeFiles/ggml-cpu.dir/ggml-cpu/hbm.cpp.o -c /opt/rustwide/target/release/build/whisper-rs-sys-d820b1d3bdfe158f/out/whisper.cpp/ggml/src/ggml-cpu/hbm.cpp
[INFO] [stderr]   cd /opt/rustwide/target/release/build/whisper-rs-sys-d820b1d3bdfe158f/out/build/ggml/src && /usr/bin/cc -DGGML_SCHED_MAX_COPIES=4 -DGGML_USE_CPU_REPACK -D_GNU_SOURCE -D_XOPEN_SOURCE=600 -I/opt/rustwide/target/release/build/whisper-rs-sys-d820b1d3bdfe158f/out/whisper.cpp/ggml/src/.. -I/opt/rustwide/target/release/build/whisper-rs-sys-d820b1d3bdfe158f/out/whisper.cpp/ggml/src/. -I/opt/rustwide/target/release/build/whisper-rs-sys-d820b1d3bdfe158f/out/whisper.cpp/ggml/src/ggml-cpu -I/opt/rustwide/target/release/build/whisper-rs-sys-d820b1d3bdfe158f/out/whisper.cpp/ggml/src/../include -ffunction-sections -fdata-sections -fPIC -m64 -w -O3 -DNDEBUG -std=gnu11 -march=native -MD -MT ggml/src/CMakeFiles/ggml-cpu.dir/ggml-cpu/quants.c.o -MF CMakeFiles/ggml-cpu.dir/ggml-cpu/quants.c.o.d -o CMakeFiles/ggml-cpu.dir/ggml-cpu/quants.c.o -c /opt/rustwide/target/release/build/whisper-rs-sys-d820b1d3bdfe158f/out/whisper.cpp/ggml/src/ggml-cpu/quants.c
[INFO] [stderr]   [ 64%] Building CXX object ggml/src/CMakeFiles/ggml-cpu.dir/ggml-cpu/binary-ops.cpp.o
[INFO] [stderr]   [ 64%] Building CXX object ggml/src/CMakeFiles/ggml-cpu.dir/ggml-cpu/unary-ops.cpp.o
[INFO] [stderr]   [ 71%] Building CXX object ggml/src/CMakeFiles/ggml-cpu.dir/ggml-cpu/vec.cpp.o
[INFO] [stderr]   [ 71%] Building CXX object ggml/src/CMakeFiles/ggml-cpu.dir/ggml-cpu/traits.cpp.o
[INFO] [stderr]   [ 75%] Building CXX object ggml/src/CMakeFiles/ggml-cpu.dir/ggml-cpu/ops.cpp.o
[INFO] [stderr]   cd /opt/rustwide/target/release/build/whisper-rs-sys-d820b1d3bdfe158f/out/build/ggml/src && /usr/bin/c++ -DGGML_SCHED_MAX_COPIES=4 -DGGML_USE_CPU_REPACK -D_GNU_SOURCE -D_XOPEN_SOURCE=600 -I/opt/rustwide/target/release/build/whisper-rs-sys-d820b1d3bdfe158f/out/whisper.cpp/ggml/src/.. -I/opt/rustwide/target/release/build/whisper-rs-sys-d820b1d3bdfe158f/out/whisper.cpp/ggml/src/. -I/opt/rustwide/target/release/build/whisper-rs-sys-d820b1d3bdfe158f/out/whisper.cpp/ggml/src/ggml-cpu -I/opt/rustwide/target/release/build/whisper-rs-sys-d820b1d3bdfe158f/out/whisper.cpp/ggml/src/../include -ffunction-sections -fdata-sections -fPIC -m64 -w -O3 -DNDEBUG -std=gnu++17 -march=native -MD -MT ggml/src/CMakeFiles/ggml-cpu.dir/ggml-cpu/amx/amx.cpp.o -MF CMakeFiles/ggml-cpu.dir/ggml-cpu/amx/amx.cpp.o.d -o CMakeFiles/ggml-cpu.dir/ggml-cpu/amx/amx.cpp.o -c /opt/rustwide/target/release/build/whisper-rs-sys-d820b1d3bdfe158f/out/whisper.cpp/ggml/src/ggml-cpu/amx/amx.cpp
[INFO] [stderr]   [ 78%] Building CXX object ggml/src/CMakeFiles/ggml-cpu.dir/ggml-cpu/arch/x86/repack.cpp.o
[INFO] [stderr]   cd /opt/rustwide/target/release/build/whisper-rs-sys-d820b1d3bdfe158f/out/build/ggml/src && /usr/bin/c++ -DGGML_SCHED_MAX_COPIES=4 -DGGML_USE_CPU_REPACK -D_GNU_SOURCE -D_XOPEN_SOURCE=600 -I/opt/rustwide/target/release/build/whisper-rs-sys-d820b1d3bdfe158f/out/whisper.cpp/ggml/src/.. -I/opt/rustwide/target/release/build/whisper-rs-sys-d820b1d3bdfe158f/out/whisper.cpp/ggml/src/. -I/opt/rustwide/target/release/build/whisper-rs-sys-d820b1d3bdfe158f/out/whisper.cpp/ggml/src/ggml-cpu -I/opt/rustwide/target/release/build/whisper-rs-sys-d820b1d3bdfe158f/out/whisper.cpp/ggml/src/../include -ffunction-sections -fdata-sections -fPIC -m64 -w -O3 -DNDEBUG -std=gnu++17 -march=native -MD -MT ggml/src/CMakeFiles/ggml-cpu.dir/ggml-cpu/amx/mmq.cpp.o -MF CMakeFiles/ggml-cpu.dir/ggml-cpu/amx/mmq.cpp.o.d -o CMakeFiles/ggml-cpu.dir/ggml-cpu/amx/mmq.cpp.o -c /opt/rustwide/target/release/build/whisper-rs-sys-d820b1d3bdfe158f/out/whisper.cpp/ggml/src/ggml-cpu/amx/mmq.cpp
[INFO] [stderr]   cd /opt/rustwide/target/release/build/whisper-rs-sys-d820b1d3bdfe158f/out/build/ggml/src && /usr/bin/c++ -DGGML_SCHED_MAX_COPIES=4 -DGGML_USE_CPU_REPACK -D_GNU_SOURCE -D_XOPEN_SOURCE=600 -I/opt/rustwide/target/release/build/whisper-rs-sys-d820b1d3bdfe158f/out/whisper.cpp/ggml/src/.. -I/opt/rustwide/target/release/build/whisper-rs-sys-d820b1d3bdfe158f/out/whisper.cpp/ggml/src/. -I/opt/rustwide/target/release/build/whisper-rs-sys-d820b1d3bdfe158f/out/whisper.cpp/ggml/src/ggml-cpu -I/opt/rustwide/target/release/build/whisper-rs-sys-d820b1d3bdfe158f/out/whisper.cpp/ggml/src/../include -ffunction-sections -fdata-sections -fPIC -m64 -w -O3 -DNDEBUG -std=gnu++17 -march=native -MD -MT ggml/src/CMakeFiles/ggml-cpu.dir/ggml-cpu/binary-ops.cpp.o -MF CMakeFiles/ggml-cpu.dir/ggml-cpu/binary-ops.cpp.o.d -o CMakeFiles/ggml-cpu.dir/ggml-cpu/binary-ops.cpp.o -c /opt/rustwide/target/release/build/whisper-rs-sys-d820b1d3bdfe158f/out/whisper.cpp/ggml/src/ggml-cpu/binary-ops.cpp
[INFO] [stderr]   cd /opt/rustwide/target/release/build/whisper-rs-sys-d820b1d3bdfe158f/out/build/ggml/src && /usr/bin/c++ -DGGML_SCHED_MAX_COPIES=4 -DGGML_USE_CPU_REPACK -D_GNU_SOURCE -D_XOPEN_SOURCE=600 -I/opt/rustwide/target/release/build/whisper-rs-sys-d820b1d3bdfe158f/out/whisper.cpp/ggml/src/.. -I/opt/rustwide/target/release/build/whisper-rs-sys-d820b1d3bdfe158f/out/whisper.cpp/ggml/src/. -I/opt/rustwide/target/release/build/whisper-rs-sys-d820b1d3bdfe158f/out/whisper.cpp/ggml/src/ggml-cpu -I/opt/rustwide/target/release/build/whisper-rs-sys-d820b1d3bdfe158f/out/whisper.cpp/ggml/src/../include -ffunction-sections -fdata-sections -fPIC -m64 -w -O3 -DNDEBUG -std=gnu++17 -march=native -MD -MT ggml/src/CMakeFiles/ggml-cpu.dir/ggml-cpu/unary-ops.cpp.o -MF CMakeFiles/ggml-cpu.dir/ggml-cpu/unary-ops.cpp.o.d -o CMakeFiles/ggml-cpu.dir/ggml-cpu/unary-ops.cpp.o -c /opt/rustwide/target/release/build/whisper-rs-sys-d820b1d3bdfe158f/out/whisper.cpp/ggml/src/ggml-cpu/unary-ops.cpp
[INFO] [stderr]   [ 82%] Building C object ggml/src/CMakeFiles/ggml-cpu.dir/ggml-cpu/arch/x86/quants.c.o
[INFO] [stderr]   cd /opt/rustwide/target/release/build/whisper-rs-sys-d820b1d3bdfe158f/out/build/ggml/src && /usr/bin/c++ -DGGML_SCHED_MAX_COPIES=4 -DGGML_USE_CPU_REPACK -D_GNU_SOURCE -D_XOPEN_SOURCE=600 -I/opt/rustwide/target/release/build/whisper-rs-sys-d820b1d3bdfe158f/out/whisper.cpp/ggml/src/.. -I/opt/rustwide/target/release/build/whisper-rs-sys-d820b1d3bdfe158f/out/whisper.cpp/ggml/src/. -I/opt/rustwide/target/release/build/whisper-rs-sys-d820b1d3bdfe158f/out/whisper.cpp/ggml/src/ggml-cpu -I/opt/rustwide/target/release/build/whisper-rs-sys-d820b1d3bdfe158f/out/whisper.cpp/ggml/src/../include -ffunction-sections -fdata-sections -fPIC -m64 -w -O3 -DNDEBUG -std=gnu++17 -march=native -MD -MT ggml/src/CMakeFiles/ggml-cpu.dir/ggml-cpu/vec.cpp.o -MF CMakeFiles/ggml-cpu.dir/ggml-cpu/vec.cpp.o.d -o CMakeFiles/ggml-cpu.dir/ggml-cpu/vec.cpp.o -c /opt/rustwide/target/release/build/whisper-rs-sys-d820b1d3bdfe158f/out/whisper.cpp/ggml/src/ggml-cpu/vec.cpp
[INFO] [stderr]   cd /opt/rustwide/target/release/build/whisper-rs-sys-d820b1d3bdfe158f/out/build/ggml/src && /usr/bin/c++ -DGGML_SCHED_MAX_COPIES=4 -DGGML_USE_CPU_REPACK -D_GNU_SOURCE -D_XOPEN_SOURCE=600 -I/opt/rustwide/target/release/build/whisper-rs-sys-d820b1d3bdfe158f/out/whisper.cpp/ggml/src/.. -I/opt/rustwide/target/release/build/whisper-rs-sys-d820b1d3bdfe158f/out/whisper.cpp/ggml/src/. -I/opt/rustwide/target/release/build/whisper-rs-sys-d820b1d3bdfe158f/out/whisper.cpp/ggml/src/ggml-cpu -I/opt/rustwide/target/release/build/whisper-rs-sys-d820b1d3bdfe158f/out/whisper.cpp/ggml/src/../include -ffunction-sections -fdata-sections -fPIC -m64 -w -O3 -DNDEBUG -std=gnu++17 -march=native -MD -MT ggml/src/CMakeFiles/ggml-cpu.dir/ggml-cpu/traits.cpp.o -MF CMakeFiles/ggml-cpu.dir/ggml-cpu/traits.cpp.o.d -o CMakeFiles/ggml-cpu.dir/ggml-cpu/traits.cpp.o -c /opt/rustwide/target/release/build/whisper-rs-sys-d820b1d3bdfe158f/out/whisper.cpp/ggml/src/ggml-cpu/traits.cpp
[INFO] [stderr]   cd /opt/rustwide/target/release/build/whisper-rs-sys-d820b1d3bdfe158f/out/build/ggml/src && /usr/bin/c++ -DGGML_SCHED_MAX_COPIES=4 -DGGML_USE_CPU_REPACK -D_GNU_SOURCE -D_XOPEN_SOURCE=600 -I/opt/rustwide/target/release/build/whisper-rs-sys-d820b1d3bdfe158f/out/whisper.cpp/ggml/src/.. -I/opt/rustwide/target/release/build/whisper-rs-sys-d820b1d3bdfe158f/out/whisper.cpp/ggml/src/. -I/opt/rustwide/target/release/build/whisper-rs-sys-d820b1d3bdfe158f/out/whisper.cpp/ggml/src/ggml-cpu -I/opt/rustwide/target/release/build/whisper-rs-sys-d820b1d3bdfe158f/out/whisper.cpp/ggml/src/../include -ffunction-sections -fdata-sections -fPIC -m64 -w -O3 -DNDEBUG -std=gnu++17 -march=native -MD -MT ggml/src/CMakeFiles/ggml-cpu.dir/ggml-cpu/ops.cpp.o -MF CMakeFiles/ggml-cpu.dir/ggml-cpu/ops.cpp.o.d -o CMakeFiles/ggml-cpu.dir/ggml-cpu/ops.cpp.o -c /opt/rustwide/target/release/build/whisper-rs-sys-d820b1d3bdfe158f/out/whisper.cpp/ggml/src/ggml-cpu/ops.cpp
[INFO] [stderr]   cd /opt/rustwide/target/release/build/whisper-rs-sys-d820b1d3bdfe158f/out/build/ggml/src && /usr/bin/c++ -DGGML_SCHED_MAX_COPIES=4 -DGGML_USE_CPU_REPACK -D_GNU_SOURCE -D_XOPEN_SOURCE=600 -I/opt/rustwide/target/release/build/whisper-rs-sys-d820b1d3bdfe158f/out/whisper.cpp/ggml/src/.. -I/opt/rustwide/target/release/build/whisper-rs-sys-d820b1d3bdfe158f/out/whisper.cpp/ggml/src/. -I/opt/rustwide/target/release/build/whisper-rs-sys-d820b1d3bdfe158f/out/whisper.cpp/ggml/src/ggml-cpu -I/opt/rustwide/target/release/build/whisper-rs-sys-d820b1d3bdfe158f/out/whisper.cpp/ggml/src/../include -ffunction-sections -fdata-sections -fPIC -m64 -w -O3 -DNDEBUG -std=gnu++17 -march=native -MD -MT ggml/src/CMakeFiles/ggml-cpu.dir/ggml-cpu/arch/x86/repack.cpp.o -MF CMakeFiles/ggml-cpu.dir/ggml-cpu/arch/x86/repack.cpp.o.d -o CMakeFiles/ggml-cpu.dir/ggml-cpu/arch/x86/repack.cpp.o -c /opt/rustwide/target/release/build/whisper-rs-sys-d820b1d3bdfe158f/out/whisper.cpp/ggml/src/ggml-cpu/arch/x86/repack.cpp
[INFO] [stderr]   cd /opt/rustwide/target/release/build/whisper-rs-sys-d820b1d3bdfe158f/out/build/ggml/src && /usr/bin/cc -DGGML_SCHED_MAX_COPIES=4 -DGGML_USE_CPU_REPACK -D_GNU_SOURCE -D_XOPEN_SOURCE=600 -I/opt/rustwide/target/release/build/whisper-rs-sys-d820b1d3bdfe158f/out/whisper.cpp/ggml/src/.. -I/opt/rustwide/target/release/build/whisper-rs-sys-d820b1d3bdfe158f/out/whisper.cpp/ggml/src/. -I/opt/rustwide/target/release/build/whisper-rs-sys-d820b1d3bdfe158f/out/whisper.cpp/ggml/src/ggml-cpu -I/opt/rustwide/target/release/build/whisper-rs-sys-d820b1d3bdfe158f/out/whisper.cpp/ggml/src/../include -ffunction-sections -fdata-sections -fPIC -m64 -w -O3 -DNDEBUG -std=gnu11 -march=native -MD -MT ggml/src/CMakeFiles/ggml-cpu.dir/ggml-cpu/arch/x86/quants.c.o -MF CMakeFiles/ggml-cpu.dir/ggml-cpu/arch/x86/quants.c.o.d -o CMakeFiles/ggml-cpu.dir/ggml-cpu/arch/x86/quants.c.o -c /opt/rustwide/target/release/build/whisper-rs-sys-d820b1d3bdfe158f/out/whisper.cpp/ggml/src/ggml-cpu/arch/x86/quants.c
[INFO] [stderr]   gmake[2]: Leaving directory '/opt/rustwide/target/release/build/whisper-rs-sys-d820b1d3bdfe158f/out/build'
[INFO] [stderr]   gmake[1]: Leaving directory '/opt/rustwide/target/release/build/whisper-rs-sys-d820b1d3bdfe158f/out/build'
[INFO] [stderr] 
[INFO] [stderr] 
[INFO] [stderr]   --- stderr
[INFO] [stderr]   error: 'rustfmt' is not installed for the toolchain '1.98.0-beta.8-x86_64-unknown-linux-gnu'.
[INFO] [stderr]   help: run `rustup component add --toolchain 1.98.0-beta.8-x86_64-unknown-linux-gnu rustfmt` to install it
[INFO] [stderr]   Failed to run rustfmt: Internal rustfmt error (non-fatal, continuing)
[INFO] [stderr]   running: cd "/opt/rustwide/target/release/build/whisper-rs-sys-d820b1d3bdfe158f/out/build" && CMAKE_PREFIX_PATH="" LC_ALL="C" "cmake" "-Wdev" "--debug-output" "/opt/rustwide/target/release/build/whisper-rs-sys-d820b1d3bdfe158f/out/whisper.cpp" "-B" "/opt/rustwide/target/release/build/whisper-rs-sys-d820b1d3bdfe158f/out/build" "-DBUILD_SHARED_LIBS=OFF" "-DWHISPER_ALL_WARNINGS=OFF" "-DWHISPER_ALL_WARNINGS_3RD_PARTY=OFF" "-DWHISPER_BUILD_TESTS=OFF" "-DWHISPER_BUILD_EXAMPLES=OFF" "-DGGML_METAL=OFF" "-DCMAKE_BUILD_TYPE=Release" "-DGGML_OPENMP=OFF" "-DCMAKE_INSTALL_PREFIX=/opt/rustwide/target/release/build/whisper-rs-sys-d820b1d3bdfe158f/out" "-DCMAKE_C_FLAGS= -ffunction-sections -fdata-sections -fPIC -m64 -w" "-DCMAKE_C_COMPILER=/usr/bin/cc" "-DCMAKE_CXX_FLAGS= -ffunction-sections -fdata-sections -fPIC -m64 -w" "-DCMAKE_CXX_COMPILER=/usr/bin/c++" "-DCMAKE_ASM_FLAGS= -ffunction-sections -fdata-sections -fPIC -m64 -w" "-DCMAKE_ASM_COMPILER=/usr/bin/cc" "-DCMAKE_VERBOSE_MAKEFILE:BOOL=ON"
[INFO] [stderr]   CMake Deprecation Warning at CMakeLists.txt:1 (cmake_minimum_required):
[INFO] [stderr]     Compatibility with CMake < 3.10 will be removed from a future version of
[INFO] [stderr]     CMake.
[INFO] [stderr] 
[INFO] [stderr]     Update the VERSION argument <min> value.  Or, use the <min>...<max> syntax
[INFO] [stderr]     to tell CMake that the project requires at least <min> but has been updated
[INFO] [stderr]     to work with policies introduced by <max> or earlier.
[INFO] [stderr] 
[INFO] [stderr] 
[INFO] [stderr]      Called from: [1]	/opt/rustwide/target/release/build/whisper-rs-sys-d820b1d3bdfe158f/out/whisper.cpp/CMakeLists.txt
[INFO] [stderr]   CMake Warning (dev) at /usr/share/cmake-4.2/Modules/CMakeDetermineCompiler.cmake:128 (set):
[INFO] [stderr]     Policy CMP0126 is not set: set(CACHE) does not remove a normal variable of
[INFO] [stderr]     the same name.  Run "cmake --help-policy CMP0126" for policy details.  Use
[INFO] [stderr]     the cmake_policy command to set the policy and suppress this warning.
[INFO] [stderr] 
[INFO] [stderr]     For compatibility with older versions of CMake, normal variable
[INFO] [stderr]     "CMAKE_C_COMPILER" will be removed from the current scope.
[INFO] [stderr]   Call Stack (most recent call first):
[INFO] [stderr]     /usr/share/cmake-4.2/Modules/CMakeDetermineCCompiler.cmake:67 (_cmake_find_compiler_path)
[INFO] [stderr]     CMakeLists.txt:2 (project)
[INFO] [stderr]   This warning is for project developers.  Use -Wno-dev to suppress it.
[INFO] [stderr] 
[INFO] [stderr]      Called from: [3]	/opt/rustwide/target/release/build/whisper-rs-sys-d820b1d3bdfe158f/out/whisper.cpp/CMakeLists.txt
[INFO] [stderr]                   [2]	/usr/share/cmake-4.2/Modules/CMakeDetermineCCompiler.cmake
[INFO] [stderr]                   [1]	/usr/share/cmake-4.2/Modules/CMakeDetermineCompiler.cmake
[INFO] [stderr]   CMake Warning (dev) at /usr/share/cmake-4.2/Modules/CMakeDetermineCompiler.cmake:128 (set):
[INFO] [stderr]     Policy CMP0126 is not set: set(CACHE) does not remove a normal variable of
[INFO] [stderr]     the same name.  Run "cmake --help-policy CMP0126" for policy details.  Use
[INFO] [stderr]     the cmake_policy command to set the policy and suppress this warning.
[INFO] [stderr] 
[INFO] [stderr]     For compatibility with older versions of CMake, normal variable
[INFO] [stderr]     "CMAKE_CXX_COMPILER" will be removed from the current scope.
[INFO] [stderr]   Call Stack (most recent call first):
[INFO] [stderr]     /usr/share/cmake-4.2/Modules/CMakeDetermineCXXCompiler.cmake:71 (_cmake_find_compiler_path)
[INFO] [stderr]     CMakeLists.txt:2 (project)
[INFO] [stderr]   This warning is for project developers.  Use -Wno-dev to suppress it.
[INFO] [stderr] 
[INFO] [stderr]      Called from: [3]	/opt/rustwide/target/release/build/whisper-rs-sys-d820b1d3bdfe158f/out/whisper.cpp/CMakeLists.txt
[INFO] [stderr]                   [2]	/usr/share/cmake-4.2/Modules/CMakeDetermineCXXCompiler.cmake
[INFO] [stderr]                   [1]	/usr/share/cmake-4.2/Modules/CMakeDetermineCompiler.cmake
[INFO] [stderr]   CMake Warning (dev) at /usr/share/cmake-4.2/Modules/CMakeFindBinUtils.cmake:243 (find_program):
[INFO] [stderr]     Policy CMP0126 is not set: set(CACHE) does not remove a normal variable of
[INFO] [stderr]     the same name.  Run "cmake --help-policy CMP0126" for policy details.  Use
[INFO] [stderr]     the cmake_policy command to set the policy and suppress this warning.
[INFO] [stderr] 
[INFO] [stderr]     For compatibility with older versions of CMake, normal variable
[INFO] [stderr]     "CMAKE_TAPI" will be removed from the current scope.
[INFO] [stderr]   Call Stack (most recent call first):
[INFO] [stderr]     /usr/share/cmake-4.2/Modules/CMakeDetermineCXXCompiler.cmake:206 (include)
[INFO] [stderr]     CMakeLists.txt:2 (project)
[INFO] [stderr]   This warning is for project developers.  Use -Wno-dev to suppress it.
[INFO] [stderr] 
[INFO] [stderr]      Called from: [3]	/opt/rustwide/target/release/build/whisper-rs-sys-d820b1d3bdfe158f/out/whisper.cpp/CMakeLists.txt
[INFO] [stderr]                   [2]	/usr/share/cmake-4.2/Modules/CMakeDetermineCXXCompiler.cmake
[INFO] [stderr]                   [1]	/usr/share/cmake-4.2/Modules/CMakeFindBinUtils.cmake
[INFO] [stderr]   CMake Warning (dev) at /usr/share/cmake-4.2/Modules/CMakeDetermineCompilerABI.cmake:83 (try_compile):
[INFO] [stderr]     Policy CMP0066 is not set: Honor per-config flags in try_compile()
[INFO] [stderr]     source-file signature.  Run "cmake --help-policy CMP0066" for policy
[INFO] [stderr]     details.  Use the cmake_policy command to set the policy and suppress this
[INFO] [stderr]     warning.
[INFO] [stderr] 
[INFO] [stderr]     For compatibility with older versions of CMake, try_compile is not honoring
[INFO] [stderr]     caller config-specific compiler flags (e.g.  CMAKE_C_FLAGS_DEBUG) in the
[INFO] [stderr]     test project.
[INFO] [stderr]   Call Stack (most recent call first):
[INFO] [stderr]     /usr/share/cmake-4.2/Modules/CMakeTestCCompiler.cmake:26 (CMAKE_DETERMINE_COMPILER_ABI)
[INFO] [stderr]     CMakeLists.txt:2 (project)
[INFO] [stderr]   This warning is for project developers.  Use -Wno-dev to suppress it.
[INFO] [stderr] 
[INFO] [stderr]      Called from: [3]	/opt/rustwide/target/release/build/whisper-rs-sys-d820b1d3bdfe158f/out/whisper.cpp/CMakeLists.txt
[INFO] [stderr]                   [2]	/usr/share/cmake-4.2/Modules/CMakeTestCCompiler.cmake
[INFO] [stderr]                   [1]	/usr/share/cmake-4.2/Modules/CMakeDetermineCompilerABI.cmake
[INFO] [stderr]   CMake Warning (dev) at /usr/share/cmake-4.2/Modules/CMakeDetermineCompilerABI.cmake:83 (try_compile):
[INFO] [stderr]     Policy CMP0066 is not set: Honor per-config flags in try_compile()
[INFO] [stderr]     source-file signature.  Run "cmake --help-policy CMP0066" for policy
[INFO] [stderr]     details.  Use the cmake_policy command to set the policy and suppress this
[INFO] [stderr]     warning.
[INFO] [stderr] 
[INFO] [stderr]     For compatibility with older versions of CMake, try_compile is not honoring
[INFO] [stderr]     caller config-specific compiler flags (e.g.  CMAKE_C_FLAGS_DEBUG) in the
[INFO] [stderr]     test project.
[INFO] [stderr]   Call Stack (most recent call first):
[INFO] [stderr]     /usr/share/cmake-4.2/Modules/CMakeTestCXXCompiler.cmake:26 (CMAKE_DETERMINE_COMPILER_ABI)
[INFO] [stderr]     CMakeLists.txt:2 (project)
[INFO] [stderr]   This warning is for project developers.  Use -Wno-dev to suppress it.
[INFO] [stderr] 
[INFO] [stderr]      Called from: [3]	/opt/rustwide/target/release/build/whisper-rs-sys-d820b1d3bdfe158f/out/whisper.cpp/CMakeLists.txt
[INFO] [stderr]                   [2]	/usr/share/cmake-4.2/Modules/CMakeTestCXXCompiler.cmake
[INFO] [stderr]                   [1]	/usr/share/cmake-4.2/Modules/CMakeDetermineCompilerABI.cmake
[INFO] [stderr]   fatal: not a git repository (or any parent up to mount point /opt/rustwide)
[INFO] [stderr]   Stopping at filesystem boundary (GIT_DISCOVERY_ACROSS_FILESYSTEM not set).
[INFO] [stderr]   fatal: not a git repository (or any parent up to mount point /opt/rustwide)
[INFO] [stderr]   Stopping at filesystem boundary (GIT_DISCOVERY_ACROSS_FILESYSTEM not set).
[INFO] [stderr]      Entering             /opt/rustwide/target/release/build/whisper-rs-sys-d820b1d3bdfe158f/out/whisper.cpp/ggml
[INFO] [stderr]      Called from: [1]	/opt/rustwide/target/release/build/whisper-rs-sys-d820b1d3bdfe158f/out/whisper.cpp/CMakeLists.txt
[INFO] [stderr]   CMake Warning (dev) at /usr/share/cmake-4.2/Modules/CMakeDetermineCompiler.cmake:128 (set):
[INFO] [stderr]     Policy CMP0126 is not set: set(CACHE) does not remove a normal variable of
[INFO] [stderr]     the same name.  Run "cmake --help-policy CMP0126" for policy details.  Use
[INFO] [stderr]     the cmake_policy command to set the policy and suppress this warning.
[INFO] [stderr] 
[INFO] [stderr]     For compatibility with older versions of CMake, normal variable
[INFO] [stderr]     "CMAKE_ASM_COMPILER" will be removed from the current scope.
[INFO] [stderr]   Call Stack (most recent call first):
[INFO] [stderr]     /usr/share/cmake-4.2/Modules/CMakeDetermineASMCompiler.cmake:64 (_cmake_find_compiler_path)
[INFO] [stderr]     ggml/CMakeLists.txt:2 (project)
[INFO] [stderr]   This warning is for project developers.  Use -Wno-dev to suppress it.
[INFO] [stderr] 
[INFO] [stderr]      Called from: [3]	/opt/rustwide/target/release/build/whisper-rs-sys-d820b1d3bdfe158f/out/whisper.cpp/ggml/CMakeLists.txt
[INFO] [stderr]                   [2]	/usr/share/cmake-4.2/Modules/CMakeDetermineASMCompiler.cmake
[INFO] [stderr]                   [1]	/usr/share/cmake-4.2/Modules/CMakeDetermineCompiler.cmake
[INFO] [stderr]   CMake Warning (dev) at /usr/share/cmake-4.2/Modules/CMakeFindBinUtils.cmake:243 (find_program):
[INFO] [stderr]     Policy CMP0126 is not set: set(CACHE) does not remove a normal variable of
[INFO] [stderr]     the same name.  Run "cmake --help-policy CMP0126" for policy details.  Use
[INFO] [stderr]     the cmake_policy command to set the policy and suppress this warning.
[INFO] [stderr] 
[INFO] [stderr]     For compatibility with older versions of CMake, normal variable
[INFO] [stderr]     "CMAKE_TAPI" will be removed from the current scope.
[INFO] [stderr]   Call Stack (most recent call first):
[INFO] [stderr]     /usr/share/cmake-4.2/Modules/CMakeDetermineASMCompiler.cmake:267 (include)
[INFO] [stderr]     ggml/CMakeLists.txt:2 (project)
[INFO] [stderr]   This warning is for project developers.  Use -Wno-dev to suppress it.
[INFO] [stderr] 
[INFO] [stderr]      Called from: [3]	/opt/rustwide/target/release/build/whisper-rs-sys-d820b1d3bdfe158f/out/whisper.cpp/ggml/CMakeLists.txt
[INFO] [stderr]                   [2]	/usr/share/cmake-4.2/Modules/CMakeDetermineASMCompiler.cmake
[INFO] [stderr]                   [1]	/usr/share/cmake-4.2/Modules/CMakeFindBinUtils.cmake
[INFO] [stderr]      Entering             /opt/rustwide/target/release/build/whisper-rs-sys-d820b1d3bdfe158f/out/whisper.cpp/ggml/src
[INFO] [stderr]      Called from: [1]	/opt/rustwide/target/release/build/whisper-rs-sys-d820b1d3bdfe158f/out/whisper.cpp/ggml/CMakeLists.txt
[INFO] [stderr]      Entering             /opt/rustwide/target/release/build/whisper-rs-sys-d820b1d3bdfe158f/out/whisper.cpp/ggml/src/ggml-cpu
[INFO] [stderr]      Called from: [2]	/opt/rustwide/target/release/build/whisper-rs-sys-d820b1d3bdfe158f/out/whisper.cpp/ggml/src/CMakeLists.txt
[INFO] [stderr]                   [1]	/opt/rustwide/target/release/build/whisper-rs-sys-d820b1d3bdfe158f/out/whisper.cpp/ggml/src/CMakeLists.txt
[INFO] [stderr]      Returning to         /opt/rustwide/target/release/build/whisper-rs-sys-d820b1d3bdfe158f/out/whisper.cpp/ggml/src
[INFO] [stderr]      Called from: [2]	/opt/rustwide/target/release/build/whisper-rs-sys-d820b1d3bdfe158f/out/whisper.cpp/ggml/src/CMakeLists.txt
[INFO] [stderr]                   [1]	/opt/rustwide/target/release/build/whisper-rs-sys-d820b1d3bdfe158f/out/whisper.cpp/ggml/src/CMakeLists.txt
[INFO] [stderr]      Returning to         /opt/rustwide/target/release/build/whisper-rs-sys-d820b1d3bdfe158f/out/whisper.cpp/ggml
[INFO] [stderr]      Called from: [1]	/opt/rustwide/target/release/build/whisper-rs-sys-d820b1d3bdfe158f/out/whisper.cpp/ggml/CMakeLists.txt
[INFO] [stderr]      Returning to         /opt/rustwide/target/release/build/whisper-rs-sys-d820b1d3bdfe158f/out/whisper.cpp
[INFO] [stderr]      Called from: [1]	/opt/rustwide/target/release/build/whisper-rs-sys-d820b1d3bdfe158f/out/whisper.cpp/CMakeLists.txt
[INFO] [stderr]      Entering             /opt/rustwide/target/release/build/whisper-rs-sys-d820b1d3bdfe158f/out/whisper.cpp/src
[INFO] [stderr]      Called from: [1]	/opt/rustwide/target/release/build/whisper-rs-sys-d820b1d3bdfe158f/out/whisper.cpp/CMakeLists.txt
[INFO] [stderr]      Returning to         /opt/rustwide/target/release/build/whisper-rs-sys-d820b1d3bdfe158f/out/whisper.cpp
[INFO] [stderr]      Called from: [1]	/opt/rustwide/target/release/build/whisper-rs-sys-d820b1d3bdfe158f/out/whisper.cpp/CMakeLists.txt
[INFO] [stderr]   CMake Warning (dev) in ggml/CMakeLists.txt:
[INFO] [stderr]     Policy CMP0200 is not set: Location and configuration selection for
[INFO] [stderr]     imported targets is more consistent.  Run "cmake --help-policy CMP0200" for
[INFO] [stderr]     policy details.  Use the cmake_policy command to set the policy and
[INFO] [stderr]     suppress this warning.
[INFO] [stderr] 
[INFO] [stderr]     Configuration selection for imported target "Threads::Threads" selected
[INFO] [stderr]     configuration "(none)", but would select configuration "RELEASE" under the
[INFO] [stderr]     NEW policy.
[INFO] [stderr] 
[INFO] [stderr]   This warning is for project developers.  Use -Wno-dev to suppress it.
[INFO] [stderr] 
[INFO] [stderr]   CMake Warning (dev) in src/CMakeLists.txt:
[INFO] [stderr]     Policy CMP0200 is not set: Location and configuration selection for
[INFO] [stderr]     imported targets is more consistent.  Run "cmake --help-policy CMP0200" for
[INFO] [stderr]     policy details.  Use the cmake_policy command to set the policy and
[INFO] [stderr]     suppress this warning.
[INFO] [stderr] 
[INFO] [stderr]     Configuration selection for imported target "Threads::Threads" selected
[INFO] [stderr]     configuration "(none)", but would select configuration "RELEASE" under the
[INFO] [stderr]     NEW policy.
[INFO] [stderr] 
[INFO] [stderr]   This warning is for project developers.  Use -Wno-dev to suppress it.
[INFO] [stderr] 
[INFO] [stderr]   CMake Warning (dev) in CMakeLists.txt:
[INFO] [stderr]     Policy CMP0082 is not set: Install rules from add_subdirectory() are
[INFO] [stderr]     interleaved with those in caller.  Run "cmake --help-policy CMP0082" for
[INFO] [stderr]     policy details.  Use the cmake_policy command to set the policy and
[INFO] [stderr]     suppress this warning.
[INFO] [stderr] 
[INFO] [stderr]   This warning is for project developers.  Use -Wno-dev to suppress it.
[INFO] [stderr] 
[INFO] [stderr]      Called from: [1]	/opt/rustwide/target/release/build/whisper-rs-sys-d820b1d3bdfe158f/out/whisper.cpp/CMakeLists.txt
[INFO] [stderr]   CMake Warning (dev) at ggml/src/CMakeLists.txt:192 (add_library):
[INFO] [stderr]     Policy CMP0156 is not set: De-duplicate libraries on link lines based on
[INFO] [stderr]     linker capabilities.  Run "cmake --help-policy CMP0156" for policy details.
[INFO] [stderr]     Use the cmake_policy command to set the policy and suppress this warning.
[INFO] [stderr] 
[INFO] [stderr]     Since the policy is not set, legacy libraries de-duplication strategy will
[INFO] [stderr]     be applied.
[INFO] [stderr]   This warning is for project developers.  Use -Wno-dev to suppress it.
[INFO] [stderr] 
[INFO] [stderr]      Called from: [1]	/opt/rustwide/target/release/build/whisper-rs-sys-d820b1d3bdfe158f/out/whisper.cpp/ggml/src/CMakeLists.txt
[INFO] [stderr]   CMake Warning (dev) at ggml/src/CMakeLists.txt:259 (add_library):
[INFO] [stderr]     Policy CMP0156 is not set: De-duplicate libraries on link lines based on
[INFO] [stderr]     linker capabilities.  Run "cmake --help-policy CMP0156" for policy details.
[INFO] [stderr]     Use the cmake_policy command to set the policy and suppress this warning.
[INFO] [stderr] 
[INFO] [stderr]     Since the policy is not set, legacy libraries de-duplication strategy will
[INFO] [stderr]     be applied.
[INFO] [stderr]   Call Stack (most recent call first):
[INFO] [stderr]     ggml/src/ggml-cpu/CMakeLists.txt:22 (ggml_add_backend_library)
[INFO] [stderr]     ggml/src/CMakeLists.txt:444 (ggml_add_cpu_backend_variant_impl)
[INFO] [stderr]   This warning is for project developers.  Use -Wno-dev to suppress it.
[INFO] [stderr] 
[INFO] [stderr]      Called from: [1]	/opt/rustwide/target/release/build/whisper-rs-sys-d820b1d3bdfe158f/out/whisper.cpp/ggml/src/CMakeLists.txt
[INFO] [stderr]   CMake Warning (dev) at ggml/src/CMakeLists.txt:224 (add_library):
[INFO] [stderr]     Policy CMP0156 is not set: De-duplicate libraries on link lines based on
[INFO] [stderr]     linker capabilities.  Run "cmake --help-policy CMP0156" for policy details.
[INFO] [stderr]     Use the cmake_policy command to set the policy and suppress this warning.
[INFO] [stderr] 
[INFO] [stderr]     Since the policy is not set, legacy libraries de-duplication strategy will
[INFO] [stderr]     be applied.
[INFO] [stderr]   This warning is for project developers.  Use -Wno-dev to suppress it.
[INFO] [stderr] 
[INFO] [stderr]      Called from: [1]	/opt/rustwide/target/release/build/whisper-rs-sys-d820b1d3bdfe158f/out/whisper.cpp/ggml/src/CMakeLists.txt
[INFO] [stderr]   CMake Warning (dev) at src/CMakeLists.txt:106 (add_library):
[INFO] [stderr]     Policy CMP0156 is not set: De-duplicate libraries on link lines based on
[INFO] [stderr]     linker capabilities.  Run "cmake --help-policy CMP0156" for policy details.
[INFO] [stderr]     Use the cmake_policy command to set the policy and suppress this warning.
[INFO] [stderr] 
[INFO] [stderr]     Since the policy is not set, legacy libraries de-duplication strategy will
[INFO] [stderr]     be applied.
[INFO] [stderr]   This warning is for project developers.  Use -Wno-dev to suppress it.
[INFO] [stderr] 
[INFO] [stderr]      Called from: [1]	/opt/rustwide/target/release/build/whisper-rs-sys-d820b1d3bdfe158f/out/whisper.cpp/src/CMakeLists.txt
[INFO] [stderr]   running: cd "/opt/rustwide/target/release/build/whisper-rs-sys-d820b1d3bdfe158f/out/build" && LC_ALL="C" MAKEFLAGS="-j --jobserver-fds=4,5 --jobserver-auth=4,5" "cmake" "--build" "/opt/rustwide/target/release/build/whisper-rs-sys-d820b1d3bdfe158f/out/build" "--target" "install" "--config" "Release"
[INFO] [stderr]   c++: fatal error: Killed signal terminated program cc1plus
[INFO] [stderr]   compilation terminated.
[INFO] [stderr]   gmake[2]: *** [ggml/src/CMakeFiles/ggml-cpu.dir/build.make:236: ggml/src/CMakeFiles/ggml-cpu.dir/ggml-cpu/ops.cpp.o] Error 1
[INFO] [stderr]   gmake[2]: *** Waiting for unfinished jobs....
[INFO] [stderr]   c++: fatal error: Killed signal terminated program cc1plus
[INFO] [stderr]   compilation terminated.
[INFO] [stderr]   gmake[2]: *** [ggml/src/CMakeFiles/ggml-cpu.dir/build.make:96: ggml/src/CMakeFiles/ggml-cpu.dir/ggml-cpu/ggml-cpu.cpp.o] Error 1
[INFO] [stderr]   c++: fatal error: Killed signal terminated program cc1plus
[INFO] [stderr]   compilation terminated.
[INFO] [stderr]   gmake[2]: *** [ggml/src/CMakeFiles/ggml-cpu.dir/build.make:222: ggml/src/CMakeFiles/ggml-cpu.dir/ggml-cpu/vec.cpp.o] Error 1
[INFO] [stderr]   gmake[1]: *** [CMakeFiles/Makefile2:244: ggml/src/CMakeFiles/ggml-cpu.dir/all] Error 2
[INFO] [stderr]   gmake: *** [Makefile:139: all] Error 2
[INFO] [stderr] 
[INFO] [stderr]   thread 'main' (1031) panicked at /opt/rustwide/cargo-home/registry/src/index.crates.io-1949cf8c6b5b557f/cmake-0.1.58/src/lib.rs:1132:5:
[INFO] [stderr] 
[INFO] [stderr]   command did not execute successfully, got: exit status: 2
[INFO] [stderr] 
[INFO] [stderr]   build script failed, must exit now
[INFO] [stderr]   stack backtrace:
[INFO] [stderr]      0:     0x618e2cde65c1 - <<std[97b98282bc616a66]::sys::backtrace::BacktraceLock>::print::DisplayBacktrace as core[832e9a552fc17241]::fmt::Display>::fmt
[INFO] [stderr]      1:     0x618e2cdfe28a - core[832e9a552fc17241]::fmt::write
[INFO] [stderr]      2:     0x618e2cdecc8c - <std[97b98282bc616a66]::sys::stdio::unix::Stderr as std[97b98282bc616a66]::io::Write>::write_fmt
[INFO] [stderr]      3:     0x618e2cdc1c26 - std[97b98282bc616a66]::panicking::default_hook::{closure#0}
[INFO] [stderr]      4:     0x618e2cddcda1 - std[97b98282bc616a66]::panicking::default_hook
[INFO] [stderr]      5:     0x618e2cddd0cb - std[97b98282bc616a66]::panicking::panic_with_hook
[INFO] [stderr]      6:     0x618e2cdc1cd2 - std[97b98282bc616a66]::panicking::panic_handler::{closure#0}
[INFO] [stderr]      7:     0x618e2cdb9439 - std[97b98282bc616a66]::sys::backtrace::__rust_end_short_backtrace::<std[97b98282bc616a66]::panicking::panic_handler::{closure#0}, !>
[INFO] [stderr]      8:     0x618e2cdc28bd - __rustc[e3d8617bb01b7f69]::rust_begin_unwind
[INFO] [stderr]      9:     0x618e2cdfeaac - core[832e9a552fc17241]::panicking::panic_fmt
[INFO] [stderr]     10:     0x618e2c835fe7 - cmake[7213877318d7c2d8]::fail
[INFO] [stderr]     11:     0x618e2c835c73 - cmake[7213877318d7c2d8]::run
[INFO] [stderr]     12:     0x618e2c83bccc - <cmake[7213877318d7c2d8]::Config>::build
[INFO] [stderr]     13:     0x618e2c824013 - build_script_build[b36639220309a5cf]::main
[INFO] [stderr]     14:     0x618e2c827023 - <fn() as core[832e9a552fc17241]::ops::function::FnOnce<()>>::call_once
[INFO] [stderr]     15:     0x618e2c821e06 - std[97b98282bc616a66]::sys::backtrace::__rust_begin_short_backtrace::<fn(), ()>
[INFO] [stderr]     16:     0x618e2c822049 - std[97b98282bc616a66]::rt::lang_start::<()>::{closure#0}
[INFO] [stderr]     17:     0x618e2cddbf97 - std[97b98282bc616a66]::rt::lang_start_internal
[INFO] [stderr]     18:     0x618e2c821df1 - std[97b98282bc616a66]::rt::lang_start::<()>
[INFO] [stderr]     19:     0x618e2c827405 - main
[INFO] [stderr]     20:     0x72b30623f601 - <unknown>
[INFO] [stderr]     21:     0x72b30623f718 - __libc_start_main
[INFO] [stderr]     22:     0x618e2c81b445 - _start
[INFO] [stderr]     23:                0x0 - <unknown>
[INFO] running `Command { std: "docker" "inspect" "ae25aceb025f9f835f41c512856548a7d8c2269d378222cee2aa5089d3319a40", kill_on_drop: false }`
[INFO] running `Command { std: "docker" "rm" "-f" "ae25aceb025f9f835f41c512856548a7d8c2269d378222cee2aa5089d3319a40", kill_on_drop: false }`
[INFO] [stdout] ae25aceb025f9f835f41c512856548a7d8c2269d378222cee2aa5089d3319a40
